[INFO] fetching crate scmanager-windows-rs 0.1.0...
[INFO] testing scmanager-windows-rs-0.1.0 against nightly-2025-01-18 for randomize-layout-2
[INFO] extracting crate scmanager-windows-rs 0.1.0 into /workspace/builds/worker-6-tc1/source
[INFO] validating manifest of crates.io crate scmanager-windows-rs 0.1.0 on toolchain nightly-2025-01-18
[INFO] running `Command { std: CARGO_HOME="/workspace/cargo-home" RUSTUP_HOME="/workspace/rustup-home" "/workspace/cargo-home/bin/cargo" "+nightly-2025-01-18" "metadata" "--manifest-path" "Cargo.toml" "--no-deps", kill_on_drop: false }`
[INFO] started tweaking crates.io crate scmanager-windows-rs 0.1.0
[INFO] finished tweaking crates.io crate scmanager-windows-rs 0.1.0
[INFO] tweaked toml for crates.io crate scmanager-windows-rs 0.1.0 written to /workspace/builds/worker-6-tc1/source/Cargo.toml
[INFO] running `Command { std: CARGO_HOME="/workspace/cargo-home" RUSTUP_HOME="/workspace/rustup-home" "/workspace/cargo-home/bin/cargo" "+nightly-2025-01-18" "generate-lockfile" "--manifest-path" "Cargo.toml", kill_on_drop: false }`
[INFO] [stderr]     Updating crates.io index
[INFO] [stderr]      Locking 29 packages to latest compatible versions
[INFO] [stderr]       Adding thiserror v1.0.69 (available: v2.0.11)
[INFO] [stderr]       Adding windows-sys v0.52.0 (available: v0.59.0)
[INFO] running `Command { std: CARGO_HOME="/workspace/cargo-home" RUSTUP_HOME="/workspace/rustup-home" "/workspace/cargo-home/bin/cargo" "+nightly-2025-01-18" "fetch" "--manifest-path" "Cargo.toml", kill_on_drop: false }`
[INFO] [stderr]  Downloading crates ...
[INFO] [stderr]   Downloaded defer-lite v1.0.0
[INFO] running `Command { std: "docker" "create" "-v" "/var/lib/crater-agent-workspace/builds/worker-6-tc1/target:/opt/rustwide/target:rw,Z" "-v" "/var/lib/crater-agent-workspace/builds/worker-6-tc1/source:/opt/rustwide/workdir:ro,Z" "-v" "/var/lib/crater-agent-workspace/cargo-home:/opt/rustwide/cargo-home:ro,Z" "-v" "/var/lib/crater-agent-workspace/rustup-home:/opt/rustwide/rustup-home:ro,Z" "-e" "SOURCE_DIR=/opt/rustwide/workdir" "-e" "CARGO_TARGET_DIR=/opt/rustwide/target" "-e" "CARGO_HOME=/opt/rustwide/cargo-home" "-e" "RUSTUP_HOME=/opt/rustwide/rustup-home" "-w" "/opt/rustwide/workdir" "-m" "1610612736" "--user" "0:0" "--network" "none" "ghcr.io/rust-lang/crates-build-env/linux@sha256:819108c5571ea2e421544af4d832f968d213c87fbe3707a016657f43d2f853bc" "/opt/rustwide/cargo-home/bin/cargo" "+nightly-2025-01-18" "metadata" "--no-deps" "--format-version=1", kill_on_drop: false }`
[INFO] [stdout] c9327231da10d6601fa512ed5591b0f128edc06bf37d313bd7b611f4b279ad75
[INFO] running `Command { std: "docker" "start" "-a" "c9327231da10d6601fa512ed5591b0f128edc06bf37d313bd7b611f4b279ad75", kill_on_drop: false }`
[INFO] running `Command { std: "docker" "inspect" "c9327231da10d6601fa512ed5591b0f128edc06bf37d313bd7b611f4b279ad75", kill_on_drop: false }`
[INFO] running `Command { std: "docker" "rm" "-f" "c9327231da10d6601fa512ed5591b0f128edc06bf37d313bd7b611f4b279ad75", kill_on_drop: false }`
[INFO] [stdout] c9327231da10d6601fa512ed5591b0f128edc06bf37d313bd7b611f4b279ad75
[INFO] running `Command { std: "docker" "create" "-v" "/var/lib/crater-agent-workspace/builds/worker-6-tc1/target:/opt/rustwide/target:rw,Z" "-v" "/var/lib/crater-agent-workspace/builds/worker-6-tc1/source:/opt/rustwide/workdir:ro,Z" "-v" "/var/lib/crater-agent-workspace/cargo-home:/opt/rustwide/cargo-home:ro,Z" "-v" "/var/lib/crater-agent-workspace/rustup-home:/opt/rustwide/rustup-home:ro,Z" "-e" "SOURCE_DIR=/opt/rustwide/workdir" "-e" "CARGO_TARGET_DIR=/opt/rustwide/target" "-e" "CARGO_INCREMENTAL=0" "-e" "RUST_BACKTRACE=full" "-e" "RUSTFLAGS=--cap-lints=forbid" "-e" "RUSTDOCFLAGS=--cap-lints=forbid" "-e" "CARGO_HOME=/opt/rustwide/cargo-home" "-e" "RUSTUP_HOME=/opt/rustwide/rustup-home" "-w" "/opt/rustwide/workdir" "-m" "1610612736" "--user" "0:0" "--network" "none" "ghcr.io/rust-lang/crates-build-env/linux@sha256:819108c5571ea2e421544af4d832f968d213c87fbe3707a016657f43d2f853bc" "/opt/rustwide/cargo-home/bin/cargo" "+nightly-2025-01-18" "build" "--frozen" "--message-format=json", kill_on_drop: false }`
[INFO] [stdout] 3be57891ef3bed9e22c40f88f39942bffbcdc5fe116fa9d02587fa046e1b0dda
[INFO] running `Command { std: "docker" "start" "-a" "3be57891ef3bed9e22c40f88f39942bffbcdc5fe116fa9d02587fa046e1b0dda", kill_on_drop: false }`
[INFO] [stderr]    Compiling windows_x86_64_gnu v0.52.6
[INFO] [stderr]    Compiling defer-lite v1.0.0
[INFO] [stderr]    Compiling widestring v1.1.0
[INFO] [stderr]    Compiling syn v2.0.96
[INFO] [stderr]    Compiling windows-targets v0.52.6
[INFO] [stderr]    Compiling windows-sys v0.52.0
[INFO] [stderr]    Compiling thiserror-impl v1.0.69
[INFO] [stderr]    Compiling thiserror v1.0.69
[INFO] [stderr]    Compiling scmanager-windows-rs v0.1.0 (/opt/rustwide/workdir)
[INFO] [stderr]     Finished `dev` profile [unoptimized + debuginfo] target(s) in 5.45s
[INFO] running `Command { std: "docker" "inspect" "3be57891ef3bed9e22c40f88f39942bffbcdc5fe116fa9d02587fa046e1b0dda", kill_on_drop: false }`
[INFO] running `Command { std: "docker" "rm" "-f" "3be57891ef3bed9e22c40f88f39942bffbcdc5fe116fa9d02587fa046e1b0dda", kill_on_drop: false }`
[INFO] [stdout] 3be57891ef3bed9e22c40f88f39942bffbcdc5fe116fa9d02587fa046e1b0dda
[INFO] running `Command { std: "docker" "create" "-v" "/var/lib/crater-agent-workspace/builds/worker-6-tc1/target:/opt/rustwide/target:rw,Z" "-v" "/var/lib/crater-agent-workspace/builds/worker-6-tc1/source:/opt/rustwide/workdir:ro,Z" "-v" "/var/lib/crater-agent-workspace/cargo-home:/opt/rustwide/cargo-home:ro,Z" "-v" "/var/lib/crater-agent-workspace/rustup-home:/opt/rustwide/rustup-home:ro,Z" "-e" "SOURCE_DIR=/opt/rustwide/workdir" "-e" "CARGO_TARGET_DIR=/opt/rustwide/target" "-e" "CARGO_INCREMENTAL=0" "-e" "RUST_BACKTRACE=full" "-e" "RUSTFLAGS=--cap-lints=forbid" "-e" "RUSTDOCFLAGS=--cap-lints=forbid" "-e" "CARGO_HOME=/opt/rustwide/cargo-home" "-e" "RUSTUP_HOME=/opt/rustwide/rustup-home" "-w" "/opt/rustwide/workdir" "-m" "1610612736" "--user" "0:0" "--network" "none" "ghcr.io/rust-lang/crates-build-env/linux@sha256:819108c5571ea2e421544af4d832f968d213c87fbe3707a016657f43d2f853bc" "/opt/rustwide/cargo-home/bin/cargo" "+nightly-2025-01-18" "test" "--frozen" "--no-run" "--message-format=json", kill_on_drop: false }`
[INFO] [stdout] 6672e26c5e064325d7484fa0627790dec00b872b0d07ccafb93d1029cf1a9420
[INFO] running `Command { std: "docker" "start" "-a" "6672e26c5e064325d7484fa0627790dec00b872b0d07ccafb93d1029cf1a9420", kill_on_drop: false }`
[INFO] [stderr]    Compiling scmanager-windows-rs v0.1.0 (/opt/rustwide/workdir)
[INFO] [stderr]     Finished `test` profile [unoptimized + debuginfo] target(s) in 0.48s
[INFO] running `Command { std: "docker" "inspect" "6672e26c5e064325d7484fa0627790dec00b872b0d07ccafb93d1029cf1a9420", kill_on_drop: false }`
[INFO] running `Command { std: "docker" "rm" "-f" "6672e26c5e064325d7484fa0627790dec00b872b0d07ccafb93d1029cf1a9420", kill_on_drop: false }`
[INFO] [stdout] 6672e26c5e064325d7484fa0627790dec00b872b0d07ccafb93d1029cf1a9420
[INFO] running `Command { std: "docker" "create" "-v" "/var/lib/crater-agent-workspace/builds/worker-6-tc1/target:/opt/rustwide/target:rw,Z" "-v" "/var/lib/crater-agent-workspace/builds/worker-6-tc1/source:/opt/rustwide/workdir:ro,Z" "-v" "/var/lib/crater-agent-workspace/cargo-home:/opt/rustwide/cargo-home:ro,Z" "-v" "/var/lib/crater-agent-workspace/rustup-home:/opt/rustwide/rustup-home:ro,Z" "-e" "SOURCE_DIR=/opt/rustwide/workdir" "-e" "CARGO_TARGET_DIR=/opt/rustwide/target" "-e" "CARGO_INCREMENTAL=0" "-e" "RUST_BACKTRACE=full" "-e" "RUSTFLAGS=--cap-lints=forbid" "-e" "RUSTDOCFLAGS=--cap-lints=forbid" "-e" "CARGO_HOME=/opt/rustwide/cargo-home" "-e" "RUSTUP_HOME=/opt/rustwide/rustup-home" "-w" "/opt/rustwide/workdir" "-m" "1610612736" "--user" "0:0" "--network" "none" "ghcr.io/rust-lang/crates-build-env/linux@sha256:819108c5571ea2e421544af4d832f968d213c87fbe3707a016657f43d2f853bc" "/opt/rustwide/cargo-home/bin/cargo" "+nightly-2025-01-18" "test" "--frozen", kill_on_drop: false }`
[INFO] [stdout] 2962746448fe27ef55a3a7ef96a8bfa096b216b5d2a71bca3a06903476a7a4b7
[INFO] running `Command { std: "docker" "start" "-a" "2962746448fe27ef55a3a7ef96a8bfa096b216b5d2a71bca3a06903476a7a4b7", kill_on_drop: false }`
[INFO] [stderr]     Finished `test` profile [unoptimized + debuginfo] target(s) in 0.04s
[INFO] [stderr]      Running unittests src/lib.rs (/opt/rustwide/target/debug/deps/scmanager_windows_rs-7ac7920ad8ae888d)
[INFO] [stdout] 
[INFO] [stderr]    Doc-tests scmanager_windows_rs
[INFO] [stdout] running 0 tests
[INFO] [stdout] 
[INFO] [stdout] test result: ok. 0 passed; 0 failed; 0 ignored; 0 measured; 0 filtered out; finished in 0.00s
[INFO] [stdout] 
[INFO] [stdout] 
[INFO] [stdout] running 1 test
[INFO] [stdout] test src/service_manager.rs - service_manager::ServiceManager (line 46) ... FAILED
[INFO] [stdout] 
[INFO] [stdout] failures:
[INFO] [stdout] 
[INFO] [stdout] ---- src/service_manager.rs - service_manager::ServiceManager (line 46) stdout ----
[INFO] [stdout] error[E0433]: failed to resolve: use of undeclared type `ServiceManager`
[INFO] [stdout]  --> src/service_manager.rs:47:23
[INFO] [stdout]   |
[INFO] [stdout] 3 | let service_manager = ServiceManager::new()?;
[INFO] [stdout]   |                       ^^^^^^^^^^^^^^ use of undeclared type `ServiceManager`
[INFO] [stdout]   |
[INFO] [stdout] help: consider importing this struct
[INFO] [stdout]   |
[INFO] [stdout] 2 + use scmanager_windows_rs::service_manager::ServiceManager;
[INFO] [stdout]   |
[INFO] [stdout] 
[INFO] [stdout] error[E0422]: cannot find struct, variant or union type `ServiceConfig` in this scope
[INFO] [stdout]  --> src/service_manager.rs:50:52
[INFO] [stdout]   |
[INFO] [stdout] 6 | let service_handle = service_manager.create_or_get(ServiceConfig {
[INFO] [stdout]   |                                                    ^^^^^^^^^^^^^ not found in this scope
[INFO] [stdout]   |
[INFO] [stdout] help: consider importing this struct
[INFO] [stdout]   |
[INFO] [stdout] 2 + use scmanager_windows_rs::service_manager::ServiceConfig;
[INFO] [stdout]   |
[INFO] [stdout] 
[INFO] [stdout] error[E0433]: failed to resolve: use of undeclared type `ServiceStartType`
[INFO] [stdout]   --> src/service_manager.rs:54:17
[INFO] [stdout]    |
[INFO] [stdout] 10 |     start_type: ServiceStartType::DemandStart,
[INFO] [stdout]    |                 ^^^^^^^^^^^^^^^^ use of undeclared type `ServiceStartType`
[INFO] [stdout]    |
[INFO] [stdout] help: consider importing this enum
[INFO] [stdout]    |
[INFO] [stdout] 2  + use scmanager_windows_rs::service::ServiceStartType;
[INFO] [stdout]    |
[INFO] [stdout] 
[INFO] [stdout] error[E0433]: failed to resolve: use of undeclared type `ServiceType`
[INFO] [stdout]   --> src/service_manager.rs:55:19
[INFO] [stdout]    |
[INFO] [stdout] 11 |     service_type: ServiceType::KernelDriver,
[INFO] [stdout]    |                   ^^^^^^^^^^^ use of undeclared type `ServiceType`
[INFO] [stdout]    |
[INFO] [stdout] help: consider importing this enum
[INFO] [stdout]    |
[INFO] [stdout] 2  + use scmanager_windows_rs::service::ServiceType;
[INFO] [stdout]    |
[INFO] [stdout] 
[INFO] [stdout] error[E0433]: failed to resolve: use of undeclared type `ServiceStartType`
[INFO] [stdout]   --> src/service_manager.rs:60:5
[INFO] [stdout]    |
[INFO] [stdout] 16 |     ServiceStartType::DemandStart
[INFO] [stdout]    |     ^^^^^^^^^^^^^^^^ use of undeclared type `ServiceStartType`
[INFO] [stdout]    |
[INFO] [stdout] help: consider importing this enum
[INFO] [stdout]    |
[INFO] [stdout] 2  + use scmanager_windows_rs::service::ServiceStartType;
[INFO] [stdout]    |
[INFO] [stdout] 
[INFO] [stdout] error[E0422]: cannot find struct, variant or union type `ServiceConfig` in this scope
[INFO] [stdout]   --> src/service_manager.rs:62:30
[INFO] [stdout]    |
[INFO] [stdout] 18 | service_handle.update_config(ServiceConfig {
[INFO] [stdout]    |                              ^^^^^^^^^^^^^ not found in this scope
[INFO] [stdout]    |
[INFO] [stdout] help: consider importing this struct
[INFO] [stdout]    |
[INFO] [stdout] 2  + use scmanager_windows_rs::service_manager::ServiceConfig;
[INFO] [stdout]    |
[INFO] [stdout] 
[INFO] [stdout] error[E0433]: failed to resolve: use of undeclared type `ServiceType`
[INFO] [stdout]   --> src/service_manager.rs:65:19
[INFO] [stdout]    |
[INFO] [stdout] 21 |     service_type: ServiceType::KernelDriver,
[INFO] [stdout]    |                   ^^^^^^^^^^^ use of undeclared type `ServiceType`
[INFO] [stdout]    |
[INFO] [stdout] help: consider importing this enum
[INFO] [stdout]    |
[INFO] [stdout] 2  + use scmanager_windows_rs::service::ServiceType;
[INFO] [stdout]    |
[INFO] [stdout] 
[INFO] [stdout] error[E0433]: failed to resolve: use of undeclared type `ServiceState`
[INFO] [stdout]   --> src/service_manager.rs:69:37
[INFO] [stdout]    |
[INFO] [stdout] 25 | assert_eq!(service_handle.state()?, ServiceState::Running);
[INFO] [stdout]    |                                     ^^^^^^^^^^^^ use of undeclared type `ServiceState`
[INFO] [stdout]    |
[INFO] [stdout] help: consider importing this enum
[INFO] [stdout]    |
[INFO] [stdout] 2  + use scmanager_windows_rs::service::ServiceState;
[INFO] [stdout]    |
[INFO] [stdout] 
[INFO] [stdout] error[E0433]: failed to resolve: use of undeclared type `ServiceState`
[INFO] [stdout]   --> src/service_manager.rs:71:37
[INFO] [stdout]    |
[INFO] [stdout] 27 | assert_eq!(service_handle.state()?, ServiceState::Stopped);
[INFO] [stdout]    |                                     ^^^^^^^^^^^^ use of undeclared type `ServiceState`
[INFO] [stdout]    |
[INFO] [stdout] help: consider importing this enum
[INFO] [stdout]    |
[INFO] [stdout] 2  + use scmanager_windows_rs::service::ServiceState;
[INFO] [stdout]    |
[INFO] [stdout] 
[INFO] [stdout] error: aborting due to 9 previous errors
[INFO] [stdout] 
[INFO] [stdout] Some errors have detailed explanations: E0422, E0433.
[INFO] [stdout] For more information about an error, try `rustc --explain E0422`.
[INFO] [stdout] Couldn't compile the test.
[INFO] [stdout] 
[INFO] [stdout] failures:
[INFO] [stdout]     src/service_manager.rs - service_manager::ServiceManager (line 46)
[INFO] [stdout] 
[INFO] [stdout] test result: FAILED. 0 passed; 1 failed; 0 ignored; 0 measured; 0 filtered out; finished in 0.17s
[INFO] [stdout] 
[INFO] [stderr] error: doctest failed, to rerun pass `--doc`
[INFO] running `Command { std: "docker" "inspect" "2962746448fe27ef55a3a7ef96a8bfa096b216b5d2a71bca3a06903476a7a4b7", kill_on_drop: false }`
[INFO] running `Command { std: "docker" "rm" "-f" "2962746448fe27ef55a3a7ef96a8bfa096b216b5d2a71bca3a06903476a7a4b7", kill_on_drop: false }`
[INFO] [stdout] 2962746448fe27ef55a3a7ef96a8bfa096b216b5d2a71bca3a06903476a7a4b7
