[INFO] fetching crate samotop-core 0.13.1+smtp...
[INFO] testing samotop-core-0.13.1+smtp against nightly-2025-01-18 for randomize-layout-2
[INFO] extracting crate samotop-core 0.13.1+smtp into /workspace/builds/worker-4-tc1/source
[INFO] validating manifest of crates.io crate samotop-core 0.13.1+smtp on toolchain nightly-2025-01-18
[INFO] running `Command { std: CARGO_HOME="/workspace/cargo-home" RUSTUP_HOME="/workspace/rustup-home" "/workspace/cargo-home/bin/cargo" "+nightly-2025-01-18" "metadata" "--manifest-path" "Cargo.toml" "--no-deps", kill_on_drop: false }`
[INFO] started tweaking crates.io crate samotop-core 0.13.1+smtp
[INFO] finished tweaking crates.io crate samotop-core 0.13.1+smtp
[INFO] tweaked toml for crates.io crate samotop-core 0.13.1+smtp written to /workspace/builds/worker-4-tc1/source/Cargo.toml
[INFO] running `Command { std: CARGO_HOME="/workspace/cargo-home" RUSTUP_HOME="/workspace/rustup-home" "/workspace/cargo-home/bin/cargo" "+nightly-2025-01-18" "generate-lockfile" "--manifest-path" "Cargo.toml", kill_on_drop: false }`
[INFO] [stderr]     Updating crates.io index
[INFO] [stderr]      Locking 104 packages to latest compatible versions
[INFO] running `Command { std: CARGO_HOME="/workspace/cargo-home" RUSTUP_HOME="/workspace/rustup-home" "/workspace/cargo-home/bin/cargo" "+nightly-2025-01-18" "fetch" "--manifest-path" "Cargo.toml", kill_on_drop: false }`
[INFO] [stderr]  Downloading crates ...
[INFO] [stderr]   Downloaded smol-timeout v0.6.0
[INFO] running `Command { std: "docker" "create" "-v" "/var/lib/crater-agent-workspace/builds/worker-4-tc1/target:/opt/rustwide/target:rw,Z" "-v" "/var/lib/crater-agent-workspace/builds/worker-4-tc1/source:/opt/rustwide/workdir:ro,Z" "-v" "/var/lib/crater-agent-workspace/cargo-home:/opt/rustwide/cargo-home:ro,Z" "-v" "/var/lib/crater-agent-workspace/rustup-home:/opt/rustwide/rustup-home:ro,Z" "-e" "SOURCE_DIR=/opt/rustwide/workdir" "-e" "CARGO_TARGET_DIR=/opt/rustwide/target" "-e" "CARGO_HOME=/opt/rustwide/cargo-home" "-e" "RUSTUP_HOME=/opt/rustwide/rustup-home" "-w" "/opt/rustwide/workdir" "-m" "1610612736" "--user" "0:0" "--network" "none" "ghcr.io/rust-lang/crates-build-env/linux@sha256:819108c5571ea2e421544af4d832f968d213c87fbe3707a016657f43d2f853bc" "/opt/rustwide/cargo-home/bin/cargo" "+nightly-2025-01-18" "metadata" "--no-deps" "--format-version=1", kill_on_drop: false }`
[INFO] [stdout] 0a979f7cb96c45e210356df0af4c3a70d02ee4ada18037fe30ca0791cbc5844b
[INFO] running `Command { std: "docker" "start" "-a" "0a979f7cb96c45e210356df0af4c3a70d02ee4ada18037fe30ca0791cbc5844b", kill_on_drop: false }`
[INFO] running `Command { std: "docker" "inspect" "0a979f7cb96c45e210356df0af4c3a70d02ee4ada18037fe30ca0791cbc5844b", kill_on_drop: false }`
[INFO] running `Command { std: "docker" "rm" "-f" "0a979f7cb96c45e210356df0af4c3a70d02ee4ada18037fe30ca0791cbc5844b", kill_on_drop: false }`
[INFO] [stdout] 0a979f7cb96c45e210356df0af4c3a70d02ee4ada18037fe30ca0791cbc5844b
[INFO] running `Command { std: "docker" "create" "-v" "/var/lib/crater-agent-workspace/builds/worker-4-tc1/target:/opt/rustwide/target:rw,Z" "-v" "/var/lib/crater-agent-workspace/builds/worker-4-tc1/source:/opt/rustwide/workdir:ro,Z" "-v" "/var/lib/crater-agent-workspace/cargo-home:/opt/rustwide/cargo-home:ro,Z" "-v" "/var/lib/crater-agent-workspace/rustup-home:/opt/rustwide/rustup-home:ro,Z" "-e" "SOURCE_DIR=/opt/rustwide/workdir" "-e" "CARGO_TARGET_DIR=/opt/rustwide/target" "-e" "CARGO_INCREMENTAL=0" "-e" "RUST_BACKTRACE=full" "-e" "RUSTFLAGS=--cap-lints=forbid" "-e" "RUSTDOCFLAGS=--cap-lints=forbid" "-e" "CARGO_HOME=/opt/rustwide/cargo-home" "-e" "RUSTUP_HOME=/opt/rustwide/rustup-home" "-w" "/opt/rustwide/workdir" "-m" "1610612736" "--user" "0:0" "--network" "none" "ghcr.io/rust-lang/crates-build-env/linux@sha256:819108c5571ea2e421544af4d832f968d213c87fbe3707a016657f43d2f853bc" "/opt/rustwide/cargo-home/bin/cargo" "+nightly-2025-01-18" "build" "--frozen" "--message-format=json", kill_on_drop: false }`
[INFO] [stdout] 586c3521c759730e6d647ed3377e2b9612867097496c8e421d889e1bd2534f42
[INFO] running `Command { std: "docker" "start" "-a" "586c3521c759730e6d647ed3377e2b9612867097496c8e421d889e1bd2534f42", kill_on_drop: false }`
[INFO] [stderr]    Compiling value-bag v1.10.0
[INFO] [stderr]    Compiling futures-io v0.3.31
[INFO] [stderr]    Compiling futures-core v0.3.31
[INFO] [stderr]    Compiling log v0.4.25
[INFO] [stderr]    Compiling samotop-core v0.13.1+smtp (/opt/rustwide/workdir)
[INFO] [stdout] warning: unused import: `self::rfc5321::*`
[INFO] [stdout]   --> src/smtp/mod.rs:33:9
[INFO] [stdout]    |
[INFO] [stdout] 33 | pub use self::rfc5321::*;
[INFO] [stdout]    |         ^^^^^^^^^^^^^^^^
[INFO] [stdout]    |
[INFO] [stdout]    = note: `#[warn(unused_imports)]` on by default
[INFO] [stdout] 
[INFO] [stdout] 
[INFO] [stdout] warning: private item shadows public glob re-export
[INFO] [stdout]   --> src/lib.rs:54:5
[INFO] [stdout]    |
[INFO] [stdout] 54 | /     struct PollFn<F> {
[INFO] [stdout] 55 | |         f: F,
[INFO] [stdout] 56 | |     }
[INFO] [stdout]    | |_____^
[INFO] [stdout]    |
[INFO] [stdout] note: the name `PollFn` in the type namespace is supposed to be publicly re-exported here
[INFO] [stdout]   --> src/lib.rs:27:13
[INFO] [stdout]    |
[INFO] [stdout] 27 |     pub use std::future::*;
[INFO] [stdout]    |             ^^^^^^^^^^^^^^
[INFO] [stdout] note: but the private item here shadows it
[INFO] [stdout]   --> src/lib.rs:54:5
[INFO] [stdout]    |
[INFO] [stdout] 54 | /     struct PollFn<F> {
[INFO] [stdout] 55 | |         f: F,
[INFO] [stdout] 56 | |     }
[INFO] [stdout]    | |_____^
[INFO] [stdout]    = note: `#[warn(hidden_glob_reexports)]` on by default
[INFO] [stdout] 
[INFO] [stdout] 
[INFO] [stdout] warning: field `0` is never read
[INFO] [stdout]   --> src/smtp/context.rs:88:15
[INFO] [stdout]    |
[INFO] [stdout] 88 |             T(&'a str),
[INFO] [stdout]    |             - ^^^^^^^
[INFO] [stdout]    |             |
[INFO] [stdout]    |             field in this variant
[INFO] [stdout]    |
[INFO] [stdout]    = note: `TextOrBytes` has a derived impl for the trait `Debug`, but this is intentionally ignored during dead code analysis
[INFO] [stdout]    = note: `#[warn(dead_code)]` on by default
[INFO] [stdout] help: consider changing the field to be of unit type to suppress this warning while preserving the field numbering, or remove the field
[INFO] [stdout]    |
[INFO] [stdout] 88 |             T(()),
[INFO] [stdout]    |               ~~
[INFO] [stdout] 
[INFO] [stdout] 
[INFO] [stdout] warning: field `0` is never read
[INFO] [stdout]   --> src/smtp/context.rs:89:15
[INFO] [stdout]    |
[INFO] [stdout] 89 |             B(&'a [u8]),
[INFO] [stdout]    |             - ^^^^^^^^
[INFO] [stdout]    |             |
[INFO] [stdout]    |             field in this variant
[INFO] [stdout]    |
[INFO] [stdout]    = note: `TextOrBytes` has a derived impl for the trait `Debug`, but this is intentionally ignored during dead code analysis
[INFO] [stdout] help: consider changing the field to be of unit type to suppress this warning while preserving the field numbering, or remove the field
[INFO] [stdout]    |
[INFO] [stdout] 89 |             B(()),
[INFO] [stdout]    |               ~~
[INFO] [stdout] 
[INFO] [stdout] 
[INFO] [stderr]     Finished `dev` profile [unoptimized + debuginfo] target(s) in 3.11s
[INFO] running `Command { std: "docker" "inspect" "586c3521c759730e6d647ed3377e2b9612867097496c8e421d889e1bd2534f42", kill_on_drop: false }`
[INFO] running `Command { std: "docker" "rm" "-f" "586c3521c759730e6d647ed3377e2b9612867097496c8e421d889e1bd2534f42", kill_on_drop: false }`
[INFO] [stdout] 586c3521c759730e6d647ed3377e2b9612867097496c8e421d889e1bd2534f42
[INFO] running `Command { std: "docker" "create" "-v" "/var/lib/crater-agent-workspace/builds/worker-4-tc1/target:/opt/rustwide/target:rw,Z" "-v" "/var/lib/crater-agent-workspace/builds/worker-4-tc1/source:/opt/rustwide/workdir:ro,Z" "-v" "/var/lib/crater-agent-workspace/cargo-home:/opt/rustwide/cargo-home:ro,Z" "-v" "/var/lib/crater-agent-workspace/rustup-home:/opt/rustwide/rustup-home:ro,Z" "-e" "SOURCE_DIR=/opt/rustwide/workdir" "-e" "CARGO_TARGET_DIR=/opt/rustwide/target" "-e" "CARGO_INCREMENTAL=0" "-e" "RUST_BACKTRACE=full" "-e" "RUSTFLAGS=--cap-lints=forbid" "-e" "RUSTDOCFLAGS=--cap-lints=forbid" "-e" "CARGO_HOME=/opt/rustwide/cargo-home" "-e" "RUSTUP_HOME=/opt/rustwide/rustup-home" "-w" "/opt/rustwide/workdir" "-m" "1610612736" "--user" "0:0" "--network" "none" "ghcr.io/rust-lang/crates-build-env/linux@sha256:819108c5571ea2e421544af4d832f968d213c87fbe3707a016657f43d2f853bc" "/opt/rustwide/cargo-home/bin/cargo" "+nightly-2025-01-18" "test" "--frozen" "--no-run" "--message-format=json", kill_on_drop: false }`
[INFO] [stdout] 8619146b11dabe292ba433512ee3d4ed7c123e86f361bea5ad4bb178fe0b9eae
[INFO] running `Command { std: "docker" "start" "-a" "8619146b11dabe292ba433512ee3d4ed7c123e86f361bea5ad4bb178fe0b9eae", kill_on_drop: false }`
[INFO] [stderr]    Compiling crossbeam-utils v0.8.21
[INFO] [stderr]    Compiling pin-project-lite v0.2.16
[INFO] [stderr]    Compiling parking v2.2.1
[INFO] [stderr]    Compiling fastrand v2.3.0
[INFO] [stderr]    Compiling autocfg v1.4.0
[INFO] [stderr]    Compiling rustix v0.38.43
[INFO] [stderr]    Compiling linux-raw-sys v0.4.15
[INFO] [stderr]    Compiling tracing-core v0.1.33
[INFO] [stderr]    Compiling bitflags v2.8.0
[INFO] [stderr]    Compiling atomic-waker v1.1.2
[INFO] [stderr]    Compiling async-task v4.7.1
[INFO] [stderr]    Compiling futures-lite v2.6.0
[INFO] [stderr]    Compiling libc v0.2.169
[INFO] [stderr]    Compiling once_cell v1.20.2
[INFO] [stderr]    Compiling memchr v2.7.4
[INFO] [stderr]    Compiling concurrent-queue v2.5.0
[INFO] [stderr]    Compiling slab v0.4.9
[INFO] [stderr]    Compiling tracing v0.1.41
[INFO] [stderr]    Compiling event-listener v5.4.0
[INFO] [stderr]    Compiling cfg-if v1.0.0
[INFO] [stderr]    Compiling piper v0.2.4
[INFO] [stderr]    Compiling aho-corasick v1.1.3
[INFO] [stderr]    Compiling event-listener-strategy v0.5.3
[INFO] [stderr]    Compiling event-listener v2.5.3
[INFO] [stderr]    Compiling regex-syntax v0.8.5
[INFO] [stderr]    Compiling async-lock v3.4.0
[INFO] [stderr]    Compiling async-channel v2.3.1
[INFO] [stderr]    Compiling async-channel v1.9.0
[INFO] [stderr]    Compiling kv-log-macro v1.0.7
[INFO] [stderr]    Compiling linked-hash-map v0.5.6
[INFO] [stderr]    Compiling similar v2.7.0
[INFO] [stderr]    Compiling blocking v1.6.1
[INFO] [stderr]    Compiling async-executor v1.13.1
[INFO] [stderr]    Compiling pin-utils v0.1.0
[INFO] [stdout] warning: unused import: `self::rfc5321::*`
[INFO] [stdout]   --> src/smtp/mod.rs:33:9
[INFO] [stdout]    |
[INFO] [stdout] 33 | pub use self::rfc5321::*;
[INFO] [stdout]    |         ^^^^^^^^^^^^^^^^
[INFO] [stdout]    |
[INFO] [stdout]    = note: `#[warn(unused_imports)]` on by default
[INFO] [stdout] 
[INFO] [stdout] 
[INFO] [stdout] warning: private item shadows public glob re-export
[INFO] [stdout]   --> src/lib.rs:54:5
[INFO] [stdout]    |
[INFO] [stdout] 54 | /     struct PollFn<F> {
[INFO] [stdout] 55 | |         f: F,
[INFO] [stdout] 56 | |     }
[INFO] [stdout]    | |_____^
[INFO] [stdout]    |
[INFO] [stdout] note: the name `PollFn` in the type namespace is supposed to be publicly re-exported here
[INFO] [stdout]   --> src/lib.rs:27:13
[INFO] [stdout]    |
[INFO] [stdout] 27 |     pub use std::future::*;
[INFO] [stdout]    |             ^^^^^^^^^^^^^^
[INFO] [stdout] note: but the private item here shadows it
[INFO] [stdout]   --> src/lib.rs:54:5
[INFO] [stdout]    |
[INFO] [stdout] 54 | /     struct PollFn<F> {
[INFO] [stdout] 55 | |         f: F,
[INFO] [stdout] 56 | |     }
[INFO] [stdout]    | |_____^
[INFO] [stdout]    = note: `#[warn(hidden_glob_reexports)]` on by default
[INFO] [stdout] 
[INFO] [stdout] 
[INFO] [stdout] warning: field `0` is never read
[INFO] [stdout]   --> src/smtp/context.rs:88:15
[INFO] [stdout]    |
[INFO] [stdout] 88 |             T(&'a str),
[INFO] [stdout]    |             - ^^^^^^^
[INFO] [stdout]    |             |
[INFO] [stdout]    |             field in this variant
[INFO] [stdout]    |
[INFO] [stdout]    = note: `TextOrBytes` has a derived impl for the trait `Debug`, but this is intentionally ignored during dead code analysis
[INFO] [stdout]    = note: `#[warn(dead_code)]` on by default
[INFO] [stdout] help: consider changing the field to be of unit type to suppress this warning while preserving the field numbering, or remove the field
[INFO] [stdout]    |
[INFO] [stdout] 88 |             T(()),
[INFO] [stdout]    |               ~~
[INFO] [stdout] 
[INFO] [stdout] 
[INFO] [stdout] warning: field `0` is never read
[INFO] [stdout]   --> src/smtp/context.rs:89:15
[INFO] [stdout]    |
[INFO] [stdout] 89 |             B(&'a [u8]),
[INFO] [stdout]    |             - ^^^^^^^^
[INFO] [stdout]    |             |
[INFO] [stdout]    |             field in this variant
[INFO] [stdout]    |
[INFO] [stdout]    = note: `TextOrBytes` has a derived impl for the trait `Debug`, but this is intentionally ignored during dead code analysis
[INFO] [stdout] help: consider changing the field to be of unit type to suppress this warning while preserving the field numbering, or remove the field
[INFO] [stdout]    |
[INFO] [stdout] 89 |             B(()),
[INFO] [stdout]    |               ~~
[INFO] [stdout] 
[INFO] [stdout] 
[INFO] [stderr]    Compiling console v0.15.10
[INFO] [stderr]    Compiling insta v1.42.0
[INFO] [stderr]    Compiling regex-automata v0.4.9
[INFO] [stderr]    Compiling polling v3.7.4
[INFO] [stderr]    Compiling regex v1.11.1
[INFO] [stderr]    Compiling async-io v2.4.0
[INFO] [stderr]    Compiling async-global-executor v2.4.1
[INFO] [stderr]    Compiling async-std v1.13.0
[INFO] [stderr]    Compiling samotop-core v0.13.1+smtp (/opt/rustwide/workdir)
[INFO] [stdout] warning: use of deprecated macro `insta::assert_display_snapshot`: use assert_snapshot!() instead
[INFO] [stdout]   --> src/io/connection.rs:67:9
[INFO] [stdout]    |
[INFO] [stdout] 67 | ...   insta::assert_display_snapshot!(dump, @"connection id --redaced-- from peer Unknown to local Unknown established --redaced--.--reda...
[INFO] [stdout]    |       ^^^^^^^^^^^^^^^^^^^^^^^^^^^^^^
[INFO] [stdout]    |
[INFO] [stdout]    = note: `#[warn(deprecated)]` on by default
[INFO] [stdout] 
[INFO] [stdout] 
[INFO] [stdout] warning: use of deprecated macro `insta::assert_display_snapshot`: use assert_snapshot!() instead
[INFO] [stdout]    --> src/smtp/context.rs:123:9
[INFO] [stdout]     |
[INFO] [stdout] 123 |         insta::assert_display_snapshot!(dump0, @r###"SessionLogger"###);
[INFO] [stdout]     |         ^^^^^^^^^^^^^^^^^^^^^^^^^^^^^^
[INFO] [stdout] 
[INFO] [stdout] 
[INFO] [stdout] warning: use of deprecated macro `insta::assert_display_snapshot`: use assert_snapshot!() instead
[INFO] [stdout]    --> src/smtp/context.rs:137:9
[INFO] [stdout]     |
[INFO] [stdout] 137 |         insta::assert_display_snapshot!(dump, @r###"
[INFO] [stdout]     |         ^^^^^^^^^^^^^^^^^^^^^^^^^^^^^^
[INFO] [stdout] 
[INFO] [stdout] 
[INFO] [stdout] warning: unused import: `self::rfc5321::*`
[INFO] [stdout]   --> src/smtp/mod.rs:33:9
[INFO] [stdout]    |
[INFO] [stdout] 33 | pub use self::rfc5321::*;
[INFO] [stdout]    |         ^^^^^^^^^^^^^^^^
[INFO] [stdout]    |
[INFO] [stdout]    = note: `#[warn(unused_imports)]` on by default
[INFO] [stdout] 
[INFO] [stdout] 
[INFO] [stdout] warning: private item shadows public glob re-export
[INFO] [stdout]   --> src/lib.rs:54:5
[INFO] [stdout]    |
[INFO] [stdout] 54 | /     struct PollFn<F> {
[INFO] [stdout] 55 | |         f: F,
[INFO] [stdout] 56 | |     }
[INFO] [stdout]    | |_____^
[INFO] [stdout]    |
[INFO] [stdout] note: the name `PollFn` in the type namespace is supposed to be publicly re-exported here
[INFO] [stdout]   --> src/lib.rs:27:13
[INFO] [stdout]    |
[INFO] [stdout] 27 |     pub use std::future::*;
[INFO] [stdout]    |             ^^^^^^^^^^^^^^
[INFO] [stdout] note: but the private item here shadows it
[INFO] [stdout]   --> src/lib.rs:54:5
[INFO] [stdout]    |
[INFO] [stdout] 54 | /     struct PollFn<F> {
[INFO] [stdout] 55 | |         f: F,
[INFO] [stdout] 56 | |     }
[INFO] [stdout]    | |_____^
[INFO] [stdout]    = note: `#[warn(hidden_glob_reexports)]` on by default
[INFO] [stdout] 
[INFO] [stdout] 
[INFO] [stdout] warning: struct `TestSetup` is never constructed
[INFO] [stdout]   --> src/mail/setup.rs:73:12
[INFO] [stdout]    |
[INFO] [stdout] 73 |     struct TestSetup;
[INFO] [stdout]    |            ^^^^^^^^^
[INFO] [stdout]    |
[INFO] [stdout]    = note: `#[warn(dead_code)]` on by default
[INFO] [stdout] 
[INFO] [stdout] 
[INFO] [stdout] warning: field `0` is never read
[INFO] [stdout]   --> src/smtp/context.rs:88:15
[INFO] [stdout]    |
[INFO] [stdout] 88 |             T(&'a str),
[INFO] [stdout]    |             - ^^^^^^^
[INFO] [stdout]    |             |
[INFO] [stdout]    |             field in this variant
[INFO] [stdout]    |
[INFO] [stdout]    = note: `TextOrBytes` has a derived impl for the trait `Debug`, but this is intentionally ignored during dead code analysis
[INFO] [stdout] help: consider changing the field to be of unit type to suppress this warning while preserving the field numbering, or remove the field
[INFO] [stdout]    |
[INFO] [stdout] 88 |             T(()),
[INFO] [stdout]    |               ~~
[INFO] [stdout] 
[INFO] [stdout] 
[INFO] [stdout] warning: field `0` is never read
[INFO] [stdout]   --> src/smtp/context.rs:89:15
[INFO] [stdout]    |
[INFO] [stdout] 89 |             B(&'a [u8]),
[INFO] [stdout]    |             - ^^^^^^^^
[INFO] [stdout]    |             |
[INFO] [stdout]    |             field in this variant
[INFO] [stdout]    |
[INFO] [stdout]    = note: `TextOrBytes` has a derived impl for the trait `Debug`, but this is intentionally ignored during dead code analysis
[INFO] [stdout] help: consider changing the field to be of unit type to suppress this warning while preserving the field numbering, or remove the field
[INFO] [stdout]    |
[INFO] [stdout] 89 |             B(()),
[INFO] [stdout]    |               ~~
[INFO] [stdout] 
[INFO] [stdout] 
[INFO] [stderr]     Finished `test` profile [unoptimized + debuginfo] target(s) in 38.37s
[INFO] running `Command { std: "docker" "inspect" "8619146b11dabe292ba433512ee3d4ed7c123e86f361bea5ad4bb178fe0b9eae", kill_on_drop: false }`
[INFO] running `Command { std: "docker" "rm" "-f" "8619146b11dabe292ba433512ee3d4ed7c123e86f361bea5ad4bb178fe0b9eae", kill_on_drop: false }`
[INFO] [stdout] 8619146b11dabe292ba433512ee3d4ed7c123e86f361bea5ad4bb178fe0b9eae
[INFO] running `Command { std: "docker" "create" "-v" "/var/lib/crater-agent-workspace/builds/worker-4-tc1/target:/opt/rustwide/target:rw,Z" "-v" "/var/lib/crater-agent-workspace/builds/worker-4-tc1/source:/opt/rustwide/workdir:ro,Z" "-v" "/var/lib/crater-agent-workspace/cargo-home:/opt/rustwide/cargo-home:ro,Z" "-v" "/var/lib/crater-agent-workspace/rustup-home:/opt/rustwide/rustup-home:ro,Z" "-e" "SOURCE_DIR=/opt/rustwide/workdir" "-e" "CARGO_TARGET_DIR=/opt/rustwide/target" "-e" "CARGO_INCREMENTAL=0" "-e" "RUST_BACKTRACE=full" "-e" "RUSTFLAGS=--cap-lints=forbid" "-e" "RUSTDOCFLAGS=--cap-lints=forbid" "-e" "CARGO_HOME=/opt/rustwide/cargo-home" "-e" "RUSTUP_HOME=/opt/rustwide/rustup-home" "-w" "/opt/rustwide/workdir" "-m" "1610612736" "--user" "0:0" "--network" "none" "ghcr.io/rust-lang/crates-build-env/linux@sha256:819108c5571ea2e421544af4d832f968d213c87fbe3707a016657f43d2f853bc" "/opt/rustwide/cargo-home/bin/cargo" "+nightly-2025-01-18" "test" "--frozen", kill_on_drop: false }`
[INFO] [stdout] 787d19be04560423d6cf9a4f78855b76a4c7f9cfb3afe89906ec2ff02e7276b2
[INFO] running `Command { std: "docker" "start" "-a" "787d19be04560423d6cf9a4f78855b76a4c7f9cfb3afe89906ec2ff02e7276b2", kill_on_drop: false }`
[INFO] [stderr] warning: unused import: `self::rfc5321::*`
[INFO] [stderr]   --> src/smtp/mod.rs:33:9
[INFO] [stderr]    |
[INFO] [stderr] 33 | pub use self::rfc5321::*;
[INFO] [stderr]    |         ^^^^^^^^^^^^^^^^
[INFO] [stderr]    |
[INFO] [stderr]    = note: `#[warn(unused_imports)]` on by default
[INFO] [stderr] 
[INFO] [stderr] warning: private item shadows public glob re-export
[INFO] [stderr]   --> src/lib.rs:54:5
[INFO] [stderr]    |
[INFO] [stderr] 54 | /     struct PollFn<F> {
[INFO] [stderr] 55 | |         f: F,
[INFO] [stderr] 56 | |     }
[INFO] [stderr]    | |_____^
[INFO] [stderr]    |
[INFO] [stderr] note: the name `PollFn` in the type namespace is supposed to be publicly re-exported here
[INFO] [stderr]   --> src/lib.rs:27:13
[INFO] [stderr]    |
[INFO] [stderr] 27 |     pub use std::future::*;
[INFO] [stderr]    |             ^^^^^^^^^^^^^^
[INFO] [stderr] note: but the private item here shadows it
[INFO] [stderr]   --> src/lib.rs:54:5
[INFO] [stderr]    |
[INFO] [stderr] 54 | /     struct PollFn<F> {
[INFO] [stderr] 55 | |         f: F,
[INFO] [stderr] 56 | |     }
[INFO] [stderr]    | |_____^
[INFO] [stderr]    = note: `#[warn(hidden_glob_reexports)]` on by default
[INFO] [stderr] 
[INFO] [stderr] warning: field `0` is never read
[INFO] [stderr]   --> src/smtp/context.rs:88:15
[INFO] [stderr]    |
[INFO] [stderr] 88 |             T(&'a str),
[INFO] [stderr]    |             - ^^^^^^^
[INFO] [stderr]    |             |
[INFO] [stderr]    |             field in this variant
[INFO] [stderr]    |
[INFO] [stderr]    = note: `TextOrBytes` has a derived impl for the trait `Debug`, but this is intentionally ignored during dead code analysis
[INFO] [stderr]    = note: `#[warn(dead_code)]` on by default
[INFO] [stderr] help: consider changing the field to be of unit type to suppress this warning while preserving the field numbering, or remove the field
[INFO] [stderr]    |
[INFO] [stderr] 88 |             T(()),
[INFO] [stderr]    |               ~~
[INFO] [stderr] 
[INFO] [stderr] warning: field `0` is never read
[INFO] [stderr]   --> src/smtp/context.rs:89:15
[INFO] [stderr]    |
[INFO] [stderr] 89 |             B(&'a [u8]),
[INFO] [stderr]    |             - ^^^^^^^^
[INFO] [stderr]    |             |
[INFO] [stderr]    |             field in this variant
[INFO] [stderr]    |
[INFO] [stderr]    = note: `TextOrBytes` has a derived impl for the trait `Debug`, but this is intentionally ignored during dead code analysis
[INFO] [stderr] help: consider changing the field to be of unit type to suppress this warning while preserving the field numbering, or remove the field
[INFO] [stderr]    |
[INFO] [stderr] 89 |             B(()),
[INFO] [stderr]    |               ~~
[INFO] [stderr] 
[INFO] [stderr] warning: `samotop-core` (lib) generated 4 warnings (run `cargo fix --lib -p samotop-core` to apply 1 suggestion)
[INFO] [stderr] warning: use of deprecated macro `insta::assert_display_snapshot`: use assert_snapshot!() instead
[INFO] [stderr]   --> src/io/connection.rs:67:9
[INFO] [stderr]    |
[INFO] [stderr] 67 | ...   insta::assert_display_snapshot!(dump, @"connection id --redaced-- from peer Unknown to local Unknown established --redaced--.--reda...
[INFO] [stderr]    |       ^^^^^^^^^^^^^^^^^^^^^^^^^^^^^^
[INFO] [stderr]    |
[INFO] [stderr]    = note: `#[warn(deprecated)]` on by default
[INFO] [stderr] 
[INFO] [stderr] warning: use of deprecated macro `insta::assert_display_snapshot`: use assert_snapshot!() instead
[INFO] [stderr]    --> src/smtp/context.rs:123:9
[INFO] [stderr]     |
[INFO] [stderr] 123 |         insta::assert_display_snapshot!(dump0, @r###"SessionLogger"###);
[INFO] [stderr]     |         ^^^^^^^^^^^^^^^^^^^^^^^^^^^^^^
[INFO] [stderr] 
[INFO] [stderr] warning: use of deprecated macro `insta::assert_display_snapshot`: use assert_snapshot!() instead
[INFO] [stderr]    --> src/smtp/context.rs:137:9
[INFO] [stderr]     |
[INFO] [stderr] 137 |         insta::assert_display_snapshot!(dump, @r###"
[INFO] [stderr]     |         ^^^^^^^^^^^^^^^^^^^^^^^^^^^^^^
[INFO] [stderr] 
[INFO] [stderr] warning: struct `TestSetup` is never constructed
[INFO] [stderr]   --> src/mail/setup.rs:73:12
[INFO] [stderr]    |
[INFO] [stderr] 73 |     struct TestSetup;
[INFO] [stderr]    |            ^^^^^^^^^
[INFO] [stderr]    |
[INFO] [stderr]    = note: `#[warn(dead_code)]` on by default
[INFO] [stderr] 
[INFO] [stderr] warning: field `0` is never read
[INFO] [stderr]   --> src/smtp/context.rs:88:15
[INFO] [stderr]    |
[INFO] [stderr] 88 |             T(&'a str),
[INFO] [stderr]    |             - ^^^^^^^
[INFO] [stderr]    |             |
[INFO] [stderr]    |             field in this variant
[INFO] [stderr]    |
[INFO] [stderr]    = note: `TextOrBytes` has a derived impl for the trait `Debug`, but this is intentionally ignored during dead code analysis
[INFO] [stderr] help: consider changing the field to be of unit type to suppress this warning while preserving the field numbering, or remove the field
[INFO] [stderr]    |
[INFO] [stderr] 88 |             T(()),
[INFO] [stderr]    |               ~~
[INFO] [stderr] 
[INFO] [stderr] warning: `samotop-core` (lib test) generated 8 warnings (3 duplicates)
[INFO] [stderr]     Finished `test` profile [unoptimized + debuginfo] target(s) in 0.14s
[INFO] [stderr]      Running unittests src/lib.rs (/opt/rustwide/target/debug/deps/samotop_core-fa725acff74e968d)
[INFO] [stdout] 
[INFO] [stdout] running 41 tests
[INFO] [stdout] test identify_instance_stays_constant ... ok
[INFO] [stdout] test identify_now_is_not_zero ... ok
[INFO] [stdout] test identify_now_is_unique ... ok
[INFO] [stdout] test io::connection::store_tests::timely_connection_info ... ok
[INFO] [stdout] test io::connection::store_tests::unique_connection_info ... ok
[INFO] [stdout] test identify_instance_is_not_zero ... ok
[INFO] [stdout] test smtp::extensions::extension_set::check_extension ... ok
[INFO] [stdout] test smtp::extensions::extension_set::disable_extension ... ok
[INFO] [stdout] test smtp::extensions::extension_set::enable_extension ... ok
[INFO] [stdout] test smtp::extensions::extension_set::get_extension ... ok
[INFO] [stdout] test mail::logger::tests::test_setup ... ok
[INFO] [stdout] test smtp::extensions::flag_parsing::parse_mismatch ... ok
[INFO] [stdout] test smtp::extensions::flag_parsing::parse_starttls ... ok
[INFO] [stdout] test smtp::extensions::flag_parsing::parse_incomplete ... ok
[INFO] [stdout] test smtp::extensions::flag_parsing::parse_invalid ... ok
[INFO] [stdout] test smtp::context::store_tests::same_service ... ok
[INFO] [stdout] test smtp::rfc2033::helo::tests::is_sync_and_send ... ok
[INFO] [stdout] test smtp::rfc2033::helo::tests::transaction_gets_reset ... ok
[INFO] [stdout] test smtp::interpretter::tests::interpretter_handle_test ... ok
[INFO] [stdout] test smtp::interpretter::tests::interpretter_session_setup_test ... ok
[INFO] [stdout] test io::connection::store_tests::display_connection_info ... ok
[INFO] [stdout] test smtp::interpretter::tests::builder_parse_with_apply_test ... ok
[INFO] [stdout] test smtp::rfc5321::data::tests::command_sequence_is_assured_missing_helo ... ok
[INFO] [stdout] test smtp::rfc5321::data::tests::command_sequence_is_assured_missing_mail ... ok
[INFO] [stdout] test smtp::rfc5321::data::tests::command_sequence_is_assured_missing_rcpt ... ok
[INFO] [stdout] test smtp::rfc5321::data::tests::sink_gets_set ... ok
[INFO] [stdout] test smtp::rfc5321::helo::tests::helo_is_set ... ok
[INFO] [stdout] test smtp::rfc5321::helo::tests::is_sync_and_send ... ok
[INFO] [stdout] test smtp::rfc5321::helo::tests::transaction_gets_reset ... ok
[INFO] [stdout] test smtp::rfc5321::invalid::tests::response_is_not_implemented ... ok
[INFO] [stdout] test smtp::rfc5321::mail::tests::transaction_gets_reset ... ok
[INFO] [stdout] test smtp::rfc5321::mail::tests::mail_is_set ... ok
[INFO] [stdout] test smtp::rfc5321::quit::tests::transaction_gets_reset ... ok
[INFO] [stdout] test smtp::rfc5321::mail::tests::command_sequence_is_enforced ... ok
[INFO] [stdout] test smtp::rfc5321::noop::tests::transaction_gets_reset ... ok
[INFO] [stdout] test smtp::rfc5321::rset::tests::transaction_gets_reset ... ok
[INFO] [stdout] test smtp::rfc5321::rcpt::tests::recipient_is_added ... ok
[INFO] [stdout] test smtp::rfc5321::unknown::tests::response_is_not_implemented ... ok
[INFO] [stdout] test smtp::session::tests::transaction_gets_reset ... ok
[INFO] [stdout] test smtp::rfc2033::helo::tests::helo_is_set ... ok
[INFO] [stdout] test smtp::context::store_tests::set_one_service ... FAILED
[INFO] [stdout] 
[INFO] [stdout] failures:
[INFO] [stdout] 
[INFO] [stdout] ---- smtp::context::store_tests::set_one_service stdout ----
[INFO] [stdout] ━━━━━━━━━━━━━━━━━━━━━━━━━━━━━━━ Snapshot Summary ━━━━━━━━━━━━━━━━━━━━━━━━━━━━━━━
[INFO] [stdout] Snapshot: set_one_service
[INFO] [stdout] Source: src/smtp/context.rs:137
[INFO] [stdout] ────────────────────────────────────────────────────────────────────────────────
[INFO] [stdout] Expression: dump
[INFO] [stdout] ────────────────────────────────────────────────────────────────────────────────
[INFO] [stdout] -old snapshot
[INFO] [stdout] +new results
[INFO] [stdout] ────────────┬───────────────────────────────────────────────────────────────────
[INFO] [stdout]     0     0 │ SmtpContext {
[INFO] [stdout]     1     1 │     store: {
[INFO] [stdout]     2       │-        TypeId {
[INFO] [stdout]     3       │-            t: --redacted--,
[INFO] [stdout]     4       │-        }: Any { .. },
[INFO] [stdout]           2 │+        TypeId(--redacted--xb--redacted--f--redacted--d--redacted--f--redacted--b--redacted--e--redacted--d--redacted--fccbf--redacted--b--redacted--e): Any { .. },
[INFO] [stdout]     5     3 │     },
[INFO] [stdout]     6     4 │     session: SmtpSession {
[INFO] [stdout]     7     5 │         connection: ConnectionInfo {
[INFO] [stdout]     8     6 │             id: "--redacted--",
[INFO] [stdout] ────────────┴───────────────────────────────────────────────────────────────────
[INFO] [stdout] 
[INFO] [stdout] thread 'smtp::context::store_tests::set_one_service' panicked at src/smtp/context.rs:137:9:
[INFO] [stdout] called `Result::unwrap()` on an `Err` value: Os { code: 30, kind: ReadOnlyFilesystem, message: "Read-only file system" }
[INFO] [stdout] stack backtrace:
[INFO] [stdout]    0:     0x5a3e35dd38aa - std::backtrace_rs::backtrace::libunwind::trace::hb059275cfc8d6126
[INFO] [stdout]                                at /rustc/6067b36314ab5eb2eb47cecc464545ba58e1ad24/library/std/src/../../backtrace/src/backtrace/libunwind.rs:116:5
[INFO] [stdout]    1:     0x5a3e35dd38aa - std::backtrace_rs::backtrace::trace_unsynchronized::h2da071e4327ce3ee
[INFO] [stdout]                                at /rustc/6067b36314ab5eb2eb47cecc464545ba58e1ad24/library/std/src/../../backtrace/src/backtrace/mod.rs:66:5
[INFO] [stdout]    2:     0x5a3e35dd38aa - std::sys::backtrace::_print_fmt::h842a1474e6f8d23f
[INFO] [stdout]                                at /rustc/6067b36314ab5eb2eb47cecc464545ba58e1ad24/library/std/src/sys/backtrace.rs:66:9
[INFO] [stdout]    3:     0x5a3e35dd38aa - <std::sys::backtrace::BacktraceLock::print::DisplayBacktrace as core::fmt::Display>::fmt::h71a62eb3b9696b12
[INFO] [stdout]                                at /rustc/6067b36314ab5eb2eb47cecc464545ba58e1ad24/library/std/src/sys/backtrace.rs:39:26
[INFO] [stdout]    4:     0x5a3e35e00173 - core::fmt::rt::Argument::fmt::hdb6b616786b41dc1
[INFO] [stdout]                                at /rustc/6067b36314ab5eb2eb47cecc464545ba58e1ad24/library/core/src/fmt/rt.rs:177:76
[INFO] [stdout]    5:     0x5a3e35e00173 - core::fmt::write::h2cc1698af7e2d686
[INFO] [stdout]                                at /rustc/6067b36314ab5eb2eb47cecc464545ba58e1ad24/library/core/src/fmt/mod.rs:1440:21
[INFO] [stdout]    6:     0x5a3e35dcf143 - std::io::Write::write_fmt::hab1b4cd059a79022
[INFO] [stdout]                                at /rustc/6067b36314ab5eb2eb47cecc464545ba58e1ad24/library/std/src/io/mod.rs:1887:15
[INFO] [stdout]    7:     0x5a3e35dd36f2 - std::sys::backtrace::BacktraceLock::print::h147fe35b4ea13b08
[INFO] [stdout]                                at /rustc/6067b36314ab5eb2eb47cecc464545ba58e1ad24/library/std/src/sys/backtrace.rs:42:9
[INFO] [stdout]    8:     0x5a3e35dd4ccf - std::panicking::default_hook::{{closure}}::hbd44223dbdc0d208
[INFO] [stdout]                                at /rustc/6067b36314ab5eb2eb47cecc464545ba58e1ad24/library/std/src/panicking.rs:298:22
[INFO] [stdout]    9:     0x5a3e35dd4ae8 - std::panicking::default_hook::h20f81eb0576efcec
[INFO] [stdout]                                at /rustc/6067b36314ab5eb2eb47cecc464545ba58e1ad24/library/std/src/panicking.rs:322:9
[INFO] [stdout]   10:     0x5a3e35b192f3 - <alloc::boxed::Box<F,A> as core::ops::function::Fn<Args>>::call::hdb53814c496a4d34
[INFO] [stdout]                                at /rustc/6067b36314ab5eb2eb47cecc464545ba58e1ad24/library/alloc/src/boxed.rs:2027:9
[INFO] [stdout]   11:     0x5a3e35b192f3 - test::test_main::{{closure}}::hc0a4963c59427c24
[INFO] [stdout]                                at /rustc/6067b36314ab5eb2eb47cecc464545ba58e1ad24/library/test/src/lib.rs:134:21
[INFO] [stdout]   12:     0x5a3e35dd57c3 - <alloc::boxed::Box<F,A> as core::ops::function::Fn<Args>>::call::h591b2225413a77e9
[INFO] [stdout]                                at /rustc/6067b36314ab5eb2eb47cecc464545ba58e1ad24/library/alloc/src/boxed.rs:2027:9
[INFO] [stdout]   13:     0x5a3e35dd57c3 - std::panicking::rust_panic_with_hook::h625eea43051b2edc
[INFO] [stdout]                                at /rustc/6067b36314ab5eb2eb47cecc464545ba58e1ad24/library/std/src/panicking.rs:839:13
[INFO] [stdout]   14:     0x5a3e35dd547a - std::panicking::begin_panic_handler::{{closure}}::h4f9159cfbc3f6bd3
[INFO] [stdout]                                at /rustc/6067b36314ab5eb2eb47cecc464545ba58e1ad24/library/std/src/panicking.rs:704:13
[INFO] [stdout]   15:     0x5a3e35dd3da9 - std::sys::backtrace::__rust_end_short_backtrace::h0390abce48353151
[INFO] [stdout]                                at /rustc/6067b36314ab5eb2eb47cecc464545ba58e1ad24/library/std/src/sys/backtrace.rs:168:18
[INFO] [stdout]   16:     0x5a3e35dd510d - rust_begin_unwind
[INFO] [stdout]                                at /rustc/6067b36314ab5eb2eb47cecc464545ba58e1ad24/library/std/src/panicking.rs:695:5
[INFO] [stdout]   17:     0x5a3e35dfd990 - core::panicking::panic_fmt::h9e7c637e9e5f29c9
[INFO] [stdout]                                at /rustc/6067b36314ab5eb2eb47cecc464545ba58e1ad24/library/core/src/panicking.rs:75:14
[INFO] [stdout]   18:     0x5a3e35dfde06 - core::result::unwrap_failed::h7979f09313fe1849
[INFO] [stdout]                                at /rustc/6067b36314ab5eb2eb47cecc464545ba58e1ad24/library/core/src/result.rs:1704:5
[INFO] [stdout]   19:     0x5a3e358f9b28 - core::result::Result<T,E>::unwrap::h6b284164c2a9e0a4
[INFO] [stdout]                                at /rustc/6067b36314ab5eb2eb47cecc464545ba58e1ad24/library/core/src/result.rs:1109:23
[INFO] [stdout]   20:     0x5a3e358f9b28 - samotop_core::smtp::context::store_tests::set_one_service::h32b3627f1895224e
[INFO] [stdout]                                at /opt/rustwide/workdir/src/smtp/context.rs:137:9
[INFO] [stdout]   21:     0x5a3e358f93e7 - samotop_core::smtp::context::store_tests::set_one_service::{{closure}}::h7760e96f0463f699
[INFO] [stdout]                                at /opt/rustwide/workdir/src/smtp/context.rs:127:29
[INFO] [stdout]   22:     0x5a3e358bc9b6 - core::ops::function::FnOnce::call_once::hac0ce314fbb91747
[INFO] [stdout]                                at /rustc/6067b36314ab5eb2eb47cecc464545ba58e1ad24/library/core/src/ops/function.rs:250:5
[INFO] [stdout]   23:     0x5a3e35b1ea4b - core::ops::function::FnOnce::call_once::he27718dfdd183f43
[INFO] [stdout]                                at /rustc/6067b36314ab5eb2eb47cecc464545ba58e1ad24/library/core/src/ops/function.rs:250:5
[INFO] [stdout]   24:     0x5a3e35b1ea4b - test::__rust_begin_short_backtrace::h4e84902998457a5d
[INFO] [stdout]                                at /rustc/6067b36314ab5eb2eb47cecc464545ba58e1ad24/library/test/src/lib.rs:632:18
[INFO] [stdout]   25:     0x5a3e35b1d983 - test::run_test_in_process::{{closure}}::h7176fd18fc1feca0
[INFO] [stdout]                                at /rustc/6067b36314ab5eb2eb47cecc464545ba58e1ad24/library/test/src/lib.rs:655:60
[INFO] [stdout]   26:     0x5a3e35b1d983 - <core::panic::unwind_safe::AssertUnwindSafe<F> as core::ops::function::FnOnce<()>>::call_once::hf79cff2a624d8cf7
[INFO] [stdout]                                at /rustc/6067b36314ab5eb2eb47cecc464545ba58e1ad24/library/core/src/panic/unwind_safe.rs:272:9
[INFO] [stdout]   27:     0x5a3e35b1d983 - std::panicking::try::do_call::h3da0561d9ab99c25
[INFO] [stdout]                                at /rustc/6067b36314ab5eb2eb47cecc464545ba58e1ad24/library/std/src/panicking.rs:587:40
[INFO] [stdout]   28:     0x5a3e35b1d983 - std::panicking::try::h41c9fa508bc61df6
[INFO] [stdout]                                at /rustc/6067b36314ab5eb2eb47cecc464545ba58e1ad24/library/std/src/panicking.rs:550:19
[INFO] [stdout]   29:     0x5a3e35b1d983 - std::panic::catch_unwind::h6b3ff07bb5afad93
[INFO] [stdout]                                at /rustc/6067b36314ab5eb2eb47cecc464545ba58e1ad24/library/std/src/panic.rs:358:14
[INFO] [stdout]   30:     0x5a3e35b1d983 - test::run_test_in_process::hc7253dd11b39b9f4
[INFO] [stdout]                                at /rustc/6067b36314ab5eb2eb47cecc464545ba58e1ad24/library/test/src/lib.rs:655:27
[INFO] [stdout]   31:     0x5a3e35b1d983 - test::run_test::{{closure}}::hfb2007f8649c30bb
[INFO] [stdout]                                at /rustc/6067b36314ab5eb2eb47cecc464545ba58e1ad24/library/test/src/lib.rs:576:43
[INFO] [stdout]   32:     0x5a3e35ae0a65 - test::run_test::{{closure}}::h56a17aa7a282a9f4
[INFO] [stdout]                                at /rustc/6067b36314ab5eb2eb47cecc464545ba58e1ad24/library/test/src/lib.rs:606:41
[INFO] [stdout]   33:     0x5a3e35ae0a65 - std::sys::backtrace::__rust_begin_short_backtrace::hd2d2d2fb8e8c6aac
[INFO] [stdout]                                at /rustc/6067b36314ab5eb2eb47cecc464545ba58e1ad24/library/std/src/sys/backtrace.rs:152:18
[INFO] [stdout]   34:     0x5a3e35ae434a - std::thread::Builder::spawn_unchecked_::{{closure}}::{{closure}}::h4faa3f9db6133423
[INFO] [stdout]                                at /rustc/6067b36314ab5eb2eb47cecc464545ba58e1ad24/library/std/src/thread/mod.rs:559:17
[INFO] [stdout]   35:     0x5a3e35ae434a - <core::panic::unwind_safe::AssertUnwindSafe<F> as core::ops::function::FnOnce<()>>::call_once::hf2e855a36a4ea846
[INFO] [stdout]                                at /rustc/6067b36314ab5eb2eb47cecc464545ba58e1ad24/library/core/src/panic/unwind_safe.rs:272:9
[INFO] [stdout]   36:     0x5a3e35ae434a - std::panicking::try::do_call::h2f73af3616c35465
[INFO] [stdout]                                at /rustc/6067b36314ab5eb2eb47cecc464545ba58e1ad24/library/std/src/panicking.rs:587:40
[INFO] [stdout]   37:     0x5a3e35ae434a - std::panicking::try::hd1660ce9efadef5a
[INFO] [stdout]                                at /rustc/6067b36314ab5eb2eb47cecc464545ba58e1ad24/library/std/src/panicking.rs:550:19
[INFO] [stdout]   38:     0x5a3e35ae434a - std::panic::catch_unwind::h5ee8d7823b8ca744
[INFO] [stdout]                                at /rustc/6067b36314ab5eb2eb47cecc464545ba58e1ad24/library/std/src/panic.rs:358:14
[INFO] [stdout]   39:     0x5a3e35ae434a - std::thread::Builder::spawn_unchecked_::{{closure}}::h53c3a1894dce8407
[INFO] [stdout]                                at /rustc/6067b36314ab5eb2eb47cecc464545ba58e1ad24/library/std/src/thread/mod.rs:557:30
[INFO] [stdout]   40:     0x5a3e35ae434a - core::ops::function::FnOnce::call_once{{vtable.shim}}::h048ce291ad4f62bf
[INFO] [stdout]                                at /rustc/6067b36314ab5eb2eb47cecc464545ba58e1ad24/library/core/src/ops/function.rs:250:5
[INFO] [stdout]   41:     0x5a3e35dda23b - <alloc::boxed::Box<F,A> as core::ops::function::FnOnce<Args>>::call_once::ha52bedf99a3b4981
[INFO] [stdout]                                at /rustc/6067b36314ab5eb2eb47cecc464545ba58e1ad24/library/alloc/src/boxed.rs:2013:9
[INFO] [stdout]   42:     0x5a3e35dda23b - <alloc::boxed::Box<F,A> as core::ops::function::FnOnce<Args>>::call_once::h567748934d80ccf8
[INFO] [stdout]                                at /rustc/6067b36314ab5eb2eb47cecc464545ba58e1ad24/library/alloc/src/boxed.rs:2013:9
[INFO] [stdout]   43:     0x5a3e35dda23b - std::sys::pal::unix::thread::Thread::new::thread_start::h2d970728ae887adc
[INFO] [stdout]                                at /rustc/6067b36314ab5eb2eb47cecc464545ba58e1ad24/library/std/src/sys/pal/unix/thread.rs:106:17
[INFO] [stdout]   44:     0x76b1bcbfaac3 - <unknown>
[INFO] [stdout]   45:     0x76b1bcc8ba04 - clone
[INFO] [stdout]   46:                0x0 - <unknown>
[INFO] [stdout] 
[INFO] [stdout] 
[INFO] [stdout] failures:
[INFO] [stdout]     smtp::context::store_tests::set_one_service
[INFO] [stdout] 
[INFO] [stdout] test result: FAILED. 40 passed; 1 failed; 0 ignored; 0 measured; 0 filtered out; finished in 1.76s
[INFO] [stdout] 
[INFO] [stderr] error: test failed, to rerun pass `--lib`
[INFO] running `Command { std: "docker" "inspect" "787d19be04560423d6cf9a4f78855b76a4c7f9cfb3afe89906ec2ff02e7276b2", kill_on_drop: false }`
[INFO] running `Command { std: "docker" "rm" "-f" "787d19be04560423d6cf9a4f78855b76a4c7f9cfb3afe89906ec2ff02e7276b2", kill_on_drop: false }`
[INFO] [stdout] 787d19be04560423d6cf9a4f78855b76a4c7f9cfb3afe89906ec2ff02e7276b2
