[INFO] fetching crate s1_one 0.1.0...
[INFO] testing s1_one-0.1.0 against nightly-2025-01-18 for randomize-layout-2
[INFO] extracting crate s1_one 0.1.0 into /workspace/builds/worker-7-tc1/source
[INFO] validating manifest of crates.io crate s1_one 0.1.0 on toolchain nightly-2025-01-18
[INFO] running `Command { std: CARGO_HOME="/workspace/cargo-home" RUSTUP_HOME="/workspace/rustup-home" "/workspace/cargo-home/bin/cargo" "+nightly-2025-01-18" "metadata" "--manifest-path" "Cargo.toml" "--no-deps", kill_on_drop: false }`
[INFO] started tweaking crates.io crate s1_one 0.1.0
[INFO] finished tweaking crates.io crate s1_one 0.1.0
[INFO] tweaked toml for crates.io crate s1_one 0.1.0 written to /workspace/builds/worker-7-tc1/source/Cargo.toml
[INFO] crate crates.io crate s1_one 0.1.0 already has a lockfile, it will not be regenerated
[INFO] running `Command { std: CARGO_HOME="/workspace/cargo-home" RUSTUP_HOME="/workspace/rustup-home" "/workspace/cargo-home/bin/cargo" "+nightly-2025-01-18" "fetch" "--manifest-path" "Cargo.toml", kill_on_drop: false }`
[INFO] [stderr]     Blocking waiting for file lock on package cache
[INFO] running `Command { std: "docker" "create" "-v" "/var/lib/crater-agent-workspace/builds/worker-7-tc1/target:/opt/rustwide/target:rw,Z" "-v" "/var/lib/crater-agent-workspace/builds/worker-7-tc1/source:/opt/rustwide/workdir:ro,Z" "-v" "/var/lib/crater-agent-workspace/cargo-home:/opt/rustwide/cargo-home:ro,Z" "-v" "/var/lib/crater-agent-workspace/rustup-home:/opt/rustwide/rustup-home:ro,Z" "-e" "SOURCE_DIR=/opt/rustwide/workdir" "-e" "CARGO_TARGET_DIR=/opt/rustwide/target" "-e" "CARGO_HOME=/opt/rustwide/cargo-home" "-e" "RUSTUP_HOME=/opt/rustwide/rustup-home" "-w" "/opt/rustwide/workdir" "-m" "1610612736" "--user" "0:0" "--network" "none" "ghcr.io/rust-lang/crates-build-env/linux@sha256:819108c5571ea2e421544af4d832f968d213c87fbe3707a016657f43d2f853bc" "/opt/rustwide/cargo-home/bin/cargo" "+nightly-2025-01-18" "metadata" "--no-deps" "--format-version=1", kill_on_drop: false }`
[INFO] [stdout] 2c861b27f5823923c86d57450572e5b788ea68661ab0aa8321f2c3c4cc854fd8
[INFO] running `Command { std: "docker" "start" "-a" "2c861b27f5823923c86d57450572e5b788ea68661ab0aa8321f2c3c4cc854fd8", kill_on_drop: false }`
[INFO] running `Command { std: "docker" "inspect" "2c861b27f5823923c86d57450572e5b788ea68661ab0aa8321f2c3c4cc854fd8", kill_on_drop: false }`
[INFO] running `Command { std: "docker" "rm" "-f" "2c861b27f5823923c86d57450572e5b788ea68661ab0aa8321f2c3c4cc854fd8", kill_on_drop: false }`
[INFO] [stdout] 2c861b27f5823923c86d57450572e5b788ea68661ab0aa8321f2c3c4cc854fd8
[INFO] running `Command { std: "docker" "create" "-v" "/var/lib/crater-agent-workspace/builds/worker-7-tc1/target:/opt/rustwide/target:rw,Z" "-v" "/var/lib/crater-agent-workspace/builds/worker-7-tc1/source:/opt/rustwide/workdir:ro,Z" "-v" "/var/lib/crater-agent-workspace/cargo-home:/opt/rustwide/cargo-home:ro,Z" "-v" "/var/lib/crater-agent-workspace/rustup-home:/opt/rustwide/rustup-home:ro,Z" "-e" "SOURCE_DIR=/opt/rustwide/workdir" "-e" "CARGO_TARGET_DIR=/opt/rustwide/target" "-e" "CARGO_INCREMENTAL=0" "-e" "RUST_BACKTRACE=full" "-e" "RUSTFLAGS=--cap-lints=forbid" "-e" "RUSTDOCFLAGS=--cap-lints=forbid" "-e" "CARGO_HOME=/opt/rustwide/cargo-home" "-e" "RUSTUP_HOME=/opt/rustwide/rustup-home" "-w" "/opt/rustwide/workdir" "-m" "1610612736" "--user" "0:0" "--network" "none" "ghcr.io/rust-lang/crates-build-env/linux@sha256:819108c5571ea2e421544af4d832f968d213c87fbe3707a016657f43d2f853bc" "/opt/rustwide/cargo-home/bin/cargo" "+nightly-2025-01-18" "build" "--frozen" "--message-format=json", kill_on_drop: false }`
[INFO] [stdout] 804bc2ea7dc481af88ae733d15da4c0598ffb4c640c7e5862e688fb4283e16b1
[INFO] running `Command { std: "docker" "start" "-a" "804bc2ea7dc481af88ae733d15da4c0598ffb4c640c7e5862e688fb4283e16b1", kill_on_drop: false }`
[INFO] [stderr]    Compiling s1_one v0.1.0 (/opt/rustwide/workdir)
[INFO] [stdout] warning: unused import: `collections::HashMap`
[INFO] [stdout]  --> src/main.rs:1:11
[INFO] [stdout]   |
[INFO] [stdout] 1 | use std::{collections::HashMap};
[INFO] [stdout]   |           ^^^^^^^^^^^^^^^^^^^^
[INFO] [stdout]   |
[INFO] [stdout]   = note: `#[warn(unused_imports)]` on by default
[INFO] [stdout] 
[INFO] [stdout] 
[INFO] [stdout] warning: unused import: `std::borrow::BorrowMut`
[INFO] [stdout]  --> src/one.rs:1:5
[INFO] [stdout]   |
[INFO] [stdout] 1 | use std::borrow::BorrowMut;
[INFO] [stdout]   |     ^^^^^^^^^^^^^^^^^^^^^^
[INFO] [stdout] 
[INFO] [stdout] 
[INFO] [stdout] warning: unused import: `std::collections::HashMap`
[INFO] [stdout]  --> src/one.rs:2:5
[INFO] [stdout]   |
[INFO] [stdout] 2 | use std::collections::HashMap;
[INFO] [stdout]   |     ^^^^^^^^^^^^^^^^^^^^^^^^^
[INFO] [stdout] 
[INFO] [stdout] 
[INFO] [stdout] warning: unused import: `std::error::Error`
[INFO] [stdout]  --> src/one.rs:3:5
[INFO] [stdout]   |
[INFO] [stdout] 3 | use std::error::Error;
[INFO] [stdout]   |     ^^^^^^^^^^^^^^^^^
[INFO] [stdout] 
[INFO] [stdout] 
[INFO] [stdout] warning: unused import: `std::fs::File`
[INFO] [stdout]  --> src/one.rs:4:5
[INFO] [stdout]   |
[INFO] [stdout] 4 | use std::fs::File;
[INFO] [stdout]   |     ^^^^^^^^^^^^^
[INFO] [stdout] 
[INFO] [stdout] 
[INFO] [stdout] warning: unused import: `std::io::Read`
[INFO] [stdout]  --> src/one.rs:5:5
[INFO] [stdout]   |
[INFO] [stdout] 5 | use std::io::Read;
[INFO] [stdout]   |     ^^^^^^^^^^^^^
[INFO] [stdout] 
[INFO] [stdout] 
[INFO] [stdout] warning: unused import: `std::ops::Mul`
[INFO] [stdout]  --> src/one.rs:6:5
[INFO] [stdout]   |
[INFO] [stdout] 6 | use std::ops::Mul;
[INFO] [stdout]   |     ^^^^^^^^^^^^^
[INFO] [stdout] 
[INFO] [stdout] 
[INFO] [stdout] warning: unused import: `std::thread`
[INFO] [stdout]  --> src/one.rs:7:5
[INFO] [stdout]   |
[INFO] [stdout] 7 | use std::thread;
[INFO] [stdout]   |     ^^^^^^^^^^^
[INFO] [stdout] 
[INFO] [stdout] 
[INFO] [stdout] warning: unused import: `std::time::Duration`
[INFO] [stdout]  --> src/one.rs:8:5
[INFO] [stdout]   |
[INFO] [stdout] 8 | use std::time::Duration;
[INFO] [stdout]   |     ^^^^^^^^^^^^^^^^^^^
[INFO] [stdout] 
[INFO] [stdout] 
[INFO] [stdout] warning: unused import: `std::process::exit`
[INFO] [stdout]  --> src/one.rs:9:5
[INFO] [stdout]   |
[INFO] [stdout] 9 | use std::process::exit;
[INFO] [stdout]   |     ^^^^^^^^^^^^^^^^^^
[INFO] [stdout] 
[INFO] [stdout] 
[INFO] [stdout] warning: function `dangle` is never used
[INFO] [stdout]   --> src/one.rs:45:4
[INFO] [stdout]    |
[INFO] [stdout] 45 | fn dangle() -> String {
[INFO] [stdout]    |    ^^^^^^
[INFO] [stdout]    |
[INFO] [stdout]    = note: `#[warn(dead_code)]` on by default
[INFO] [stdout] 
[INFO] [stdout] 
[INFO] [stdout] warning: struct `Panda` is never constructed
[INFO] [stdout]   --> src/one.rs:70:8
[INFO] [stdout]    |
[INFO] [stdout] 70 | struct Panda {
[INFO] [stdout]    |        ^^^^^
[INFO] [stdout] 
[INFO] [stdout] 
[INFO] [stdout] warning: associated items `new`, `eat`, and `detail` are never used
[INFO] [stdout]   --> src/one.rs:76:12
[INFO] [stdout]    |
[INFO] [stdout] 75 | impl Panda {
[INFO] [stdout]    | ---------- associated items in this implementation
[INFO] [stdout] 76 |     pub fn new(height: f64, weight: f64) -> Self {
[INFO] [stdout]    |            ^^^
[INFO] [stdout] ...
[INFO] [stdout] 80 |     pub fn eat() {
[INFO] [stdout]    |            ^^^
[INFO] [stdout] ...
[INFO] [stdout] 84 |     pub fn detail(&self) -> String {
[INFO] [stdout]    |            ^^^^^^
[INFO] [stdout] 
[INFO] [stdout] 
[INFO] [stdout] warning: struct `Color` is never constructed
[INFO] [stdout]   --> src/one.rs:91:8
[INFO] [stdout]    |
[INFO] [stdout] 91 | struct Color(i32, i32, i32);
[INFO] [stdout]    |        ^^^^^
[INFO] [stdout] 
[INFO] [stdout] 
[INFO] [stdout] warning: struct `Point` is never constructed
[INFO] [stdout]   --> src/one.rs:93:8
[INFO] [stdout]    |
[INFO] [stdout] 93 | struct Point(f64, f64, f64);
[INFO] [stdout]    |        ^^^^^
[INFO] [stdout] 
[INFO] [stdout] 
[INFO] [stdout] warning: enum `IpAddressKind` is never used
[INFO] [stdout]   --> src/one.rs:96:6
[INFO] [stdout]    |
[INFO] [stdout] 96 | enum IpAddressKind {
[INFO] [stdout]    |      ^^^^^^^^^^^^^
[INFO] [stdout] 
[INFO] [stdout] 
[INFO] [stdout] warning: function `get_add_type` is never used
[INFO] [stdout]    --> src/one.rs:101:4
[INFO] [stdout]     |
[INFO] [stdout] 101 | fn get_add_type() -> IpAddressKind {
[INFO] [stdout]     |    ^^^^^^^^^^^^
[INFO] [stdout] 
[INFO] [stdout] 
[INFO] [stdout] warning: function `is_v4` is never used
[INFO] [stdout]    --> src/one.rs:105:4
[INFO] [stdout]     |
[INFO] [stdout] 105 | fn is_v4(kind: IpAddressKind) -> bool {
[INFO] [stdout]     |    ^^^^^
[INFO] [stdout] 
[INFO] [stdout] 
[INFO] [stdout] warning: function `largest` is never used
[INFO] [stdout]    --> src/one.rs:229:4
[INFO] [stdout]     |
[INFO] [stdout] 229 | fn largest<T>(list: &[T]) -> T
[INFO] [stdout]     |    ^^^^^^^
[INFO] [stdout] 
[INFO] [stdout] 
[INFO] [stdout] warning: struct `Offset` is never constructed
[INFO] [stdout]    --> src/one.rs:243:8
[INFO] [stdout]     |
[INFO] [stdout] 243 | struct Offset<T> {
[INFO] [stdout]     |        ^^^^^^
[INFO] [stdout] 
[INFO] [stdout] 
[INFO] [stdout] warning: enum `Option` is never used
[INFO] [stdout]    --> src/one.rs:248:6
[INFO] [stdout]     |
[INFO] [stdout] 248 | enum Option<T> {
[INFO] [stdout]     |      ^^^^^^
[INFO] [stdout] 
[INFO] [stdout] 
[INFO] [stdout] warning: function `longest` is never used
[INFO] [stdout]    --> src/one.rs:292:4
[INFO] [stdout]     |
[INFO] [stdout] 292 | fn longest<'a>(x: &'a str, y: &'a str) -> &'a str {
[INFO] [stdout]     |    ^^^^^^^
[INFO] [stdout] 
[INFO] [stdout] 
[INFO] [stdout] warning: struct `ImportantExcerpt` is never constructed
[INFO] [stdout]    --> src/one.rs:300:8
[INFO] [stdout]     |
[INFO] [stdout] 300 | struct ImportantExcerpt<'a> {
[INFO] [stdout]     |        ^^^^^^^^^^^^^^^^
[INFO] [stdout] 
[INFO] [stdout] 
[INFO] [stdout] warning: function `global_str` is never used
[INFO] [stdout]    --> src/one.rs:304:4
[INFO] [stdout]     |
[INFO] [stdout] 304 | fn global_str() {
[INFO] [stdout]     |    ^^^^^^^^^^
[INFO] [stdout] 
[INFO] [stdout] 
[INFO] [stdout] warning: struct `Cacher` is never constructed
[INFO] [stdout]    --> src/one.rs:369:8
[INFO] [stdout]     |
[INFO] [stdout] 369 | struct Cacher<T : Fn(i32) -> i32> {
[INFO] [stdout]     |        ^^^^^^
[INFO] [stdout] 
[INFO] [stdout] 
[INFO] [stdout] warning: associated items `new` and `value` are never used
[INFO] [stdout]    --> src/one.rs:376:12
[INFO] [stdout]     |
[INFO] [stdout] 374 | impl <T> Cacher<T> where T : Fn(i32) -> i32 {
[INFO] [stdout]     | ------------------------------------------- associated items in this implementation
[INFO] [stdout] 375 |
[INFO] [stdout] 376 |     pub fn new(calculation: T) -> Cacher<T> {
[INFO] [stdout]     |            ^^^
[INFO] [stdout] ...
[INFO] [stdout] 383 |     fn value(&mut self, arg: i32) -> i32 {
[INFO] [stdout]     |        ^^^^^
[INFO] [stdout] 
[INFO] [stdout] 
[INFO] [stdout] warning: struct `Counter` is never constructed
[INFO] [stdout]    --> src/one.rs:413:8
[INFO] [stdout]     |
[INFO] [stdout] 413 | struct Counter {
[INFO] [stdout]     |        ^^^^^^^
[INFO] [stdout] 
[INFO] [stdout] 
[INFO] [stdout] warning: associated function `new` is never used
[INFO] [stdout]    --> src/one.rs:418:8
[INFO] [stdout]     |
[INFO] [stdout] 417 | impl Counter {
[INFO] [stdout]     | ------------ associated function in this implementation
[INFO] [stdout] 418 |     fn new() -> Counter {
[INFO] [stdout]     |        ^^^
[INFO] [stdout] 
[INFO] [stdout] 
[INFO] [stderr]     Finished `dev` profile [unoptimized + debuginfo] target(s) in 0.18s
[INFO] running `Command { std: "docker" "inspect" "804bc2ea7dc481af88ae733d15da4c0598ffb4c640c7e5862e688fb4283e16b1", kill_on_drop: false }`
[INFO] running `Command { std: "docker" "rm" "-f" "804bc2ea7dc481af88ae733d15da4c0598ffb4c640c7e5862e688fb4283e16b1", kill_on_drop: false }`
[INFO] [stdout] 804bc2ea7dc481af88ae733d15da4c0598ffb4c640c7e5862e688fb4283e16b1
[INFO] running `Command { std: "docker" "create" "-v" "/var/lib/crater-agent-workspace/builds/worker-7-tc1/target:/opt/rustwide/target:rw,Z" "-v" "/var/lib/crater-agent-workspace/builds/worker-7-tc1/source:/opt/rustwide/workdir:ro,Z" "-v" "/var/lib/crater-agent-workspace/cargo-home:/opt/rustwide/cargo-home:ro,Z" "-v" "/var/lib/crater-agent-workspace/rustup-home:/opt/rustwide/rustup-home:ro,Z" "-e" "SOURCE_DIR=/opt/rustwide/workdir" "-e" "CARGO_TARGET_DIR=/opt/rustwide/target" "-e" "CARGO_INCREMENTAL=0" "-e" "RUST_BACKTRACE=full" "-e" "RUSTFLAGS=--cap-lints=forbid" "-e" "RUSTDOCFLAGS=--cap-lints=forbid" "-e" "CARGO_HOME=/opt/rustwide/cargo-home" "-e" "RUSTUP_HOME=/opt/rustwide/rustup-home" "-w" "/opt/rustwide/workdir" "-m" "1610612736" "--user" "0:0" "--network" "none" "ghcr.io/rust-lang/crates-build-env/linux@sha256:819108c5571ea2e421544af4d832f968d213c87fbe3707a016657f43d2f853bc" "/opt/rustwide/cargo-home/bin/cargo" "+nightly-2025-01-18" "test" "--frozen" "--no-run" "--message-format=json", kill_on_drop: false }`
[INFO] [stdout] 58cc423773f8bb4db8e0d7eec7a57c0ed9ce81dc2272584c91f28750276d905e
[INFO] running `Command { std: "docker" "start" "-a" "58cc423773f8bb4db8e0d7eec7a57c0ed9ce81dc2272584c91f28750276d905e", kill_on_drop: false }`
[INFO] [stderr]    Compiling s1_one v0.1.0 (/opt/rustwide/workdir)
[INFO] [stdout] warning: unused import: `collections::HashMap`
[INFO] [stdout]  --> src/main.rs:1:11
[INFO] [stdout]   |
[INFO] [stdout] 1 | use std::{collections::HashMap};
[INFO] [stdout]   |           ^^^^^^^^^^^^^^^^^^^^
[INFO] [stdout]   |
[INFO] [stdout]   = note: `#[warn(unused_imports)]` on by default
[INFO] [stdout] 
[INFO] [stdout] 
[INFO] [stdout] warning: unused import: `std::borrow::BorrowMut`
[INFO] [stdout]  --> src/one.rs:1:5
[INFO] [stdout]   |
[INFO] [stdout] 1 | use std::borrow::BorrowMut;
[INFO] [stdout]   |     ^^^^^^^^^^^^^^^^^^^^^^
[INFO] [stdout] 
[INFO] [stdout] 
[INFO] [stdout] warning: unused import: `std::process::exit`
[INFO] [stdout]  --> src/one.rs:9:5
[INFO] [stdout]   |
[INFO] [stdout] 9 | use std::process::exit;
[INFO] [stdout]   |     ^^^^^^^^^^^^^^^^^^
[INFO] [stdout] 
[INFO] [stdout] 
[INFO] [stdout] warning: unused variable: `row`
[INFO] [stdout]    --> src/one.rs:134:9
[INFO] [stdout]     |
[INFO] [stdout] 134 |     let row = vec![
[INFO] [stdout]     |         ^^^ help: if this is intentional, prefix it with an underscore: `_row`
[INFO] [stdout]     |
[INFO] [stdout]     = note: `#[warn(unused_variables)]` on by default
[INFO] [stdout] 
[INFO] [stdout] 
[INFO] [stdout] warning: unused variable: `s2`
[INFO] [stdout]    --> src/one.rs:151:9
[INFO] [stdout]     |
[INFO] [stdout] 151 |     let s2 = format!("{}, {}, {}", "1", "2", s1);
[INFO] [stdout]     |         ^^ help: if this is intentional, prefix it with an underscore: `_s2`
[INFO] [stdout] 
[INFO] [stdout] 
[INFO] [stdout] warning: unused variable: `update`
[INFO] [stdout]    --> src/one.rs:190:14
[INFO] [stdout]     |
[INFO] [stdout] 190 |     let &mut update = map2.entry(&"lakers".to_string()).or_insert(&mut 1);
[INFO] [stdout]     |              ^^^^^^ help: if this is intentional, prefix it with an underscore: `_update`
[INFO] [stdout] 
[INFO] [stdout] 
[INFO] [stdout] warning: variable does not need to be mutable
[INFO] [stdout]    --> src/one.rs:182:9
[INFO] [stdout]     |
[INFO] [stdout] 182 |     let mut scores = vec![11, 10];
[INFO] [stdout]     |         ----^^^^^^
[INFO] [stdout]     |         |
[INFO] [stdout]     |         help: remove this `mut`
[INFO] [stdout]     |
[INFO] [stdout]     = note: `#[warn(unused_mut)]` on by default
[INFO] [stdout] 
[INFO] [stdout] 
[INFO] [stdout] warning: unused variable: `r`
[INFO] [stdout]    --> src/one.rs:209:13
[INFO] [stdout]     |
[INFO] [stdout] 209 |     let mut r = match f {
[INFO] [stdout]     |             ^ help: if this is intentional, prefix it with an underscore: `_r`
[INFO] [stdout] 
[INFO] [stdout] 
[INFO] [stdout] warning: variable does not need to be mutable
[INFO] [stdout]    --> src/one.rs:209:9
[INFO] [stdout]     |
[INFO] [stdout] 209 |     let mut r = match f {
[INFO] [stdout]     |         ----^
[INFO] [stdout]     |         |
[INFO] [stdout]     |         help: remove this `mut`
[INFO] [stdout] 
[INFO] [stdout] 
[INFO] [stdout] warning: function `dangle` is never used
[INFO] [stdout]   --> src/one.rs:45:4
[INFO] [stdout]    |
[INFO] [stdout] 45 | fn dangle() -> String {
[INFO] [stdout]    |    ^^^^^^
[INFO] [stdout]    |
[INFO] [stdout]    = note: `#[warn(dead_code)]` on by default
[INFO] [stdout] 
[INFO] [stdout] 
[INFO] [stdout] warning: struct `Panda` is never constructed
[INFO] [stdout]   --> src/one.rs:70:8
[INFO] [stdout]    |
[INFO] [stdout] 70 | struct Panda {
[INFO] [stdout]    |        ^^^^^
[INFO] [stdout] 
[INFO] [stdout] 
[INFO] [stdout] warning: associated items `new`, `eat`, and `detail` are never used
[INFO] [stdout]   --> src/one.rs:76:12
[INFO] [stdout]    |
[INFO] [stdout] 75 | impl Panda {
[INFO] [stdout]    | ---------- associated items in this implementation
[INFO] [stdout] 76 |     pub fn new(height: f64, weight: f64) -> Self {
[INFO] [stdout]    |            ^^^
[INFO] [stdout] ...
[INFO] [stdout] 80 |     pub fn eat() {
[INFO] [stdout]    |            ^^^
[INFO] [stdout] ...
[INFO] [stdout] 84 |     pub fn detail(&self) -> String {
[INFO] [stdout]    |            ^^^^^^
[INFO] [stdout] 
[INFO] [stdout] 
[INFO] [stdout] warning: struct `Color` is never constructed
[INFO] [stdout]   --> src/one.rs:91:8
[INFO] [stdout]    |
[INFO] [stdout] 91 | struct Color(i32, i32, i32);
[INFO] [stdout]    |        ^^^^^
[INFO] [stdout] 
[INFO] [stdout] 
[INFO] [stdout] warning: struct `Point` is never constructed
[INFO] [stdout]   --> src/one.rs:93:8
[INFO] [stdout]    |
[INFO] [stdout] 93 | struct Point(f64, f64, f64);
[INFO] [stdout]    |        ^^^^^
[INFO] [stdout] 
[INFO] [stdout] 
[INFO] [stdout] warning: enum `IpAddressKind` is never used
[INFO] [stdout]   --> src/one.rs:96:6
[INFO] [stdout]    |
[INFO] [stdout] 96 | enum IpAddressKind {
[INFO] [stdout]    |      ^^^^^^^^^^^^^
[INFO] [stdout] 
[INFO] [stdout] 
[INFO] [stdout] warning: function `get_add_type` is never used
[INFO] [stdout]    --> src/one.rs:101:4
[INFO] [stdout]     |
[INFO] [stdout] 101 | fn get_add_type() -> IpAddressKind {
[INFO] [stdout]     |    ^^^^^^^^^^^^
[INFO] [stdout] 
[INFO] [stdout] 
[INFO] [stdout] warning: function `is_v4` is never used
[INFO] [stdout]    --> src/one.rs:105:4
[INFO] [stdout]     |
[INFO] [stdout] 105 | fn is_v4(kind: IpAddressKind) -> bool {
[INFO] [stdout]     |    ^^^^^
[INFO] [stdout] 
[INFO] [stdout] 
[INFO] [stdout] warning: field `0` is never read
[INFO] [stdout]    --> src/one.rs:129:13
[INFO] [stdout]     |
[INFO] [stdout] 129 |         Int(i32),
[INFO] [stdout]     |         --- ^^^
[INFO] [stdout]     |         |
[INFO] [stdout]     |         field in this variant
[INFO] [stdout]     |
[INFO] [stdout] help: consider changing the field to be of unit type to suppress this warning while preserving the field numbering, or remove the field
[INFO] [stdout]     |
[INFO] [stdout] 129 |         Int(()),
[INFO] [stdout]     |             ~~
[INFO] [stdout] 
[INFO] [stdout] 
[INFO] [stdout] warning: field `0` is never read
[INFO] [stdout]    --> src/one.rs:130:15
[INFO] [stdout]     |
[INFO] [stdout] 130 |         Float(f64),
[INFO] [stdout]     |         ----- ^^^
[INFO] [stdout]     |         |
[INFO] [stdout]     |         field in this variant
[INFO] [stdout]     |
[INFO] [stdout] help: consider changing the field to be of unit type to suppress this warning while preserving the field numbering, or remove the field
[INFO] [stdout]     |
[INFO] [stdout] 130 |         Float(()),
[INFO] [stdout]     |               ~~
[INFO] [stdout] 
[INFO] [stdout] 
[INFO] [stdout] warning: field `0` is never read
[INFO] [stdout]    --> src/one.rs:131:14
[INFO] [stdout]     |
[INFO] [stdout] 131 |         Text(String),
[INFO] [stdout]     |         ---- ^^^^^^
[INFO] [stdout]     |         |
[INFO] [stdout]     |         field in this variant
[INFO] [stdout]     |
[INFO] [stdout] help: consider changing the field to be of unit type to suppress this warning while preserving the field numbering, or remove the field
[INFO] [stdout]     |
[INFO] [stdout] 131 |         Text(()),
[INFO] [stdout]     |              ~~
[INFO] [stdout] 
[INFO] [stdout] 
[INFO] [stdout] warning: struct `Offset` is never constructed
[INFO] [stdout]    --> src/one.rs:243:8
[INFO] [stdout]     |
[INFO] [stdout] 243 | struct Offset<T> {
[INFO] [stdout]     |        ^^^^^^
[INFO] [stdout] 
[INFO] [stdout] 
[INFO] [stdout] warning: enum `Option` is never used
[INFO] [stdout]    --> src/one.rs:248:6
[INFO] [stdout]     |
[INFO] [stdout] 248 | enum Option<T> {
[INFO] [stdout]     |      ^^^^^^
[INFO] [stdout] 
[INFO] [stdout] 
[INFO] [stdout] warning: function `longest` is never used
[INFO] [stdout]    --> src/one.rs:292:4
[INFO] [stdout]     |
[INFO] [stdout] 292 | fn longest<'a>(x: &'a str, y: &'a str) -> &'a str {
[INFO] [stdout]     |    ^^^^^^^
[INFO] [stdout] 
[INFO] [stdout] 
[INFO] [stdout] warning: struct `ImportantExcerpt` is never constructed
[INFO] [stdout]    --> src/one.rs:300:8
[INFO] [stdout]     |
[INFO] [stdout] 300 | struct ImportantExcerpt<'a> {
[INFO] [stdout]     |        ^^^^^^^^^^^^^^^^
[INFO] [stdout] 
[INFO] [stdout] 
[INFO] [stdout] warning: function `global_str` is never used
[INFO] [stdout]    --> src/one.rs:304:4
[INFO] [stdout]     |
[INFO] [stdout] 304 | fn global_str() {
[INFO] [stdout]     |    ^^^^^^^^^^
[INFO] [stdout] 
[INFO] [stdout] 
[INFO] [stderr]     Finished `test` profile [unoptimized + debuginfo] target(s) in 0.36s
[INFO] running `Command { std: "docker" "inspect" "58cc423773f8bb4db8e0d7eec7a57c0ed9ce81dc2272584c91f28750276d905e", kill_on_drop: false }`
[INFO] running `Command { std: "docker" "rm" "-f" "58cc423773f8bb4db8e0d7eec7a57c0ed9ce81dc2272584c91f28750276d905e", kill_on_drop: false }`
[INFO] [stdout] 58cc423773f8bb4db8e0d7eec7a57c0ed9ce81dc2272584c91f28750276d905e
[INFO] running `Command { std: "docker" "create" "-v" "/var/lib/crater-agent-workspace/builds/worker-7-tc1/target:/opt/rustwide/target:rw,Z" "-v" "/var/lib/crater-agent-workspace/builds/worker-7-tc1/source:/opt/rustwide/workdir:ro,Z" "-v" "/var/lib/crater-agent-workspace/cargo-home:/opt/rustwide/cargo-home:ro,Z" "-v" "/var/lib/crater-agent-workspace/rustup-home:/opt/rustwide/rustup-home:ro,Z" "-e" "SOURCE_DIR=/opt/rustwide/workdir" "-e" "CARGO_TARGET_DIR=/opt/rustwide/target" "-e" "CARGO_INCREMENTAL=0" "-e" "RUST_BACKTRACE=full" "-e" "RUSTFLAGS=--cap-lints=forbid" "-e" "RUSTDOCFLAGS=--cap-lints=forbid" "-e" "CARGO_HOME=/opt/rustwide/cargo-home" "-e" "RUSTUP_HOME=/opt/rustwide/rustup-home" "-w" "/opt/rustwide/workdir" "-m" "1610612736" "--user" "0:0" "--network" "none" "ghcr.io/rust-lang/crates-build-env/linux@sha256:819108c5571ea2e421544af4d832f968d213c87fbe3707a016657f43d2f853bc" "/opt/rustwide/cargo-home/bin/cargo" "+nightly-2025-01-18" "test" "--frozen", kill_on_drop: false }`
[INFO] [stdout] 5b15bffca0c7d98d268c3487b41f15883b00839dffb5afa1a13ab9172063b602
[INFO] running `Command { std: "docker" "start" "-a" "5b15bffca0c7d98d268c3487b41f15883b00839dffb5afa1a13ab9172063b602", kill_on_drop: false }`
[INFO] [stderr] warning: unused import: `collections::HashMap`
[INFO] [stderr]  --> src/main.rs:1:11
[INFO] [stderr]   |
[INFO] [stderr] 1 | use std::{collections::HashMap};
[INFO] [stderr]   |           ^^^^^^^^^^^^^^^^^^^^
[INFO] [stderr]   |
[INFO] [stderr]   = note: `#[warn(unused_imports)]` on by default
[INFO] [stderr] 
[INFO] [stderr] warning: unused import: `std::borrow::BorrowMut`
[INFO] [stderr]  --> src/one.rs:1:5
[INFO] [stderr]   |
[INFO] [stderr] 1 | use std::borrow::BorrowMut;
[INFO] [stderr]   |     ^^^^^^^^^^^^^^^^^^^^^^
[INFO] [stderr] 
[INFO] [stderr] warning: unused import: `std::process::exit`
[INFO] [stderr]  --> src/one.rs:9:5
[INFO] [stderr]   |
[INFO] [stderr] 9 | use std::process::exit;
[INFO] [stderr]   |     ^^^^^^^^^^^^^^^^^^
[INFO] [stderr] 
[INFO] [stderr] warning: unused variable: `row`
[INFO] [stderr]    --> src/one.rs:134:9
[INFO] [stderr]     |
[INFO] [stderr] 134 |     let row = vec![
[INFO] [stderr]     |         ^^^ help: if this is intentional, prefix it with an underscore: `_row`
[INFO] [stderr]     |
[INFO] [stderr]     = note: `#[warn(unused_variables)]` on by default
[INFO] [stderr] 
[INFO] [stderr] warning: unused variable: `s2`
[INFO] [stderr]    --> src/one.rs:151:9
[INFO] [stderr]     |
[INFO] [stderr] 151 |     let s2 = format!("{}, {}, {}", "1", "2", s1);
[INFO] [stderr]     |         ^^ help: if this is intentional, prefix it with an underscore: `_s2`
[INFO] [stderr] 
[INFO] [stderr] warning: unused variable: `update`
[INFO] [stderr]    --> src/one.rs:190:14
[INFO] [stderr]     |
[INFO] [stderr] 190 |     let &mut update = map2.entry(&"lakers".to_string()).or_insert(&mut 1);
[INFO] [stderr]     |              ^^^^^^ help: if this is intentional, prefix it with an underscore: `_update`
[INFO] [stderr] 
[INFO] [stderr] warning: variable does not need to be mutable
[INFO] [stderr]    --> src/one.rs:182:9
[INFO] [stderr]     |
[INFO] [stderr] 182 |     let mut scores = vec![11, 10];
[INFO] [stderr]     |         ----^^^^^^
[INFO] [stderr]     |         |
[INFO] [stderr]     |         help: remove this `mut`
[INFO] [stderr]     |
[INFO] [stderr]     = note: `#[warn(unused_mut)]` on by default
[INFO] [stderr] 
[INFO] [stderr] warning: unused variable: `r`
[INFO] [stderr]    --> src/one.rs:209:13
[INFO] [stderr]     |
[INFO] [stderr] 209 |     let mut r = match f {
[INFO] [stderr]     |             ^ help: if this is intentional, prefix it with an underscore: `_r`
[INFO] [stderr] 
[INFO] [stderr] warning: variable does not need to be mutable
[INFO] [stderr]    --> src/one.rs:209:9
[INFO] [stderr]     |
[INFO] [stderr] 209 |     let mut r = match f {
[INFO] [stderr]     |         ----^
[INFO] [stderr]     |         |
[INFO] [stderr]     |         help: remove this `mut`
[INFO] [stderr] 
[INFO] [stderr] warning: function `dangle` is never used
[INFO] [stderr]   --> src/one.rs:45:4
[INFO] [stderr]    |
[INFO] [stderr] 45 | fn dangle() -> String {
[INFO] [stderr]    |    ^^^^^^
[INFO] [stderr]    |
[INFO] [stderr]    = note: `#[warn(dead_code)]` on by default
[INFO] [stderr] 
[INFO] [stderr] warning: struct `Panda` is never constructed
[INFO] [stderr]   --> src/one.rs:70:8
[INFO] [stderr]    |
[INFO] [stderr] 70 | struct Panda {
[INFO] [stderr]    |        ^^^^^
[INFO] [stderr] 
[INFO] [stderr] warning: associated items `new`, `eat`, and `detail` are never used
[INFO] [stderr]   --> src/one.rs:76:12
[INFO] [stderr]    |
[INFO] [stderr] 75 | impl Panda {
[INFO] [stderr]    | ---------- associated items in this implementation
[INFO] [stderr] 76 |     pub fn new(height: f64, weight: f64) -> Self {
[INFO] [stderr]    |            ^^^
[INFO] [stderr] ...
[INFO] [stderr] 80 |     pub fn eat() {
[INFO] [stderr]    |            ^^^
[INFO] [stderr] ...
[INFO] [stderr] 84 |     pub fn detail(&self) -> String {
[INFO] [stderr]    |            ^^^^^^
[INFO] [stderr] 
[INFO] [stderr] warning: struct `Color` is never constructed
[INFO] [stderr]   --> src/one.rs:91:8
[INFO] [stderr]    |
[INFO] [stderr] 91 | struct Color(i32, i32, i32);
[INFO] [stderr]    |        ^^^^^
[INFO] [stderr] 
[INFO] [stderr] warning: struct `Point` is never constructed
[INFO] [stderr]   --> src/one.rs:93:8
[INFO] [stderr]    |
[INFO] [stderr] 93 | struct Point(f64, f64, f64);
[INFO] [stderr]    |        ^^^^^
[INFO] [stderr] 
[INFO] [stderr] warning: enum `IpAddressKind` is never used
[INFO] [stderr]   --> src/one.rs:96:6
[INFO] [stderr]    |
[INFO] [stderr] 96 | enum IpAddressKind {
[INFO] [stderr]    |      ^^^^^^^^^^^^^
[INFO] [stderr] 
[INFO] [stderr] warning: function `get_add_type` is never used
[INFO] [stderr]    --> src/one.rs:101:4
[INFO] [stderr]     |
[INFO] [stderr] 101 | fn get_add_type() -> IpAddressKind {
[INFO] [stderr]     |    ^^^^^^^^^^^^
[INFO] [stderr] 
[INFO] [stderr] warning: function `is_v4` is never used
[INFO] [stderr]    --> src/one.rs:105:4
[INFO] [stderr]     |
[INFO] [stderr] 105 | fn is_v4(kind: IpAddressKind) -> bool {
[INFO] [stderr]     |    ^^^^^
[INFO] [stderr] 
[INFO] [stderr] warning: field `0` is never read
[INFO] [stderr]    --> src/one.rs:129:13
[INFO] [stderr]     |
[INFO] [stderr] 129 |         Int(i32),
[INFO] [stderr]     |         --- ^^^
[INFO] [stderr]     |         |
[INFO] [stderr]     |         field in this variant
[INFO] [stderr]     |
[INFO] [stderr] help: consider changing the field to be of unit type to suppress this warning while preserving the field numbering, or remove the field
[INFO] [stderr]     |
[INFO] [stderr] 129 |         Int(()),
[INFO] [stderr]     |             ~~
[INFO] [stderr] 
[INFO] [stderr] warning: field `0` is never read
[INFO] [stderr]    --> src/one.rs:130:15
[INFO] [stderr]     |
[INFO] [stderr] 130 |         Float(f64),
[INFO] [stderr]     |         ----- ^^^
[INFO] [stderr]     |         |
[INFO] [stderr]     |         field in this variant
[INFO] [stderr]     |
[INFO] [stderr] help: consider changing the field to be of unit type to suppress this warning while preserving the field numbering, or remove the field
[INFO] [stderr]     |
[INFO] [stderr] 130 |         Float(()),
[INFO] [stderr]     |               ~~
[INFO] [stderr] 
[INFO] [stderr] warning: field `0` is never read
[INFO] [stderr]    --> src/one.rs:131:14
[INFO] [stderr]     |
[INFO] [stderr] 131 |         Text(String),
[INFO] [stderr]     |         ---- ^^^^^^
[INFO] [stderr]     |         |
[INFO] [stderr]     |         field in this variant
[INFO] [stderr]     |
[INFO] [stderr] help: consider changing the field to be of unit type to suppress this warning while preserving the field numbering, or remove the field
[INFO] [stderr]     |
[INFO] [stderr] 131 |         Text(()),
[INFO] [stderr]     |              ~~
[INFO] [stderr] 
[INFO] [stderr] warning: struct `Offset` is never constructed
[INFO] [stderr]    --> src/one.rs:243:8
[INFO] [stderr]     |
[INFO] [stderr] 243 | struct Offset<T> {
[INFO] [stderr]     |        ^^^^^^
[INFO] [stderr] 
[INFO] [stderr] warning: enum `Option` is never used
[INFO] [stderr]    --> src/one.rs:248:6
[INFO] [stderr]     |
[INFO] [stderr] 248 | enum Option<T> {
[INFO] [stderr]     |      ^^^^^^
[INFO] [stderr] 
[INFO] [stderr] warning: function `longest` is never used
[INFO] [stderr]    --> src/one.rs:292:4
[INFO] [stderr]     |
[INFO] [stderr] 292 | fn longest<'a>(x: &'a str, y: &'a str) -> &'a str {
[INFO] [stderr]     |    ^^^^^^^
[INFO] [stderr] 
[INFO] [stderr] warning: struct `ImportantExcerpt` is never constructed
[INFO] [stderr]    --> src/one.rs:300:8
[INFO] [stderr]     |
[INFO] [stderr] 300 | struct ImportantExcerpt<'a> {
[INFO] [stderr]     |        ^^^^^^^^^^^^^^^^
[INFO] [stderr] 
[INFO] [stderr] warning: function `global_str` is never used
[INFO] [stderr]    --> src/one.rs:304:4
[INFO] [stderr]     |
[INFO] [stderr] 304 | fn global_str() {
[INFO] [stderr]     |    ^^^^^^^^^^
[INFO] [stderr] 
[INFO] [stderr] warning: `s1_one` (bin "s1_one" test) generated 25 warnings (run `cargo fix --bin "s1_one" --tests` to apply 5 suggestions)
[INFO] [stderr]     Finished `test` profile [unoptimized + debuginfo] target(s) in 0.00s
[INFO] [stderr]      Running unittests src/main.rs (/opt/rustwide/target/debug/deps/s1_one-852009264653beca)
[INFO] [stdout] 
[INFO] [stdout] running 13 tests
[INFO] [stdout] test one::closure_context ... ok
[INFO] [stdout] test one::generic_sample ... ok
[INFO] [stdout] test one::other_slice ... ok
[INFO] [stdout] test one::test::expensive_test ... ignored
[INFO] [stdout] test one::test::it_works ... ok
[INFO] [stdout] test one::string_sample ... ok
[INFO] [stdout] test one::test::exploration ... ok
[INFO] [stdout] test one::hash_map_sample ... ok
[INFO] [stdout] test one::using_other_iterator_trait_methods ... ok
[INFO] [stdout] test one::vector_sample ... ok
[INFO] [stdout] test one::error_handling ... FAILED
[INFO] [stdout] test one::test::another - should panic ... ok
[INFO] [stdout] test one::closures_sample ... ok
[INFO] [stdout] 
[INFO] [stdout] failures:
[INFO] [stdout] 
[INFO] [stdout] ---- one::error_handling stdout ----
[INFO] [stdout] 
[INFO] [stdout] thread 'one::error_handling' panicked at src/one.rs:211:19:
[INFO] [stdout] No such file or directory (os error 2)
[INFO] [stdout] stack backtrace:
[INFO] [stdout]    0:     0x647a5aaaf65a - std::backtrace_rs::backtrace::libunwind::trace::hb059275cfc8d6126
[INFO] [stdout]                                at /rustc/6067b36314ab5eb2eb47cecc464545ba58e1ad24/library/std/src/../../backtrace/src/backtrace/libunwind.rs:116:5
[INFO] [stdout]    1:     0x647a5aaaf65a - std::backtrace_rs::backtrace::trace_unsynchronized::h2da071e4327ce3ee
[INFO] [stdout]                                at /rustc/6067b36314ab5eb2eb47cecc464545ba58e1ad24/library/std/src/../../backtrace/src/backtrace/mod.rs:66:5
[INFO] [stdout]    2:     0x647a5aaaf65a - std::sys::backtrace::_print_fmt::h842a1474e6f8d23f
[INFO] [stdout]                                at /rustc/6067b36314ab5eb2eb47cecc464545ba58e1ad24/library/std/src/sys/backtrace.rs:66:9
[INFO] [stdout]    3:     0x647a5aaaf65a - <std::sys::backtrace::BacktraceLock::print::DisplayBacktrace as core::fmt::Display>::fmt::h71a62eb3b9696b12
[INFO] [stdout]                                at /rustc/6067b36314ab5eb2eb47cecc464545ba58e1ad24/library/std/src/sys/backtrace.rs:39:26
[INFO] [stdout]    4:     0x647a5aad6fa3 - core::fmt::rt::Argument::fmt::hdb6b616786b41dc1
[INFO] [stdout]                                at /rustc/6067b36314ab5eb2eb47cecc464545ba58e1ad24/library/core/src/fmt/rt.rs:177:76
[INFO] [stdout]    5:     0x647a5aad6fa3 - core::fmt::write::h2cc1698af7e2d686
[INFO] [stdout]                                at /rustc/6067b36314ab5eb2eb47cecc464545ba58e1ad24/library/core/src/fmt/mod.rs:1440:21
[INFO] [stdout]    6:     0x647a5aaac1b3 - std::io::Write::write_fmt::hab1b4cd059a79022
[INFO] [stdout]                                at /rustc/6067b36314ab5eb2eb47cecc464545ba58e1ad24/library/std/src/io/mod.rs:1887:15
[INFO] [stdout]    7:     0x647a5aaaf4a2 - std::sys::backtrace::BacktraceLock::print::h147fe35b4ea13b08
[INFO] [stdout]                                at /rustc/6067b36314ab5eb2eb47cecc464545ba58e1ad24/library/std/src/sys/backtrace.rs:42:9
[INFO] [stdout]    8:     0x647a5aab0a7f - std::panicking::default_hook::{{closure}}::hbd44223dbdc0d208
[INFO] [stdout]                                at /rustc/6067b36314ab5eb2eb47cecc464545ba58e1ad24/library/std/src/panicking.rs:298:22
[INFO] [stdout]    9:     0x647a5aab0898 - std::panicking::default_hook::h20f81eb0576efcec
[INFO] [stdout]                                at /rustc/6067b36314ab5eb2eb47cecc464545ba58e1ad24/library/std/src/panicking.rs:322:9
[INFO] [stdout]   10:     0x647a5aa79403 - <alloc::boxed::Box<F,A> as core::ops::function::Fn<Args>>::call::hdb53814c496a4d34
[INFO] [stdout]                                at /rustc/6067b36314ab5eb2eb47cecc464545ba58e1ad24/library/alloc/src/boxed.rs:2027:9
[INFO] [stdout]   11:     0x647a5aa79403 - test::test_main::{{closure}}::hc0a4963c59427c24
[INFO] [stdout]                                at /rustc/6067b36314ab5eb2eb47cecc464545ba58e1ad24/library/test/src/lib.rs:134:21
[INFO] [stdout]   12:     0x647a5aab1573 - <alloc::boxed::Box<F,A> as core::ops::function::Fn<Args>>::call::h591b2225413a77e9
[INFO] [stdout]                                at /rustc/6067b36314ab5eb2eb47cecc464545ba58e1ad24/library/alloc/src/boxed.rs:2027:9
[INFO] [stdout]   13:     0x647a5aab1573 - std::panicking::rust_panic_with_hook::h625eea43051b2edc
[INFO] [stdout]                                at /rustc/6067b36314ab5eb2eb47cecc464545ba58e1ad24/library/std/src/panicking.rs:839:13
[INFO] [stdout]   14:     0x647a5aab122a - std::panicking::begin_panic_handler::{{closure}}::h4f9159cfbc3f6bd3
[INFO] [stdout]                                at /rustc/6067b36314ab5eb2eb47cecc464545ba58e1ad24/library/std/src/panicking.rs:704:13
[INFO] [stdout]   15:     0x647a5aaafb59 - std::sys::backtrace::__rust_end_short_backtrace::h0390abce48353151
[INFO] [stdout]                                at /rustc/6067b36314ab5eb2eb47cecc464545ba58e1ad24/library/std/src/sys/backtrace.rs:168:18
[INFO] [stdout]   16:     0x647a5aab0ebd - rust_begin_unwind
[INFO] [stdout]                                at /rustc/6067b36314ab5eb2eb47cecc464545ba58e1ad24/library/std/src/panicking.rs:695:5
[INFO] [stdout]   17:     0x647a5aad56a0 - core::panicking::panic_fmt::h9e7c637e9e5f29c9
[INFO] [stdout]                                at /rustc/6067b36314ab5eb2eb47cecc464545ba58e1ad24/library/core/src/panicking.rs:75:14
[INFO] [stdout]   18:     0x647a5aa38373 - core::panicking::panic_display::h152dcaf7acc554be
[INFO] [stdout]                                at /rustc/6067b36314ab5eb2eb47cecc464545ba58e1ad24/library/core/src/panicking.rs:261:5
[INFO] [stdout]   19:     0x647a5aa34919 - s1_one::one::error_handling::ha59ee45b9ab815a0
[INFO] [stdout]                                at /opt/rustwide/workdir/src/one.rs:211:19
[INFO] [stdout]   20:     0x647a5aa34857 - s1_one::one::error_handling::{{closure}}::hda803192e2bca6de
[INFO] [stdout]                                at /opt/rustwide/workdir/src/one.rs:205:24
[INFO] [stdout]   21:     0x647a5aa3cfa6 - core::ops::function::FnOnce::call_once::h83d3f121116362cc
[INFO] [stdout]                                at /rustc/6067b36314ab5eb2eb47cecc464545ba58e1ad24/library/core/src/ops/function.rs:250:5
[INFO] [stdout]   22:     0x647a5aa7eb5b - core::ops::function::FnOnce::call_once::he27718dfdd183f43
[INFO] [stdout]                                at /rustc/6067b36314ab5eb2eb47cecc464545ba58e1ad24/library/core/src/ops/function.rs:250:5
[INFO] [stdout]   23:     0x647a5aa7eb5b - test::__rust_begin_short_backtrace::h4e84902998457a5d
[INFO] [stdout]                                at /rustc/6067b36314ab5eb2eb47cecc464545ba58e1ad24/library/test/src/lib.rs:632:18
[INFO] [stdout]   24:     0x647a5aa7da93 - test::run_test_in_process::{{closure}}::h7176fd18fc1feca0
[INFO] [stdout]                                at /rustc/6067b36314ab5eb2eb47cecc464545ba58e1ad24/library/test/src/lib.rs:655:60
[INFO] [stdout]   25:     0x647a5aa7da93 - <core::panic::unwind_safe::AssertUnwindSafe<F> as core::ops::function::FnOnce<()>>::call_once::hf79cff2a624d8cf7
[INFO] [stdout]                                at /rustc/6067b36314ab5eb2eb47cecc464545ba58e1ad24/library/core/src/panic/unwind_safe.rs:272:9
[INFO] [stdout]   26:     0x647a5aa7da93 - std::panicking::try::do_call::h3da0561d9ab99c25
[INFO] [stdout]                                at /rustc/6067b36314ab5eb2eb47cecc464545ba58e1ad24/library/std/src/panicking.rs:587:40
[INFO] [stdout]   27:     0x647a5aa7da93 - std::panicking::try::h41c9fa508bc61df6
[INFO] [stdout]                                at /rustc/6067b36314ab5eb2eb47cecc464545ba58e1ad24/library/std/src/panicking.rs:550:19
[INFO] [stdout]   28:     0x647a5aa7da93 - std::panic::catch_unwind::h6b3ff07bb5afad93
[INFO] [stdout]                                at /rustc/6067b36314ab5eb2eb47cecc464545ba58e1ad24/library/std/src/panic.rs:358:14
[INFO] [stdout]   29:     0x647a5aa7da93 - test::run_test_in_process::hc7253dd11b39b9f4
[INFO] [stdout]                                at /rustc/6067b36314ab5eb2eb47cecc464545ba58e1ad24/library/test/src/lib.rs:655:27
[INFO] [stdout]   30:     0x647a5aa7da93 - test::run_test::{{closure}}::hfb2007f8649c30bb
[INFO] [stdout]                                at /rustc/6067b36314ab5eb2eb47cecc464545ba58e1ad24/library/test/src/lib.rs:576:43
[INFO] [stdout]   31:     0x647a5aa40b75 - test::run_test::{{closure}}::h56a17aa7a282a9f4
[INFO] [stdout]                                at /rustc/6067b36314ab5eb2eb47cecc464545ba58e1ad24/library/test/src/lib.rs:606:41
[INFO] [stdout]   32:     0x647a5aa40b75 - std::sys::backtrace::__rust_begin_short_backtrace::hd2d2d2fb8e8c6aac
[INFO] [stdout]                                at /rustc/6067b36314ab5eb2eb47cecc464545ba58e1ad24/library/std/src/sys/backtrace.rs:152:18
[INFO] [stdout]   33:     0x647a5aa4445a - std::thread::Builder::spawn_unchecked_::{{closure}}::{{closure}}::h4faa3f9db6133423
[INFO] [stdout]                                at /rustc/6067b36314ab5eb2eb47cecc464545ba58e1ad24/library/std/src/thread/mod.rs:559:17
[INFO] [stdout]   34:     0x647a5aa4445a - <core::panic::unwind_safe::AssertUnwindSafe<F> as core::ops::function::FnOnce<()>>::call_once::hf2e855a36a4ea846
[INFO] [stdout]                                at /rustc/6067b36314ab5eb2eb47cecc464545ba58e1ad24/library/core/src/panic/unwind_safe.rs:272:9
[INFO] [stdout]   35:     0x647a5aa4445a - std::panicking::try::do_call::h2f73af3616c35465
[INFO] [stdout]                                at /rustc/6067b36314ab5eb2eb47cecc464545ba58e1ad24/library/std/src/panicking.rs:587:40
[INFO] [stdout]   36:     0x647a5aa4445a - std::panicking::try::hd1660ce9efadef5a
[INFO] [stdout]                                at /rustc/6067b36314ab5eb2eb47cecc464545ba58e1ad24/library/std/src/panicking.rs:550:19
[INFO] [stdout]   37:     0x647a5aa4445a - std::panic::catch_unwind::h5ee8d7823b8ca744
[INFO] [stdout]                                at /rustc/6067b36314ab5eb2eb47cecc464545ba58e1ad24/library/std/src/panic.rs:358:14
[INFO] [stdout]   38:     0x647a5aa4445a - std::thread::Builder::spawn_unchecked_::{{closure}}::h53c3a1894dce8407
[INFO] [stdout]                                at /rustc/6067b36314ab5eb2eb47cecc464545ba58e1ad24/library/std/src/thread/mod.rs:557:30
[INFO] [stdout]   39:     0x647a5aa4445a - core::ops::function::FnOnce::call_once{{vtable.shim}}::h048ce291ad4f62bf
[INFO] [stdout]                                at /rustc/6067b36314ab5eb2eb47cecc464545ba58e1ad24/library/core/src/ops/function.rs:250:5
[INFO] [stdout]   40:     0x647a5aab54bb - <alloc::boxed::Box<F,A> as core::ops::function::FnOnce<Args>>::call_once::ha52bedf99a3b4981
[INFO] [stdout]                                at /rustc/6067b36314ab5eb2eb47cecc464545ba58e1ad24/library/alloc/src/boxed.rs:2013:9
[INFO] [stdout]   41:     0x647a5aab54bb - <alloc::boxed::Box<F,A> as core::ops::function::FnOnce<Args>>::call_once::h567748934d80ccf8
[INFO] [stdout]                                at /rustc/6067b36314ab5eb2eb47cecc464545ba58e1ad24/library/alloc/src/boxed.rs:2013:9
[INFO] [stdout]   42:     0x647a5aab54bb - std::sys::pal::unix::thread::Thread::new::thread_start::h2d970728ae887adc
[INFO] [stdout]                                at /rustc/6067b36314ab5eb2eb47cecc464545ba58e1ad24/library/std/src/sys/pal/unix/thread.rs:106:17
[INFO] [stdout]   43:     0x747a93722ac3 - <unknown>
[INFO] [stdout]   44:     0x747a937b3a04 - clone
[INFO] [stdout]   45:                0x0 - <unknown>
[INFO] [stdout] 
[INFO] [stdout] 
[INFO] [stdout] failures:
[INFO] [stdout]     one::error_handling
[INFO] [stdout] 
[INFO] [stdout] test result: FAILED. 11 passed; 1 failed; 1 ignored; 0 measured; 0 filtered out; finished in 2.00s
[INFO] [stdout] 
[INFO] [stderr] error: test failed, to rerun pass `--bin s1_one`
[INFO] running `Command { std: "docker" "inspect" "5b15bffca0c7d98d268c3487b41f15883b00839dffb5afa1a13ab9172063b602", kill_on_drop: false }`
[INFO] running `Command { std: "docker" "rm" "-f" "5b15bffca0c7d98d268c3487b41f15883b00839dffb5afa1a13ab9172063b602", kill_on_drop: false }`
[INFO] [stdout] 5b15bffca0c7d98d268c3487b41f15883b00839dffb5afa1a13ab9172063b602
