[INFO] fetching crate rvvm 0.2.5...
[INFO] testing rvvm-0.2.5 against nightly-2025-01-18+rustflags=-Zrandomize-layout for randomize-layout-2
[INFO] extracting crate rvvm 0.2.5 into /workspace/builds/worker-3-tc2/source
[INFO] validating manifest of crates.io crate rvvm 0.2.5 on toolchain nightly-2025-01-18
[INFO] running `Command { std: CARGO_HOME="/workspace/cargo-home" RUSTUP_HOME="/workspace/rustup-home" "/workspace/cargo-home/bin/cargo" "+nightly-2025-01-18" "metadata" "--manifest-path" "Cargo.toml" "--no-deps", kill_on_drop: false }`
[INFO] started tweaking crates.io crate rvvm 0.2.5
[INFO] finished tweaking crates.io crate rvvm 0.2.5
[INFO] tweaked toml for crates.io crate rvvm 0.2.5 written to /workspace/builds/worker-3-tc2/source/Cargo.toml
[INFO] running `Command { std: CARGO_HOME="/workspace/cargo-home" RUSTUP_HOME="/workspace/rustup-home" "/workspace/cargo-home/bin/cargo" "+nightly-2025-01-18" "generate-lockfile" "--manifest-path" "Cargo.toml", kill_on_drop: false }`
[INFO] [stderr]     Updating crates.io index
[INFO] [stderr]      Locking 60 packages to latest compatible versions
[INFO] [stderr]       Adding integral-enum v1.2.1 (available: v3.0.1)
[INFO] [stderr]       Adding thiserror v1.0.69 (available: v2.0.11)
[INFO] running `Command { std: CARGO_HOME="/workspace/cargo-home" RUSTUP_HOME="/workspace/rustup-home" "/workspace/cargo-home/bin/cargo" "+nightly-2025-01-18" "fetch" "--manifest-path" "Cargo.toml", kill_on_drop: false }`
[INFO] running `Command { std: "docker" "create" "-v" "/var/lib/crater-agent-workspace/builds/worker-3-tc2/target:/opt/rustwide/target:rw,Z" "-v" "/var/lib/crater-agent-workspace/builds/worker-3-tc2/source:/opt/rustwide/workdir:ro,Z" "-v" "/var/lib/crater-agent-workspace/cargo-home:/opt/rustwide/cargo-home:ro,Z" "-v" "/var/lib/crater-agent-workspace/rustup-home:/opt/rustwide/rustup-home:ro,Z" "-e" "SOURCE_DIR=/opt/rustwide/workdir" "-e" "CARGO_TARGET_DIR=/opt/rustwide/target" "-e" "CARGO_HOME=/opt/rustwide/cargo-home" "-e" "RUSTUP_HOME=/opt/rustwide/rustup-home" "-w" "/opt/rustwide/workdir" "-m" "1610612736" "--user" "0:0" "--network" "none" "ghcr.io/rust-lang/crates-build-env/linux@sha256:819108c5571ea2e421544af4d832f968d213c87fbe3707a016657f43d2f853bc" "/opt/rustwide/cargo-home/bin/cargo" "+nightly-2025-01-18" "metadata" "--no-deps" "--format-version=1", kill_on_drop: false }`
[INFO] [stdout] e60f10fbb8aad6292c8d5bf2cce6970870392db84282434712a4f2bde70f6995
[INFO] running `Command { std: "docker" "start" "-a" "e60f10fbb8aad6292c8d5bf2cce6970870392db84282434712a4f2bde70f6995", kill_on_drop: false }`
[INFO] running `Command { std: "docker" "inspect" "e60f10fbb8aad6292c8d5bf2cce6970870392db84282434712a4f2bde70f6995", kill_on_drop: false }`
[INFO] running `Command { std: "docker" "rm" "-f" "e60f10fbb8aad6292c8d5bf2cce6970870392db84282434712a4f2bde70f6995", kill_on_drop: false }`
[INFO] [stdout] e60f10fbb8aad6292c8d5bf2cce6970870392db84282434712a4f2bde70f6995
[INFO] running `Command { std: "docker" "create" "-v" "/var/lib/crater-agent-workspace/builds/worker-3-tc2/target:/opt/rustwide/target:rw,Z" "-v" "/var/lib/crater-agent-workspace/builds/worker-3-tc2/source:/opt/rustwide/workdir:ro,Z" "-v" "/var/lib/crater-agent-workspace/cargo-home:/opt/rustwide/cargo-home:ro,Z" "-v" "/var/lib/crater-agent-workspace/rustup-home:/opt/rustwide/rustup-home:ro,Z" "-e" "SOURCE_DIR=/opt/rustwide/workdir" "-e" "CARGO_TARGET_DIR=/opt/rustwide/target" "-e" "CARGO_INCREMENTAL=0" "-e" "RUST_BACKTRACE=full" "-e" "RUSTFLAGS=--cap-lints=forbid -Zrandomize-layout" "-e" "RUSTDOCFLAGS=--cap-lints=forbid" "-e" "CARGO_HOME=/opt/rustwide/cargo-home" "-e" "RUSTUP_HOME=/opt/rustwide/rustup-home" "-w" "/opt/rustwide/workdir" "-m" "1610612736" "--user" "0:0" "--network" "none" "ghcr.io/rust-lang/crates-build-env/linux@sha256:819108c5571ea2e421544af4d832f968d213c87fbe3707a016657f43d2f853bc" "/opt/rustwide/cargo-home/bin/cargo" "+nightly-2025-01-18" "build" "--frozen" "--message-format=json", kill_on_drop: false }`
[INFO] [stdout] 6a1dd05c622cc4704ebddf87cc667f9fd0a3a4cd1bd5e50851cad15d3a7b1ff1
[INFO] running `Command { std: "docker" "start" "-a" "6a1dd05c622cc4704ebddf87cc667f9fd0a3a4cd1bd5e50851cad15d3a7b1ff1", kill_on_drop: false }`
[INFO] [stderr]    Compiling proc-macro2 v1.0.93
[INFO] [stderr]    Compiling unicode-ident v1.0.14
[INFO] [stderr]    Compiling syn v1.0.109
[INFO] [stderr]    Compiling glob v0.3.2
[INFO] [stderr]    Compiling version_check v0.9.5
[INFO] [stderr]    Compiling libc v0.2.169
[INFO] [stderr]    Compiling rustix v0.38.43
[INFO] [stderr]    Compiling cfg-if v1.0.0
[INFO] [stderr]    Compiling linux-raw-sys v0.4.15
[INFO] [stderr]    Compiling bitflags v2.8.0
[INFO] [stderr]    Compiling regex-syntax v0.8.5
[INFO] [stderr]    Compiling minimal-lexical v0.2.1
[INFO] [stderr]    Compiling memchr v2.7.4
[INFO] [stderr]    Compiling proc-macro-error-attr v1.0.4
[INFO] [stderr]    Compiling libloading v0.8.6
[INFO] [stderr]    Compiling either v1.13.0
[INFO] [stderr]    Compiling clang-sys v1.8.1
[INFO] [stderr]    Compiling home v0.5.11
[INFO] [stderr]    Compiling bindgen v0.63.0
[INFO] [stderr]    Compiling proc-macro-error v1.0.4
[INFO] [stderr]    Compiling ident_case v1.0.1
[INFO] [stderr]    Compiling bitflags v1.3.2
[INFO] [stderr]    Compiling shlex v1.3.0
[INFO] [stderr]    Compiling rustc-hash v1.1.0
[INFO] [stderr]    Compiling lazycell v1.3.0
[INFO] [stderr]    Compiling nom v7.1.3
[INFO] [stderr]    Compiling peeking_take_while v0.1.2
[INFO] [stderr]    Compiling lazy_static v1.5.0
[INFO] [stderr]    Compiling log v0.4.25
[INFO] [stderr]    Compiling strsim v0.10.0
[INFO] [stderr]    Compiling quote v1.0.38
[INFO] [stderr]    Compiling fnv v1.0.7
[INFO] [stderr]    Compiling thiserror v1.0.69
[INFO] [stderr]    Compiling paste v1.0.15
[INFO] [stderr]    Compiling static_assertions v1.1.0
[INFO] [stderr]    Compiling syn v2.0.96
[INFO] [stderr]    Compiling which v4.4.2
[INFO] [stderr]    Compiling regex-automata v0.4.9
[INFO] [stderr]    Compiling cexpr v0.6.0
[INFO] [stderr]    Compiling thiserror-impl v1.0.69
[INFO] [stderr]    Compiling regex v1.11.1
[INFO] [stderr]    Compiling darling_core v0.14.4
[INFO] [stderr]    Compiling integral-enum v1.2.1
[INFO] [stderr]    Compiling darling_macro v0.14.4
[INFO] [stderr]    Compiling darling v0.14.4
[INFO] [stderr]    Compiling rvvm-macro v0.1.0
[INFO] [stderr]    Compiling rvvm-sys v1.1.2
[INFO] [stderr]    Compiling rvvm v0.2.5 (/opt/rustwide/workdir)
[INFO] [stdout] warning: lint `private_in_public` has been removed: replaced with another group of lints, see RFC <https://rust-lang.github.io/rfcs/2145-type-privacy.html> for more information
[INFO] [stdout]   --> src/fdt/search.rs:32:9
[INFO] [stdout]    |
[INFO] [stdout] 32 | #[allow(private_in_public)]
[INFO] [stdout]    |         ^^^^^^^^^^^^^^^^^
[INFO] [stdout]    |
[INFO] [stdout]    = note: `#[warn(renamed_and_removed_lints)]` on by default
[INFO] [stdout] 
[INFO] [stdout] 
[INFO] [stderr]     Finished `dev` profile [unoptimized + debuginfo] target(s) in 1m 03s
[INFO] running `Command { std: "docker" "inspect" "6a1dd05c622cc4704ebddf87cc667f9fd0a3a4cd1bd5e50851cad15d3a7b1ff1", kill_on_drop: false }`
[INFO] running `Command { std: "docker" "rm" "-f" "6a1dd05c622cc4704ebddf87cc667f9fd0a3a4cd1bd5e50851cad15d3a7b1ff1", kill_on_drop: false }`
[INFO] [stdout] 6a1dd05c622cc4704ebddf87cc667f9fd0a3a4cd1bd5e50851cad15d3a7b1ff1
[INFO] running `Command { std: "docker" "create" "-v" "/var/lib/crater-agent-workspace/builds/worker-3-tc2/target:/opt/rustwide/target:rw,Z" "-v" "/var/lib/crater-agent-workspace/builds/worker-3-tc2/source:/opt/rustwide/workdir:ro,Z" "-v" "/var/lib/crater-agent-workspace/cargo-home:/opt/rustwide/cargo-home:ro,Z" "-v" "/var/lib/crater-agent-workspace/rustup-home:/opt/rustwide/rustup-home:ro,Z" "-e" "SOURCE_DIR=/opt/rustwide/workdir" "-e" "CARGO_TARGET_DIR=/opt/rustwide/target" "-e" "CARGO_INCREMENTAL=0" "-e" "RUST_BACKTRACE=full" "-e" "RUSTFLAGS=--cap-lints=forbid -Zrandomize-layout" "-e" "RUSTDOCFLAGS=--cap-lints=forbid" "-e" "CARGO_HOME=/opt/rustwide/cargo-home" "-e" "RUSTUP_HOME=/opt/rustwide/rustup-home" "-w" "/opt/rustwide/workdir" "-m" "1610612736" "--user" "0:0" "--network" "none" "ghcr.io/rust-lang/crates-build-env/linux@sha256:819108c5571ea2e421544af4d832f968d213c87fbe3707a016657f43d2f853bc" "/opt/rustwide/cargo-home/bin/cargo" "+nightly-2025-01-18" "test" "--frozen" "--no-run" "--message-format=json", kill_on_drop: false }`
[INFO] [stdout] c65ec6fffc675c95c538cdc6660e4cd69b9edd6d71d6b172b2834546b89ea34b
[INFO] running `Command { std: "docker" "start" "-a" "c65ec6fffc675c95c538cdc6660e4cd69b9edd6d71d6b172b2834546b89ea34b", kill_on_drop: false }`
[INFO] [stderr]    Compiling rvvm v0.2.5 (/opt/rustwide/workdir)
[INFO] [stdout] warning: lint `private_in_public` has been removed: replaced with another group of lints, see RFC <https://rust-lang.github.io/rfcs/2145-type-privacy.html> for more information
[INFO] [stdout]   --> src/fdt/search.rs:32:9
[INFO] [stdout]    |
[INFO] [stdout] 32 | #[allow(private_in_public)]
[INFO] [stdout]    |         ^^^^^^^^^^^^^^^^^
[INFO] [stdout]    |
[INFO] [stdout]    = note: `#[warn(renamed_and_removed_lints)]` on by default
[INFO] [stdout] 
[INFO] [stdout] 
[INFO] [stdout] warning: lint `private_in_public` has been removed: replaced with another group of lints, see RFC <https://rust-lang.github.io/rfcs/2145-type-privacy.html> for more information
[INFO] [stdout]   --> src/fdt/search.rs:32:9
[INFO] [stdout]    |
[INFO] [stdout] 32 | #[allow(private_in_public)]
[INFO] [stdout]    |         ^^^^^^^^^^^^^^^^^
[INFO] [stdout]    |
[INFO] [stdout]    = note: `#[warn(renamed_and_removed_lints)]` on by default
[INFO] [stdout] 
[INFO] [stdout] 
[INFO] [stderr]     Finished `test` profile [unoptimized + debuginfo] target(s) in 0.46s
[INFO] running `Command { std: "docker" "inspect" "c65ec6fffc675c95c538cdc6660e4cd69b9edd6d71d6b172b2834546b89ea34b", kill_on_drop: false }`
[INFO] running `Command { std: "docker" "rm" "-f" "c65ec6fffc675c95c538cdc6660e4cd69b9edd6d71d6b172b2834546b89ea34b", kill_on_drop: false }`
[INFO] [stdout] c65ec6fffc675c95c538cdc6660e4cd69b9edd6d71d6b172b2834546b89ea34b
[INFO] running `Command { std: "docker" "create" "-v" "/var/lib/crater-agent-workspace/builds/worker-3-tc2/target:/opt/rustwide/target:rw,Z" "-v" "/var/lib/crater-agent-workspace/builds/worker-3-tc2/source:/opt/rustwide/workdir:ro,Z" "-v" "/var/lib/crater-agent-workspace/cargo-home:/opt/rustwide/cargo-home:ro,Z" "-v" "/var/lib/crater-agent-workspace/rustup-home:/opt/rustwide/rustup-home:ro,Z" "-e" "SOURCE_DIR=/opt/rustwide/workdir" "-e" "CARGO_TARGET_DIR=/opt/rustwide/target" "-e" "CARGO_INCREMENTAL=0" "-e" "RUST_BACKTRACE=full" "-e" "RUSTFLAGS=--cap-lints=forbid -Zrandomize-layout" "-e" "RUSTDOCFLAGS=--cap-lints=forbid" "-e" "CARGO_HOME=/opt/rustwide/cargo-home" "-e" "RUSTUP_HOME=/opt/rustwide/rustup-home" "-w" "/opt/rustwide/workdir" "-m" "1610612736" "--user" "0:0" "--network" "none" "ghcr.io/rust-lang/crates-build-env/linux@sha256:819108c5571ea2e421544af4d832f968d213c87fbe3707a016657f43d2f853bc" "/opt/rustwide/cargo-home/bin/cargo" "+nightly-2025-01-18" "test" "--frozen", kill_on_drop: false }`
[INFO] [stdout] 27bf08cd08e93f346785e3d2fb672dd332435520a87c7d5c5a49c605ecb3e21e
[INFO] running `Command { std: "docker" "start" "-a" "27bf08cd08e93f346785e3d2fb672dd332435520a87c7d5c5a49c605ecb3e21e", kill_on_drop: false }`
[INFO] [stderr] warning: lint `private_in_public` has been removed: replaced with another group of lints, see RFC <https://rust-lang.github.io/rfcs/2145-type-privacy.html> for more information
[INFO] [stderr]   --> src/fdt/search.rs:32:9
[INFO] [stderr]    |
[INFO] [stderr] 32 | #[allow(private_in_public)]
[INFO] [stderr]    |         ^^^^^^^^^^^^^^^^^
[INFO] [stderr]    |
[INFO] [stderr]    = note: `#[warn(renamed_and_removed_lints)]` on by default
[INFO] [stderr] 
[INFO] [stderr] warning: `rvvm` (lib) generated 1 warning
[INFO] [stderr] warning: `rvvm` (lib test) generated 1 warning (1 duplicate)
[INFO] [stderr]     Finished `test` profile [unoptimized + debuginfo] target(s) in 0.08s
[INFO] [stderr]      Running unittests src/lib.rs (/opt/rustwide/target/debug/deps/rvvm-c42a583cd886714d)
[INFO] [stdout] 
[INFO] [stdout] running 0 tests
[INFO] [stdout] 
[INFO] [stdout] test result: ok. 0 passed; 0 failed; 0 ignored; 0 measured; 0 filtered out; finished in 0.00s
[INFO] [stdout] 
[INFO] [stderr]    Doc-tests rvvm
[INFO] [stderr] warning: lint `private_in_public` has been removed: replaced with another group of lints, see RFC <https://rust-lang.github.io/rfcs/2145-type-privacy.html> for more information
[INFO] [stderr]   --> src/fdt/search.rs:32:9
[INFO] [stderr]    |
[INFO] [stderr] 32 | #[allow(private_in_public)]
[INFO] [stderr]    |         ^^^^^^^^^^^^^^^^^
[INFO] [stderr]    |
[INFO] [stderr]    = note: `#[warn(renamed_and_removed_lints)]` on by default
[INFO] [stderr] 
[INFO] [stderr] warning: 1 warning emitted
[INFO] [stderr] 
[INFO] [stdout] 
[INFO] [stdout] running 8 tests
[INFO] [stdout] test src/fdt/owned.rs - fdt::owned::NodeBuf::new_region (line 43) ... FAILED
[INFO] [stdout] test src/fdt/borrowed.rs - fdt::borrowed::Node::is_root (line 246) ... FAILED
[INFO] [stdout] test src/fdt/owned.rs - fdt::owned::NodeBuf::root (line 69) ... FAILED
[INFO] [stdout] test src/fdt/owned.rs - fdt::owned::NodeBuf::new_region (line 35) ... FAILED
[INFO] [stdout] test src/fdt/borrowed.rs - fdt::borrowed::Node::name (line 223) ... FAILED
[INFO] [stdout] test src/fdt/owned.rs - fdt::owned::NodeBuf::new (line 87) ... FAILED
[INFO] [stdout] test src/fdt/owned.rs - fdt::owned::NodeBuf::new (line 95) ... FAILED
[INFO] [stdout] test src/lib.rs - (line 9) ... FAILED
[INFO] [stdout] 
[INFO] [stdout] failures:
[INFO] [stdout] 
[INFO] [stdout] ---- src/fdt/owned.rs - fdt::owned::NodeBuf::new_region (line 43) stdout ----
[INFO] [stdout] error: linking with `cc` failed: exit status: 1
[INFO] [stdout]   |
[INFO] [stdout]   = note: LC_ALL="C" PATH="/opt/rustwide/rustup-home/toolchains/nightly-2025-01-18-x86_64-unknown-linux-gnu/lib/rustlib/x86_64-unknown-linux-gnu/bin:/opt/rustwide/rustup-home/toolchains/nightly-2025-01-18-x86_64-unknown-linux-gnu/lib/rustlib/x86_64-unknown-linux-gnu/bin/self-contained:/opt/rustwide/cargo-home/bin:/usr/local/sbin:/usr/local/bin:/usr/sbin:/usr/bin:/sbin:/bin" VSLANG="1033" "cc" "-m64" "/tmp/rustcadK9IL/symbols.o" "<2 object files omitted>" "-Wl,--as-needed" "-Wl,-Bstatic" "/opt/rustwide/target/debug/deps/{librvvm-e387a2300c135b25.rlib,libthiserror-03aa7eab05463072.rlib,libstatic_assertions-ea90b0eda327986e.rlib,librvvm_sys-642a18d9701149bc.rlib}" "/opt/rustwide/rustup-home/toolchains/nightly-2025-01-18-x86_64-unknown-linux-gnu/lib/rustlib/x86_64-unknown-linux-gnu/lib/{libstd-006123e2ce67e99d.rlib,libpanic_unwind-e1447e1efa6f1e57.rlib,libobject-f6963a4916fcf097.rlib,libmemchr-49a2d9af912f4524.rlib,libaddr2line-04d19aad3936869d.rlib,libgimli-483c235edb789db0.rlib,librustc_demangle-294281af50b8f748.rlib,libstd_detect-3b08295250aabc2a.rlib,libhashbrown-4472d1e05ba0dfaf.rlib,librustc_std_workspace_alloc-2ef099fac590e457.rlib,libminiz_oxide-8a51f5e848546c29.rlib,libadler2-3d3fa22b868db521.rlib,libunwind-0ffda8b08e22dbea.rlib,libcfg_if-b08f62458fdd43b9.rlib,liblibc-559675126e63b890.rlib,liballoc-fcf21c8d1c9c7b75.rlib,librustc_std_workspace_core-e0b0460135bcf21d.rlib,libcore-d4097fdcbddd3bc7.rlib,libcompiler_builtins-fea484ac1eed7881.rlib}" "-Wl,-Bdynamic" "-lgcc_s" "-lutil" "-lrt" "-lpthread" "-lm" "-ldl" "-lc" "-B/opt/rustwide/rustup-home/toolchains/nightly-2025-01-18-x86_64-unknown-linux-gnu/lib/rustlib/x86_64-unknown-linux-gnu/bin/gcc-ld" "-fuse-ld=lld" "-Wl,--eh-frame-hdr" "-Wl,-z,noexecstack" "-L" "/tmp/rvvm-lib" "-L" "/opt/rustwide/rustup-home/toolchains/nightly-2025-01-18-x86_64-unknown-linux-gnu/lib/rustlib/x86_64-unknown-linux-gnu/lib" "-o" "/tmp/rustdoctestBF7frn/rust_out" "-Wl,--gc-sections" "-pie" "-Wl,-z,relro,-z,now" "-nodefaultlibs"
[INFO] [stdout]   = note: some arguments are omitted. use `--verbose` to show all linker arguments
[INFO] [stdout]   = note: rust-lld: error: undefined symbol: fdt_node_create_reg
[INFO] [stdout]           >>> referenced by rust_out.6a3e3f7878aae58b-cgu.0
[INFO] [stdout]           >>>               /tmp/rustdoctestBF7frn/rust_out.rust_out.6a3e3f7878aae58b-cgu.0.rcgu.o:(rvvm::fdt::owned::NodeBuf::new_region::h863637f076b093a7)
[INFO] [stdout]           
[INFO] [stdout]           rust-lld: error: undefined symbol: fdt_node_free
[INFO] [stdout]           >>> referenced by owned.rs:181 (src/fdt/owned.rs:181)
[INFO] [stdout]           >>>               rvvm-e387a2300c135b25.rvvm.dd15b5a80ba8698-cgu.0.rcgu.o:(_$LT$rvvm..fdt..owned..NodeBuf$u20$as$u20$core..ops..drop..Drop$GT$::drop::h86a0f15167b54805) in archive /opt/rustwide/target/debug/deps/librvvm-e387a2300c135b25.rlib
[INFO] [stdout]           collect2: error: ld returned 1 exit status
[INFO] [stdout]           
[INFO] [stdout] 
[INFO] [stdout] error: aborting due to 1 previous error
[INFO] [stdout] 
[INFO] [stdout] Couldn't compile the test.
[INFO] [stdout] ---- src/fdt/borrowed.rs - fdt::borrowed::Node::is_root (line 246) stdout ----
[INFO] [stdout] error: linking with `cc` failed: exit status: 1
[INFO] [stdout]   |
[INFO] [stdout]   = note: LC_ALL="C" PATH="/opt/rustwide/rustup-home/toolchains/nightly-2025-01-18-x86_64-unknown-linux-gnu/lib/rustlib/x86_64-unknown-linux-gnu/bin:/opt/rustwide/rustup-home/toolchains/nightly-2025-01-18-x86_64-unknown-linux-gnu/lib/rustlib/x86_64-unknown-linux-gnu/bin/self-contained:/opt/rustwide/cargo-home/bin:/usr/local/sbin:/usr/local/bin:/usr/sbin:/usr/bin:/sbin:/bin" VSLANG="1033" "cc" "-m64" "/tmp/rustcz1LH9u/symbols.o" "<2 object files omitted>" "-Wl,--as-needed" "-Wl,-Bstatic" "/opt/rustwide/target/debug/deps/{librvvm-e387a2300c135b25.rlib,libthiserror-03aa7eab05463072.rlib,libstatic_assertions-ea90b0eda327986e.rlib,librvvm_sys-642a18d9701149bc.rlib}" "/opt/rustwide/rustup-home/toolchains/nightly-2025-01-18-x86_64-unknown-linux-gnu/lib/rustlib/x86_64-unknown-linux-gnu/lib/{libstd-006123e2ce67e99d.rlib,libpanic_unwind-e1447e1efa6f1e57.rlib,libobject-f6963a4916fcf097.rlib,libmemchr-49a2d9af912f4524.rlib,libaddr2line-04d19aad3936869d.rlib,libgimli-483c235edb789db0.rlib,librustc_demangle-294281af50b8f748.rlib,libstd_detect-3b08295250aabc2a.rlib,libhashbrown-4472d1e05ba0dfaf.rlib,librustc_std_workspace_alloc-2ef099fac590e457.rlib,libminiz_oxide-8a51f5e848546c29.rlib,libadler2-3d3fa22b868db521.rlib,libunwind-0ffda8b08e22dbea.rlib,libcfg_if-b08f62458fdd43b9.rlib,liblibc-559675126e63b890.rlib,liballoc-fcf21c8d1c9c7b75.rlib,librustc_std_workspace_core-e0b0460135bcf21d.rlib,libcore-d4097fdcbddd3bc7.rlib,libcompiler_builtins-fea484ac1eed7881.rlib}" "-Wl,-Bdynamic" "-lgcc_s" "-lutil" "-lrt" "-lpthread" "-lm" "-ldl" "-lc" "-B/opt/rustwide/rustup-home/toolchains/nightly-2025-01-18-x86_64-unknown-linux-gnu/lib/rustlib/x86_64-unknown-linux-gnu/bin/gcc-ld" "-fuse-ld=lld" "-Wl,--eh-frame-hdr" "-Wl,-z,noexecstack" "-L" "/tmp/rvvm-lib" "-L" "/opt/rustwide/rustup-home/toolchains/nightly-2025-01-18-x86_64-unknown-linux-gnu/lib/rustlib/x86_64-unknown-linux-gnu/lib" "-o" "/tmp/rustdoctestojY5HH/rust_out" "-Wl,--gc-sections" "-pie" "-Wl,-z,relro,-z,now" "-nodefaultlibs"
[INFO] [stdout]   = note: some arguments are omitted. use `--verbose` to show all linker arguments
[INFO] [stdout]   = note: rust-lld: error: undefined symbol: fdt_node_create
[INFO] [stdout]           >>> referenced by rust_out.6a3e3f7878aae58b-cgu.0
[INFO] [stdout]           >>>               /tmp/rustdoctestojY5HH/rust_out.rust_out.6a3e3f7878aae58b-cgu.0.rcgu.o:(rvvm::fdt::owned::NodeBuf::new::hbc9a9c7b3686372e)
[INFO] [stdout]           >>> referenced by rust_out.6a3e3f7878aae58b-cgu.0
[INFO] [stdout]           >>>               /tmp/rustdoctestojY5HH/rust_out.rust_out.6a3e3f7878aae58b-cgu.0.rcgu.o:(rvvm::fdt::owned::NodeBuf::new::hbc9a9c7b3686372e)
[INFO] [stdout]           >>> referenced by owned.rs:109 (src/fdt/owned.rs:109)
[INFO] [stdout]           >>>               rvvm-e387a2300c135b25.rvvm.dd15b5a80ba8698-cgu.0.rcgu.o:(rvvm::fdt::owned::NodeBuf::new::h68b8afc99056a50e) in archive /opt/rustwide/target/debug/deps/librvvm-e387a2300c135b25.rlib
[INFO] [stdout]           >>> referenced 1 more times
[INFO] [stdout]           
[INFO] [stdout]           rust-lld: error: undefined symbol: fdt_node_free
[INFO] [stdout]           >>> referenced by owned.rs:181 (src/fdt/owned.rs:181)
[INFO] [stdout]           >>>               rvvm-e387a2300c135b25.rvvm.dd15b5a80ba8698-cgu.0.rcgu.o:(_$LT$rvvm..fdt..owned..NodeBuf$u20$as$u20$core..ops..drop..Drop$GT$::drop::h86a0f15167b54805) in archive /opt/rustwide/target/debug/deps/librvvm-e387a2300c135b25.rlib
[INFO] [stdout]           collect2: error: ld returned 1 exit status
[INFO] [stdout]           
[INFO] [stdout] 
[INFO] [stdout] error: aborting due to 1 previous error
[INFO] [stdout] 
[INFO] [stdout] Couldn't compile the test.
[INFO] [stdout] ---- src/fdt/owned.rs - fdt::owned::NodeBuf::root (line 69) stdout ----
[INFO] [stdout] error: linking with `cc` failed: exit status: 1
[INFO] [stdout]   |
[INFO] [stdout]   = note: LC_ALL="C" PATH="/opt/rustwide/rustup-home/toolchains/nightly-2025-01-18-x86_64-unknown-linux-gnu/lib/rustlib/x86_64-unknown-linux-gnu/bin:/opt/rustwide/rustup-home/toolchains/nightly-2025-01-18-x86_64-unknown-linux-gnu/lib/rustlib/x86_64-unknown-linux-gnu/bin/self-contained:/opt/rustwide/cargo-home/bin:/usr/local/sbin:/usr/local/bin:/usr/sbin:/usr/bin:/sbin:/bin" VSLANG="1033" "cc" "-m64" "/tmp/rustcmQ1lfM/symbols.o" "<2 object files omitted>" "-Wl,--as-needed" "-Wl,-Bstatic" "/opt/rustwide/target/debug/deps/{librvvm-e387a2300c135b25.rlib,libthiserror-03aa7eab05463072.rlib,libstatic_assertions-ea90b0eda327986e.rlib,librvvm_sys-642a18d9701149bc.rlib}" "/opt/rustwide/rustup-home/toolchains/nightly-2025-01-18-x86_64-unknown-linux-gnu/lib/rustlib/x86_64-unknown-linux-gnu/lib/{libstd-006123e2ce67e99d.rlib,libpanic_unwind-e1447e1efa6f1e57.rlib,libobject-f6963a4916fcf097.rlib,libmemchr-49a2d9af912f4524.rlib,libaddr2line-04d19aad3936869d.rlib,libgimli-483c235edb789db0.rlib,librustc_demangle-294281af50b8f748.rlib,libstd_detect-3b08295250aabc2a.rlib,libhashbrown-4472d1e05ba0dfaf.rlib,librustc_std_workspace_alloc-2ef099fac590e457.rlib,libminiz_oxide-8a51f5e848546c29.rlib,libadler2-3d3fa22b868db521.rlib,libunwind-0ffda8b08e22dbea.rlib,libcfg_if-b08f62458fdd43b9.rlib,liblibc-559675126e63b890.rlib,liballoc-fcf21c8d1c9c7b75.rlib,librustc_std_workspace_core-e0b0460135bcf21d.rlib,libcore-d4097fdcbddd3bc7.rlib,libcompiler_builtins-fea484ac1eed7881.rlib}" "-Wl,-Bdynamic" "-lgcc_s" "-lutil" "-lrt" "-lpthread" "-lm" "-ldl" "-lc" "-B/opt/rustwide/rustup-home/toolchains/nightly-2025-01-18-x86_64-unknown-linux-gnu/lib/rustlib/x86_64-unknown-linux-gnu/bin/gcc-ld" "-fuse-ld=lld" "-Wl,--eh-frame-hdr" "-Wl,-z,noexecstack" "-L" "/tmp/rvvm-lib" "-L" "/opt/rustwide/rustup-home/toolchains/nightly-2025-01-18-x86_64-unknown-linux-gnu/lib/rustlib/x86_64-unknown-linux-gnu/lib" "-o" "/tmp/rustdoctestq9XxKj/rust_out" "-Wl,--gc-sections" "-pie" "-Wl,-z,relro,-z,now" "-nodefaultlibs"
[INFO] [stdout]   = note: some arguments are omitted. use `--verbose` to show all linker arguments
[INFO] [stdout]   = note: rust-lld: error: undefined symbol: fdt_node_create
[INFO] [stdout]           >>> referenced by owned.rs:109 (src/fdt/owned.rs:109)
[INFO] [stdout]           >>>               rvvm-e387a2300c135b25.rvvm.dd15b5a80ba8698-cgu.0.rcgu.o:(rvvm::fdt::owned::NodeBuf::new::h68b8afc99056a50e) in archive /opt/rustwide/target/debug/deps/librvvm-e387a2300c135b25.rlib
[INFO] [stdout]           >>> referenced by owned.rs:114 (src/fdt/owned.rs:114)
[INFO] [stdout]           >>>               rvvm-e387a2300c135b25.rvvm.dd15b5a80ba8698-cgu.0.rcgu.o:(rvvm::fdt::owned::NodeBuf::new::h68b8afc99056a50e) in archive /opt/rustwide/target/debug/deps/librvvm-e387a2300c135b25.rlib
[INFO] [stdout]           
[INFO] [stdout]           rust-lld: error: undefined symbol: fdt_node_free
[INFO] [stdout]           >>> referenced by owned.rs:181 (src/fdt/owned.rs:181)
[INFO] [stdout]           >>>               rvvm-e387a2300c135b25.rvvm.dd15b5a80ba8698-cgu.0.rcgu.o:(_$LT$rvvm..fdt..owned..NodeBuf$u20$as$u20$core..ops..drop..Drop$GT$::drop::h86a0f15167b54805) in archive /opt/rustwide/target/debug/deps/librvvm-e387a2300c135b25.rlib
[INFO] [stdout]           collect2: error: ld returned 1 exit status
[INFO] [stdout]           
[INFO] [stdout] 
[INFO] [stdout] error: aborting due to 1 previous error
[INFO] [stdout] 
[INFO] [stdout] Couldn't compile the test.
[INFO] [stdout] ---- src/fdt/owned.rs - fdt::owned::NodeBuf::new_region (line 35) stdout ----
[INFO] [stdout] error: linking with `cc` failed: exit status: 1
[INFO] [stdout]   |
[INFO] [stdout]   = note: LC_ALL="C" PATH="/opt/rustwide/rustup-home/toolchains/nightly-2025-01-18-x86_64-unknown-linux-gnu/lib/rustlib/x86_64-unknown-linux-gnu/bin:/opt/rustwide/rustup-home/toolchains/nightly-2025-01-18-x86_64-unknown-linux-gnu/lib/rustlib/x86_64-unknown-linux-gnu/bin/self-contained:/opt/rustwide/cargo-home/bin:/usr/local/sbin:/usr/local/bin:/usr/sbin:/usr/bin:/sbin:/bin" VSLANG="1033" "cc" "-m64" "/tmp/rustc6hkvKw/symbols.o" "<2 object files omitted>" "-Wl,--as-needed" "-Wl,-Bstatic" "/opt/rustwide/target/debug/deps/{librvvm-e387a2300c135b25.rlib,libthiserror-03aa7eab05463072.rlib,libstatic_assertions-ea90b0eda327986e.rlib,librvvm_sys-642a18d9701149bc.rlib}" "/opt/rustwide/rustup-home/toolchains/nightly-2025-01-18-x86_64-unknown-linux-gnu/lib/rustlib/x86_64-unknown-linux-gnu/lib/{libstd-006123e2ce67e99d.rlib,libpanic_unwind-e1447e1efa6f1e57.rlib,libobject-f6963a4916fcf097.rlib,libmemchr-49a2d9af912f4524.rlib,libaddr2line-04d19aad3936869d.rlib,libgimli-483c235edb789db0.rlib,librustc_demangle-294281af50b8f748.rlib,libstd_detect-3b08295250aabc2a.rlib,libhashbrown-4472d1e05ba0dfaf.rlib,librustc_std_workspace_alloc-2ef099fac590e457.rlib,libminiz_oxide-8a51f5e848546c29.rlib,libadler2-3d3fa22b868db521.rlib,libunwind-0ffda8b08e22dbea.rlib,libcfg_if-b08f62458fdd43b9.rlib,liblibc-559675126e63b890.rlib,liballoc-fcf21c8d1c9c7b75.rlib,librustc_std_workspace_core-e0b0460135bcf21d.rlib,libcore-d4097fdcbddd3bc7.rlib,libcompiler_builtins-fea484ac1eed7881.rlib}" "-Wl,-Bdynamic" "-lgcc_s" "-lutil" "-lrt" "-lpthread" "-lm" "-ldl" "-lc" "-B/opt/rustwide/rustup-home/toolchains/nightly-2025-01-18-x86_64-unknown-linux-gnu/lib/rustlib/x86_64-unknown-linux-gnu/bin/gcc-ld" "-fuse-ld=lld" "-Wl,--eh-frame-hdr" "-Wl,-z,noexecstack" "-L" "/tmp/rvvm-lib" "-L" "/opt/rustwide/rustup-home/toolchains/nightly-2025-01-18-x86_64-unknown-linux-gnu/lib/rustlib/x86_64-unknown-linux-gnu/lib" "-o" "/tmp/rustdoctestJbTV0P/rust_out" "-Wl,--gc-sections" "-pie" "-Wl,-z,relro,-z,now" "-nodefaultlibs"
[INFO] [stdout]   = note: some arguments are omitted. use `--verbose` to show all linker arguments
[INFO] [stdout]   = note: rust-lld: error: undefined symbol: fdt_node_create_reg
[INFO] [stdout]           >>> referenced by rust_out.6a3e3f7878aae58b-cgu.0
[INFO] [stdout]           >>>               /tmp/rustdoctestJbTV0P/rust_out.rust_out.6a3e3f7878aae58b-cgu.0.rcgu.o:(rvvm::fdt::owned::NodeBuf::new_region::h863637f076b093a7)
[INFO] [stdout]           
[INFO] [stdout]           rust-lld: error: undefined symbol: fdt_node_free
[INFO] [stdout]           >>> referenced by owned.rs:181 (src/fdt/owned.rs:181)
[INFO] [stdout]           >>>               rvvm-e387a2300c135b25.rvvm.dd15b5a80ba8698-cgu.0.rcgu.o:(_$LT$rvvm..fdt..owned..NodeBuf$u20$as$u20$core..ops..drop..Drop$GT$::drop::h86a0f15167b54805) in archive /opt/rustwide/target/debug/deps/librvvm-e387a2300c135b25.rlib
[INFO] [stdout]           collect2: error: ld returned 1 exit status
[INFO] [stdout]           
[INFO] [stdout] 
[INFO] [stdout] error: aborting due to 1 previous error
[INFO] [stdout] 
[INFO] [stdout] Couldn't compile the test.
[INFO] [stdout] ---- src/fdt/borrowed.rs - fdt::borrowed::Node::name (line 223) stdout ----
[INFO] [stdout] error: linking with `cc` failed: exit status: 1
[INFO] [stdout]   |
[INFO] [stdout]   = note: LC_ALL="C" PATH="/opt/rustwide/rustup-home/toolchains/nightly-2025-01-18-x86_64-unknown-linux-gnu/lib/rustlib/x86_64-unknown-linux-gnu/bin:/opt/rustwide/rustup-home/toolchains/nightly-2025-01-18-x86_64-unknown-linux-gnu/lib/rustlib/x86_64-unknown-linux-gnu/bin/self-contained:/opt/rustwide/cargo-home/bin:/usr/local/sbin:/usr/local/bin:/usr/sbin:/usr/bin:/sbin:/bin" VSLANG="1033" "cc" "-m64" "/tmp/rustcPhuqNJ/symbols.o" "<2 object files omitted>" "-Wl,--as-needed" "-Wl,-Bstatic" "/opt/rustwide/target/debug/deps/{librvvm-e387a2300c135b25.rlib,libthiserror-03aa7eab05463072.rlib,libstatic_assertions-ea90b0eda327986e.rlib,librvvm_sys-642a18d9701149bc.rlib}" "/opt/rustwide/rustup-home/toolchains/nightly-2025-01-18-x86_64-unknown-linux-gnu/lib/rustlib/x86_64-unknown-linux-gnu/lib/{libstd-006123e2ce67e99d.rlib,libpanic_unwind-e1447e1efa6f1e57.rlib,libobject-f6963a4916fcf097.rlib,libmemchr-49a2d9af912f4524.rlib,libaddr2line-04d19aad3936869d.rlib,libgimli-483c235edb789db0.rlib,librustc_demangle-294281af50b8f748.rlib,libstd_detect-3b08295250aabc2a.rlib,libhashbrown-4472d1e05ba0dfaf.rlib,librustc_std_workspace_alloc-2ef099fac590e457.rlib,libminiz_oxide-8a51f5e848546c29.rlib,libadler2-3d3fa22b868db521.rlib,libunwind-0ffda8b08e22dbea.rlib,libcfg_if-b08f62458fdd43b9.rlib,liblibc-559675126e63b890.rlib,liballoc-fcf21c8d1c9c7b75.rlib,librustc_std_workspace_core-e0b0460135bcf21d.rlib,libcore-d4097fdcbddd3bc7.rlib,libcompiler_builtins-fea484ac1eed7881.rlib}" "-Wl,-Bdynamic" "-lgcc_s" "-lutil" "-lrt" "-lpthread" "-lm" "-ldl" "-lc" "-B/opt/rustwide/rustup-home/toolchains/nightly-2025-01-18-x86_64-unknown-linux-gnu/lib/rustlib/x86_64-unknown-linux-gnu/bin/gcc-ld" "-fuse-ld=lld" "-Wl,--eh-frame-hdr" "-Wl,-z,noexecstack" "-L" "/tmp/rvvm-lib" "-L" "/opt/rustwide/rustup-home/toolchains/nightly-2025-01-18-x86_64-unknown-linux-gnu/lib/rustlib/x86_64-unknown-linux-gnu/lib" "-o" "/tmp/rustdoctestWD4qru/rust_out" "-Wl,--gc-sections" "-pie" "-Wl,-z,relro,-z,now" "-nodefaultlibs"
[INFO] [stdout]   = note: some arguments are omitted. use `--verbose` to show all linker arguments
[INFO] [stdout]   = note: rust-lld: error: undefined symbol: fdt_node_create
[INFO] [stdout]           >>> referenced by owned.rs:109 (src/fdt/owned.rs:109)
[INFO] [stdout]           >>>               rvvm-e387a2300c135b25.rvvm.dd15b5a80ba8698-cgu.0.rcgu.o:(rvvm::fdt::owned::NodeBuf::new::h68b8afc99056a50e) in archive /opt/rustwide/target/debug/deps/librvvm-e387a2300c135b25.rlib
[INFO] [stdout]           >>> referenced by owned.rs:114 (src/fdt/owned.rs:114)
[INFO] [stdout]           >>>               rvvm-e387a2300c135b25.rvvm.dd15b5a80ba8698-cgu.0.rcgu.o:(rvvm::fdt::owned::NodeBuf::new::h68b8afc99056a50e) in archive /opt/rustwide/target/debug/deps/librvvm-e387a2300c135b25.rlib
[INFO] [stdout]           >>> referenced by rust_out.6a3e3f7878aae58b-cgu.0
[INFO] [stdout]           >>>               /tmp/rustdoctestWD4qru/rust_out.rust_out.6a3e3f7878aae58b-cgu.0.rcgu.o:(rvvm::fdt::owned::NodeBuf::new::hbc9a9c7b3686372e)
[INFO] [stdout]           >>> referenced 1 more times
[INFO] [stdout]           
[INFO] [stdout]           rust-lld: error: undefined symbol: fdt_node_free
[INFO] [stdout]           >>> referenced by owned.rs:181 (src/fdt/owned.rs:181)
[INFO] [stdout]           >>>               rvvm-e387a2300c135b25.rvvm.dd15b5a80ba8698-cgu.0.rcgu.o:(_$LT$rvvm..fdt..owned..NodeBuf$u20$as$u20$core..ops..drop..Drop$GT$::drop::h86a0f15167b54805) in archive /opt/rustwide/target/debug/deps/librvvm-e387a2300c135b25.rlib
[INFO] [stdout]           collect2: error: ld returned 1 exit status
[INFO] [stdout]           
[INFO] [stdout] 
[INFO] [stdout] error: aborting due to 1 previous error
[INFO] [stdout] 
[INFO] [stdout] Couldn't compile the test.
[INFO] [stdout] ---- src/fdt/owned.rs - fdt::owned::NodeBuf::new (line 87) stdout ----
[INFO] [stdout] error: linking with `cc` failed: exit status: 1
[INFO] [stdout]   |
[INFO] [stdout]   = note: LC_ALL="C" PATH="/opt/rustwide/rustup-home/toolchains/nightly-2025-01-18-x86_64-unknown-linux-gnu/lib/rustlib/x86_64-unknown-linux-gnu/bin:/opt/rustwide/rustup-home/toolchains/nightly-2025-01-18-x86_64-unknown-linux-gnu/lib/rustlib/x86_64-unknown-linux-gnu/bin/self-contained:/opt/rustwide/cargo-home/bin:/usr/local/sbin:/usr/local/bin:/usr/sbin:/usr/bin:/sbin:/bin" VSLANG="1033" "cc" "-m64" "/tmp/rustc0gbvic/symbols.o" "<2 object files omitted>" "-Wl,--as-needed" "-Wl,-Bstatic" "/opt/rustwide/target/debug/deps/{librvvm-e387a2300c135b25.rlib,libthiserror-03aa7eab05463072.rlib,libstatic_assertions-ea90b0eda327986e.rlib,librvvm_sys-642a18d9701149bc.rlib}" "/opt/rustwide/rustup-home/toolchains/nightly-2025-01-18-x86_64-unknown-linux-gnu/lib/rustlib/x86_64-unknown-linux-gnu/lib/{libstd-006123e2ce67e99d.rlib,libpanic_unwind-e1447e1efa6f1e57.rlib,libobject-f6963a4916fcf097.rlib,libmemchr-49a2d9af912f4524.rlib,libaddr2line-04d19aad3936869d.rlib,libgimli-483c235edb789db0.rlib,librustc_demangle-294281af50b8f748.rlib,libstd_detect-3b08295250aabc2a.rlib,libhashbrown-4472d1e05ba0dfaf.rlib,librustc_std_workspace_alloc-2ef099fac590e457.rlib,libminiz_oxide-8a51f5e848546c29.rlib,libadler2-3d3fa22b868db521.rlib,libunwind-0ffda8b08e22dbea.rlib,libcfg_if-b08f62458fdd43b9.rlib,liblibc-559675126e63b890.rlib,liballoc-fcf21c8d1c9c7b75.rlib,librustc_std_workspace_core-e0b0460135bcf21d.rlib,libcore-d4097fdcbddd3bc7.rlib,libcompiler_builtins-fea484ac1eed7881.rlib}" "-Wl,-Bdynamic" "-lgcc_s" "-lutil" "-lrt" "-lpthread" "-lm" "-ldl" "-lc" "-B/opt/rustwide/rustup-home/toolchains/nightly-2025-01-18-x86_64-unknown-linux-gnu/lib/rustlib/x86_64-unknown-linux-gnu/bin/gcc-ld" "-fuse-ld=lld" "-Wl,--eh-frame-hdr" "-Wl,-z,noexecstack" "-L" "/tmp/rvvm-lib" "-L" "/opt/rustwide/rustup-home/toolchains/nightly-2025-01-18-x86_64-unknown-linux-gnu/lib/rustlib/x86_64-unknown-linux-gnu/lib" "-o" "/tmp/rustdoctest1NQcSO/rust_out" "-Wl,--gc-sections" "-pie" "-Wl,-z,relro,-z,now" "-nodefaultlibs"
[INFO] [stdout]   = note: some arguments are omitted. use `--verbose` to show all linker arguments
[INFO] [stdout]   = note: rust-lld: error: undefined symbol: fdt_node_create
[INFO] [stdout]           >>> referenced by owned.rs:109 (src/fdt/owned.rs:109)
[INFO] [stdout]           >>>               rvvm-e387a2300c135b25.rvvm.dd15b5a80ba8698-cgu.0.rcgu.o:(rvvm::fdt::owned::NodeBuf::new::h68b8afc99056a50e) in archive /opt/rustwide/target/debug/deps/librvvm-e387a2300c135b25.rlib
[INFO] [stdout]           >>> referenced by owned.rs:114 (src/fdt/owned.rs:114)
[INFO] [stdout]           >>>               rvvm-e387a2300c135b25.rvvm.dd15b5a80ba8698-cgu.0.rcgu.o:(rvvm::fdt::owned::NodeBuf::new::h68b8afc99056a50e) in archive /opt/rustwide/target/debug/deps/librvvm-e387a2300c135b25.rlib
[INFO] [stdout]           
[INFO] [stdout]           rust-lld: error: undefined symbol: fdt_node_free
[INFO] [stdout]           >>> referenced by owned.rs:181 (src/fdt/owned.rs:181)
[INFO] [stdout]           >>>               rvvm-e387a2300c135b25.rvvm.dd15b5a80ba8698-cgu.0.rcgu.o:(_$LT$rvvm..fdt..owned..NodeBuf$u20$as$u20$core..ops..drop..Drop$GT$::drop::h86a0f15167b54805) in archive /opt/rustwide/target/debug/deps/librvvm-e387a2300c135b25.rlib
[INFO] [stdout]           collect2: error: ld returned 1 exit status
[INFO] [stdout]           
[INFO] [stdout] 
[INFO] [stdout] error: aborting due to 1 previous error
[INFO] [stdout] 
[INFO] [stdout] Couldn't compile the test.
[INFO] [stdout] ---- src/fdt/owned.rs - fdt::owned::NodeBuf::new (line 95) stdout ----
[INFO] [stdout] error: linking with `cc` failed: exit status: 1
[INFO] [stdout]   |
[INFO] [stdout]   = note: LC_ALL="C" PATH="/opt/rustwide/rustup-home/toolchains/nightly-2025-01-18-x86_64-unknown-linux-gnu/lib/rustlib/x86_64-unknown-linux-gnu/bin:/opt/rustwide/rustup-home/toolchains/nightly-2025-01-18-x86_64-unknown-linux-gnu/lib/rustlib/x86_64-unknown-linux-gnu/bin/self-contained:/opt/rustwide/cargo-home/bin:/usr/local/sbin:/usr/local/bin:/usr/sbin:/usr/bin:/sbin:/bin" VSLANG="1033" "cc" "-m64" "/tmp/rustctQYBrJ/symbols.o" "<2 object files omitted>" "-Wl,--as-needed" "-Wl,-Bstatic" "/opt/rustwide/target/debug/deps/{librvvm-e387a2300c135b25.rlib,libthiserror-03aa7eab05463072.rlib,libstatic_assertions-ea90b0eda327986e.rlib,librvvm_sys-642a18d9701149bc.rlib}" "/opt/rustwide/rustup-home/toolchains/nightly-2025-01-18-x86_64-unknown-linux-gnu/lib/rustlib/x86_64-unknown-linux-gnu/lib/{libstd-006123e2ce67e99d.rlib,libpanic_unwind-e1447e1efa6f1e57.rlib,libobject-f6963a4916fcf097.rlib,libmemchr-49a2d9af912f4524.rlib,libaddr2line-04d19aad3936869d.rlib,libgimli-483c235edb789db0.rlib,librustc_demangle-294281af50b8f748.rlib,libstd_detect-3b08295250aabc2a.rlib,libhashbrown-4472d1e05ba0dfaf.rlib,librustc_std_workspace_alloc-2ef099fac590e457.rlib,libminiz_oxide-8a51f5e848546c29.rlib,libadler2-3d3fa22b868db521.rlib,libunwind-0ffda8b08e22dbea.rlib,libcfg_if-b08f62458fdd43b9.rlib,liblibc-559675126e63b890.rlib,liballoc-fcf21c8d1c9c7b75.rlib,librustc_std_workspace_core-e0b0460135bcf21d.rlib,libcore-d4097fdcbddd3bc7.rlib,libcompiler_builtins-fea484ac1eed7881.rlib}" "-Wl,-Bdynamic" "-lgcc_s" "-lutil" "-lrt" "-lpthread" "-lm" "-ldl" "-lc" "-B/opt/rustwide/rustup-home/toolchains/nightly-2025-01-18-x86_64-unknown-linux-gnu/lib/rustlib/x86_64-unknown-linux-gnu/bin/gcc-ld" "-fuse-ld=lld" "-Wl,--eh-frame-hdr" "-Wl,-z,noexecstack" "-L" "/tmp/rvvm-lib" "-L" "/opt/rustwide/rustup-home/toolchains/nightly-2025-01-18-x86_64-unknown-linux-gnu/lib/rustlib/x86_64-unknown-linux-gnu/lib" "-o" "/tmp/rustdoctestQmvOqs/rust_out" "-Wl,--gc-sections" "-pie" "-Wl,-z,relro,-z,now" "-nodefaultlibs"
[INFO] [stdout]   = note: some arguments are omitted. use `--verbose` to show all linker arguments
[INFO] [stdout]   = note: rust-lld: error: undefined symbol: fdt_node_create
[INFO] [stdout]           >>> referenced by owned.rs:109 (src/fdt/owned.rs:109)
[INFO] [stdout]           >>>               rvvm-e387a2300c135b25.rvvm.dd15b5a80ba8698-cgu.0.rcgu.o:(rvvm::fdt::owned::NodeBuf::new::h68b8afc99056a50e) in archive /opt/rustwide/target/debug/deps/librvvm-e387a2300c135b25.rlib
[INFO] [stdout]           >>> referenced by owned.rs:114 (src/fdt/owned.rs:114)
[INFO] [stdout]           >>>               rvvm-e387a2300c135b25.rvvm.dd15b5a80ba8698-cgu.0.rcgu.o:(rvvm::fdt::owned::NodeBuf::new::h68b8afc99056a50e) in archive /opt/rustwide/target/debug/deps/librvvm-e387a2300c135b25.rlib
[INFO] [stdout]           
[INFO] [stdout]           rust-lld: error: undefined symbol: fdt_node_free
[INFO] [stdout]           >>> referenced by owned.rs:181 (src/fdt/owned.rs:181)
[INFO] [stdout]           >>>               rvvm-e387a2300c135b25.rvvm.dd15b5a80ba8698-cgu.0.rcgu.o:(_$LT$rvvm..fdt..owned..NodeBuf$u20$as$u20$core..ops..drop..Drop$GT$::drop::h86a0f15167b54805) in archive /opt/rustwide/target/debug/deps/librvvm-e387a2300c135b25.rlib
[INFO] [stdout]           collect2: error: ld returned 1 exit status
[INFO] [stdout]           
[INFO] [stdout] 
[INFO] [stdout] error: aborting due to 1 previous error
[INFO] [stdout] 
[INFO] [stdout] Couldn't compile the test.
[INFO] [stdout] ---- src/lib.rs - (line 9) stdout ----
[INFO] [stdout] error: linking with `cc` failed: exit status: 1
[INFO] [stdout]   |
[INFO] [stdout]   = note: LC_ALL="C" PATH="/opt/rustwide/rustup-home/toolchains/nightly-2025-01-18-x86_64-unknown-linux-gnu/lib/rustlib/x86_64-unknown-linux-gnu/bin:/opt/rustwide/rustup-home/toolchains/nightly-2025-01-18-x86_64-unknown-linux-gnu/lib/rustlib/x86_64-unknown-linux-gnu/bin/self-contained:/opt/rustwide/cargo-home/bin:/usr/local/sbin:/usr/local/bin:/usr/sbin:/usr/bin:/sbin:/bin" VSLANG="1033" "cc" "-m64" "/tmp/rustcBj0Jja/symbols.o" "<2 object files omitted>" "-Wl,--as-needed" "-Wl,-Bstatic" "/opt/rustwide/target/debug/deps/{librvvm-e387a2300c135b25.rlib,libthiserror-03aa7eab05463072.rlib,libstatic_assertions-ea90b0eda327986e.rlib,librvvm_sys-642a18d9701149bc.rlib}" "/opt/rustwide/rustup-home/toolchains/nightly-2025-01-18-x86_64-unknown-linux-gnu/lib/rustlib/x86_64-unknown-linux-gnu/lib/{libstd-006123e2ce67e99d.rlib,libpanic_unwind-e1447e1efa6f1e57.rlib,libobject-f6963a4916fcf097.rlib,libmemchr-49a2d9af912f4524.rlib,libaddr2line-04d19aad3936869d.rlib,libgimli-483c235edb789db0.rlib,librustc_demangle-294281af50b8f748.rlib,libstd_detect-3b08295250aabc2a.rlib,libhashbrown-4472d1e05ba0dfaf.rlib,librustc_std_workspace_alloc-2ef099fac590e457.rlib,libminiz_oxide-8a51f5e848546c29.rlib,libadler2-3d3fa22b868db521.rlib,libunwind-0ffda8b08e22dbea.rlib,libcfg_if-b08f62458fdd43b9.rlib,liblibc-559675126e63b890.rlib,liballoc-fcf21c8d1c9c7b75.rlib,librustc_std_workspace_core-e0b0460135bcf21d.rlib,libcore-d4097fdcbddd3bc7.rlib,libcompiler_builtins-fea484ac1eed7881.rlib}" "-Wl,-Bdynamic" "-lgcc_s" "-lutil" "-lrt" "-lpthread" "-lm" "-ldl" "-lc" "-B/opt/rustwide/rustup-home/toolchains/nightly-2025-01-18-x86_64-unknown-linux-gnu/lib/rustlib/x86_64-unknown-linux-gnu/bin/gcc-ld" "-fuse-ld=lld" "-Wl,--eh-frame-hdr" "-Wl,-z,noexecstack" "-L" "/tmp/rvvm-lib" "-L" "/opt/rustwide/rustup-home/toolchains/nightly-2025-01-18-x86_64-unknown-linux-gnu/lib/rustlib/x86_64-unknown-linux-gnu/lib" "-o" "/tmp/rustdoctest2K0xih/rust_out" "-Wl,--gc-sections" "-pie" "-Wl,-z,relro,-z,now" "-nodefaultlibs"
[INFO] [stdout]   = note: some arguments are omitted. use `--verbose` to show all linker arguments
[INFO] [stdout]   = note: rust-lld: error: undefined symbol: rvvm_attach_mmio
[INFO] [stdout]           >>> referenced by rust_out.6a3e3f7878aae58b-cgu.0
[INFO] [stdout]           >>>               /tmp/rustdoctest2K0xih/rust_out.rust_out.6a3e3f7878aae58b-cgu.0.rcgu.o:(rvvm::instance::Instance::try_attach_device::h3d1a5772f4342a00)
[INFO] [stdout]           
[INFO] [stdout]           rust-lld: error: undefined symbol: rvvm_create_machine
[INFO] [stdout]           >>> referenced by instance.rs:256 (src/instance.rs:256)
[INFO] [stdout]           >>>               rvvm-e387a2300c135b25.rvvm.dd15b5a80ba8698-cgu.0.rcgu.o:(rvvm::instance::Instance::try_new::h94d701e2e575b151) in archive /opt/rustwide/target/debug/deps/librvvm-e387a2300c135b25.rlib
[INFO] [stdout]           
[INFO] [stdout]           rust-lld: error: undefined symbol: rvvm_free_machine
[INFO] [stdout]           >>> referenced by instance.rs:286 (src/instance.rs:286)
[INFO] [stdout]           >>>               rvvm-e387a2300c135b25.rvvm.dd15b5a80ba8698-cgu.0.rcgu.o:(_$LT$rvvm..instance..Instance$u20$as$u20$core..ops..drop..Drop$GT$::drop::h78a4c5b9f3588ce0) in archive /opt/rustwide/target/debug/deps/librvvm-e387a2300c135b25.rlib
[INFO] [stdout]           collect2: error: ld returned 1 exit status
[INFO] [stdout]           
[INFO] [stdout] 
[INFO] [stdout] error: aborting due to 1 previous error
[INFO] [stdout] 
[INFO] [stdout] Couldn't compile the test.
[INFO] [stdout] 
[INFO] [stdout] failures:
[INFO] [stdout]     src/fdt/borrowed.rs - fdt::borrowed::Node::is_root (line 246)
[INFO] [stdout]     src/fdt/borrowed.rs - fdt::borrowed::Node::name (line 223)
[INFO] [stdout]     src/fdt/owned.rs - fdt::owned::NodeBuf::new (line 87)
[INFO] [stdout]     src/fdt/owned.rs - fdt::owned::NodeBuf::new (line 95)
[INFO] [stdout]     src/fdt/owned.rs - fdt::owned::NodeBuf::new_region (line 35)
[INFO] [stdout]     src/fdt/owned.rs - fdt::owned::NodeBuf::new_region (line 43)
[INFO] [stdout]     src/fdt/owned.rs - fdt::owned::NodeBuf::root (line 69)
[INFO] [stdout]     src/lib.rs - (line 9)
[INFO] [stdout] 
[INFO] [stdout] test result: FAILED. 0 passed; 8 failed; 0 ignored; 0 measured; 0 filtered out; finished in 0.77s
[INFO] [stdout] 
[INFO] [stderr] error: doctest failed, to rerun pass `--doc`
[INFO] running `Command { std: "docker" "inspect" "27bf08cd08e93f346785e3d2fb672dd332435520a87c7d5c5a49c605ecb3e21e", kill_on_drop: false }`
[INFO] running `Command { std: "docker" "rm" "-f" "27bf08cd08e93f346785e3d2fb672dd332435520a87c7d5c5a49c605ecb3e21e", kill_on_drop: false }`
[INFO] [stdout] 27bf08cd08e93f346785e3d2fb672dd332435520a87c7d5c5a49c605ecb3e21e
