[INFO] fetching crate ruva-core 0.19.4...
[INFO] testing ruva-core-0.19.4 against nightly-2025-01-18 for randomize-layout-2
[INFO] extracting crate ruva-core 0.19.4 into /workspace/builds/worker-2-tc1/source
[INFO] validating manifest of crates.io crate ruva-core 0.19.4 on toolchain nightly-2025-01-18
[INFO] running `Command { std: CARGO_HOME="/workspace/cargo-home" RUSTUP_HOME="/workspace/rustup-home" "/workspace/cargo-home/bin/cargo" "+nightly-2025-01-18" "metadata" "--manifest-path" "Cargo.toml" "--no-deps", kill_on_drop: false }`
[INFO] started tweaking crates.io crate ruva-core 0.19.4
[INFO] finished tweaking crates.io crate ruva-core 0.19.4
[INFO] tweaked toml for crates.io crate ruva-core 0.19.4 written to /workspace/builds/worker-2-tc1/source/Cargo.toml
[INFO] running `Command { std: CARGO_HOME="/workspace/cargo-home" RUSTUP_HOME="/workspace/rustup-home" "/workspace/cargo-home/bin/cargo" "+nightly-2025-01-18" "generate-lockfile" "--manifest-path" "Cargo.toml", kill_on_drop: false }`
[INFO] [stderr]     Updating crates.io index
[INFO] [stderr]      Locking 249 packages to latest compatible versions
[INFO] [stderr]       Adding downcast-rs v1.2.1 (available: v2.0.1)
[INFO] [stderr]       Adding hashbrown v0.14.5 (available: v0.15.2)
[INFO] running `Command { std: CARGO_HOME="/workspace/cargo-home" RUSTUP_HOME="/workspace/rustup-home" "/workspace/cargo-home/bin/cargo" "+nightly-2025-01-18" "fetch" "--manifest-path" "Cargo.toml", kill_on_drop: false }`
[INFO] [stderr]     Blocking waiting for file lock on package cache
[INFO] [stderr]     Blocking waiting for file lock on package cache
[INFO] [stderr]  Downloading crates ...
[INFO] [stderr]   Downloaded ruva-macro v0.19.4
[INFO] running `Command { std: "docker" "create" "-v" "/var/lib/crater-agent-workspace/builds/worker-2-tc1/target:/opt/rustwide/target:rw,Z" "-v" "/var/lib/crater-agent-workspace/builds/worker-2-tc1/source:/opt/rustwide/workdir:ro,Z" "-v" "/var/lib/crater-agent-workspace/cargo-home:/opt/rustwide/cargo-home:ro,Z" "-v" "/var/lib/crater-agent-workspace/rustup-home:/opt/rustwide/rustup-home:ro,Z" "-e" "SOURCE_DIR=/opt/rustwide/workdir" "-e" "CARGO_TARGET_DIR=/opt/rustwide/target" "-e" "CARGO_HOME=/opt/rustwide/cargo-home" "-e" "RUSTUP_HOME=/opt/rustwide/rustup-home" "-w" "/opt/rustwide/workdir" "-m" "1610612736" "--user" "0:0" "--network" "none" "ghcr.io/rust-lang/crates-build-env/linux@sha256:819108c5571ea2e421544af4d832f968d213c87fbe3707a016657f43d2f853bc" "/opt/rustwide/cargo-home/bin/cargo" "+nightly-2025-01-18" "metadata" "--no-deps" "--format-version=1", kill_on_drop: false }`
[INFO] [stdout] 4e0a0783a5b00279dd1ab696fa4e89ab9d95298b47705980e8dd23249b543eaa
[INFO] running `Command { std: "docker" "start" "-a" "4e0a0783a5b00279dd1ab696fa4e89ab9d95298b47705980e8dd23249b543eaa", kill_on_drop: false }`
[INFO] running `Command { std: "docker" "inspect" "4e0a0783a5b00279dd1ab696fa4e89ab9d95298b47705980e8dd23249b543eaa", kill_on_drop: false }`
[INFO] running `Command { std: "docker" "rm" "-f" "4e0a0783a5b00279dd1ab696fa4e89ab9d95298b47705980e8dd23249b543eaa", kill_on_drop: false }`
[INFO] [stdout] 4e0a0783a5b00279dd1ab696fa4e89ab9d95298b47705980e8dd23249b543eaa
[INFO] running `Command { std: "docker" "create" "-v" "/var/lib/crater-agent-workspace/builds/worker-2-tc1/target:/opt/rustwide/target:rw,Z" "-v" "/var/lib/crater-agent-workspace/builds/worker-2-tc1/source:/opt/rustwide/workdir:ro,Z" "-v" "/var/lib/crater-agent-workspace/cargo-home:/opt/rustwide/cargo-home:ro,Z" "-v" "/var/lib/crater-agent-workspace/rustup-home:/opt/rustwide/rustup-home:ro,Z" "-e" "SOURCE_DIR=/opt/rustwide/workdir" "-e" "CARGO_TARGET_DIR=/opt/rustwide/target" "-e" "CARGO_INCREMENTAL=0" "-e" "RUST_BACKTRACE=full" "-e" "RUSTFLAGS=--cap-lints=forbid" "-e" "RUSTDOCFLAGS=--cap-lints=forbid" "-e" "CARGO_HOME=/opt/rustwide/cargo-home" "-e" "RUSTUP_HOME=/opt/rustwide/rustup-home" "-w" "/opt/rustwide/workdir" "-m" "1610612736" "--user" "0:0" "--network" "none" "ghcr.io/rust-lang/crates-build-env/linux@sha256:819108c5571ea2e421544af4d832f968d213c87fbe3707a016657f43d2f853bc" "/opt/rustwide/cargo-home/bin/cargo" "+nightly-2025-01-18" "build" "--frozen" "--message-format=json", kill_on_drop: false }`
[INFO] [stdout] 86c6f35e0621b34d35e9f25fb846e3705f2e56391a7e00edaacc1b83c34e915e
[INFO] running `Command { std: "docker" "start" "-a" "86c6f35e0621b34d35e9f25fb846e3705f2e56391a7e00edaacc1b83c34e915e", kill_on_drop: false }`
[INFO] [stderr]    Compiling proc-macro2 v1.0.93
[INFO] [stderr]    Compiling unicode-ident v1.0.14
[INFO] [stderr]    Compiling autocfg v1.4.0
[INFO] [stderr]    Compiling pin-project-lite v0.2.16
[INFO] [stderr]    Compiling memchr v2.7.4
[INFO] [stderr]    Compiling version_check v0.9.5
[INFO] [stderr]    Compiling futures-sink v0.3.31
[INFO] [stderr]    Compiling futures-core v0.3.31
[INFO] [stderr]    Compiling cfg-if v1.0.0
[INFO] [stderr]    Compiling libc v0.2.169
[INFO] [stderr]    Compiling once_cell v1.20.2
[INFO] [stderr]    Compiling regex-syntax v0.8.5
[INFO] [stderr]    Compiling futures-io v0.3.31
[INFO] [stderr]    Compiling serde v1.0.217
[INFO] [stderr]    Compiling pin-utils v0.1.0
[INFO] [stderr]    Compiling futures-task v0.3.31
[INFO] [stderr]    Compiling zerocopy v0.7.35
[INFO] [stderr]    Compiling futures-channel v0.3.31
[INFO] [stderr]    Compiling serde_json v1.0.137
[INFO] [stderr]    Compiling itoa v1.0.14
[INFO] [stderr]    Compiling allocator-api2 v0.2.21
[INFO] [stderr]    Compiling ryu v1.0.18
[INFO] [stderr]    Compiling tracing-core v0.1.33
[INFO] [stderr]    Compiling iana-time-zone v0.1.61
[INFO] [stderr]    Compiling downcast-rs v1.2.1
[INFO] [stderr]    Compiling ahash v0.8.11
[INFO] [stderr]    Compiling slab v0.4.9
[INFO] [stderr]    Compiling num-traits v0.2.19
[INFO] [stderr]    Compiling aho-corasick v1.1.3
[INFO] [stderr]    Compiling hashbrown v0.14.5
[INFO] [stderr]    Compiling quote v1.0.38
[INFO] [stderr]    Compiling syn v2.0.96
[INFO] [stderr]    Compiling getrandom v0.2.15
[INFO] [stderr]    Compiling uuid v1.12.0
[INFO] [stderr]    Compiling chrono v0.4.39
[INFO] [stderr]    Compiling regex-automata v0.4.9
[INFO] [stderr]    Compiling regex v1.11.1
[INFO] [stderr]    Compiling futures-macro v0.3.31
[INFO] [stderr]    Compiling serde_derive v1.0.217
[INFO] [stderr]    Compiling tokio-macros v2.5.0
[INFO] [stderr]    Compiling tracing-attributes v0.1.28
[INFO] [stderr]    Compiling async-trait v0.1.85
[INFO] [stderr]    Compiling ruva-macro v0.19.4
[INFO] [stderr]    Compiling async-recursion v1.1.1
[INFO] [stderr]    Compiling tokio v1.43.0
[INFO] [stderr]    Compiling futures-util v0.3.31
[INFO] [stderr]    Compiling tracing v0.1.41
[INFO] [stderr]    Compiling futures-executor v0.3.31
[INFO] [stderr]    Compiling futures v0.3.31
[INFO] [stderr]    Compiling ruva-core v0.19.4 (/opt/rustwide/workdir)
[INFO] [stderr]     Finished `dev` profile [unoptimized + debuginfo] target(s) in 19.34s
[INFO] running `Command { std: "docker" "inspect" "86c6f35e0621b34d35e9f25fb846e3705f2e56391a7e00edaacc1b83c34e915e", kill_on_drop: false }`
[INFO] running `Command { std: "docker" "rm" "-f" "86c6f35e0621b34d35e9f25fb846e3705f2e56391a7e00edaacc1b83c34e915e", kill_on_drop: false }`
[INFO] [stdout] 86c6f35e0621b34d35e9f25fb846e3705f2e56391a7e00edaacc1b83c34e915e
[INFO] running `Command { std: "docker" "create" "-v" "/var/lib/crater-agent-workspace/builds/worker-2-tc1/target:/opt/rustwide/target:rw,Z" "-v" "/var/lib/crater-agent-workspace/builds/worker-2-tc1/source:/opt/rustwide/workdir:ro,Z" "-v" "/var/lib/crater-agent-workspace/cargo-home:/opt/rustwide/cargo-home:ro,Z" "-v" "/var/lib/crater-agent-workspace/rustup-home:/opt/rustwide/rustup-home:ro,Z" "-e" "SOURCE_DIR=/opt/rustwide/workdir" "-e" "CARGO_TARGET_DIR=/opt/rustwide/target" "-e" "CARGO_INCREMENTAL=0" "-e" "RUST_BACKTRACE=full" "-e" "RUSTFLAGS=--cap-lints=forbid" "-e" "RUSTDOCFLAGS=--cap-lints=forbid" "-e" "CARGO_HOME=/opt/rustwide/cargo-home" "-e" "RUSTUP_HOME=/opt/rustwide/rustup-home" "-w" "/opt/rustwide/workdir" "-m" "1610612736" "--user" "0:0" "--network" "none" "ghcr.io/rust-lang/crates-build-env/linux@sha256:819108c5571ea2e421544af4d832f968d213c87fbe3707a016657f43d2f853bc" "/opt/rustwide/cargo-home/bin/cargo" "+nightly-2025-01-18" "test" "--frozen" "--no-run" "--message-format=json", kill_on_drop: false }`
[INFO] [stdout] fbbc5f9225e3a2b1d6c28ce69746fa87daf16685344b991f50ef5afa29cff6d2
[INFO] running `Command { std: "docker" "start" "-a" "fbbc5f9225e3a2b1d6c28ce69746fa87daf16685344b991f50ef5afa29cff6d2", kill_on_drop: false }`
[INFO] [stderr]    Compiling tokio v1.43.0
[INFO] [stderr]    Compiling ruva-core v0.19.4 (/opt/rustwide/workdir)
[INFO] [stderr]     Finished `test` profile [unoptimized + debuginfo] target(s) in 4.96s
[INFO] running `Command { std: "docker" "inspect" "fbbc5f9225e3a2b1d6c28ce69746fa87daf16685344b991f50ef5afa29cff6d2", kill_on_drop: false }`
[INFO] running `Command { std: "docker" "rm" "-f" "fbbc5f9225e3a2b1d6c28ce69746fa87daf16685344b991f50ef5afa29cff6d2", kill_on_drop: false }`
[INFO] [stdout] fbbc5f9225e3a2b1d6c28ce69746fa87daf16685344b991f50ef5afa29cff6d2
[INFO] running `Command { std: "docker" "create" "-v" "/var/lib/crater-agent-workspace/builds/worker-2-tc1/target:/opt/rustwide/target:rw,Z" "-v" "/var/lib/crater-agent-workspace/builds/worker-2-tc1/source:/opt/rustwide/workdir:ro,Z" "-v" "/var/lib/crater-agent-workspace/cargo-home:/opt/rustwide/cargo-home:ro,Z" "-v" "/var/lib/crater-agent-workspace/rustup-home:/opt/rustwide/rustup-home:ro,Z" "-e" "SOURCE_DIR=/opt/rustwide/workdir" "-e" "CARGO_TARGET_DIR=/opt/rustwide/target" "-e" "CARGO_INCREMENTAL=0" "-e" "RUST_BACKTRACE=full" "-e" "RUSTFLAGS=--cap-lints=forbid" "-e" "RUSTDOCFLAGS=--cap-lints=forbid" "-e" "CARGO_HOME=/opt/rustwide/cargo-home" "-e" "RUSTUP_HOME=/opt/rustwide/rustup-home" "-w" "/opt/rustwide/workdir" "-m" "1610612736" "--user" "0:0" "--network" "none" "ghcr.io/rust-lang/crates-build-env/linux@sha256:819108c5571ea2e421544af4d832f968d213c87fbe3707a016657f43d2f853bc" "/opt/rustwide/cargo-home/bin/cargo" "+nightly-2025-01-18" "test" "--frozen", kill_on_drop: false }`
[INFO] [stdout] 681d8db8d0509653581a454332daa77d6c410f5ff1ee19fd86dd58e1c8e359ea
[INFO] running `Command { std: "docker" "start" "-a" "681d8db8d0509653581a454332daa77d6c410f5ff1ee19fd86dd58e1c8e359ea", kill_on_drop: false }`
[INFO] [stderr]     Finished `test` profile [unoptimized + debuginfo] target(s) in 0.12s
[INFO] [stderr]      Running unittests src/lib.rs (/opt/rustwide/target/debug/deps/ruva_core-2f269fe66b434140)
[INFO] [stdout] 
[INFO] [stdout] running 4 tests
[INFO] [stdout] test snowflake::test_generate_not_sequential_value_when_sleep ... ok
[INFO] [stdout] test snowflake::test_generate ... ok
[INFO] [stdout] test bus_components::contexts::test_context_managers ... ok
[INFO] [stderr]    Doc-tests ruva_core
[INFO] [stdout] test snowflake::test_singleton_generate ... ok
[INFO] [stdout] 
[INFO] [stdout] test result: ok. 4 passed; 0 failed; 0 ignored; 0 measured; 0 filtered out; finished in 26.13s
[INFO] [stdout] 
[INFO] [stdout] 
[INFO] [stdout] running 14 tests
[INFO] [stdout] test src/bus_components/messagebus.rs - bus_components::messagebus::TMessageBus::execute_and_forget (line 142) - compile ... FAILED
[INFO] [stdout] test src/snowflake.rs - snowflake::NumericalUniqueIdBucket::new (line 134) ... FAILED
[INFO] [stdout] test src/snowflake.rs - snowflake::NumericalUniqueIdGenerator::generate (line 97) ... FAILED
[INFO] [stdout] test src/snowflake.rs - snowflake::NumericalUniqueIdBucket::with_epoch (line 148) ... FAILED
[INFO] [stdout] test src/snowflake.rs - snowflake::NumericalUniqueIdBucket::get_id (line 165) ... FAILED
[INFO] [stdout] test src/snowflake.rs - snowflake::NumericalUniqueIdGenerator::new (line 46) ... FAILED
[INFO] [stdout] test src/snowflake.rs - snowflake::NumericalUniqueIdGenerator::with_epoch (line 59) ... FAILED
[INFO] [stdout] test src/bus_components/messagebus.rs - bus_components::messagebus::init_event_handler (line 193) - compile ... FAILED
[INFO] [stdout] test src/bus_components/messagebus.rs - bus_components::messagebus (line 3) - compile ... FAILED
[INFO] [stdout] test src/unit_of_work.rs - unit_of_work (line 18) - compile ... FAILED
[INFO] [stdout] test src/bus_components/handler/command/mod.rs - bus_components::handler::command (line 2) - compile ... FAILED
[INFO] [stdout] test src/bus_components/messagebus.rs - bus_components::messagebus::TMessageBus::execute_and_wait (line 119) - compile ... FAILED
[INFO] [stdout] test src/message.rs - message (line 4) - compile ... FAILED
[INFO] [stdout] test src/bus_components/handler/mod.rs - bus_components::handler (line 4) - compile ... FAILED
[INFO] [stdout] 
[INFO] [stdout] failures:
[INFO] [stdout] 
[INFO] [stdout] ---- src/bus_components/messagebus.rs - bus_components::messagebus::TMessageBus::execute_and_forget (line 142) stdout ----
[INFO] [stdout] error[E0425]: cannot find value `service` in this scope
[INFO] [stdout]  --> src/bus_components/messagebus.rs:143:11
[INFO] [stdout]   |
[INFO] [stdout] 3 | let res = service.execute_and_forget(message).await?;
[INFO] [stdout]   |           ^^^^^^^ not found in this scope
[INFO] [stdout] 
[INFO] [stdout] error[E0425]: cannot find value `message` in this scope
[INFO] [stdout]  --> src/bus_components/messagebus.rs:143:38
[INFO] [stdout]   |
[INFO] [stdout] 3 | let res = service.execute_and_forget(message).await?;
[INFO] [stdout]   |                                      ^^^^^^^ not found in this scope
[INFO] [stdout] 
[INFO] [stdout] error[E0728]: `await` is only allowed inside `async` functions and blocks
[INFO] [stdout]  --> src/bus_components/messagebus.rs:143:47
[INFO] [stdout]   |
[INFO] [stdout] 2 | fn main() { #[allow(non_snake_case)] fn _doctest_main_src_bus_components_messagebus_rs_142_0() {
[INFO] [stdout]   |                                      --------------------------------------------------------- this is not `async`
[INFO] [stdout] 3 | let res = service.execute_and_forget(message).await?;
[INFO] [stdout]   |                                               ^^^^^ only allowed inside `async` functions and blocks
[INFO] [stdout] 
[INFO] [stdout] error[E0728]: `await` is only allowed inside `async` functions and blocks
[INFO] [stdout]  --> src/bus_components/messagebus.rs:144:50
[INFO] [stdout]   |
[INFO] [stdout] 2 | fn main() { #[allow(non_snake_case)] fn _doctest_main_src_bus_components_messagebus_rs_142_0() {
[INFO] [stdout]   |                                      --------------------------------------------------------- this is not `async`
[INFO] [stdout] 3 | let res = service.execute_and_forget(message).await?;
[INFO] [stdout] 4 | let res = res.wait_until_event_processing_done().await?;
[INFO] [stdout]   |                                                  ^^^^^ only allowed inside `async` functions and blocks
[INFO] [stdout] 
[INFO] [stdout] error: aborting due to 4 previous errors
[INFO] [stdout] 
[INFO] [stdout] Some errors have detailed explanations: E0425, E0728.
[INFO] [stdout] For more information about an error, try `rustc --explain E0425`.
[INFO] [stdout] Couldn't compile the test.
[INFO] [stdout] ---- src/snowflake.rs - snowflake::NumericalUniqueIdBucket::new (line 134) stdout ----
[INFO] [stdout] error[E0432]: unresolved import `snowflake`
[INFO] [stdout]  --> src/snowflake.rs:135:5
[INFO] [stdout]   |
[INFO] [stdout] 3 | use snowflake::NumericalUniqueIdBucket;
[INFO] [stdout]   |     ^^^^^^^^^ use of undeclared crate or module `snowflake`
[INFO] [stdout] 
[INFO] [stdout] error: aborting due to 1 previous error
[INFO] [stdout] 
[INFO] [stdout] For more information about this error, try `rustc --explain E0432`.
[INFO] [stdout] Couldn't compile the test.
[INFO] [stdout] ---- src/snowflake.rs - snowflake::NumericalUniqueIdGenerator::generate (line 97) stdout ----
[INFO] [stdout] error[E0432]: unresolved import `snowflake`
[INFO] [stdout]  --> src/snowflake.rs:98:5
[INFO] [stdout]   |
[INFO] [stdout] 3 | use snowflake::NumericalUniqueIdGenerator;
[INFO] [stdout]   |     ^^^^^^^^^ use of undeclared crate or module `snowflake`
[INFO] [stdout] 
[INFO] [stdout] error: aborting due to 1 previous error
[INFO] [stdout] 
[INFO] [stdout] For more information about this error, try `rustc --explain E0432`.
[INFO] [stdout] Couldn't compile the test.
[INFO] [stdout] ---- src/snowflake.rs - snowflake::NumericalUniqueIdBucket::with_epoch (line 148) stdout ----
[INFO] [stdout] error[E0432]: unresolved import `snowflake`
[INFO] [stdout]  --> src/snowflake.rs:150:5
[INFO] [stdout]   |
[INFO] [stdout] 4 | use snowflake::NumericalUniqueIdBucket;
[INFO] [stdout]   |     ^^^^^^^^^ use of undeclared crate or module `snowflake`
[INFO] [stdout] 
[INFO] [stdout] error: aborting due to 1 previous error
[INFO] [stdout] 
[INFO] [stdout] For more information about this error, try `rustc --explain E0432`.
[INFO] [stdout] Couldn't compile the test.
[INFO] [stdout] ---- src/snowflake.rs - snowflake::NumericalUniqueIdBucket::get_id (line 165) stdout ----
[INFO] [stdout] error[E0432]: unresolved import `snowflake`
[INFO] [stdout]  --> src/snowflake.rs:166:5
[INFO] [stdout]   |
[INFO] [stdout] 3 | use snowflake::NumericalUniqueIdBucket;
[INFO] [stdout]   |     ^^^^^^^^^ use of undeclared crate or module `snowflake`
[INFO] [stdout] 
[INFO] [stdout] error: aborting due to 1 previous error
[INFO] [stdout] 
[INFO] [stdout] For more information about this error, try `rustc --explain E0432`.
[INFO] [stdout] Couldn't compile the test.
[INFO] [stdout] ---- src/snowflake.rs - snowflake::NumericalUniqueIdGenerator::new (line 46) stdout ----
[INFO] [stdout] error[E0432]: unresolved import `snowflake`
[INFO] [stdout]  --> src/snowflake.rs:47:5
[INFO] [stdout]   |
[INFO] [stdout] 3 | use snowflake::NumericalUniqueIdGenerator;
[INFO] [stdout]   |     ^^^^^^^^^ use of undeclared crate or module `snowflake`
[INFO] [stdout] 
[INFO] [stdout] error: aborting due to 1 previous error
[INFO] [stdout] 
[INFO] [stdout] For more information about this error, try `rustc --explain E0432`.
[INFO] [stdout] Couldn't compile the test.
[INFO] [stdout] ---- src/snowflake.rs - snowflake::NumericalUniqueIdGenerator::with_epoch (line 59) stdout ----
[INFO] [stdout] error[E0432]: unresolved import `snowflake`
[INFO] [stdout]  --> src/snowflake.rs:61:5
[INFO] [stdout]   |
[INFO] [stdout] 4 | use snowflake::NumericalUniqueIdGenerator;
[INFO] [stdout]   |     ^^^^^^^^^ use of undeclared crate or module `snowflake`
[INFO] [stdout] 
[INFO] [stdout] error: aborting due to 1 previous error
[INFO] [stdout] 
[INFO] [stdout] For more information about this error, try `rustc --explain E0432`.
[INFO] [stdout] Couldn't compile the test.
[INFO] [stdout] ---- src/bus_components/messagebus.rs - bus_components::messagebus::init_event_handler (line 193) stdout ----
[INFO] [stdout] error: cannot find macro `init_event_handler` in this scope
[INFO] [stdout]  --> src/bus_components/messagebus.rs:195:1
[INFO] [stdout]   |
[INFO] [stdout] 4 | init_event_handler!(
[INFO] [stdout]   | ^^^^^^^^^^^^^^^^^^
[INFO] [stdout]   |
[INFO] [stdout] help: consider importing this macro
[INFO] [stdout]   |
[INFO] [stdout] 3 + use ruva_core::init_event_handler;
[INFO] [stdout]   |
[INFO] [stdout] 
[INFO] [stdout] error: aborting due to 1 previous error
[INFO] [stdout] 
[INFO] [stdout] Couldn't compile the test.
[INFO] [stdout] ---- src/bus_components/messagebus.rs - bus_components::messagebus (line 3) stdout ----
[INFO] [stdout] error[E0433]: failed to resolve: could not find `ruva` in the list of imported crates
[INFO] [stdout]   --> src/bus_components/messagebus.rs:13:19
[INFO] [stdout]    |
[INFO] [stdout] 12 |                 ::ruva::SqlRepository::new(context_manager),
[INFO] [stdout]    |                   ^^^^ could not find `ruva` in the list of imported crates
[INFO] [stdout] 
[INFO] [stdout] error[E0412]: cannot find type `YourResponse` in this scope
[INFO] [stdout]  --> src/bus_components/messagebus.rs:4:24
[INFO] [stdout]   |
[INFO] [stdout] 3 | impl ruva::TMessageBus<YourResponse,YourErrorError,YourCommand> for MessageBus{
[INFO] [stdout]   |                        ^^^^^^^^^^^^ not found in this scope
[INFO] [stdout]   |
[INFO] [stdout] help: you might be missing a type parameter
[INFO] [stdout]   |
[INFO] [stdout] 3 | impl<YourResponse> ruva::TMessageBus<YourResponse,YourErrorError,YourCommand> for MessageBus{
[INFO] [stdout]   |     ++++++++++++++
[INFO] [stdout] 
[INFO] [stdout] error[E0412]: cannot find type `YourErrorError` in this scope
[INFO] [stdout]  --> src/bus_components/messagebus.rs:4:37
[INFO] [stdout]   |
[INFO] [stdout] 3 | impl ruva::TMessageBus<YourResponse,YourErrorError,YourCommand> for MessageBus{
[INFO] [stdout]   |                                     ^^^^^^^^^^^^^^ not found in this scope
[INFO] [stdout]   |
[INFO] [stdout] help: you might be missing a type parameter
[INFO] [stdout]   |
[INFO] [stdout] 3 | impl<YourErrorError> ruva::TMessageBus<YourResponse,YourErrorError,YourCommand> for MessageBus{
[INFO] [stdout]   |     ++++++++++++++++
[INFO] [stdout] 
[INFO] [stdout] error[E0412]: cannot find type `YourCommand` in this scope
[INFO] [stdout]  --> src/bus_components/messagebus.rs:4:52
[INFO] [stdout]   |
[INFO] [stdout] 3 | impl ruva::TMessageBus<YourResponse,YourErrorError,YourCommand> for MessageBus{
[INFO] [stdout]   |                                                    ^^^^^^^^^^^ not found in this scope
[INFO] [stdout]   |
[INFO] [stdout] help: you might be missing a type parameter
[INFO] [stdout]   |
[INFO] [stdout] 3 | impl<YourCommand> ruva::TMessageBus<YourResponse,YourErrorError,YourCommand> for MessageBus{
[INFO] [stdout]   |     +++++++++++++
[INFO] [stdout] 
[INFO] [stdout] error[E0412]: cannot find type `MessageBus` in this scope
[INFO] [stdout]  --> src/bus_components/messagebus.rs:4:69
[INFO] [stdout]   |
[INFO] [stdout] 3 | impl ruva::TMessageBus<YourResponse,YourErrorError,YourCommand> for MessageBus{
[INFO] [stdout]   |                                                                     ^^^^^^^^^^ not found in this scope
[INFO] [stdout]   |
[INFO] [stdout] help: consider importing this struct
[INFO] [stdout]   |
[INFO] [stdout] 2 + use ruva_core::prelude::MessageBus;
[INFO] [stdout]   |
[INFO] [stdout] 
[INFO] [stdout] error[E0412]: cannot find type `YourCommand` in this scope
[INFO] [stdout]  --> src/bus_components/messagebus.rs:8:14
[INFO] [stdout]   |
[INFO] [stdout] 7 |         cmd: YourCommand,
[INFO] [stdout]   |              ^^^^^^^^^^^ not found in this scope
[INFO] [stdout] 
[INFO] [stdout] error[E0412]: cannot find type `YourResponse` in this scope
[INFO] [stdout]  --> src/bus_components/messagebus.rs:10:37
[INFO] [stdout]   |
[INFO] [stdout] 9 |     ) -> impl ruva::TCommandService<YourResponse, YourError> {
[INFO] [stdout]   |                                     ^^^^^^^^^^^^ not found in this scope
[INFO] [stdout]   |
[INFO] [stdout] help: you might be missing a type parameter
[INFO] [stdout]   |
[INFO] [stdout] 3 | impl<YourResponse> ruva::TMessageBus<YourResponse,YourErrorError,YourCommand> for MessageBus{
[INFO] [stdout]   |     ++++++++++++++
[INFO] [stdout] 
[INFO] [stdout] error[E0412]: cannot find type `YourError` in this scope
[INFO] [stdout]  --> src/bus_components/messagebus.rs:10:51
[INFO] [stdout]   |
[INFO] [stdout] 9 |     ) -> impl ruva::TCommandService<YourResponse, YourError> {
[INFO] [stdout]   |                                                   ^^^^^^^^^ not found in this scope
[INFO] [stdout]   |
[INFO] [stdout] help: you might be missing a type parameter
[INFO] [stdout]   |
[INFO] [stdout] 3 | impl<YourError> ruva::TMessageBus<YourResponse,YourErrorError,YourCommand> for MessageBus{
[INFO] [stdout]   |     +++++++++++
[INFO] [stdout] 
[INFO] [stdout] error[E0433]: failed to resolve: use of undeclared crate or module `ruva`
[INFO] [stdout]  --> src/bus_components/messagebus.rs:4:6
[INFO] [stdout]   |
[INFO] [stdout] 3 | impl ruva::TMessageBus<YourResponse,YourErrorError,YourCommand> for MessageBus{
[INFO] [stdout]   |      ^^^^ use of undeclared crate or module `ruva`
[INFO] [stdout] 
[INFO] [stdout] error[E0433]: failed to resolve: use of undeclared crate or module `ruva`
[INFO] [stdout]  --> src/bus_components/messagebus.rs:7:26
[INFO] [stdout]   |
[INFO] [stdout] 6 |         context_manager: ruva::AtomicContextManager,
[INFO] [stdout]   |                          ^^^^ use of undeclared crate or module `ruva`
[INFO] [stdout] 
[INFO] [stdout] error[E0433]: failed to resolve: use of undeclared crate or module `ruva`
[INFO] [stdout]  --> src/bus_components/messagebus.rs:10:15
[INFO] [stdout]   |
[INFO] [stdout] 9 |     ) -> impl ruva::TCommandService<YourResponse, YourError> {
[INFO] [stdout]   |               ^^^^ use of undeclared crate or module `ruva`
[INFO] [stdout] 
[INFO] [stdout] error[E0433]: failed to resolve: use of undeclared type `UnitOfWorkHandler`
[INFO] [stdout]   --> src/bus_components/messagebus.rs:12:17
[INFO] [stdout]    |
[INFO] [stdout] 11 |                 UnitOfWorkHandler::new(
[INFO] [stdout]    |                 ^^^^^^^^^^^^^^^^^ use of undeclared type `UnitOfWorkHandler`
[INFO] [stdout] 
[INFO] [stdout] error[E0425]: cannot find function, tuple struct or tuple variant `LoggingAspect` in this scope
[INFO] [stdout]   --> src/bus_components/messagebus.rs:11:13
[INFO] [stdout]    |
[INFO] [stdout] 10 |             LoggingAspect(
[INFO] [stdout]    |             ^^^^^^^^^^^^^ not found in this scope
[INFO] [stdout] 
[INFO] [stdout] error: aborting due to 13 previous errors
[INFO] [stdout] 
[INFO] [stdout] Some errors have detailed explanations: E0412, E0425, E0433.
[INFO] [stdout] For more information about an error, try `rustc --explain E0412`.
[INFO] [stdout] Couldn't compile the test.
[INFO] [stdout] ---- src/unit_of_work.rs - unit_of_work (line 18) stdout ----
[INFO] [stdout] error[E0412]: cannot find type `PhantomData` in this scope
[INFO] [stdout]  --> src/unit_of_work.rs:21:9
[INFO] [stdout]   |
[INFO] [stdout] 5 |     _r: PhantomData<R>,
[INFO] [stdout]   |         ^^^^^^^^^^^ not found in this scope
[INFO] [stdout]   |
[INFO] [stdout] help: consider importing this struct
[INFO] [stdout]   |
[INFO] [stdout] 3 + use std::marker::PhantomData;
[INFO] [stdout]   |
[INFO] [stdout] 
[INFO] [stdout] error[E0405]: cannot find trait `TCustomRepository` in this scope
[INFO] [stdout]  --> src/unit_of_work.rs:25:8
[INFO] [stdout]   |
[INFO] [stdout] 9 |     R: TCustomRepository + TUnitOfWork,
[INFO] [stdout]   |        ^^^^^^^^^^^^^^^^^ not found in this scope
[INFO] [stdout] 
[INFO] [stdout] error[E0405]: cannot find trait `TUnitOfWork` in this scope
[INFO] [stdout]  --> src/unit_of_work.rs:25:28
[INFO] [stdout]   |
[INFO] [stdout] 9 |     R: TCustomRepository + TUnitOfWork,
[INFO] [stdout]   |                            ^^^^^^^^^^^ not found in this scope
[INFO] [stdout]   |
[INFO] [stdout] help: consider importing this trait
[INFO] [stdout]   |
[INFO] [stdout] 3 + use ruva_core::prelude::TUnitOfWork;
[INFO] [stdout]   |
[INFO] [stdout] 
[INFO] [stdout] error[E0412]: cannot find type `CreateCommand` in this scope
[INFO] [stdout]   --> src/unit_of_work.rs:28:14
[INFO] [stdout]    |
[INFO] [stdout] 12 |         cmd: CreateCommand,
[INFO] [stdout]    |              ^^^^^^^^^^^^^ not found in this scope
[INFO] [stdout] 
[INFO] [stdout] error[E0412]: cannot find type `CustomResponse` in this scope
[INFO] [stdout]   --> src/unit_of_work.rs:30:17
[INFO] [stdout]    |
[INFO] [stdout] 14 |     ) -> Result<CustomResponse, CustomError> {
[INFO] [stdout]    |                 ^^^^^^^^^^^^^^ not found in this scope
[INFO] [stdout]    |
[INFO] [stdout] help: you might be missing a type parameter
[INFO] [stdout]    |
[INFO] [stdout] 7  | impl<R, CustomResponse> CustomHandler<R>
[INFO] [stdout]    |       ++++++++++++++++
[INFO] [stdout] 
[INFO] [stdout] error[E0412]: cannot find type `CustomError` in this scope
[INFO] [stdout]   --> src/unit_of_work.rs:30:33
[INFO] [stdout]    |
[INFO] [stdout] 14 |     ) -> Result<CustomResponse, CustomError> {
[INFO] [stdout]    |                                 ^^^^^^^^^^^ not found in this scope
[INFO] [stdout]    |
[INFO] [stdout] help: you might be missing a type parameter
[INFO] [stdout]    |
[INFO] [stdout] 7  | impl<R, CustomError> CustomHandler<R>
[INFO] [stdout]    |       +++++++++++++
[INFO] [stdout] 
[INFO] [stdout] error[E0412]: cannot find type `CustomAggregate` in this scope
[INFO] [stdout]   --> src/unit_of_work.rs:33:28
[INFO] [stdout]    |
[INFO] [stdout] 17 |         let mut aggregate: CustomAggregate = CustomAggregate::new(cmd);
[INFO] [stdout]    |                            ^^^^^^^^^^^^^^^ not found in this scope
[INFO] [stdout] 
[INFO] [stdout] error[E0433]: failed to resolve: use of undeclared type `CustomAggregate`
[INFO] [stdout]   --> src/unit_of_work.rs:33:46
[INFO] [stdout]    |
[INFO] [stdout] 17 |         let mut aggregate: CustomAggregate = CustomAggregate::new(cmd);
[INFO] [stdout]    |                                              ^^^^^^^^^^^^^^^ use of undeclared type `CustomAggregate`
[INFO] [stdout] 
[INFO] [stdout] error: aborting due to 8 previous errors
[INFO] [stdout] 
[INFO] [stdout] Some errors have detailed explanations: E0405, E0412, E0433.
[INFO] [stdout] For more information about an error, try `rustc --explain E0405`.
[INFO] [stdout] Couldn't compile the test.
[INFO] [stdout] ---- src/bus_components/handler/command/mod.rs - bus_components::handler::command (line 2) stdout ----
[INFO] [stdout] error[E0405]: cannot find trait `TCommandService` in this scope
[INFO] [stdout]  --> src/bus_components/handler/command/mod.rs:3:11
[INFO] [stdout]   |
[INFO] [stdout] 3 | impl<C,R> TCommandService<(), ()> for CommandHandler<(C, R)>
[INFO] [stdout]   |           ^^^^^^^^^^^^^^^ not found in this scope
[INFO] [stdout]   |
[INFO] [stdout] help: consider importing this trait
[INFO] [stdout]   |
[INFO] [stdout] 2 + use ruva_core::prelude::TCommandService;
[INFO] [stdout]   |
[INFO] [stdout] 
[INFO] [stdout] error[E0412]: cannot find type `CommandHandler` in this scope
[INFO] [stdout]  --> src/bus_components/handler/command/mod.rs:3:39
[INFO] [stdout]   |
[INFO] [stdout] 3 | impl<C,R> TCommandService<(), ()> for CommandHandler<(C, R)>
[INFO] [stdout]   |                                       ^^^^^^^^^^^^^^ not found in this scope
[INFO] [stdout]   |
[INFO] [stdout] help: consider importing this struct
[INFO] [stdout]   |
[INFO] [stdout] 2 + use ruva_core::prelude::CommandHandler;
[INFO] [stdout]   |
[INFO] [stdout] 
[INFO] [stdout] error[E0433]: failed to resolve: unresolved import
[INFO] [stdout]  --> src/bus_components/handler/command/mod.rs:5:15
[INFO] [stdout]   |
[INFO] [stdout] 5 |     C: crate::prelude::TCommand + for<'a> TGetHandler<&'a mut R, Result<(), ()>>,
[INFO] [stdout]   |               ^^^^^^^ unresolved import
[INFO] [stdout]   |
[INFO] [stdout] help: a similar path exists
[INFO] [stdout]   |
[INFO] [stdout] 5 |     C: crate::chrono::prelude::TCommand + for<'a> TGetHandler<&'a mut R, Result<(), ()>>,
[INFO] [stdout]   |               ~~~~~~~~~~~~~~~
[INFO] [stdout] help: consider importing this module
[INFO] [stdout]   |
[INFO] [stdout] 2 + use ruva_core::prelude;
[INFO] [stdout]   |
[INFO] [stdout] help: if you import `prelude`, refer to it directly
[INFO] [stdout]   |
[INFO] [stdout] 5 -     C: crate::prelude::TCommand + for<'a> TGetHandler<&'a mut R, Result<(), ()>>,
[INFO] [stdout] 5 +     C: prelude::TCommand + for<'a> TGetHandler<&'a mut R, Result<(), ()>>,
[INFO] [stdout]   |
[INFO] [stdout] 
[INFO] [stdout] error[E0405]: cannot find trait `TGetHandler` in this scope
[INFO] [stdout]  --> src/bus_components/handler/command/mod.rs:5:43
[INFO] [stdout]   |
[INFO] [stdout] 5 |     C: crate::prelude::TCommand + for<'a> TGetHandler<&'a mut R, Result<(), ()>>,
[INFO] [stdout]   |                                           ^^^^^^^^^^^ not found in this scope
[INFO] [stdout]   |
[INFO] [stdout] help: consider importing this trait
[INFO] [stdout]   |
[INFO] [stdout] 2 + use ruva_core::prelude::TGetHandler;
[INFO] [stdout]   |
[INFO] [stdout] 
[INFO] [stdout] error[E0531]: cannot find tuple struct or tuple variant `CommandHandler` in this scope
[INFO] [stdout]  --> src/bus_components/handler/command/mod.rs:9:13
[INFO] [stdout]   |
[INFO] [stdout] 9 |         let CommandHandler((cmd, mut dep)) = self;
[INFO] [stdout]   |             ^^^^^^^^^^^^^^ not found in this scope
[INFO] [stdout]   |
[INFO] [stdout] help: consider importing this tuple struct
[INFO] [stdout]   |
[INFO] [stdout] 2 + use ruva_core::prelude::CommandHandler;
[INFO] [stdout]   |
[INFO] [stdout] 
[INFO] [stdout] error: aborting due to 5 previous errors
[INFO] [stdout] 
[INFO] [stdout] Some errors have detailed explanations: E0405, E0412, E0433, E0531.
[INFO] [stdout] For more information about an error, try `rustc --explain E0405`.
[INFO] [stdout] Couldn't compile the test.
[INFO] [stdout] ---- src/bus_components/messagebus.rs - bus_components::messagebus::TMessageBus::execute_and_wait (line 119) stdout ----
[INFO] [stdout] error[E0425]: cannot find value `service` in this scope
[INFO] [stdout]  --> src/bus_components/messagebus.rs:120:11
[INFO] [stdout]   |
[INFO] [stdout] 3 | let res = service.execute_and_wait(message).await?;
[INFO] [stdout]   |           ^^^^^^^ not found in this scope
[INFO] [stdout] 
[INFO] [stdout] error[E0425]: cannot find value `message` in this scope
[INFO] [stdout]  --> src/bus_components/messagebus.rs:120:36
[INFO] [stdout]   |
[INFO] [stdout] 3 | let res = service.execute_and_wait(message).await?;
[INFO] [stdout]   |                                    ^^^^^^^ not found in this scope
[INFO] [stdout] 
[INFO] [stdout] error[E0728]: `await` is only allowed inside `async` functions and blocks
[INFO] [stdout]  --> src/bus_components/messagebus.rs:120:45
[INFO] [stdout]   |
[INFO] [stdout] 2 | fn main() { #[allow(non_snake_case)] fn _doctest_main_src_bus_components_messagebus_rs_119_0() {
[INFO] [stdout]   |                                      --------------------------------------------------------- this is not `async`
[INFO] [stdout] 3 | let res = service.execute_and_wait(message).await?;
[INFO] [stdout]   |                                             ^^^^^ only allowed inside `async` functions and blocks
[INFO] [stdout] 
[INFO] [stdout] error: aborting due to 3 previous errors
[INFO] [stdout] 
[INFO] [stdout] Some errors have detailed explanations: E0425, E0728.
[INFO] [stdout] For more information about an error, try `rustc --explain E0425`.
[INFO] [stdout] Couldn't compile the test.
[INFO] [stdout] ---- src/message.rs - message (line 4) stdout ----
[INFO] [stdout] error: cannot find derive macro `Serialize` in this scope
[INFO] [stdout]  --> src/message.rs:5:10
[INFO] [stdout]   |
[INFO] [stdout] 3 | #[derive(Serialize, Deserialize, Clone, TEvent)]
[INFO] [stdout]   |          ^^^^^^^^^
[INFO] [stdout]   |
[INFO] [stdout] help: consider importing one of these derive macros
[INFO] [stdout]   |
[INFO] [stdout] 2 + use ruva_core::prelude::Serialize;
[INFO] [stdout]   |
[INFO] [stdout] 2 + use serde::Serialize;
[INFO] [stdout]   |
[INFO] [stdout] 
[INFO] [stdout] error: cannot find derive macro `Deserialize` in this scope
[INFO] [stdout]  --> src/message.rs:5:21
[INFO] [stdout]   |
[INFO] [stdout] 3 | #[derive(Serialize, Deserialize, Clone, TEvent)]
[INFO] [stdout]   |                     ^^^^^^^^^^^
[INFO] [stdout]   |
[INFO] [stdout] help: consider importing one of these derive macros
[INFO] [stdout]   |
[INFO] [stdout] 2 + use ruva_core::prelude::Deserialize;
[INFO] [stdout]   |
[INFO] [stdout] 2 + use serde::Deserialize;
[INFO] [stdout]   |
[INFO] [stdout] 
[INFO] [stdout] error: cannot find derive macro `TEvent` in this scope
[INFO] [stdout]  --> src/message.rs:5:41
[INFO] [stdout]   |
[INFO] [stdout] 3 | #[derive(Serialize, Deserialize, Clone, TEvent)]
[INFO] [stdout]   |                                         ^^^^^^
[INFO] [stdout]   |
[INFO] [stdout] help: consider importing this derive macro
[INFO] [stdout]   |
[INFO] [stdout] 2 + use ruva_macro::TEvent;
[INFO] [stdout]   |
[INFO] [stdout] 
[INFO] [stdout] error: cannot find attribute `aggregate` in this scope
[INFO] [stdout]  --> src/message.rs:6:3
[INFO] [stdout]   |
[INFO] [stdout] 4 | #[aggregate(CustomAggregate)]
[INFO] [stdout]   |   ^^^^^^^^^
[INFO] [stdout]   |
[INFO] [stdout] help: consider importing this attribute macro
[INFO] [stdout]   |
[INFO] [stdout] 2 + use ruva_macro::aggregate;
[INFO] [stdout]   |
[INFO] [stdout] 
[INFO] [stdout] error: cannot find attribute `internally_notifiable` in this scope
[INFO] [stdout]  --> src/message.rs:7:3
[INFO] [stdout]   |
[INFO] [stdout] 5 | #[internally_notifiable]
[INFO] [stdout]   |   ^^^^^^^^^^^^^^^^^^^^^
[INFO] [stdout] 
[INFO] [stdout] error: cannot find attribute `externally_notifiable` in this scope
[INFO] [stdout]  --> src/message.rs:8:3
[INFO] [stdout]   |
[INFO] [stdout] 6 | #[externally_notifiable]
[INFO] [stdout]   |   ^^^^^^^^^^^^^^^^^^^^^
[INFO] [stdout] 
[INFO] [stdout] error: aborting due to 6 previous errors
[INFO] [stdout] 
[INFO] [stdout] Couldn't compile the test.
[INFO] [stdout] ---- src/bus_components/handler/mod.rs - bus_components::handler (line 4) stdout ----
[INFO] [stdout] error[E0405]: cannot find trait `TCommandService` in this scope
[INFO] [stdout]  --> src/bus_components/handler/mod.rs:5:12
[INFO] [stdout]   |
[INFO] [stdout] 3 | impl<C, R> TCommandService<ServiceResponse, ServiceError> for CommandHandler<(C, R)>
[INFO] [stdout]   |            ^^^^^^^^^^^^^^^ not found in this scope
[INFO] [stdout]   |
[INFO] [stdout] help: consider importing this trait
[INFO] [stdout]   |
[INFO] [stdout] 2 + use ruva_core::prelude::TCommandService;
[INFO] [stdout]   |
[INFO] [stdout] 
[INFO] [stdout] error[E0412]: cannot find type `ServiceResponse` in this scope
[INFO] [stdout]  --> src/bus_components/handler/mod.rs:5:28
[INFO] [stdout]   |
[INFO] [stdout] 3 | impl<C, R> TCommandService<ServiceResponse, ServiceError> for CommandHandler<(C, R)>
[INFO] [stdout]   |                            ^^^^^^^^^^^^^^^ not found in this scope
[INFO] [stdout]   |
[INFO] [stdout] help: you might be missing a type parameter
[INFO] [stdout]   |
[INFO] [stdout] 3 | impl<C, R, ServiceResponse> TCommandService<ServiceResponse, ServiceError> for CommandHandler<(C, R)>
[INFO] [stdout]   |          +++++++++++++++++
[INFO] [stdout] 
[INFO] [stdout] error[E0412]: cannot find type `ServiceError` in this scope
[INFO] [stdout]  --> src/bus_components/handler/mod.rs:5:45
[INFO] [stdout]   |
[INFO] [stdout] 3 | impl<C, R> TCommandService<ServiceResponse, ServiceError> for CommandHandler<(C, R)>
[INFO] [stdout]   |                                             ^^^^^^^^^^^^ not found in this scope
[INFO] [stdout]   |
[INFO] [stdout] help: there is an enum variant `ruva_core::prelude::BaseError::ServiceError`; try using the variant's enum
[INFO] [stdout]   |
[INFO] [stdout] 3 | impl<C, R> TCommandService<ServiceResponse, ruva_core::prelude::BaseError> for CommandHandler<(C, R)>
[INFO] [stdout]   |                                             ~~~~~~~~~~~~~~~~~~~~~~~~~~~~~
[INFO] [stdout] help: you might be missing a type parameter
[INFO] [stdout]   |
[INFO] [stdout] 3 | impl<C, R, ServiceError> TCommandService<ServiceResponse, ServiceError> for CommandHandler<(C, R)>
[INFO] [stdout]   |          ++++++++++++++
[INFO] [stdout] 
[INFO] [stdout] error[E0412]: cannot find type `CommandHandler` in this scope
[INFO] [stdout]  --> src/bus_components/handler/mod.rs:5:63
[INFO] [stdout]   |
[INFO] [stdout] 3 | impl<C, R> TCommandService<ServiceResponse, ServiceError> for CommandHandler<(C, R)>
[INFO] [stdout]   |                                                               ^^^^^^^^^^^^^^ not found in this scope
[INFO] [stdout]   |
[INFO] [stdout] help: consider importing this struct
[INFO] [stdout]   |
[INFO] [stdout] 2 + use ruva_core::prelude::CommandHandler;
[INFO] [stdout]   |
[INFO] [stdout] 
[INFO] [stdout] error[E0405]: cannot find trait `TCommand` in this scope
[INFO] [stdout]  --> src/bus_components/handler/mod.rs:7:8
[INFO] [stdout]   |
[INFO] [stdout] 5 |     C: TCommand + for<'a> TGetHandler<&'a mut R, Result<ServiceResponse>>,
[INFO] [stdout]   |        ^^^^^^^^ not found in this scope
[INFO] [stdout]   |
[INFO] [stdout] help: consider importing this trait
[INFO] [stdout]   |
[INFO] [stdout] 2 + use ruva_core::prelude::TCommand;
[INFO] [stdout]   |
[INFO] [stdout] 
[INFO] [stdout] error[E0405]: cannot find trait `TGetHandler` in this scope
[INFO] [stdout]  --> src/bus_components/handler/mod.rs:7:27
[INFO] [stdout]   |
[INFO] [stdout] 5 |     C: TCommand + for<'a> TGetHandler<&'a mut R, Result<ServiceResponse>>,
[INFO] [stdout]   |                           ^^^^^^^^^^^ not found in this scope
[INFO] [stdout]   |
[INFO] [stdout] help: consider importing this trait
[INFO] [stdout]   |
[INFO] [stdout] 2 + use ruva_core::prelude::TGetHandler;
[INFO] [stdout]   |
[INFO] [stdout] 
[INFO] [stdout] error[E0412]: cannot find type `ServiceResponse` in this scope
[INFO] [stdout]  --> src/bus_components/handler/mod.rs:7:57
[INFO] [stdout]   |
[INFO] [stdout] 5 |     C: TCommand + for<'a> TGetHandler<&'a mut R, Result<ServiceResponse>>,
[INFO] [stdout]   |                                                         ^^^^^^^^^^^^^^^ not found in this scope
[INFO] [stdout]   |
[INFO] [stdout] help: you might be missing a type parameter
[INFO] [stdout]   |
[INFO] [stdout] 3 | impl<C, R, ServiceResponse> TCommandService<ServiceResponse, ServiceError> for CommandHandler<(C, R)>
[INFO] [stdout]   |          +++++++++++++++++
[INFO] [stdout] 
[INFO] [stdout] error[E0405]: cannot find trait `TSetCurrentEvents` in this scope
[INFO] [stdout]  --> src/bus_components/handler/mod.rs:8:8
[INFO] [stdout]   |
[INFO] [stdout] 6 |     R: TSetCurrentEvents + TUnitOfWork,
[INFO] [stdout]   |        ^^^^^^^^^^^^^^^^^ not found in this scope
[INFO] [stdout]   |
[INFO] [stdout] help: consider importing this trait
[INFO] [stdout]   |
[INFO] [stdout] 2 + use ruva_core::prelude::TSetCurrentEvents;
[INFO] [stdout]   |
[INFO] [stdout] 
[INFO] [stdout] error[E0405]: cannot find trait `TUnitOfWork` in this scope
[INFO] [stdout]  --> src/bus_components/handler/mod.rs:8:28
[INFO] [stdout]   |
[INFO] [stdout] 6 |     R: TSetCurrentEvents + TUnitOfWork,
[INFO] [stdout]   |                            ^^^^^^^^^^^ not found in this scope
[INFO] [stdout]   |
[INFO] [stdout] help: consider importing this trait
[INFO] [stdout]   |
[INFO] [stdout] 2 + use ruva_core::prelude::TUnitOfWork;
[INFO] [stdout]   |
[INFO] [stdout] 
[INFO] [stdout] error[E0412]: cannot find type `ServiceResponse` in this scope
[INFO] [stdout]  --> src/bus_components/handler/mod.rs:10:43
[INFO] [stdout]   |
[INFO] [stdout] 8 |     async fn execute(&mut self) -> Result<ServiceResponse> {
[INFO] [stdout]   |                                           ^^^^^^^^^^^^^^^ not found in this scope
[INFO] [stdout]   |
[INFO] [stdout] help: you might be missing a type parameter
[INFO] [stdout]   |
[INFO] [stdout] 3 | impl<C, R, ServiceResponse> TCommandService<ServiceResponse, ServiceError> for CommandHandler<(C, R)>
[INFO] [stdout]   |          +++++++++++++++++
[INFO] [stdout] 
[INFO] [stdout] error[E0531]: cannot find tuple struct or tuple variant `CommandHandler` in this scope
[INFO] [stdout]  --> src/bus_components/handler/mod.rs:11:13
[INFO] [stdout]   |
[INFO] [stdout] 9 |         let CommandHandler((cmd, dep)) = self;
[INFO] [stdout]   |             ^^^^^^^^^^^^^^ not found in this scope
[INFO] [stdout]   |
[INFO] [stdout] help: consider importing this tuple struct
[INFO] [stdout]   |
[INFO] [stdout] 2 + use ruva_core::prelude::CommandHandler;
[INFO] [stdout]   |
[INFO] [stdout] 
[INFO] [stdout] error[E0433]: failed to resolve: use of undeclared type `ServiceError`
[INFO] [stdout]   --> src/bus_components/handler/mod.rs:24:24
[INFO] [stdout]    |
[INFO] [stdout] 22 |                 if let ServiceError::StopSentinelWithEvent(event) = err {
[INFO] [stdout]    |                        ^^^^^^^^^^^^ use of undeclared type `ServiceError`
[INFO] [stdout]    |
[INFO] [stdout] help: there is an enum variant `ruva_core::prelude::BaseError::ServiceError`; try using the variant's enum
[INFO] [stdout]    |
[INFO] [stdout] 22 |                 if let ruva_core::prelude::BaseError::StopSentinelWithEvent(event) = err {
[INFO] [stdout]    |                        ~~~~~~~~~~~~~~~~~~~~~~~~~~~~~
[INFO] [stdout] 
[INFO] [stdout] error[E0433]: failed to resolve: use of undeclared type `ServiceError`
[INFO] [stdout]   --> src/bus_components/handler/mod.rs:28:25
[INFO] [stdout]    |
[INFO] [stdout] 26 |                     Err(ServiceError::StopSentinelWithEvent(event))
[INFO] [stdout]    |                         ^^^^^^^^^^^^ use of undeclared type `ServiceError`
[INFO] [stdout]    |
[INFO] [stdout] help: there is an enum variant `ruva_core::prelude::BaseError::ServiceError`; try using the variant's enum
[INFO] [stdout]    |
[INFO] [stdout] 26 |                     Err(ruva_core::prelude::BaseError::StopSentinelWithEvent(event))
[INFO] [stdout]    |                         ~~~~~~~~~~~~~~~~~~~~~~~~~~~~~
[INFO] [stdout] 
[INFO] [stdout] error: aborting due to 13 previous errors
[INFO] [stdout] 
[INFO] [stdout] Some errors have detailed explanations: E0405, E0412, E0433, E0531.
[INFO] [stdout] For more information about an error, try `rustc --explain E0405`.
[INFO] [stdout] Couldn't compile the test.
[INFO] [stdout] 
[INFO] [stdout] failures:
[INFO] [stdout]     src/bus_components/handler/command/mod.rs - bus_components::handler::command (line 2)
[INFO] [stdout]     src/bus_components/handler/mod.rs - bus_components::handler (line 4)
[INFO] [stdout]     src/bus_components/messagebus.rs - bus_components::messagebus (line 3)
[INFO] [stdout]     src/bus_components/messagebus.rs - bus_components::messagebus::TMessageBus::execute_and_forget (line 142)
[INFO] [stdout]     src/bus_components/messagebus.rs - bus_components::messagebus::TMessageBus::execute_and_wait (line 119)
[INFO] [stdout]     src/bus_components/messagebus.rs - bus_components::messagebus::init_event_handler (line 193)
[INFO] [stdout]     src/message.rs - message (line 4)
[INFO] [stdout]     src/snowflake.rs - snowflake::NumericalUniqueIdBucket::get_id (line 165)
[INFO] [stdout]     src/snowflake.rs - snowflake::NumericalUniqueIdBucket::new (line 134)
[INFO] [stdout]     src/snowflake.rs - snowflake::NumericalUniqueIdBucket::with_epoch (line 148)
[INFO] [stdout]     src/snowflake.rs - snowflake::NumericalUniqueIdGenerator::generate (line 97)
[INFO] [stdout]     src/snowflake.rs - snowflake::NumericalUniqueIdGenerator::new (line 46)
[INFO] [stdout]     src/snowflake.rs - snowflake::NumericalUniqueIdGenerator::with_epoch (line 59)
[INFO] [stdout]     src/unit_of_work.rs - unit_of_work (line 18)
[INFO] [stdout] 
[INFO] [stdout] test result: FAILED. 0 passed; 14 failed; 0 ignored; 0 measured; 0 filtered out; finished in 0.46s
[INFO] [stdout] 
[INFO] [stderr] error: doctest failed, to rerun pass `--doc`
[INFO] running `Command { std: "docker" "inspect" "681d8db8d0509653581a454332daa77d6c410f5ff1ee19fd86dd58e1c8e359ea", kill_on_drop: false }`
[INFO] running `Command { std: "docker" "rm" "-f" "681d8db8d0509653581a454332daa77d6c410f5ff1ee19fd86dd58e1c8e359ea", kill_on_drop: false }`
[INFO] [stdout] 681d8db8d0509653581a454332daa77d6c410f5ff1ee19fd86dd58e1c8e359ea
