[INFO] fetching crate rusty_crypto 0.1.24...
[INFO] testing rusty_crypto-0.1.24 against nightly-2025-01-18 for randomize-layout-2
[INFO] extracting crate rusty_crypto 0.1.24 into /workspace/builds/worker-7-tc1/source
[INFO] validating manifest of crates.io crate rusty_crypto 0.1.24 on toolchain nightly-2025-01-18
[INFO] running `Command { std: CARGO_HOME="/workspace/cargo-home" RUSTUP_HOME="/workspace/rustup-home" "/workspace/cargo-home/bin/cargo" "+nightly-2025-01-18" "metadata" "--manifest-path" "Cargo.toml" "--no-deps", kill_on_drop: false }`
[INFO] started tweaking crates.io crate rusty_crypto 0.1.24
[INFO] finished tweaking crates.io crate rusty_crypto 0.1.24
[INFO] tweaked toml for crates.io crate rusty_crypto 0.1.24 written to /workspace/builds/worker-7-tc1/source/Cargo.toml
[INFO] running `Command { std: CARGO_HOME="/workspace/cargo-home" RUSTUP_HOME="/workspace/rustup-home" "/workspace/cargo-home/bin/cargo" "+nightly-2025-01-18" "generate-lockfile" "--manifest-path" "Cargo.toml", kill_on_drop: false }`
[INFO] [stderr]     Updating crates.io index
[INFO] [stderr]      Locking 19 packages to latest compatible versions
[INFO] [stderr]       Adding matrix_kit v0.1.9 (available: v0.2.2)
[INFO] running `Command { std: CARGO_HOME="/workspace/cargo-home" RUSTUP_HOME="/workspace/rustup-home" "/workspace/cargo-home/bin/cargo" "+nightly-2025-01-18" "fetch" "--manifest-path" "Cargo.toml", kill_on_drop: false }`
[INFO] [stderr]  Downloading crates ...
[INFO] [stderr]   Downloaded algebra_kit v0.1.14
[INFO] [stderr]   Downloaded matrix_kit v0.1.9
[INFO] [stderr]   Downloaded pqc_kyber v0.7.1
[INFO] [stderr]   Downloaded sylvan_number v0.1.5
[INFO] running `Command { std: "docker" "create" "-v" "/var/lib/crater-agent-workspace/builds/worker-7-tc1/target:/opt/rustwide/target:rw,Z" "-v" "/var/lib/crater-agent-workspace/builds/worker-7-tc1/source:/opt/rustwide/workdir:ro,Z" "-v" "/var/lib/crater-agent-workspace/cargo-home:/opt/rustwide/cargo-home:ro,Z" "-v" "/var/lib/crater-agent-workspace/rustup-home:/opt/rustwide/rustup-home:ro,Z" "-e" "SOURCE_DIR=/opt/rustwide/workdir" "-e" "CARGO_TARGET_DIR=/opt/rustwide/target" "-e" "CARGO_HOME=/opt/rustwide/cargo-home" "-e" "RUSTUP_HOME=/opt/rustwide/rustup-home" "-w" "/opt/rustwide/workdir" "-m" "1610612736" "--user" "0:0" "--network" "none" "ghcr.io/rust-lang/crates-build-env/linux@sha256:819108c5571ea2e421544af4d832f968d213c87fbe3707a016657f43d2f853bc" "/opt/rustwide/cargo-home/bin/cargo" "+nightly-2025-01-18" "metadata" "--no-deps" "--format-version=1", kill_on_drop: false }`
[INFO] [stdout] c0fa10c3b587c8527ea57f156036ec3cb385ded3ae9b7be4219f3a424c9593d3
[INFO] running `Command { std: "docker" "start" "-a" "c0fa10c3b587c8527ea57f156036ec3cb385ded3ae9b7be4219f3a424c9593d3", kill_on_drop: false }`
[INFO] running `Command { std: "docker" "inspect" "c0fa10c3b587c8527ea57f156036ec3cb385ded3ae9b7be4219f3a424c9593d3", kill_on_drop: false }`
[INFO] running `Command { std: "docker" "rm" "-f" "c0fa10c3b587c8527ea57f156036ec3cb385ded3ae9b7be4219f3a424c9593d3", kill_on_drop: false }`
[INFO] [stdout] c0fa10c3b587c8527ea57f156036ec3cb385ded3ae9b7be4219f3a424c9593d3
[INFO] running `Command { std: "docker" "create" "-v" "/var/lib/crater-agent-workspace/builds/worker-7-tc1/target:/opt/rustwide/target:rw,Z" "-v" "/var/lib/crater-agent-workspace/builds/worker-7-tc1/source:/opt/rustwide/workdir:ro,Z" "-v" "/var/lib/crater-agent-workspace/cargo-home:/opt/rustwide/cargo-home:ro,Z" "-v" "/var/lib/crater-agent-workspace/rustup-home:/opt/rustwide/rustup-home:ro,Z" "-e" "SOURCE_DIR=/opt/rustwide/workdir" "-e" "CARGO_TARGET_DIR=/opt/rustwide/target" "-e" "CARGO_INCREMENTAL=0" "-e" "RUST_BACKTRACE=full" "-e" "RUSTFLAGS=--cap-lints=forbid" "-e" "RUSTDOCFLAGS=--cap-lints=forbid" "-e" "CARGO_HOME=/opt/rustwide/cargo-home" "-e" "RUSTUP_HOME=/opt/rustwide/rustup-home" "-w" "/opt/rustwide/workdir" "-m" "1610612736" "--user" "0:0" "--network" "none" "ghcr.io/rust-lang/crates-build-env/linux@sha256:819108c5571ea2e421544af4d832f968d213c87fbe3707a016657f43d2f853bc" "/opt/rustwide/cargo-home/bin/cargo" "+nightly-2025-01-18" "build" "--frozen" "--message-format=json", kill_on_drop: false }`
[INFO] [stdout] f211c6b3890dc9f933bb720f295eb3a3aa1d6cd855e5311392529a657507a4ab
[INFO] running `Command { std: "docker" "start" "-a" "f211c6b3890dc9f933bb720f295eb3a3aa1d6cd855e5311392529a657507a4ab", kill_on_drop: false }`
[INFO] [stderr]    Compiling libc v0.2.169
[INFO] [stderr]    Compiling cfg-if v1.0.0
[INFO] [stderr]    Compiling byteorder v1.5.0
[INFO] [stderr]    Compiling pqc_kyber v0.7.1
[INFO] [stderr]    Compiling syn v2.0.96
[INFO] [stderr]    Compiling getrandom v0.2.15
[INFO] [stderr]    Compiling rand_core v0.6.4
[INFO] [stderr]    Compiling zerocopy-derive v0.7.35
[INFO] [stderr]    Compiling zerocopy v0.7.35
[INFO] [stderr]    Compiling ppv-lite86 v0.2.20
[INFO] [stderr]    Compiling rand_chacha v0.3.1
[INFO] [stderr]    Compiling rand v0.8.5
[INFO] [stderr]    Compiling algebra_kit v0.1.14
[INFO] [stderr]    Compiling sylvan_number v0.1.5
[INFO] [stderr]    Compiling matrix_kit v0.1.9
[INFO] [stderr]    Compiling rusty_crypto v0.1.24 (/opt/rustwide/workdir)
[INFO] [stdout] warning: unused import: `lwe::Ciphertext`
[INFO] [stdout]  --> src/speck.rs:6:13
[INFO] [stdout]   |
[INFO] [stdout] 6 | use crate::{lwe::Ciphertext, padding, utility::PaddedFileStream};
[INFO] [stdout]   |             ^^^^^^^^^^^^^^^
[INFO] [stdout]   |
[INFO] [stdout]   = note: `#[warn(unused_imports)]` on by default
[INFO] [stdout] 
[INFO] [stdout] 
[INFO] [stdout] warning: unused import: `std_impls::ZM`
[INFO] [stdout]  --> src/secsharing/types.rs:5:31
[INFO] [stdout]   |
[INFO] [stdout] 5 | use algebra_kit::{algebra::*, std_impls::ZM};
[INFO] [stdout]   |                               ^^^^^^^^^^^^^
[INFO] [stdout] 
[INFO] [stdout] 
[INFO] [stdout] warning: unused imports: `Rng`, `SeedableRng`, and `rngs::StdRng`
[INFO] [stdout]  --> src/utility.rs:4:12
[INFO] [stdout]   |
[INFO] [stdout] 4 | use rand::{rngs::StdRng, Rng, SeedableRng};
[INFO] [stdout]   |            ^^^^^^^^^^^^  ^^^  ^^^^^^^^^^^
[INFO] [stdout] 
[INFO] [stdout] 
[INFO] [stdout] warning: unused import: `crate::lwe::enc`
[INFO] [stdout]   --> src/padding.rs:25:5
[INFO] [stdout]    |
[INFO] [stdout] 25 | use crate::lwe::enc;
[INFO] [stdout]    |     ^^^^^^^^^^^^^^^
[INFO] [stdout] 
[INFO] [stdout] 
[INFO] [stdout] warning: unused import: `rand::Rng`
[INFO] [stdout]   --> src/lettuce.rs:82:9
[INFO] [stdout]    |
[INFO] [stdout] 82 |     use rand::Rng;
[INFO] [stdout]    |         ^^^^^^^^^
[INFO] [stdout] 
[INFO] [stdout] 
[INFO] [stdout] warning: the feature `const_mut_refs` has been stable since 1.83.0 and no longer requires an attribute to enable
[INFO] [stdout]  --> src/lib.rs:3:12
[INFO] [stdout]   |
[INFO] [stdout] 3 | #![feature(const_mut_refs)]
[INFO] [stdout]   |            ^^^^^^^^^^^^^^
[INFO] [stdout]   |
[INFO] [stdout]   = note: `#[warn(stable_features)]` on by default
[INFO] [stdout] 
[INFO] [stdout] 
[INFO] [stdout] warning: the feature `slice_flatten` has been stable since 1.80.0 and no longer requires an attribute to enable
[INFO] [stdout]  --> src/lib.rs:2:12
[INFO] [stdout]   |
[INFO] [stdout] 2 | #![feature(slice_flatten)]
[INFO] [stdout]   |            ^^^^^^^^^^^^^
[INFO] [stdout] 
[INFO] [stdout] 
[INFO] [stdout] warning: unused variable: `e`
[INFO] [stdout]    --> src/speck.rs:208:7
[INFO] [stdout]     |
[INFO] [stdout] 208 |         Err(e) => false
[INFO] [stdout]     |             ^ help: if this is intentional, prefix it with an underscore: `_e`
[INFO] [stdout]     |
[INFO] [stdout]     = note: `#[warn(unused_variables)]` on by default
[INFO] [stdout] 
[INFO] [stdout] 
[INFO] [stdout] warning: unused variable: `t`
[INFO] [stdout]    --> src/speck.rs:214:7
[INFO] [stdout]     |
[INFO] [stdout] 214 |             Ok(t) => (),
[INFO] [stdout]     |                ^ help: if this is intentional, prefix it with an underscore: `_t`
[INFO] [stdout] 
[INFO] [stdout] 
[INFO] [stdout] warning: function `test_lwe` is never used
[INFO] [stdout]    --> src/lwe.rs:258:4
[INFO] [stdout]     |
[INFO] [stdout] 258 | fn test_lwe() {
[INFO] [stdout]     |    ^^^^^^^^
[INFO] [stdout]     |
[INFO] [stdout]     = note: `#[warn(dead_code)]` on by default
[INFO] [stdout] 
[INFO] [stdout] 
[INFO] [stdout] warning: function `test_conversions` is never used
[INFO] [stdout]    --> src/lwe.rs:392:4
[INFO] [stdout]     |
[INFO] [stdout] 392 | fn test_conversions() {
[INFO] [stdout]     |    ^^^^^^^^^^^^^^^^
[INFO] [stdout] 
[INFO] [stdout] 
[INFO] [stdout] warning: function `test_correctness` is never used
[INFO] [stdout]    --> src/lwe.rs:442:4
[INFO] [stdout]     |
[INFO] [stdout] 442 | fn test_correctness() {
[INFO] [stdout]     |    ^^^^^^^^^^^^^^^^
[INFO] [stdout] 
[INFO] [stdout] 
[INFO] [stdout] warning: constant `SHARED_SECRET_BYTES` is never used
[INFO] [stdout]  --> src/lettuce.rs:5:7
[INFO] [stdout]   |
[INFO] [stdout] 5 | const SHARED_SECRET_BYTES: usize = pqc_kyber::KYBER_SSBYTES;
[INFO] [stdout]   |       ^^^^^^^^^^^^^^^^^^^
[INFO] [stdout] 
[INFO] [stdout] 
[INFO] [stdout] warning: type alias `SharedSecret` is never used
[INFO] [stdout]   --> src/lettuce.rs:15:6
[INFO] [stdout]    |
[INFO] [stdout] 15 | type SharedSecret = [u8 ; SHARED_SECRET_BYTES];
[INFO] [stdout]    |      ^^^^^^^^^^^^
[INFO] [stdout] 
[INFO] [stdout] 
[INFO] [stdout] warning: type alias `CiphertextKEM` is never used
[INFO] [stdout]   --> src/lettuce.rs:16:6
[INFO] [stdout]    |
[INFO] [stdout] 16 | type CiphertextKEM = [u8 ; CIPHERTEXT_KEM_BYTES];
[INFO] [stdout]    |      ^^^^^^^^^^^^^
[INFO] [stdout] 
[INFO] [stdout] 
[INFO] [stderr]     Finished `dev` profile [unoptimized + debuginfo] target(s) in 5.88s
[INFO] running `Command { std: "docker" "inspect" "f211c6b3890dc9f933bb720f295eb3a3aa1d6cd855e5311392529a657507a4ab", kill_on_drop: false }`
[INFO] running `Command { std: "docker" "rm" "-f" "f211c6b3890dc9f933bb720f295eb3a3aa1d6cd855e5311392529a657507a4ab", kill_on_drop: false }`
[INFO] [stdout] f211c6b3890dc9f933bb720f295eb3a3aa1d6cd855e5311392529a657507a4ab
[INFO] running `Command { std: "docker" "create" "-v" "/var/lib/crater-agent-workspace/builds/worker-7-tc1/target:/opt/rustwide/target:rw,Z" "-v" "/var/lib/crater-agent-workspace/builds/worker-7-tc1/source:/opt/rustwide/workdir:ro,Z" "-v" "/var/lib/crater-agent-workspace/cargo-home:/opt/rustwide/cargo-home:ro,Z" "-v" "/var/lib/crater-agent-workspace/rustup-home:/opt/rustwide/rustup-home:ro,Z" "-e" "SOURCE_DIR=/opt/rustwide/workdir" "-e" "CARGO_TARGET_DIR=/opt/rustwide/target" "-e" "CARGO_INCREMENTAL=0" "-e" "RUST_BACKTRACE=full" "-e" "RUSTFLAGS=--cap-lints=forbid" "-e" "RUSTDOCFLAGS=--cap-lints=forbid" "-e" "CARGO_HOME=/opt/rustwide/cargo-home" "-e" "RUSTUP_HOME=/opt/rustwide/rustup-home" "-w" "/opt/rustwide/workdir" "-m" "1610612736" "--user" "0:0" "--network" "none" "ghcr.io/rust-lang/crates-build-env/linux@sha256:819108c5571ea2e421544af4d832f968d213c87fbe3707a016657f43d2f853bc" "/opt/rustwide/cargo-home/bin/cargo" "+nightly-2025-01-18" "test" "--frozen" "--no-run" "--message-format=json", kill_on_drop: false }`
[INFO] [stdout] e57a1c915b6df0cd5802855f4db6424fe0856e1bc53fc78012e58aa861245098
[INFO] running `Command { std: "docker" "start" "-a" "e57a1c915b6df0cd5802855f4db6424fe0856e1bc53fc78012e58aa861245098", kill_on_drop: false }`
[INFO] [stdout] warning: unused import: `lwe::Ciphertext`
[INFO] [stdout]  --> src/speck.rs:6:13
[INFO] [stdout]   |
[INFO] [stdout] 6 | use crate::{lwe::Ciphertext, padding, utility::PaddedFileStream};
[INFO] [stdout]   |             ^^^^^^^^^^^^^^^
[INFO] [stdout]   |
[INFO] [stdout]   = note: `#[warn(unused_imports)]` on by default
[INFO] [stdout] 
[INFO] [stdout] 
[INFO] [stdout] warning: unused import: `std_impls::ZM`
[INFO] [stdout]  --> src/secsharing/types.rs:5:31
[INFO] [stdout]   |
[INFO] [stdout] 5 | use algebra_kit::{algebra::*, std_impls::ZM};
[INFO] [stdout]   |                               ^^^^^^^^^^^^^
[INFO] [stdout] 
[INFO] [stdout] 
[INFO] [stdout] warning: unused imports: `Rng`, `SeedableRng`, and `rngs::StdRng`
[INFO] [stdout]  --> src/utility.rs:4:12
[INFO] [stdout]   |
[INFO] [stdout] 4 | use rand::{rngs::StdRng, Rng, SeedableRng};
[INFO] [stdout]   |            ^^^^^^^^^^^^  ^^^  ^^^^^^^^^^^
[INFO] [stdout] 
[INFO] [stdout] 
[INFO] [stdout] warning: unused import: `crate::lwe::enc`
[INFO] [stdout]   --> src/padding.rs:25:5
[INFO] [stdout]    |
[INFO] [stdout] 25 | use crate::lwe::enc;
[INFO] [stdout]    |     ^^^^^^^^^^^^^^^
[INFO] [stdout] 
[INFO] [stdout] 
[INFO] [stdout] warning: unused import: `rand::Rng`
[INFO] [stdout]   --> src/lettuce.rs:82:9
[INFO] [stdout]    |
[INFO] [stdout] 82 |     use rand::Rng;
[INFO] [stdout]    |         ^^^^^^^^^
[INFO] [stdout] 
[INFO] [stdout] 
[INFO] [stdout] warning: the feature `const_mut_refs` has been stable since 1.83.0 and no longer requires an attribute to enable
[INFO] [stdout]  --> src/lib.rs:3:12
[INFO] [stdout]   |
[INFO] [stdout] 3 | #![feature(const_mut_refs)]
[INFO] [stdout]   |            ^^^^^^^^^^^^^^
[INFO] [stdout]   |
[INFO] [stdout]   = note: `#[warn(stable_features)]` on by default
[INFO] [stdout] 
[INFO] [stdout] 
[INFO] [stdout] warning: the feature `slice_flatten` has been stable since 1.80.0 and no longer requires an attribute to enable
[INFO] [stdout]  --> src/lib.rs:2:12
[INFO] [stdout]   |
[INFO] [stdout] 2 | #![feature(slice_flatten)]
[INFO] [stdout]   |            ^^^^^^^^^^^^^
[INFO] [stdout] 
[INFO] [stdout] 
[INFO] [stdout] warning: unused variable: `e`
[INFO] [stdout]    --> src/speck.rs:208:7
[INFO] [stdout]     |
[INFO] [stdout] 208 |         Err(e) => false
[INFO] [stdout]     |             ^ help: if this is intentional, prefix it with an underscore: `_e`
[INFO] [stdout]     |
[INFO] [stdout]     = note: `#[warn(unused_variables)]` on by default
[INFO] [stdout] 
[INFO] [stdout] 
[INFO] [stderr]    Compiling rusty_crypto v0.1.24 (/opt/rustwide/workdir)
[INFO] [stdout] warning: unused variable: `t`
[INFO] [stdout]    --> src/speck.rs:214:7
[INFO] [stdout]     |
[INFO] [stdout] 214 |             Ok(t) => (),
[INFO] [stdout]     |                ^ help: if this is intentional, prefix it with an underscore: `_t`
[INFO] [stdout] 
[INFO] [stdout] 
[INFO] [stdout] warning: function `test_lwe` is never used
[INFO] [stdout]    --> src/lwe.rs:258:4
[INFO] [stdout]     |
[INFO] [stdout] 258 | fn test_lwe() {
[INFO] [stdout]     |    ^^^^^^^^
[INFO] [stdout]     |
[INFO] [stdout]     = note: `#[warn(dead_code)]` on by default
[INFO] [stdout] 
[INFO] [stdout] 
[INFO] [stdout] warning: function `test_conversions` is never used
[INFO] [stdout]    --> src/lwe.rs:392:4
[INFO] [stdout]     |
[INFO] [stdout] 392 | fn test_conversions() {
[INFO] [stdout]     |    ^^^^^^^^^^^^^^^^
[INFO] [stdout] 
[INFO] [stdout] 
[INFO] [stdout] warning: function `test_correctness` is never used
[INFO] [stdout]    --> src/lwe.rs:442:4
[INFO] [stdout]     |
[INFO] [stdout] 442 | fn test_correctness() {
[INFO] [stdout]     |    ^^^^^^^^^^^^^^^^
[INFO] [stdout] 
[INFO] [stdout] 
[INFO] [stdout] warning: constant `SHARED_SECRET_BYTES` is never used
[INFO] [stdout]  --> src/lettuce.rs:5:7
[INFO] [stdout]   |
[INFO] [stdout] 5 | const SHARED_SECRET_BYTES: usize = pqc_kyber::KYBER_SSBYTES;
[INFO] [stdout]   |       ^^^^^^^^^^^^^^^^^^^
[INFO] [stdout] 
[INFO] [stdout] 
[INFO] [stdout] warning: type alias `SharedSecret` is never used
[INFO] [stdout]   --> src/lettuce.rs:15:6
[INFO] [stdout]    |
[INFO] [stdout] 15 | type SharedSecret = [u8 ; SHARED_SECRET_BYTES];
[INFO] [stdout]    |      ^^^^^^^^^^^^
[INFO] [stdout] 
[INFO] [stdout] 
[INFO] [stdout] warning: type alias `CiphertextKEM` is never used
[INFO] [stdout]   --> src/lettuce.rs:16:6
[INFO] [stdout]    |
[INFO] [stdout] 16 | type CiphertextKEM = [u8 ; CIPHERTEXT_KEM_BYTES];
[INFO] [stdout]    |      ^^^^^^^^^^^^^
[INFO] [stdout] 
[INFO] [stdout] 
[INFO] [stdout] warning: the feature `generic_const_exprs` is incomplete and may not be safe to use and/or cause compiler crashes
[INFO] [stdout]  --> tests/speck_tests.rs:1:12
[INFO] [stdout]   |
[INFO] [stdout] 1 | #![feature(generic_const_exprs)]
[INFO] [stdout]   |            ^^^^^^^^^^^^^^^^^^^
[INFO] [stdout]   |
[INFO] [stdout]   = note: see issue #76560 <https://github.com/rust-lang/rust/issues/76560> for more information
[INFO] [stdout]   = note: `#[warn(incomplete_features)]` on by default
[INFO] [stdout] 
[INFO] [stdout] 
[INFO] [stdout] warning: unused import: `rusty_crypto::lwe::Ciphertext`
[INFO] [stdout]  --> tests/speck_tests.rs:5:5
[INFO] [stdout]   |
[INFO] [stdout] 5 | use rusty_crypto::lwe::Ciphertext;
[INFO] [stdout]   |     ^^^^^^^^^^^^^^^^^^^^^^^^^^^^^
[INFO] [stdout]   |
[INFO] [stdout]   = note: `#[warn(unused_imports)]` on by default
[INFO] [stdout] 
[INFO] [stdout] 
[INFO] [stdout] warning: unused import: `Block`
[INFO] [stdout]  --> tests/speck_tests.rs:7:33
[INFO] [stdout]   |
[INFO] [stdout] 7 | use rusty_crypto::speck::{self, Block, BLOCK_SIZE};
[INFO] [stdout]   |                                 ^^^^^
[INFO] [stdout] 
[INFO] [stdout] 
[INFO] [stdout] warning: unused import: `rusty_crypto::utility::PaddedFileStream`
[INFO] [stdout]  --> tests/speck_tests.rs:8:5
[INFO] [stdout]   |
[INFO] [stdout] 8 | use rusty_crypto::utility::PaddedFileStream;
[INFO] [stdout]   |     ^^^^^^^^^^^^^^^^^^^^^^^^^^^^^^^^^^^^^^^
[INFO] [stdout] 
[INFO] [stdout] 
[INFO] [stdout] warning: unused import: `stdin`
[INFO] [stdout]   --> tests/speck_tests.rs:11:15
[INFO] [stdout]    |
[INFO] [stdout] 11 | use std::io::{stdin, ErrorKind, Read, Seek, Write};
[INFO] [stdout]    |               ^^^^^
[INFO] [stdout] 
[INFO] [stdout] 
[INFO] [stdout] warning: unused import: `lwe::Ciphertext`
[INFO] [stdout]  --> src/speck.rs:6:13
[INFO] [stdout]   |
[INFO] [stdout] 6 | use crate::{lwe::Ciphertext, padding, utility::PaddedFileStream};
[INFO] [stdout]   |             ^^^^^^^^^^^^^^^
[INFO] [stdout]   |
[INFO] [stdout]   = note: `#[warn(unused_imports)]` on by default
[INFO] [stdout] 
[INFO] [stdout] 
[INFO] [stdout] warning: unused import: `std_impls::ZM`
[INFO] [stdout]  --> src/secsharing/types.rs:5:31
[INFO] [stdout]   |
[INFO] [stdout] 5 | use algebra_kit::{algebra::*, std_impls::ZM};
[INFO] [stdout]   |                               ^^^^^^^^^^^^^
[INFO] [stdout] 
[INFO] [stdout] 
[INFO] [stdout] warning: unused imports: `Rng`, `SeedableRng`, and `rngs::StdRng`
[INFO] [stdout]  --> src/utility.rs:4:12
[INFO] [stdout]   |
[INFO] [stdout] 4 | use rand::{rngs::StdRng, Rng, SeedableRng};
[INFO] [stdout]   |            ^^^^^^^^^^^^  ^^^  ^^^^^^^^^^^
[INFO] [stdout] 
[INFO] [stdout] 
[INFO] [stdout] warning: unused import: `crate::lwe::enc`
[INFO] [stdout]   --> src/padding.rs:25:5
[INFO] [stdout]    |
[INFO] [stdout] 25 | use crate::lwe::enc;
[INFO] [stdout]    |     ^^^^^^^^^^^^^^^
[INFO] [stdout] 
[INFO] [stdout] 
[INFO] [stdout] warning: unused variable: `e`
[INFO] [stdout]   --> tests/speck_tests.rs:64:7
[INFO] [stdout]    |
[INFO] [stdout] 64 |         Err(e) => match File::create(path) {
[INFO] [stdout]    |             ^ help: if this is intentional, prefix it with an underscore: `_e`
[INFO] [stdout]    |
[INFO] [stdout]    = note: `#[warn(unused_variables)]` on by default
[INFO] [stdout] 
[INFO] [stdout] 
[INFO] [stdout] warning: unused variable: `i`
[INFO] [stdout]   --> tests/speck_tests.rs:73:6
[INFO] [stdout]    |
[INFO] [stdout] 73 |     for i in 0..1 {
[INFO] [stdout]    |         ^ help: if this is intentional, prefix it with an underscore: `_i`
[INFO] [stdout] 
[INFO] [stdout] 
[INFO] [stdout] warning: the feature `const_mut_refs` has been stable since 1.83.0 and no longer requires an attribute to enable
[INFO] [stdout]  --> src/lib.rs:3:12
[INFO] [stdout]   |
[INFO] [stdout] 3 | #![feature(const_mut_refs)]
[INFO] [stdout]   |            ^^^^^^^^^^^^^^
[INFO] [stdout]   |
[INFO] [stdout]   = note: `#[warn(stable_features)]` on by default
[INFO] [stdout] 
[INFO] [stdout] 
[INFO] [stdout] warning: the feature `slice_flatten` has been stable since 1.80.0 and no longer requires an attribute to enable
[INFO] [stdout]  --> src/lib.rs:2:12
[INFO] [stdout]   |
[INFO] [stdout] 2 | #![feature(slice_flatten)]
[INFO] [stdout]   |            ^^^^^^^^^^^^^
[INFO] [stdout] 
[INFO] [stdout] 
[INFO] [stdout] warning: struct `BlockStream` is never constructed
[INFO] [stdout]   --> tests/speck_tests.rs:14:8
[INFO] [stdout]    |
[INFO] [stdout] 14 | struct BlockStream<const N: usize> where [(); BLOCK_SIZE * N]: Sized {
[INFO] [stdout]    |        ^^^^^^^^^^^
[INFO] [stdout]    |
[INFO] [stdout]    = note: `#[warn(dead_code)]` on by default
[INFO] [stdout] 
[INFO] [stdout] 
[INFO] [stdout] warning: associated items `new` and `reset` are never used
[INFO] [stdout]   --> tests/speck_tests.rs:20:5
[INFO] [stdout]    |
[INFO] [stdout] 19 | impl<const N: usize> BlockStream<N> where [(); BLOCK_SIZE * N]: Sized {
[INFO] [stdout]    | --------------------------------------------------------------------- associated items in this implementation
[INFO] [stdout] 20 |     fn new() -> BlockStream<N> {
[INFO] [stdout]    |        ^^^
[INFO] [stdout] ...
[INFO] [stdout] 24 |     fn reset(&mut self) {
[INFO] [stdout]    |        ^^^^^
[INFO] [stdout] 
[INFO] [stdout] 
[INFO] [stdout] warning: unused `Result` that must be used
[INFO] [stdout]   --> tests/speck_tests.rs:81:4
[INFO] [stdout]    |
[INFO] [stdout] 81 |             plaintext_file.write(&byte);
[INFO] [stdout]    |             ^^^^^^^^^^^^^^^^^^^^^^^^^^^
[INFO] [stdout]    |
[INFO] [stdout]    = note: this `Result` may be an `Err` variant, which should be handled
[INFO] [stdout]    = note: `#[warn(unused_must_use)]` on by default
[INFO] [stdout] help: use `let _ = ...` to ignore the resulting value
[INFO] [stdout]    |
[INFO] [stdout] 81 |             let _ = plaintext_file.write(&byte);
[INFO] [stdout]    |             +++++++
[INFO] [stdout] 
[INFO] [stdout] 
[INFO] [stdout] warning: unused `Result` that must be used
[INFO] [stdout]   --> tests/speck_tests.rs:84:3
[INFO] [stdout]    |
[INFO] [stdout] 84 |         plaintext_file.rewind();
[INFO] [stdout]    |         ^^^^^^^^^^^^^^^^^^^^^^^
[INFO] [stdout]    |
[INFO] [stdout]    = note: this `Result` may be an `Err` variant, which should be handled
[INFO] [stdout] help: use `let _ = ...` to ignore the resulting value
[INFO] [stdout]    |
[INFO] [stdout] 84 |         let _ = plaintext_file.rewind();
[INFO] [stdout]    |         +++++++
[INFO] [stdout] 
[INFO] [stdout] 
[INFO] [stdout] warning: unused `Result` that must be used
[INFO] [stdout]    --> tests/speck_tests.rs:100:3
[INFO] [stdout]     |
[INFO] [stdout] 100 |         recovered.rewind();
[INFO] [stdout]     |         ^^^^^^^^^^^^^^^^^^
[INFO] [stdout]     |
[INFO] [stdout]     = note: this `Result` may be an `Err` variant, which should be handled
[INFO] [stdout] help: use `let _ = ...` to ignore the resulting value
[INFO] [stdout]     |
[INFO] [stdout] 100 |         let _ = recovered.rewind();
[INFO] [stdout]     |         +++++++
[INFO] [stdout] 
[INFO] [stdout] 
[INFO] [stdout] warning: unused `Result` that must be used
[INFO] [stdout]    --> tests/speck_tests.rs:106:3
[INFO] [stdout]     |
[INFO] [stdout] 106 |         recovered.rewind();
[INFO] [stdout]     |         ^^^^^^^^^^^^^^^^^^
[INFO] [stdout]     |
[INFO] [stdout]     = note: this `Result` may be an `Err` variant, which should be handled
[INFO] [stdout] help: use `let _ = ...` to ignore the resulting value
[INFO] [stdout]     |
[INFO] [stdout] 106 |         let _ = recovered.rewind();
[INFO] [stdout]     |         +++++++
[INFO] [stdout] 
[INFO] [stdout] 
[INFO] [stdout] warning: unused `Result` that must be used
[INFO] [stdout]    --> tests/speck_tests.rs:107:3
[INFO] [stdout]     |
[INFO] [stdout] 107 |         plaintext_file.rewind();
[INFO] [stdout]     |         ^^^^^^^^^^^^^^^^^^^^^^^
[INFO] [stdout]     |
[INFO] [stdout]     = note: this `Result` may be an `Err` variant, which should be handled
[INFO] [stdout] help: use `let _ = ...` to ignore the resulting value
[INFO] [stdout]     |
[INFO] [stdout] 107 |         let _ = plaintext_file.rewind();
[INFO] [stdout]     |         +++++++
[INFO] [stdout] 
[INFO] [stdout] 
[INFO] [stdout] warning: unused variable: `e`
[INFO] [stdout]    --> src/speck.rs:208:7
[INFO] [stdout]     |
[INFO] [stdout] 208 |         Err(e) => false
[INFO] [stdout]     |             ^ help: if this is intentional, prefix it with an underscore: `_e`
[INFO] [stdout]     |
[INFO] [stdout]     = note: `#[warn(unused_variables)]` on by default
[INFO] [stdout] 
[INFO] [stdout] 
[INFO] [stdout] warning: unused variable: `t`
[INFO] [stdout]    --> src/speck.rs:214:7
[INFO] [stdout]     |
[INFO] [stdout] 214 |             Ok(t) => (),
[INFO] [stdout]     |                ^ help: if this is intentional, prefix it with an underscore: `_t`
[INFO] [stdout] 
[INFO] [stdout] 
[INFO] [stdout] warning: function `test_lwe` is never used
[INFO] [stdout]    --> src/lwe.rs:258:4
[INFO] [stdout]     |
[INFO] [stdout] 258 | fn test_lwe() {
[INFO] [stdout]     |    ^^^^^^^^
[INFO] [stdout]     |
[INFO] [stdout]     = note: `#[warn(dead_code)]` on by default
[INFO] [stdout] 
[INFO] [stdout] 
[INFO] [stdout] warning: function `test_conversions` is never used
[INFO] [stdout]    --> src/lwe.rs:392:4
[INFO] [stdout]     |
[INFO] [stdout] 392 | fn test_conversions() {
[INFO] [stdout]     |    ^^^^^^^^^^^^^^^^
[INFO] [stdout] 
[INFO] [stdout] 
[INFO] [stdout] warning: function `test_correctness` is never used
[INFO] [stdout]    --> src/lwe.rs:442:4
[INFO] [stdout]     |
[INFO] [stdout] 442 | fn test_correctness() {
[INFO] [stdout]     |    ^^^^^^^^^^^^^^^^
[INFO] [stdout] 
[INFO] [stdout] 
[INFO] [stdout] warning: constant `SHARED_SECRET_BYTES` is never used
[INFO] [stdout]  --> src/lettuce.rs:5:7
[INFO] [stdout]   |
[INFO] [stdout] 5 | const SHARED_SECRET_BYTES: usize = pqc_kyber::KYBER_SSBYTES;
[INFO] [stdout]   |       ^^^^^^^^^^^^^^^^^^^
[INFO] [stdout] 
[INFO] [stdout] 
[INFO] [stdout] warning: type alias `SharedSecret` is never used
[INFO] [stdout]   --> src/lettuce.rs:15:6
[INFO] [stdout]    |
[INFO] [stdout] 15 | type SharedSecret = [u8 ; SHARED_SECRET_BYTES];
[INFO] [stdout]    |      ^^^^^^^^^^^^
[INFO] [stdout] 
[INFO] [stdout] 
[INFO] [stdout] warning: type alias `CiphertextKEM` is never used
[INFO] [stdout]   --> src/lettuce.rs:16:6
[INFO] [stdout]    |
[INFO] [stdout] 16 | type CiphertextKEM = [u8 ; CIPHERTEXT_KEM_BYTES];
[INFO] [stdout]    |      ^^^^^^^^^^^^^
[INFO] [stdout] 
[INFO] [stdout] 
[INFO] [stderr]     Finished `test` profile [unoptimized + debuginfo] target(s) in 0.59s
[INFO] running `Command { std: "docker" "inspect" "e57a1c915b6df0cd5802855f4db6424fe0856e1bc53fc78012e58aa861245098", kill_on_drop: false }`
[INFO] running `Command { std: "docker" "rm" "-f" "e57a1c915b6df0cd5802855f4db6424fe0856e1bc53fc78012e58aa861245098", kill_on_drop: false }`
[INFO] [stdout] e57a1c915b6df0cd5802855f4db6424fe0856e1bc53fc78012e58aa861245098
[INFO] running `Command { std: "docker" "create" "-v" "/var/lib/crater-agent-workspace/builds/worker-7-tc1/target:/opt/rustwide/target:rw,Z" "-v" "/var/lib/crater-agent-workspace/builds/worker-7-tc1/source:/opt/rustwide/workdir:ro,Z" "-v" "/var/lib/crater-agent-workspace/cargo-home:/opt/rustwide/cargo-home:ro,Z" "-v" "/var/lib/crater-agent-workspace/rustup-home:/opt/rustwide/rustup-home:ro,Z" "-e" "SOURCE_DIR=/opt/rustwide/workdir" "-e" "CARGO_TARGET_DIR=/opt/rustwide/target" "-e" "CARGO_INCREMENTAL=0" "-e" "RUST_BACKTRACE=full" "-e" "RUSTFLAGS=--cap-lints=forbid" "-e" "RUSTDOCFLAGS=--cap-lints=forbid" "-e" "CARGO_HOME=/opt/rustwide/cargo-home" "-e" "RUSTUP_HOME=/opt/rustwide/rustup-home" "-w" "/opt/rustwide/workdir" "-m" "1610612736" "--user" "0:0" "--network" "none" "ghcr.io/rust-lang/crates-build-env/linux@sha256:819108c5571ea2e421544af4d832f968d213c87fbe3707a016657f43d2f853bc" "/opt/rustwide/cargo-home/bin/cargo" "+nightly-2025-01-18" "test" "--frozen", kill_on_drop: false }`
[INFO] [stdout] 6554caf3d6d1d0642ea8d102c54fe5053a56ad08eb1edcd9c3a95b55736690c0
[INFO] running `Command { std: "docker" "start" "-a" "6554caf3d6d1d0642ea8d102c54fe5053a56ad08eb1edcd9c3a95b55736690c0", kill_on_drop: false }`
[INFO] [stderr] warning: unused import: `lwe::Ciphertext`
[INFO] [stderr]  --> src/speck.rs:6:13
[INFO] [stderr]   |
[INFO] [stderr] 6 | use crate::{lwe::Ciphertext, padding, utility::PaddedFileStream};
[INFO] [stderr]   |             ^^^^^^^^^^^^^^^
[INFO] [stderr]   |
[INFO] [stderr]   = note: `#[warn(unused_imports)]` on by default
[INFO] [stderr] 
[INFO] [stderr] warning: unused import: `std_impls::ZM`
[INFO] [stderr]  --> src/secsharing/types.rs:5:31
[INFO] [stderr]   |
[INFO] [stderr] 5 | use algebra_kit::{algebra::*, std_impls::ZM};
[INFO] [stderr]   |                               ^^^^^^^^^^^^^
[INFO] [stderr] 
[INFO] [stderr] warning: unused imports: `Rng`, `SeedableRng`, and `rngs::StdRng`
[INFO] [stderr]  --> src/utility.rs:4:12
[INFO] [stderr]   |
[INFO] [stderr] 4 | use rand::{rngs::StdRng, Rng, SeedableRng};
[INFO] [stderr]   |            ^^^^^^^^^^^^  ^^^  ^^^^^^^^^^^
[INFO] [stderr] 
[INFO] [stderr] warning: unused import: `crate::lwe::enc`
[INFO] [stderr]   --> src/padding.rs:25:5
[INFO] [stderr]    |
[INFO] [stderr] 25 | use crate::lwe::enc;
[INFO] [stderr]    |     ^^^^^^^^^^^^^^^
[INFO] [stderr] 
[INFO] [stderr] warning: unused import: `rand::Rng`
[INFO] [stderr]   --> src/lettuce.rs:82:9
[INFO] [stderr]    |
[INFO] [stderr] 82 |     use rand::Rng;
[INFO] [stderr]    |         ^^^^^^^^^
[INFO] [stderr] 
[INFO] [stderr] warning: the feature `const_mut_refs` has been stable since 1.83.0 and no longer requires an attribute to enable
[INFO] [stderr]  --> src/lib.rs:3:12
[INFO] [stderr]   |
[INFO] [stderr] 3 | #![feature(const_mut_refs)]
[INFO] [stderr]   |            ^^^^^^^^^^^^^^
[INFO] [stderr]   |
[INFO] [stderr]   = note: `#[warn(stable_features)]` on by default
[INFO] [stderr] 
[INFO] [stderr] warning: the feature `slice_flatten` has been stable since 1.80.0 and no longer requires an attribute to enable
[INFO] [stderr]  --> src/lib.rs:2:12
[INFO] [stderr]   |
[INFO] [stderr] 2 | #![feature(slice_flatten)]
[INFO] [stderr]   |            ^^^^^^^^^^^^^
[INFO] [stderr] 
[INFO] [stderr] warning: unused variable: `e`
[INFO] [stderr]    --> src/speck.rs:208:7
[INFO] [stderr]     |
[INFO] [stderr] 208 |         Err(e) => false
[INFO] [stderr]     |             ^ help: if this is intentional, prefix it with an underscore: `_e`
[INFO] [stderr]     |
[INFO] [stderr]     = note: `#[warn(unused_variables)]` on by default
[INFO] [stderr] 
[INFO] [stderr] warning: unused variable: `t`
[INFO] [stderr]    --> src/speck.rs:214:7
[INFO] [stderr]     |
[INFO] [stderr] 214 |             Ok(t) => (),
[INFO] [stderr]     |                ^ help: if this is intentional, prefix it with an underscore: `_t`
[INFO] [stderr] 
[INFO] [stderr] warning: function `test_lwe` is never used
[INFO] [stderr]    --> src/lwe.rs:258:4
[INFO] [stderr]     |
[INFO] [stderr] 258 | fn test_lwe() {
[INFO] [stderr]     |    ^^^^^^^^
[INFO] [stderr]     |
[INFO] [stderr]     = note: `#[warn(dead_code)]` on by default
[INFO] [stderr] 
[INFO] [stderr] warning: function `test_conversions` is never used
[INFO] [stderr]    --> src/lwe.rs:392:4
[INFO] [stderr]     |
[INFO] [stderr] 392 | fn test_conversions() {
[INFO] [stderr]     |    ^^^^^^^^^^^^^^^^
[INFO] [stderr] 
[INFO] [stderr] warning: function `test_correctness` is never used
[INFO] [stderr]    --> src/lwe.rs:442:4
[INFO] [stderr]     |
[INFO] [stderr] 442 | fn test_correctness() {
[INFO] [stderr]     |    ^^^^^^^^^^^^^^^^
[INFO] [stderr] 
[INFO] [stderr] warning: constant `SHARED_SECRET_BYTES` is never used
[INFO] [stderr]  --> src/lettuce.rs:5:7
[INFO] [stderr]   |
[INFO] [stderr] 5 | const SHARED_SECRET_BYTES: usize = pqc_kyber::KYBER_SSBYTES;
[INFO] [stderr]   |       ^^^^^^^^^^^^^^^^^^^
[INFO] [stderr] 
[INFO] [stderr] warning: type alias `SharedSecret` is never used
[INFO] [stderr]   --> src/lettuce.rs:15:6
[INFO] [stderr]    |
[INFO] [stderr] 15 | type SharedSecret = [u8 ; SHARED_SECRET_BYTES];
[INFO] [stderr]    |      ^^^^^^^^^^^^
[INFO] [stderr] 
[INFO] [stderr] warning: type alias `CiphertextKEM` is never used
[INFO] [stderr]   --> src/lettuce.rs:16:6
[INFO] [stderr]    |
[INFO] [stderr] 16 | type CiphertextKEM = [u8 ; CIPHERTEXT_KEM_BYTES];
[INFO] [stderr]    |      ^^^^^^^^^^^^^
[INFO] [stderr] 
[INFO] [stderr] warning: `rusty_crypto` (lib) generated 15 warnings (run `cargo fix --lib -p rusty_crypto` to apply 5 suggestions)
[INFO] [stderr] warning: `rusty_crypto` (lib test) generated 14 warnings (14 duplicates)
[INFO] [stderr] warning: the feature `generic_const_exprs` is incomplete and may not be safe to use and/or cause compiler crashes
[INFO] [stderr]  --> tests/speck_tests.rs:1:12
[INFO] [stderr]   |
[INFO] [stderr] 1 | #![feature(generic_const_exprs)]
[INFO] [stderr]   |            ^^^^^^^^^^^^^^^^^^^
[INFO] [stderr]   |
[INFO] [stderr]   = note: see issue #76560 <https://github.com/rust-lang/rust/issues/76560> for more information
[INFO] [stderr]   = note: `#[warn(incomplete_features)]` on by default
[INFO] [stderr] 
[INFO] [stderr] warning: unused import: `rusty_crypto::lwe::Ciphertext`
[INFO] [stderr]  --> tests/speck_tests.rs:5:5
[INFO] [stderr]   |
[INFO] [stderr] 5 | use rusty_crypto::lwe::Ciphertext;
[INFO] [stderr]   |     ^^^^^^^^^^^^^^^^^^^^^^^^^^^^^
[INFO] [stderr]   |
[INFO] [stderr]   = note: `#[warn(unused_imports)]` on by default
[INFO] [stderr] 
[INFO] [stderr] warning: unused import: `Block`
[INFO] [stderr]  --> tests/speck_tests.rs:7:33
[INFO] [stderr]   |
[INFO] [stderr] 7 | use rusty_crypto::speck::{self, Block, BLOCK_SIZE};
[INFO] [stderr]   |                                 ^^^^^
[INFO] [stderr] 
[INFO] [stderr] warning: unused import: `rusty_crypto::utility::PaddedFileStream`
[INFO] [stderr]  --> tests/speck_tests.rs:8:5
[INFO] [stderr]   |
[INFO] [stderr] 8 | use rusty_crypto::utility::PaddedFileStream;
[INFO] [stderr]   |     ^^^^^^^^^^^^^^^^^^^^^^^^^^^^^^^^^^^^^^^
[INFO] [stderr] 
[INFO] [stderr] warning: unused import: `stdin`
[INFO] [stderr]   --> tests/speck_tests.rs:11:15
[INFO] [stderr]    |
[INFO] [stderr] 11 | use std::io::{stdin, ErrorKind, Read, Seek, Write};
[INFO] [stderr]    |               ^^^^^
[INFO] [stderr] 
[INFO] [stderr] warning: unused variable: `e`
[INFO] [stderr]   --> tests/speck_tests.rs:64:7
[INFO] [stderr]    |
[INFO] [stderr] 64 |         Err(e) => match File::create(path) {
[INFO] [stderr]    |             ^ help: if this is intentional, prefix it with an underscore: `_e`
[INFO] [stderr]    |
[INFO] [stderr]    = note: `#[warn(unused_variables)]` on by default
[INFO] [stderr] 
[INFO] [stderr] warning: unused variable: `i`
[INFO] [stderr]   --> tests/speck_tests.rs:73:6
[INFO] [stderr]    |
[INFO] [stderr] 73 |     for i in 0..1 {
[INFO] [stderr]    |         ^ help: if this is intentional, prefix it with an underscore: `_i`
[INFO] [stderr] 
[INFO] [stderr] warning: struct `BlockStream` is never constructed
[INFO] [stderr]   --> tests/speck_tests.rs:14:8
[INFO] [stderr]    |
[INFO] [stderr] 14 | struct BlockStream<const N: usize> where [(); BLOCK_SIZE * N]: Sized {
[INFO] [stderr]    |        ^^^^^^^^^^^
[INFO] [stderr]    |
[INFO] [stderr]    = note: `#[warn(dead_code)]` on by default
[INFO] [stderr] 
[INFO] [stderr] warning: associated items `new` and `reset` are never used
[INFO] [stderr]   --> tests/speck_tests.rs:20:5
[INFO] [stderr]    |
[INFO] [stderr] 19 | impl<const N: usize> BlockStream<N> where [(); BLOCK_SIZE * N]: Sized {
[INFO] [stderr]    | --------------------------------------------------------------------- associated items in this implementation
[INFO] [stderr] 20 |     fn new() -> BlockStream<N> {
[INFO] [stderr]    |        ^^^
[INFO] [stderr] ...
[INFO] [stderr] 24 |     fn reset(&mut self) {
[INFO] [stderr]    |        ^^^^^
[INFO] [stderr] 
[INFO] [stderr] warning: unused `Result` that must be used
[INFO] [stderr]   --> tests/speck_tests.rs:81:4
[INFO] [stderr]    |
[INFO] [stderr] 81 |             plaintext_file.write(&byte);
[INFO] [stderr]    |             ^^^^^^^^^^^^^^^^^^^^^^^^^^^
[INFO] [stderr]    |
[INFO] [stderr]    = note: this `Result` may be an `Err` variant, which should be handled
[INFO] [stderr]    = note: `#[warn(unused_must_use)]` on by default
[INFO] [stderr] help: use `let _ = ...` to ignore the resulting value
[INFO] [stderr]    |
[INFO] [stderr] 81 |             let _ = plaintext_file.write(&byte);
[INFO] [stderr]    |             +++++++
[INFO] [stderr] 
[INFO] [stderr] warning: unused `Result` that must be used
[INFO] [stderr]   --> tests/speck_tests.rs:84:3
[INFO] [stderr]    |
[INFO] [stderr] 84 |         plaintext_file.rewind();
[INFO] [stderr]    |         ^^^^^^^^^^^^^^^^^^^^^^^
[INFO] [stderr]    |
[INFO] [stderr]    = note: this `Result` may be an `Err` variant, which should be handled
[INFO] [stderr] help: use `let _ = ...` to ignore the resulting value
[INFO] [stderr]    |
[INFO] [stderr] 84 |         let _ = plaintext_file.rewind();
[INFO] [stderr]    |         +++++++
[INFO] [stderr] 
[INFO] [stderr] warning: unused `Result` that must be used
[INFO] [stderr]    --> tests/speck_tests.rs:100:3
[INFO] [stderr]     |
[INFO] [stderr] 100 |         recovered.rewind();
[INFO] [stderr]     |         ^^^^^^^^^^^^^^^^^^
[INFO] [stderr]     |
[INFO] [stderr]     = note: this `Result` may be an `Err` variant, which should be handled
[INFO] [stderr] help: use `let _ = ...` to ignore the resulting value
[INFO] [stderr]     |
[INFO] [stderr] 100 |         let _ = recovered.rewind();
[INFO] [stderr]     |         +++++++
[INFO] [stderr] 
[INFO] [stderr] warning: unused `Result` that must be used
[INFO] [stderr]    --> tests/speck_tests.rs:106:3
[INFO] [stderr]     |
[INFO] [stderr] 106 |         recovered.rewind();
[INFO] [stderr]     |         ^^^^^^^^^^^^^^^^^^
[INFO] [stderr]     |
[INFO] [stderr]     = note: this `Result` may be an `Err` variant, which should be handled
[INFO] [stderr] help: use `let _ = ...` to ignore the resulting value
[INFO] [stderr]     |
[INFO] [stderr] 106 |         let _ = recovered.rewind();
[INFO] [stderr]     |         +++++++
[INFO] [stderr] 
[INFO] [stderr] warning: unused `Result` that must be used
[INFO] [stderr]    --> tests/speck_tests.rs:107:3
[INFO] [stderr]     |
[INFO] [stderr] 107 |         plaintext_file.rewind();
[INFO] [stderr]     |         ^^^^^^^^^^^^^^^^^^^^^^^
[INFO] [stderr]     |
[INFO] [stderr]     = note: this `Result` may be an `Err` variant, which should be handled
[INFO] [stderr] help: use `let _ = ...` to ignore the resulting value
[INFO] [stderr]     |
[INFO] [stderr] 107 |         let _ = plaintext_file.rewind();
[INFO] [stderr]     |         +++++++
[INFO] [stderr] 
[INFO] [stderr] warning: `rusty_crypto` (test "speck_tests") generated 14 warnings (run `cargo fix --test "speck_tests"` to apply 4 suggestions)
[INFO] [stderr]     Finished `test` profile [unoptimized + debuginfo] target(s) in 0.03s
[INFO] [stderr]      Running unittests src/lib.rs (/opt/rustwide/target/debug/deps/rusty_crypto-621bb26d86519454)
[INFO] [stdout] 
[INFO] [stdout] running 21 tests
[INFO] [stdout] test padding::pad_sha256_tests::test_abc ... ok
[INFO] [stdout] test speck::tests::test_gen ... ok
[INFO] [stdout] test speck::tests::test_inv_rounds ... ok
[INFO] [stdout] test sha512::tests::test_long_abc ... ok
[INFO] [stdout] test speck::tests::test_rounds ... ok
[INFO] [stdout] test speck::tests::test_speck_dec ... ok
[INFO] [stdout] test speck::tests::test_speck_enc ... ok
[INFO] [stdout] test speck::tests::test_key_schedule ... ok
[INFO] [stdout] test secsharing::sharing::tests::test_simple_recovery ... ok
[INFO] [stdout] test padding::pad_sha512_tests::test_abc ... ok
[INFO] [stdout] test speck::tests::test_key_str ... ok
[INFO] [stdout] test secsharing::types::tests::test_add ... ok
[INFO] [stdout] test sha512::tests::test_abc ... ok
[INFO] [stdout] test secsharing::sharing::tests::test_converstion_symmetry ... ok
[INFO] [stdout] test speck::tests::test_vec_enc ... ok
[INFO] [stdout] test lettuce::tests::test_symmetry ... ok
[INFO] [stdout] test padding::pad_sha512_tests::test_symmetry ... ok
[INFO] [stdout] test padding::pad_sha256_tests::test_symmetry ... ok
[INFO] [stdout] test secsharing::types::tests::test_mul_inv ... ok
[INFO] [stdout] test secsharing::sharing::tests::test_secret_sharing ... ok
[INFO] [stdout] test secsharing::types::tests::test_pow ... ok
[INFO] [stderr]      Running tests/speck_tests.rs (/opt/rustwide/target/debug/deps/speck_tests-2710460434a4e492)
[INFO] [stdout] 
[INFO] [stdout] test result: ok. 21 passed; 0 failed; 0 ignored; 0 measured; 0 filtered out; finished in 30.13s
[INFO] [stdout] 
[INFO] [stdout] 
[INFO] [stdout] running 1 test
[INFO] [stdout] test test_file_enc ... FAILED
[INFO] [stdout] 
[INFO] [stdout] failures:
[INFO] [stdout] 
[INFO] [stdout] ---- test_file_enc stdout ----
[INFO] [stdout] 
[INFO] [stdout] thread 'test_file_enc' panicked at tests/speck_tests.rs:66:23:
[INFO] [stdout] Error creating file: Os { code: 30, kind: ReadOnlyFilesystem, message: "Read-only file system" }
[INFO] [stdout] stack backtrace:
[INFO] [stdout]    0:     0x571c8333a26a - std::backtrace_rs::backtrace::libunwind::trace::hb059275cfc8d6126
[INFO] [stdout]                                at /rustc/6067b36314ab5eb2eb47cecc464545ba58e1ad24/library/std/src/../../backtrace/src/backtrace/libunwind.rs:116:5
[INFO] [stdout]    1:     0x571c8333a26a - std::backtrace_rs::backtrace::trace_unsynchronized::h2da071e4327ce3ee
[INFO] [stdout]                                at /rustc/6067b36314ab5eb2eb47cecc464545ba58e1ad24/library/std/src/../../backtrace/src/backtrace/mod.rs:66:5
[INFO] [stdout]    2:     0x571c8333a26a - std::sys::backtrace::_print_fmt::h842a1474e6f8d23f
[INFO] [stdout]                                at /rustc/6067b36314ab5eb2eb47cecc464545ba58e1ad24/library/std/src/sys/backtrace.rs:66:9
[INFO] [stdout]    3:     0x571c8333a26a - <std::sys::backtrace::BacktraceLock::print::DisplayBacktrace as core::fmt::Display>::fmt::h71a62eb3b9696b12
[INFO] [stdout]                                at /rustc/6067b36314ab5eb2eb47cecc464545ba58e1ad24/library/std/src/sys/backtrace.rs:39:26
[INFO] [stdout]    4:     0x571c83361e43 - core::fmt::rt::Argument::fmt::hdb6b616786b41dc1
[INFO] [stdout]                                at /rustc/6067b36314ab5eb2eb47cecc464545ba58e1ad24/library/core/src/fmt/rt.rs:177:76
[INFO] [stdout]    5:     0x571c83361e43 - core::fmt::write::h2cc1698af7e2d686
[INFO] [stdout]                                at /rustc/6067b36314ab5eb2eb47cecc464545ba58e1ad24/library/core/src/fmt/mod.rs:1440:21
[INFO] [stdout]    6:     0x571c83336dc3 - std::io::Write::write_fmt::hab1b4cd059a79022
[INFO] [stdout]                                at /rustc/6067b36314ab5eb2eb47cecc464545ba58e1ad24/library/std/src/io/mod.rs:1887:15
[INFO] [stdout]    7:     0x571c8333a0b2 - std::sys::backtrace::BacktraceLock::print::h147fe35b4ea13b08
[INFO] [stdout]                                at /rustc/6067b36314ab5eb2eb47cecc464545ba58e1ad24/library/std/src/sys/backtrace.rs:42:9
[INFO] [stdout]    8:     0x571c8333b68f - std::panicking::default_hook::{{closure}}::hbd44223dbdc0d208
[INFO] [stdout]                                at /rustc/6067b36314ab5eb2eb47cecc464545ba58e1ad24/library/std/src/panicking.rs:298:22
[INFO] [stdout]    9:     0x571c8333b4a8 - std::panicking::default_hook::h20f81eb0576efcec
[INFO] [stdout]                                at /rustc/6067b36314ab5eb2eb47cecc464545ba58e1ad24/library/std/src/panicking.rs:322:9
[INFO] [stdout]   10:     0x571c832caae3 - <alloc::boxed::Box<F,A> as core::ops::function::Fn<Args>>::call::hdb53814c496a4d34
[INFO] [stdout]                                at /rustc/6067b36314ab5eb2eb47cecc464545ba58e1ad24/library/alloc/src/boxed.rs:2027:9
[INFO] [stdout]   11:     0x571c832caae3 - test::test_main::{{closure}}::hc0a4963c59427c24
[INFO] [stdout]                                at /rustc/6067b36314ab5eb2eb47cecc464545ba58e1ad24/library/test/src/lib.rs:134:21
[INFO] [stdout]   12:     0x571c8333c183 - <alloc::boxed::Box<F,A> as core::ops::function::Fn<Args>>::call::h591b2225413a77e9
[INFO] [stdout]                                at /rustc/6067b36314ab5eb2eb47cecc464545ba58e1ad24/library/alloc/src/boxed.rs:2027:9
[INFO] [stdout]   13:     0x571c8333c183 - std::panicking::rust_panic_with_hook::h625eea43051b2edc
[INFO] [stdout]                                at /rustc/6067b36314ab5eb2eb47cecc464545ba58e1ad24/library/std/src/panicking.rs:839:13
[INFO] [stdout]   14:     0x571c8333be3a - std::panicking::begin_panic_handler::{{closure}}::h4f9159cfbc3f6bd3
[INFO] [stdout]                                at /rustc/6067b36314ab5eb2eb47cecc464545ba58e1ad24/library/std/src/panicking.rs:704:13
[INFO] [stdout]   15:     0x571c8333a769 - std::sys::backtrace::__rust_end_short_backtrace::h0390abce48353151
[INFO] [stdout]                                at /rustc/6067b36314ab5eb2eb47cecc464545ba58e1ad24/library/std/src/sys/backtrace.rs:168:18
[INFO] [stdout]   16:     0x571c8333bacd - rust_begin_unwind
[INFO] [stdout]                                at /rustc/6067b36314ab5eb2eb47cecc464545ba58e1ad24/library/std/src/panicking.rs:695:5
[INFO] [stdout]   17:     0x571c83360820 - core::panicking::panic_fmt::h9e7c637e9e5f29c9
[INFO] [stdout]                                at /rustc/6067b36314ab5eb2eb47cecc464545ba58e1ad24/library/core/src/panicking.rs:75:14
[INFO] [stdout]   18:     0x571c8328fadc - speck_tests::open_file::h0dd09347fe1c384f
[INFO] [stdout]                                at /opt/rustwide/workdir/tests/speck_tests.rs:66:14
[INFO] [stdout]   19:     0x571c8328fbb0 - speck_tests::test_file_enc::h5a9940b91e56e1f7
[INFO] [stdout]                                at /opt/rustwide/workdir/tests/speck_tests.rs:75:28
[INFO] [stdout]   20:     0x571c8328fb27 - speck_tests::test_file_enc::{{closure}}::h171a65618735c5a6
[INFO] [stdout]                                at /opt/rustwide/workdir/tests/speck_tests.rs:72:19
[INFO] [stdout]   21:     0x571c8328f466 - core::ops::function::FnOnce::call_once::ha387496171338b34
[INFO] [stdout]                                at /rustc/6067b36314ab5eb2eb47cecc464545ba58e1ad24/library/core/src/ops/function.rs:250:5
[INFO] [stdout]   22:     0x571c832d023b - core::ops::function::FnOnce::call_once::he27718dfdd183f43
[INFO] [stdout]                                at /rustc/6067b36314ab5eb2eb47cecc464545ba58e1ad24/library/core/src/ops/function.rs:250:5
[INFO] [stdout]   23:     0x571c832d023b - test::__rust_begin_short_backtrace::h4e84902998457a5d
[INFO] [stdout]                                at /rustc/6067b36314ab5eb2eb47cecc464545ba58e1ad24/library/test/src/lib.rs:632:18
[INFO] [stdout]   24:     0x571c832cf173 - test::run_test_in_process::{{closure}}::h7176fd18fc1feca0
[INFO] [stdout]                                at /rustc/6067b36314ab5eb2eb47cecc464545ba58e1ad24/library/test/src/lib.rs:655:60
[INFO] [stdout]   25:     0x571c832cf173 - <core::panic::unwind_safe::AssertUnwindSafe<F> as core::ops::function::FnOnce<()>>::call_once::hf79cff2a624d8cf7
[INFO] [stdout]                                at /rustc/6067b36314ab5eb2eb47cecc464545ba58e1ad24/library/core/src/panic/unwind_safe.rs:272:9
[INFO] [stdout]   26:     0x571c832cf173 - std::panicking::try::do_call::h3da0561d9ab99c25
[INFO] [stdout]                                at /rustc/6067b36314ab5eb2eb47cecc464545ba58e1ad24/library/std/src/panicking.rs:587:40
[INFO] [stdout]   27:     0x571c832cf173 - std::panicking::try::h41c9fa508bc61df6
[INFO] [stdout]                                at /rustc/6067b36314ab5eb2eb47cecc464545ba58e1ad24/library/std/src/panicking.rs:550:19
[INFO] [stdout]   28:     0x571c832cf173 - std::panic::catch_unwind::h6b3ff07bb5afad93
[INFO] [stdout]                                at /rustc/6067b36314ab5eb2eb47cecc464545ba58e1ad24/library/std/src/panic.rs:358:14
[INFO] [stdout]   29:     0x571c832cf173 - test::run_test_in_process::hc7253dd11b39b9f4
[INFO] [stdout]                                at /rustc/6067b36314ab5eb2eb47cecc464545ba58e1ad24/library/test/src/lib.rs:655:27
[INFO] [stdout]   30:     0x571c832cf173 - test::run_test::{{closure}}::hfb2007f8649c30bb
[INFO] [stdout]                                at /rustc/6067b36314ab5eb2eb47cecc464545ba58e1ad24/library/test/src/lib.rs:576:43
[INFO] [stdout]   31:     0x571c83292255 - test::run_test::{{closure}}::h56a17aa7a282a9f4
[INFO] [stdout]                                at /rustc/6067b36314ab5eb2eb47cecc464545ba58e1ad24/library/test/src/lib.rs:606:41
[INFO] [stdout]   32:     0x571c83292255 - std::sys::backtrace::__rust_begin_short_backtrace::hd2d2d2fb8e8c6aac
[INFO] [stdout]                                at /rustc/6067b36314ab5eb2eb47cecc464545ba58e1ad24/library/std/src/sys/backtrace.rs:152:18
[INFO] [stdout]   33:     0x571c83295b3a - std::thread::Builder::spawn_unchecked_::{{closure}}::{{closure}}::h4faa3f9db6133423
[INFO] [stdout]                                at /rustc/6067b36314ab5eb2eb47cecc464545ba58e1ad24/library/std/src/thread/mod.rs:559:17
[INFO] [stdout]   34:     0x571c83295b3a - <core::panic::unwind_safe::AssertUnwindSafe<F> as core::ops::function::FnOnce<()>>::call_once::hf2e855a36a4ea846
[INFO] [stdout]                                at /rustc/6067b36314ab5eb2eb47cecc464545ba58e1ad24/library/core/src/panic/unwind_safe.rs:272:9
[INFO] [stdout]   35:     0x571c83295b3a - std::panicking::try::do_call::h2f73af3616c35465
[INFO] [stdout]                                at /rustc/6067b36314ab5eb2eb47cecc464545ba58e1ad24/library/std/src/panicking.rs:587:40
[INFO] [stdout]   36:     0x571c83295b3a - std::panicking::try::hd1660ce9efadef5a
[INFO] [stdout]                                at /rustc/6067b36314ab5eb2eb47cecc464545ba58e1ad24/library/std/src/panicking.rs:550:19
[INFO] [stdout]   37:     0x571c83295b3a - std::panic::catch_unwind::h5ee8d7823b8ca744
[INFO] [stdout]                                at /rustc/6067b36314ab5eb2eb47cecc464545ba58e1ad24/library/std/src/panic.rs:358:14
[INFO] [stdout]   38:     0x571c83295b3a - std::thread::Builder::spawn_unchecked_::{{closure}}::h53c3a1894dce8407
[INFO] [stdout]                                at /rustc/6067b36314ab5eb2eb47cecc464545ba58e1ad24/library/std/src/thread/mod.rs:557:30
[INFO] [stdout]   39:     0x571c83295b3a - core::ops::function::FnOnce::call_once{{vtable.shim}}::h048ce291ad4f62bf
[INFO] [stdout]                                at /rustc/6067b36314ab5eb2eb47cecc464545ba58e1ad24/library/core/src/ops/function.rs:250:5
[INFO] [stdout]   40:     0x571c833400cb - <alloc::boxed::Box<F,A> as core::ops::function::FnOnce<Args>>::call_once::ha52bedf99a3b4981
[INFO] [stdout]                                at /rustc/6067b36314ab5eb2eb47cecc464545ba58e1ad24/library/alloc/src/boxed.rs:2013:9
[INFO] [stdout]   41:     0x571c833400cb - <alloc::boxed::Box<F,A> as core::ops::function::FnOnce<Args>>::call_once::h567748934d80ccf8
[INFO] [stdout]                                at /rustc/6067b36314ab5eb2eb47cecc464545ba58e1ad24/library/alloc/src/boxed.rs:2013:9
[INFO] [stdout]   42:     0x571c833400cb - std::sys::pal::unix::thread::Thread::new::thread_start::h2d970728ae887adc
[INFO] [stdout]                                at /rustc/6067b36314ab5eb2eb47cecc464545ba58e1ad24/library/std/src/sys/pal/unix/thread.rs:106:17
[INFO] [stdout]   43:     0x74afb08fcac3 - <unknown>
[INFO] [stdout]   44:     0x74afb098da04 - clone
[INFO] [stdout]   45:                0x0 - <unknown>
[INFO] [stdout] 
[INFO] [stdout] 
[INFO] [stdout] failures:
[INFO] [stdout]     test_file_enc
[INFO] [stdout] 
[INFO] [stdout] test result: FAILED. 0 passed; 1 failed; 0 ignored; 0 measured; 0 filtered out; finished in 0.02s
[INFO] [stdout] 
[INFO] [stderr] error: test failed, to rerun pass `--test speck_tests`
[INFO] running `Command { std: "docker" "inspect" "6554caf3d6d1d0642ea8d102c54fe5053a56ad08eb1edcd9c3a95b55736690c0", kill_on_drop: false }`
[INFO] running `Command { std: "docker" "rm" "-f" "6554caf3d6d1d0642ea8d102c54fe5053a56ad08eb1edcd9c3a95b55736690c0", kill_on_drop: false }`
[INFO] [stdout] 6554caf3d6d1d0642ea8d102c54fe5053a56ad08eb1edcd9c3a95b55736690c0
