[INFO] fetching crate rusty_6502 0.1.0-alpha...
[INFO] testing rusty_6502-0.1.0-alpha against nightly-2025-01-18 for randomize-layout-2
[INFO] extracting crate rusty_6502 0.1.0-alpha into /workspace/builds/worker-0-tc1/source
[INFO] validating manifest of crates.io crate rusty_6502 0.1.0-alpha on toolchain nightly-2025-01-18
[INFO] running `Command { std: CARGO_HOME="/workspace/cargo-home" RUSTUP_HOME="/workspace/rustup-home" "/workspace/cargo-home/bin/cargo" "+nightly-2025-01-18" "metadata" "--manifest-path" "Cargo.toml" "--no-deps", kill_on_drop: false }`
[INFO] started tweaking crates.io crate rusty_6502 0.1.0-alpha
[INFO] finished tweaking crates.io crate rusty_6502 0.1.0-alpha
[INFO] tweaked toml for crates.io crate rusty_6502 0.1.0-alpha written to /workspace/builds/worker-0-tc1/source/Cargo.toml
[INFO] crate crates.io crate rusty_6502 0.1.0-alpha already has a lockfile, it will not be regenerated
[INFO] running `Command { std: CARGO_HOME="/workspace/cargo-home" RUSTUP_HOME="/workspace/rustup-home" "/workspace/cargo-home/bin/cargo" "+nightly-2025-01-18" "fetch" "--manifest-path" "Cargo.toml", kill_on_drop: false }`
[INFO] [stderr]     Blocking waiting for file lock on package cache
[INFO] [stderr]     Blocking waiting for file lock on package cache
[INFO] running `Command { std: "docker" "create" "-v" "/var/lib/crater-agent-workspace/builds/worker-0-tc1/target:/opt/rustwide/target:rw,Z" "-v" "/var/lib/crater-agent-workspace/builds/worker-0-tc1/source:/opt/rustwide/workdir:ro,Z" "-v" "/var/lib/crater-agent-workspace/cargo-home:/opt/rustwide/cargo-home:ro,Z" "-v" "/var/lib/crater-agent-workspace/rustup-home:/opt/rustwide/rustup-home:ro,Z" "-e" "SOURCE_DIR=/opt/rustwide/workdir" "-e" "CARGO_TARGET_DIR=/opt/rustwide/target" "-e" "CARGO_HOME=/opt/rustwide/cargo-home" "-e" "RUSTUP_HOME=/opt/rustwide/rustup-home" "-w" "/opt/rustwide/workdir" "-m" "1610612736" "--user" "0:0" "--network" "none" "ghcr.io/rust-lang/crates-build-env/linux@sha256:819108c5571ea2e421544af4d832f968d213c87fbe3707a016657f43d2f853bc" "/opt/rustwide/cargo-home/bin/cargo" "+nightly-2025-01-18" "metadata" "--no-deps" "--format-version=1", kill_on_drop: false }`
[INFO] [stdout] 87cf35660840b338968f6071c58f0d6837f289cc8f2d3d6de97e8bde0aa94335
[INFO] running `Command { std: "docker" "start" "-a" "87cf35660840b338968f6071c58f0d6837f289cc8f2d3d6de97e8bde0aa94335", kill_on_drop: false }`
[INFO] running `Command { std: "docker" "inspect" "87cf35660840b338968f6071c58f0d6837f289cc8f2d3d6de97e8bde0aa94335", kill_on_drop: false }`
[INFO] running `Command { std: "docker" "rm" "-f" "87cf35660840b338968f6071c58f0d6837f289cc8f2d3d6de97e8bde0aa94335", kill_on_drop: false }`
[INFO] [stdout] 87cf35660840b338968f6071c58f0d6837f289cc8f2d3d6de97e8bde0aa94335
[INFO] running `Command { std: "docker" "create" "-v" "/var/lib/crater-agent-workspace/builds/worker-0-tc1/target:/opt/rustwide/target:rw,Z" "-v" "/var/lib/crater-agent-workspace/builds/worker-0-tc1/source:/opt/rustwide/workdir:ro,Z" "-v" "/var/lib/crater-agent-workspace/cargo-home:/opt/rustwide/cargo-home:ro,Z" "-v" "/var/lib/crater-agent-workspace/rustup-home:/opt/rustwide/rustup-home:ro,Z" "-e" "SOURCE_DIR=/opt/rustwide/workdir" "-e" "CARGO_TARGET_DIR=/opt/rustwide/target" "-e" "CARGO_INCREMENTAL=0" "-e" "RUST_BACKTRACE=full" "-e" "RUSTFLAGS=--cap-lints=forbid" "-e" "RUSTDOCFLAGS=--cap-lints=forbid" "-e" "CARGO_HOME=/opt/rustwide/cargo-home" "-e" "RUSTUP_HOME=/opt/rustwide/rustup-home" "-w" "/opt/rustwide/workdir" "-m" "1610612736" "--user" "0:0" "--network" "none" "ghcr.io/rust-lang/crates-build-env/linux@sha256:819108c5571ea2e421544af4d832f968d213c87fbe3707a016657f43d2f853bc" "/opt/rustwide/cargo-home/bin/cargo" "+nightly-2025-01-18" "build" "--frozen" "--message-format=json", kill_on_drop: false }`
[INFO] [stdout] ca4452a1f242405999d61f97cf8ff79dad105047966ac6100c8e34646a1398e9
[INFO] running `Command { std: "docker" "start" "-a" "ca4452a1f242405999d61f97cf8ff79dad105047966ac6100c8e34646a1398e9", kill_on_drop: false }`
[INFO] [stderr]    Compiling rusty_6502 v0.1.0-alpha (/opt/rustwide/workdir)
[INFO] [stderr]     Finished `dev` profile [unoptimized + debuginfo] target(s) in 0.65s
[INFO] running `Command { std: "docker" "inspect" "ca4452a1f242405999d61f97cf8ff79dad105047966ac6100c8e34646a1398e9", kill_on_drop: false }`
[INFO] running `Command { std: "docker" "rm" "-f" "ca4452a1f242405999d61f97cf8ff79dad105047966ac6100c8e34646a1398e9", kill_on_drop: false }`
[INFO] [stdout] ca4452a1f242405999d61f97cf8ff79dad105047966ac6100c8e34646a1398e9
[INFO] running `Command { std: "docker" "create" "-v" "/var/lib/crater-agent-workspace/builds/worker-0-tc1/target:/opt/rustwide/target:rw,Z" "-v" "/var/lib/crater-agent-workspace/builds/worker-0-tc1/source:/opt/rustwide/workdir:ro,Z" "-v" "/var/lib/crater-agent-workspace/cargo-home:/opt/rustwide/cargo-home:ro,Z" "-v" "/var/lib/crater-agent-workspace/rustup-home:/opt/rustwide/rustup-home:ro,Z" "-e" "SOURCE_DIR=/opt/rustwide/workdir" "-e" "CARGO_TARGET_DIR=/opt/rustwide/target" "-e" "CARGO_INCREMENTAL=0" "-e" "RUST_BACKTRACE=full" "-e" "RUSTFLAGS=--cap-lints=forbid" "-e" "RUSTDOCFLAGS=--cap-lints=forbid" "-e" "CARGO_HOME=/opt/rustwide/cargo-home" "-e" "RUSTUP_HOME=/opt/rustwide/rustup-home" "-w" "/opt/rustwide/workdir" "-m" "1610612736" "--user" "0:0" "--network" "none" "ghcr.io/rust-lang/crates-build-env/linux@sha256:819108c5571ea2e421544af4d832f968d213c87fbe3707a016657f43d2f853bc" "/opt/rustwide/cargo-home/bin/cargo" "+nightly-2025-01-18" "test" "--frozen" "--no-run" "--message-format=json", kill_on_drop: false }`
[INFO] [stdout] 8c81c2fdc9c6ae803b5dc28a4066c094fea2323d886f05458bdf571e34e3b502
[INFO] running `Command { std: "docker" "start" "-a" "8c81c2fdc9c6ae803b5dc28a4066c094fea2323d886f05458bdf571e34e3b502", kill_on_drop: false }`
[INFO] [stderr]    Compiling rusty_6502 v0.1.0-alpha (/opt/rustwide/workdir)
[INFO] [stderr]     Finished `test` profile [unoptimized + debuginfo] target(s) in 1.64s
[INFO] running `Command { std: "docker" "inspect" "8c81c2fdc9c6ae803b5dc28a4066c094fea2323d886f05458bdf571e34e3b502", kill_on_drop: false }`
[INFO] running `Command { std: "docker" "rm" "-f" "8c81c2fdc9c6ae803b5dc28a4066c094fea2323d886f05458bdf571e34e3b502", kill_on_drop: false }`
[INFO] [stdout] 8c81c2fdc9c6ae803b5dc28a4066c094fea2323d886f05458bdf571e34e3b502
[INFO] running `Command { std: "docker" "create" "-v" "/var/lib/crater-agent-workspace/builds/worker-0-tc1/target:/opt/rustwide/target:rw,Z" "-v" "/var/lib/crater-agent-workspace/builds/worker-0-tc1/source:/opt/rustwide/workdir:ro,Z" "-v" "/var/lib/crater-agent-workspace/cargo-home:/opt/rustwide/cargo-home:ro,Z" "-v" "/var/lib/crater-agent-workspace/rustup-home:/opt/rustwide/rustup-home:ro,Z" "-e" "SOURCE_DIR=/opt/rustwide/workdir" "-e" "CARGO_TARGET_DIR=/opt/rustwide/target" "-e" "CARGO_INCREMENTAL=0" "-e" "RUST_BACKTRACE=full" "-e" "RUSTFLAGS=--cap-lints=forbid" "-e" "RUSTDOCFLAGS=--cap-lints=forbid" "-e" "CARGO_HOME=/opt/rustwide/cargo-home" "-e" "RUSTUP_HOME=/opt/rustwide/rustup-home" "-w" "/opt/rustwide/workdir" "-m" "1610612736" "--user" "0:0" "--network" "none" "ghcr.io/rust-lang/crates-build-env/linux@sha256:819108c5571ea2e421544af4d832f968d213c87fbe3707a016657f43d2f853bc" "/opt/rustwide/cargo-home/bin/cargo" "+nightly-2025-01-18" "test" "--frozen", kill_on_drop: false }`
[INFO] [stdout] c8872ccaae3cc4f3a3025d9fb49640a5ac4acc1654f1fd5a4993d2a8a605dfcc
[INFO] running `Command { std: "docker" "start" "-a" "c8872ccaae3cc4f3a3025d9fb49640a5ac4acc1654f1fd5a4993d2a8a605dfcc", kill_on_drop: false }`
[INFO] [stderr]     Finished `test` profile [unoptimized + debuginfo] target(s) in 0.01s
[INFO] [stderr]      Running unittests src/lib.rs (/opt/rustwide/target/debug/deps/rusty_6502-491f20856339fdcd)
[INFO] [stdout] 
[INFO] [stdout] running 0 tests
[INFO] [stdout] 
[INFO] [stdout] test result: ok. 0 passed; 0 failed; 0 ignored; 0 measured; 0 filtered out; finished in 0.00s
[INFO] [stdout] 
[INFO] [stderr]      Running unittests src/bin/main.rs (/opt/rustwide/target/debug/deps/main-7a1ab68c69ff4711)
[INFO] [stdout] 
[INFO] [stdout] running 0 tests
[INFO] [stdout] 
[INFO] [stdout] test result: ok. 0 passed; 0 failed; 0 ignored; 0 measured; 0 filtered out; finished in 0.00s
[INFO] [stdout] 
[INFO] [stdout] 
[INFO] [stderr]      Running unittests src/bin/romodore.rs (/opt/rustwide/target/debug/deps/romodore-00d567c5de540df7)
[INFO] [stdout] running 0 tests
[INFO] [stderr]      Running tests/mod.rs (/opt/rustwide/target/debug/deps/mod-8179dbb216f0699a)
[INFO] [stdout] 
[INFO] [stdout] test result: ok. 0 passed; 0 failed; 0 ignored; 0 measured; 0 filtered out; finished in 0.00s
[INFO] [stdout] 
[INFO] [stdout] 
[INFO] [stdout] running 32 tests
[INFO] [stdout] test instructions::lda::lda_tests::lda_absolute ... ok
[INFO] [stdout] test instructions::lda::lda_tests::lda_absolute_x ... ok
[INFO] [stdout] test instructions::lda::lda_tests::lda_absolute_y ... ok
[INFO] [stdout] test instructions::lda::lda_tests::lda_zero_page ... ok
[INFO] [stdout] test instructions::ldx::ldy_tests::ldx_absolute_y ... ok
[INFO] [stdout] test instructions::lda::lda_tests::lda_immediate ... ok
[INFO] [stdout] test instructions::ldx::ldy_tests::ldx_absolute ... ok
[INFO] [stdout] test instructions::lda::lda_tests::lda_indirect_y ... ok
[INFO] [stdout] test instructions::ldx::ldy_tests::ldx_zero_page ... ok
[INFO] [stdout] test instructions::ldx::ldy_tests::ldx_zero_page_y ... ok
[INFO] [stdout] test instructions::lda::lda_tests::lda_zero_page_x ... ok
[INFO] [stdout] test instructions::lda::lda_tests::lda_indirect_x ... ok
[INFO] [stdout] test instructions::ldy::ldy_tests::ldy_absolute ... ok
[INFO] [stdout] test instructions::ldy::ldy_tests::ldy_absolute_x ... ok
[INFO] [stdout] test instructions::ldy::ldy_tests::ldy_absolute_y ... ok
[INFO] [stdout] test instructions::ldx::ldy_tests::ldx_immediate ... ok
[INFO] [stdout] test instructions::ldy::ldy_tests::ldy_zero_page ... ok
[INFO] [stdout] test instructions::ldy::ldy_tests::ldy_immediate ... ok
[INFO] [stdout] test instructions::ldy::ldy_tests::ldy_zero_page_x ... ok
[INFO] [stdout] test instructions::sta::sta_tests::sta_absolute_x ... ok
[INFO] [stdout] test instructions::sta::sta_tests::sta_absolute ... ok
[INFO] [stdout] test instructions::sta::sta_tests::sta_indirect_x ... ok
[INFO] [stdout] test instructions::stx::stx_tests::stx_zero_page_y ... ok
[INFO] [stdout] test instructions::sta::sta_tests::sta_zero_page_x ... ok
[INFO] [stdout] test instructions::sta::sta_tests::sta_zero_page ... ok
[INFO] [stdout] test instructions::sta::sta_tests::sta_absolute_y ... ok
[INFO] [stdout] test instructions::stx::stx_tests::sta_zero_page ... ok
[INFO] [stdout] test instructions::sty::sty_tests::sta_zero_page ... ok
[INFO] [stdout] test instructions::sta::sta_tests::sta_indirect_y ... ok
[INFO] [stdout] test instructions::stx::stx_tests::stx_absolute ... ok
[INFO] [stdout] test instructions::sty::sty_tests::sty_absolute ... ok
[INFO] [stdout] test instructions::sty::sty_tests::sty_zero_page_x ... ok
[INFO] [stdout] 
[INFO] [stdout] test result: ok. 32 passed; 0 failed; 0 ignored; 0 measured; 0 filtered out; finished in 0.02s
[INFO] [stdout] 
[INFO] [stderr]    Doc-tests rusty_6502
[INFO] [stdout] 
[INFO] [stdout] running 4 tests
[INFO] [stdout] test src/asm.rs - asm::Program::get_from_str (line 911) ... ok
[INFO] [stdout] test src/cpu.rs - cpu::CPU<E>::new (line 87) ... ok
[INFO] [stdout] test src/asm.rs - asm::Instructions::resolve (line 250) ... ok
[INFO] [stdout] test src/lib.rs - (line 10) ... FAILED
[INFO] [stdout] 
[INFO] [stdout] failures:
[INFO] [stdout] 
[INFO] [stdout] ---- src/lib.rs - (line 10) stdout ----
[INFO] [stdout] Test executable failed (exit status: 101).
[INFO] [stdout] 
[INFO] [stdout] stdout:
[INFO] [stdout] 
[INFO] [stdout] A: 01 X: 00 Y: 00
[INFO] [stdout] | NV-BDIZC |
[INFO] [stdout] | 00110100 |
[INFO] [stdout] PC: 0 SP: fc
[INFO] [stdout] PS: 30
[INFO] [stdout] 
[INFO] [stdout] stderr:
[INFO] [stdout] 
[INFO] [stdout] thread 'main' panicked at src/lib.rs:47:26:
[INFO] [stdout] called `Result::unwrap()` on an `Err` value: Os { code: 30, kind: ReadOnlyFilesystem, message: "Read-only file system" }
[INFO] [stdout] stack backtrace:
[INFO] [stdout]    0:     0x607df515d05a - std::backtrace_rs::backtrace::libunwind::trace::hb059275cfc8d6126
[INFO] [stdout]                                at /rustc/6067b36314ab5eb2eb47cecc464545ba58e1ad24/library/std/src/../../backtrace/src/backtrace/libunwind.rs:116:5
[INFO] [stdout]    1:     0x607df515d05a - std::backtrace_rs::backtrace::trace_unsynchronized::h2da071e4327ce3ee
[INFO] [stdout]                                at /rustc/6067b36314ab5eb2eb47cecc464545ba58e1ad24/library/std/src/../../backtrace/src/backtrace/mod.rs:66:5
[INFO] [stdout]    2:     0x607df515d05a - std::sys::backtrace::_print_fmt::h842a1474e6f8d23f
[INFO] [stdout]                                at /rustc/6067b36314ab5eb2eb47cecc464545ba58e1ad24/library/std/src/sys/backtrace.rs:66:9
[INFO] [stdout]    3:     0x607df515d05a - <std::sys::backtrace::BacktraceLock::print::DisplayBacktrace as core::fmt::Display>::fmt::h71a62eb3b9696b12
[INFO] [stdout]                                at /rustc/6067b36314ab5eb2eb47cecc464545ba58e1ad24/library/std/src/sys/backtrace.rs:39:26
[INFO] [stdout]    4:     0x607df517a2b3 - core::fmt::rt::Argument::fmt::hdb6b616786b41dc1
[INFO] [stdout]                                at /rustc/6067b36314ab5eb2eb47cecc464545ba58e1ad24/library/core/src/fmt/rt.rs:177:76
[INFO] [stdout]    5:     0x607df517a2b3 - core::fmt::write::h2cc1698af7e2d686
[INFO] [stdout]                                at /rustc/6067b36314ab5eb2eb47cecc464545ba58e1ad24/library/core/src/fmt/mod.rs:1440:21
[INFO] [stdout]    6:     0x607df515a593 - std::io::Write::write_fmt::h00c8700df393f328
[INFO] [stdout]                                at /rustc/6067b36314ab5eb2eb47cecc464545ba58e1ad24/library/std/src/io/mod.rs:1887:15
[INFO] [stdout]    7:     0x607df515cea2 - std::sys::backtrace::BacktraceLock::print::h147fe35b4ea13b08
[INFO] [stdout]                                at /rustc/6067b36314ab5eb2eb47cecc464545ba58e1ad24/library/std/src/sys/backtrace.rs:42:9
[INFO] [stdout]    8:     0x607df515ddef - std::panicking::default_hook::{{closure}}::hbd44223dbdc0d208
[INFO] [stdout]                                at /rustc/6067b36314ab5eb2eb47cecc464545ba58e1ad24/library/std/src/panicking.rs:298:22
[INFO] [stdout]    9:     0x607df515dc5a - std::panicking::default_hook::h20f81eb0576efcec
[INFO] [stdout]                                at /rustc/6067b36314ab5eb2eb47cecc464545ba58e1ad24/library/std/src/panicking.rs:325:9
[INFO] [stdout]   10:     0x607df515e6c2 - std::panicking::rust_panic_with_hook::h625eea43051b2edc
[INFO] [stdout]                                at /rustc/6067b36314ab5eb2eb47cecc464545ba58e1ad24/library/std/src/panicking.rs:831:13
[INFO] [stdout]   11:     0x607df515e55a - std::panicking::begin_panic_handler::{{closure}}::h4f9159cfbc3f6bd3
[INFO] [stdout]                                at /rustc/6067b36314ab5eb2eb47cecc464545ba58e1ad24/library/std/src/panicking.rs:704:13
[INFO] [stdout]   12:     0x607df515d559 - std::sys::backtrace::__rust_end_short_backtrace::h0390abce48353151
[INFO] [stdout]                                at /rustc/6067b36314ab5eb2eb47cecc464545ba58e1ad24/library/std/src/sys/backtrace.rs:168:18
[INFO] [stdout]   13:     0x607df515e1ed - rust_begin_unwind
[INFO] [stdout]                                at /rustc/6067b36314ab5eb2eb47cecc464545ba58e1ad24/library/std/src/panicking.rs:695:5
[INFO] [stdout]   14:     0x607df51794e0 - core::panicking::panic_fmt::h9e7c637e9e5f29c9
[INFO] [stdout]                                at /rustc/6067b36314ab5eb2eb47cecc464545ba58e1ad24/library/core/src/panicking.rs:75:14
[INFO] [stdout]   15:     0x607df5179886 - core::result::unwrap_failed::h7979f09313fe1849
[INFO] [stdout]                                at /rustc/6067b36314ab5eb2eb47cecc464545ba58e1ad24/library/core/src/result.rs:1704:5
[INFO] [stdout]   16:     0x607df5137b25 - rust_out::main::_doctest_main_src_lib_rs_10_0::h282ff6d044c8f390
[INFO] [stdout]   17:     0x607df51371a6 - rust_out::main::he88f0b9b281d54e0
[INFO] [stdout]   18:     0x607df5136323 - core::ops::function::FnOnce::call_once::hcf3829d8b58d0254
[INFO] [stdout]   19:     0x607df5135f56 - std::sys::backtrace::__rust_begin_short_backtrace::h5e1527399e8d5bd4
[INFO] [stdout]   20:     0x607df5135e99 - std::rt::lang_start::{{closure}}::h2c234101ed7b1b74
[INFO] [stdout]   21:     0x607df5157970 - core::ops::function::impls::<impl core::ops::function::FnOnce<A> for &F>::call_once::h1b085b6c1d2518b2
[INFO] [stdout]                                at /rustc/6067b36314ab5eb2eb47cecc464545ba58e1ad24/library/core/src/ops/function.rs:284:13
[INFO] [stdout]   22:     0x607df5157970 - std::panicking::try::do_call::h382f964a5a23b565
[INFO] [stdout]                                at /rustc/6067b36314ab5eb2eb47cecc464545ba58e1ad24/library/std/src/panicking.rs:587:40
[INFO] [stdout]   23:     0x607df5157970 - std::panicking::try::h57f991055eb622f9
[INFO] [stdout]                                at /rustc/6067b36314ab5eb2eb47cecc464545ba58e1ad24/library/std/src/panicking.rs:550:19
[INFO] [stdout]   24:     0x607df5157970 - std::panic::catch_unwind::h4d9a74ef04456343
[INFO] [stdout]                                at /rustc/6067b36314ab5eb2eb47cecc464545ba58e1ad24/library/std/src/panic.rs:358:14
[INFO] [stdout]   25:     0x607df5157970 - std::rt::lang_start_internal::{{closure}}::h2faa8ae84a93f314
[INFO] [stdout]                                at /rustc/6067b36314ab5eb2eb47cecc464545ba58e1ad24/library/std/src/rt.rs:163:24
[INFO] [stdout]   26:     0x607df5157970 - std::panicking::try::do_call::h0f8932bf638a9bf5
[INFO] [stdout]                                at /rustc/6067b36314ab5eb2eb47cecc464545ba58e1ad24/library/std/src/panicking.rs:587:40
[INFO] [stdout]   27:     0x607df5157970 - std::panicking::try::h683416ea756b175d
[INFO] [stdout]                                at /rustc/6067b36314ab5eb2eb47cecc464545ba58e1ad24/library/std/src/panicking.rs:550:19
[INFO] [stdout]   28:     0x607df5157970 - std::panic::catch_unwind::h56189fac8994979f
[INFO] [stdout]                                at /rustc/6067b36314ab5eb2eb47cecc464545ba58e1ad24/library/std/src/panic.rs:358:14
[INFO] [stdout]   29:     0x607df5157970 - std::rt::lang_start_internal::h8bbc1061691274fe
[INFO] [stdout]                                at /rustc/6067b36314ab5eb2eb47cecc464545ba58e1ad24/library/std/src/rt.rs:159:5
[INFO] [stdout]   30:     0x607df5135e81 - std::rt::lang_start::h601b10a269c70ef7
[INFO] [stdout]   31:     0x607df5137cf5 - main
[INFO] [stdout]   32:     0x79d3ddd47d90 - <unknown>
[INFO] [stdout]   33:     0x79d3ddd47e40 - __libc_start_main
[INFO] [stdout]   34:     0x607df5132ca5 - _start
[INFO] [stdout]   35:                0x0 - <unknown>
[INFO] [stdout] 
[INFO] [stdout] 
[INFO] [stdout] 
[INFO] [stdout] failures:
[INFO] [stdout]     src/lib.rs - (line 10)
[INFO] [stdout] 
[INFO] [stdout] test result: FAILED. 3 passed; 1 failed; 0 ignored; 0 measured; 0 filtered out; finished in 0.57s
[INFO] [stdout] 
[INFO] [stderr] error: doctest failed, to rerun pass `--doc`
[INFO] running `Command { std: "docker" "inspect" "c8872ccaae3cc4f3a3025d9fb49640a5ac4acc1654f1fd5a4993d2a8a605dfcc", kill_on_drop: false }`
[INFO] running `Command { std: "docker" "rm" "-f" "c8872ccaae3cc4f3a3025d9fb49640a5ac4acc1654f1fd5a4993d2a8a605dfcc", kill_on_drop: false }`
[INFO] [stdout] c8872ccaae3cc4f3a3025d9fb49640a5ac4acc1654f1fd5a4993d2a8a605dfcc
