[INFO] fetching crate rusthound-ce 2.3.2...
[INFO] testing rusthound-ce-2.3.2 against nightly-2025-01-18+rustflags=-Zrandomize-layout for randomize-layout-2
[INFO] extracting crate rusthound-ce 2.3.2 into /workspace/builds/worker-5-tc2/source
[INFO] validating manifest of crates.io crate rusthound-ce 2.3.2 on toolchain nightly-2025-01-18
[INFO] running `Command { std: CARGO_HOME="/workspace/cargo-home" RUSTUP_HOME="/workspace/rustup-home" "/workspace/cargo-home/bin/cargo" "+nightly-2025-01-18" "metadata" "--manifest-path" "Cargo.toml" "--no-deps", kill_on_drop: false }`
[INFO] started tweaking crates.io crate rusthound-ce 2.3.2
[INFO] finished tweaking crates.io crate rusthound-ce 2.3.2
[INFO] tweaked toml for crates.io crate rusthound-ce 2.3.2 written to /workspace/builds/worker-5-tc2/source/Cargo.toml
[INFO] crate crates.io crate rusthound-ce 2.3.2 already has a lockfile, it will not be regenerated
[INFO] running `Command { std: CARGO_HOME="/workspace/cargo-home" RUSTUP_HOME="/workspace/rustup-home" "/workspace/cargo-home/bin/cargo" "+nightly-2025-01-18" "fetch" "--manifest-path" "Cargo.toml", kill_on_drop: false }`
[INFO] running `Command { std: "docker" "create" "-v" "/var/lib/crater-agent-workspace/builds/worker-5-tc2/target:/opt/rustwide/target:rw,Z" "-v" "/var/lib/crater-agent-workspace/builds/worker-5-tc2/source:/opt/rustwide/workdir:ro,Z" "-v" "/var/lib/crater-agent-workspace/cargo-home:/opt/rustwide/cargo-home:ro,Z" "-v" "/var/lib/crater-agent-workspace/rustup-home:/opt/rustwide/rustup-home:ro,Z" "-e" "SOURCE_DIR=/opt/rustwide/workdir" "-e" "CARGO_TARGET_DIR=/opt/rustwide/target" "-e" "CARGO_HOME=/opt/rustwide/cargo-home" "-e" "RUSTUP_HOME=/opt/rustwide/rustup-home" "-w" "/opt/rustwide/workdir" "-m" "1610612736" "--user" "0:0" "--network" "none" "ghcr.io/rust-lang/crates-build-env/linux@sha256:819108c5571ea2e421544af4d832f968d213c87fbe3707a016657f43d2f853bc" "/opt/rustwide/cargo-home/bin/cargo" "+nightly-2025-01-18" "metadata" "--no-deps" "--format-version=1", kill_on_drop: false }`
[INFO] [stdout] e4091456c1a13d3ac1aeb1751536ef74192e510ad06378e4a1fa154a1add22d0
[INFO] running `Command { std: "docker" "start" "-a" "e4091456c1a13d3ac1aeb1751536ef74192e510ad06378e4a1fa154a1add22d0", kill_on_drop: false }`
[INFO] running `Command { std: "docker" "inspect" "e4091456c1a13d3ac1aeb1751536ef74192e510ad06378e4a1fa154a1add22d0", kill_on_drop: false }`
[INFO] running `Command { std: "docker" "rm" "-f" "e4091456c1a13d3ac1aeb1751536ef74192e510ad06378e4a1fa154a1add22d0", kill_on_drop: false }`
[INFO] [stdout] e4091456c1a13d3ac1aeb1751536ef74192e510ad06378e4a1fa154a1add22d0
[INFO] running `Command { std: "docker" "create" "-v" "/var/lib/crater-agent-workspace/builds/worker-5-tc2/target:/opt/rustwide/target:rw,Z" "-v" "/var/lib/crater-agent-workspace/builds/worker-5-tc2/source:/opt/rustwide/workdir:ro,Z" "-v" "/var/lib/crater-agent-workspace/cargo-home:/opt/rustwide/cargo-home:ro,Z" "-v" "/var/lib/crater-agent-workspace/rustup-home:/opt/rustwide/rustup-home:ro,Z" "-e" "SOURCE_DIR=/opt/rustwide/workdir" "-e" "CARGO_TARGET_DIR=/opt/rustwide/target" "-e" "CARGO_INCREMENTAL=0" "-e" "RUST_BACKTRACE=full" "-e" "RUSTFLAGS=--cap-lints=forbid -Zrandomize-layout" "-e" "RUSTDOCFLAGS=--cap-lints=forbid" "-e" "CARGO_HOME=/opt/rustwide/cargo-home" "-e" "RUSTUP_HOME=/opt/rustwide/rustup-home" "-w" "/opt/rustwide/workdir" "-m" "1610612736" "--user" "0:0" "--network" "none" "ghcr.io/rust-lang/crates-build-env/linux@sha256:819108c5571ea2e421544af4d832f968d213c87fbe3707a016657f43d2f853bc" "/opt/rustwide/cargo-home/bin/cargo" "+nightly-2025-01-18" "build" "--frozen" "--message-format=json", kill_on_drop: false }`
[INFO] [stdout] 9927b6fff7549e8993c49a21efbf1e68c12fef96f81d527f04e88a95c3a4bb03
[INFO] running `Command { std: "docker" "start" "-a" "9927b6fff7549e8993c49a21efbf1e68c12fef96f81d527f04e88a95c3a4bb03", kill_on_drop: false }`
[INFO] [stderr]    Compiling proc-macro2 v1.0.92
[INFO] [stderr]    Compiling unicode-ident v1.0.13
[INFO] [stderr]    Compiling libc v0.2.159
[INFO] [stderr]    Compiling autocfg v1.4.0
[INFO] [stderr]    Compiling cfg-if v1.0.0
[INFO] [stderr]    Compiling memchr v2.7.4
[INFO] [stderr]    Compiling minimal-lexical v0.2.1
[INFO] [stderr]    Compiling shlex v1.3.0
[INFO] [stderr]    Compiling thiserror v1.0.64
[INFO] [stderr]    Compiling lazy_static v1.5.0
[INFO] [stderr]    Compiling time-core v0.1.2
[INFO] [stderr]    Compiling itoa v1.0.11
[INFO] [stderr]    Compiling powerfmt v0.2.0
[INFO] [stderr]    Compiling glob v0.3.1
[INFO] [stderr]    Compiling pin-project-lite v0.2.14
[INFO] [stderr]    Compiling num-conv v0.1.0
[INFO] [stderr]    Compiling syn v1.0.109
[INFO] [stderr]    Compiling prettyplease v0.2.22
[INFO] [stderr]    Compiling rustix v0.38.37
[INFO] [stderr]    Compiling deranged v0.3.11
[INFO] [stderr]    Compiling time-macros v0.2.18
[INFO] [stderr]    Compiling bytes v1.7.2
[INFO] [stderr]    Compiling cc v1.1.22
[INFO] [stderr]    Compiling regex-syntax v0.8.5
[INFO] [stderr]    Compiling linux-raw-sys v0.4.14
[INFO] [stderr]    Compiling futures-core v0.3.30
[INFO] [stderr]    Compiling bitflags v2.6.0
[INFO] [stderr]    Compiling either v1.13.0
[INFO] [stderr]    Compiling clang-sys v1.8.1
[INFO] [stderr]    Compiling libloading v0.8.5
[INFO] [stderr]    Compiling num-traits v0.2.19
[INFO] [stderr]    Compiling slab v0.4.9
[INFO] [stderr]    Compiling nom v7.1.3
[INFO] [stderr]    Compiling home v0.5.9
[INFO] [stderr]    Compiling bindgen v0.69.4
[INFO] [stderr]    Compiling quote v1.0.37
[INFO] [stderr]    Compiling futures-sink v0.3.30
[INFO] [stderr]    Compiling tinyvec_macros v0.1.1
[INFO] [stderr]    Compiling tinyvec v1.8.0
[INFO] [stderr]    Compiling itertools v0.12.1
[INFO] [stderr]    Compiling log v0.4.22
[INFO] [stderr]    Compiling syn v2.0.91
[INFO] [stderr]    Compiling rustc-hash v1.1.0
[INFO] [stderr]    Compiling version_check v0.9.5
[INFO] [stderr]    Compiling typenum v1.17.0
[INFO] [stderr]    Compiling getrandom v0.2.15
[INFO] [stderr]    Compiling socket2 v0.5.7
[INFO] [stderr]    Compiling mio v1.0.2
[INFO] [stderr]    Compiling unicode-xid v0.2.6
[INFO] [stderr]    Compiling lazycell v1.3.0
[INFO] [stderr]    Compiling generic-array v0.14.7
[INFO] [stderr]    Compiling num-integer v0.1.46
[INFO] [stderr]    Compiling unicode-normalization v0.1.24
[INFO] [stderr]    Compiling futures-channel v0.3.30
[INFO] [stderr]    Compiling time v0.3.36
[INFO] [stderr]    Compiling regex-automata v0.4.8
[INFO] [stderr]    Compiling which v4.4.2
[INFO] [stderr]    Compiling unicode-bidi v0.3.15
[INFO] [stderr]    Compiling futures-task v0.3.30
[INFO] [stderr]    Compiling byteorder v1.5.0
[INFO] [stderr]    Compiling pkg-config v0.3.31
[INFO] [stderr]    Compiling futures-io v0.3.30
[INFO] [stderr]    Compiling once_cell v1.20.1
[INFO] [stderr]    Compiling spin v0.9.8
[INFO] [stderr]    Compiling ring v0.17.8
[INFO] [stderr]    Compiling pin-utils v0.1.0
[INFO] [stderr]    Compiling untrusted v0.9.0
[INFO] [stderr]    Compiling num-bigint v0.4.6
[INFO] [stderr]    Compiling percent-encoding v2.3.1
[INFO] [stderr]    Compiling utf8parse v0.2.2
[INFO] [stderr]    Compiling data-encoding v2.6.0
[INFO] [stderr]    Compiling anstyle-parse v0.2.5
[INFO] [stderr]    Compiling rusticata-macros v4.1.0
[INFO] [stderr]    Compiling form_urlencoded v1.2.1
[INFO] [stderr]    Compiling idna v0.5.0
[INFO] [stderr]    Compiling rand_core v0.6.4
[INFO] [stderr]    Compiling aho-corasick v1.1.3
[INFO] [stderr]    Compiling lock_api v0.4.12
[INFO] [stderr]    Compiling parking_lot_core v0.9.10
[INFO] [stderr]    Compiling cexpr v0.6.0
[INFO] [stderr]    Compiling is_terminal_polyfill v1.70.1
[INFO] [stderr]    Compiling oid-registry v0.6.1
[INFO] [stderr]    Compiling rustls v0.21.12
[INFO] [stderr]    Compiling anstyle-query v1.1.1
[INFO] [stderr]    Compiling colorchoice v1.0.2
[INFO] [stderr]    Compiling smallvec v1.13.2
[INFO] [stderr]    Compiling anyhow v1.0.89
[INFO] [stderr]    Compiling anstyle v1.0.8
[INFO] [stderr]    Compiling url v2.5.2
[INFO] [stderr]    Compiling regex v1.11.0
[INFO] [stderr]    Compiling anstream v0.6.15
[INFO] [stderr]    Compiling tracing-core v0.1.32
[INFO] [stderr]    Compiling ring v0.16.20
[INFO] [stderr]    Compiling base64 v0.21.7
[INFO] [stderr]    Compiling portable-atomic v1.9.0
[INFO] [stderr]    Compiling thiserror v2.0.9
[INFO] [stderr]    Compiling oid-registry v0.7.1
[INFO] [stderr]    Compiling hashbrown v0.14.5
[INFO] [stderr]    Compiling scopeguard v1.2.0
[INFO] [stderr]    Compiling heck v0.5.0
[INFO] [stderr]    Compiling equivalent v1.0.1
[INFO] [stderr]    Compiling serde v1.0.210
[INFO] [stderr]    Compiling match_cfg v0.1.0
[INFO] [stderr]    Compiling hostname v0.3.1
[INFO] [stderr]    Compiling rustls-pemfile v1.0.4
[INFO] [stderr]    Compiling block-buffer v0.10.4
[INFO] [stderr]    Compiling crypto-common v0.1.6
[INFO] [stderr]    Compiling indexmap v2.5.0
[INFO] [stderr]    Compiling idna v0.4.0
[INFO] [stderr]    Compiling zip v2.2.2
[INFO] [stderr]    Compiling clap_lex v0.7.4
[INFO] [stderr]    Compiling ipnet v2.10.0
[INFO] [stderr]    Compiling untrusted v0.7.1
[INFO] [stderr]    Compiling strsim v0.11.1
[INFO] [stderr]    Compiling linked-hash-map v0.5.6
[INFO] [stderr]    Compiling spin v0.5.2
[INFO] [stderr]    Compiling serde_json v1.0.128
[INFO] [stderr]    Compiling unicode-width v0.1.14
[INFO] [stderr]    Compiling openssl-probe v0.1.5
[INFO] [stderr]    Compiling quick-error v1.2.3
[INFO] [stderr]    Compiling synstructure v0.12.6
[INFO] [stderr]    Compiling rustls-native-certs v0.6.3
[INFO] [stderr]    Compiling resolv-conf v0.7.0
[INFO] [stderr]    Compiling lru-cache v0.1.2
[INFO] [stderr]    Compiling console v0.15.8
[INFO] [stderr]    Compiling clap_builder v4.5.23
[INFO] [stderr]    Compiling synstructure v0.13.1
[INFO] [stderr]    Compiling parking_lot v0.12.3
[INFO] [stderr]    Compiling digest v0.10.7
[INFO] [stderr]    Compiling lber v0.4.2
[INFO] [stderr]    Compiling rtoolbox v0.0.2
[INFO] [stderr]    Compiling crc32fast v1.4.2
[INFO] [stderr]    Compiling iana-time-zone v0.1.61
[INFO] [stderr]    Compiling cpufeatures v0.2.14
[INFO] [stderr]    Compiling ryu v1.0.18
[INFO] [stderr]    Compiling number_prefix v0.4.0
[INFO] [stderr]    Compiling humantime v2.1.0
[INFO] [stderr]    Compiling chrono v0.4.38
[INFO] [stderr]    Compiling sha1 v0.10.6
[INFO] [stderr]    Compiling indicatif v0.17.8
[INFO] [stderr]    Compiling sct v0.7.1
[INFO] [stderr]    Compiling rustls-webpki v0.101.7
[INFO] [stderr]    Compiling rpassword v7.3.1
[INFO] [stderr]    Compiling colored v2.1.0
[INFO] [stderr]    Compiling asn1-rs-derive v0.4.0
[INFO] [stderr]    Compiling asn1-rs-impl v0.1.0
[INFO] [stderr]    Compiling thiserror-impl v1.0.64
[INFO] [stderr]    Compiling displaydoc v0.2.5
[INFO] [stderr]    Compiling tokio-macros v2.4.0
[INFO] [stderr]    Compiling zerocopy-derive v0.7.35
[INFO] [stderr]    Compiling futures-macro v0.3.30
[INFO] [stderr]    Compiling asn1-rs-impl v0.2.0
[INFO] [stderr]    Compiling asn1-rs-derive v0.5.1
[INFO] [stderr]    Compiling async-trait v0.1.83
[INFO] [stderr]    Compiling tracing-attributes v0.1.27
[INFO] [stderr]    Compiling serde_derive v1.0.210
[INFO] [stderr]    Compiling enum-as-inner v0.6.1
[INFO] [stderr]    Compiling thiserror-impl v2.0.9
[INFO] [stderr]    Compiling tokio v1.42.0
[INFO] [stderr]    Compiling env_filter v0.1.2
[INFO] [stderr]    Compiling zerocopy v0.7.35
[INFO] [stderr]    Compiling futures-util v0.3.30
[INFO] [stderr]    Compiling clap v4.5.23
[INFO] [stderr]    Compiling env_logger v0.11.5
[INFO] [stderr]    Compiling asn1-rs v0.5.2
[INFO] [stderr]    Compiling asn1-rs v0.6.2
[INFO] [stderr]    Compiling tracing v0.1.40
[INFO] [stderr]    Compiling ppv-lite86 v0.2.20
[INFO] [stderr]    Compiling rand_chacha v0.3.1
[INFO] [stderr]    Compiling der-parser v9.0.0
[INFO] [stderr]    Compiling rand v0.8.5
[INFO] [stderr]    Compiling x509-parser v0.16.0
[INFO] [stderr]    Compiling der-parser v8.2.0
[INFO] [stderr]    Compiling x509-parser v0.15.1
[INFO] [stderr]    Compiling futures-executor v0.3.30
[INFO] [stderr]    Compiling futures v0.3.30
[INFO] [stderr]    Compiling libgssapi-sys v0.3.2
[INFO] [stderr]    Compiling tokio-util v0.7.12
[INFO] [stderr]    Compiling trust-dns-proto v0.23.2
[INFO] [stderr]    Compiling tokio-rustls v0.24.1
[INFO] [stderr]    Compiling tokio-stream v0.1.16
[INFO] [stderr]    Compiling libgssapi v0.8.1
[INFO] [stderr]    Compiling cross-krb5 v0.4.1
[INFO] [stderr]    Compiling ldap3 v0.11.5
[INFO] [stderr]    Compiling trust-dns-resolver v0.23.2
[INFO] [stderr]    Compiling rusthound-ce v2.3.2 (/opt/rustwide/workdir)
[INFO] [stderr]     Finished `dev` profile [unoptimized + debuginfo] target(s) in 1m 08s
[INFO] running `Command { std: "docker" "inspect" "9927b6fff7549e8993c49a21efbf1e68c12fef96f81d527f04e88a95c3a4bb03", kill_on_drop: false }`
[INFO] running `Command { std: "docker" "rm" "-f" "9927b6fff7549e8993c49a21efbf1e68c12fef96f81d527f04e88a95c3a4bb03", kill_on_drop: false }`
[INFO] [stdout] 9927b6fff7549e8993c49a21efbf1e68c12fef96f81d527f04e88a95c3a4bb03
[INFO] running `Command { std: "docker" "create" "-v" "/var/lib/crater-agent-workspace/builds/worker-5-tc2/target:/opt/rustwide/target:rw,Z" "-v" "/var/lib/crater-agent-workspace/builds/worker-5-tc2/source:/opt/rustwide/workdir:ro,Z" "-v" "/var/lib/crater-agent-workspace/cargo-home:/opt/rustwide/cargo-home:ro,Z" "-v" "/var/lib/crater-agent-workspace/rustup-home:/opt/rustwide/rustup-home:ro,Z" "-e" "SOURCE_DIR=/opt/rustwide/workdir" "-e" "CARGO_TARGET_DIR=/opt/rustwide/target" "-e" "CARGO_INCREMENTAL=0" "-e" "RUST_BACKTRACE=full" "-e" "RUSTFLAGS=--cap-lints=forbid -Zrandomize-layout" "-e" "RUSTDOCFLAGS=--cap-lints=forbid" "-e" "CARGO_HOME=/opt/rustwide/cargo-home" "-e" "RUSTUP_HOME=/opt/rustwide/rustup-home" "-w" "/opt/rustwide/workdir" "-m" "1610612736" "--user" "0:0" "--network" "none" "ghcr.io/rust-lang/crates-build-env/linux@sha256:819108c5571ea2e421544af4d832f968d213c87fbe3707a016657f43d2f853bc" "/opt/rustwide/cargo-home/bin/cargo" "+nightly-2025-01-18" "test" "--frozen" "--no-run" "--message-format=json", kill_on_drop: false }`
[INFO] [stdout] bff988baeffd501b099d1cdcc44be19c70763371d55bf35d2c184f3801ca4a3b
[INFO] running `Command { std: "docker" "start" "-a" "bff988baeffd501b099d1cdcc44be19c70763371d55bf35d2c184f3801ca4a3b", kill_on_drop: false }`
[INFO] [stderr]    Compiling rusthound-ce v2.3.2 (/opt/rustwide/workdir)
[INFO] [stderr]     Finished `test` profile [unoptimized + debuginfo] target(s) in 4.77s
[INFO] running `Command { std: "docker" "inspect" "bff988baeffd501b099d1cdcc44be19c70763371d55bf35d2c184f3801ca4a3b", kill_on_drop: false }`
[INFO] running `Command { std: "docker" "rm" "-f" "bff988baeffd501b099d1cdcc44be19c70763371d55bf35d2c184f3801ca4a3b", kill_on_drop: false }`
[INFO] [stdout] bff988baeffd501b099d1cdcc44be19c70763371d55bf35d2c184f3801ca4a3b
[INFO] running `Command { std: "docker" "create" "-v" "/var/lib/crater-agent-workspace/builds/worker-5-tc2/target:/opt/rustwide/target:rw,Z" "-v" "/var/lib/crater-agent-workspace/builds/worker-5-tc2/source:/opt/rustwide/workdir:ro,Z" "-v" "/var/lib/crater-agent-workspace/cargo-home:/opt/rustwide/cargo-home:ro,Z" "-v" "/var/lib/crater-agent-workspace/rustup-home:/opt/rustwide/rustup-home:ro,Z" "-e" "SOURCE_DIR=/opt/rustwide/workdir" "-e" "CARGO_TARGET_DIR=/opt/rustwide/target" "-e" "CARGO_INCREMENTAL=0" "-e" "RUST_BACKTRACE=full" "-e" "RUSTFLAGS=--cap-lints=forbid -Zrandomize-layout" "-e" "RUSTDOCFLAGS=--cap-lints=forbid" "-e" "CARGO_HOME=/opt/rustwide/cargo-home" "-e" "RUSTUP_HOME=/opt/rustwide/rustup-home" "-w" "/opt/rustwide/workdir" "-m" "1610612736" "--user" "0:0" "--network" "none" "ghcr.io/rust-lang/crates-build-env/linux@sha256:819108c5571ea2e421544af4d832f968d213c87fbe3707a016657f43d2f853bc" "/opt/rustwide/cargo-home/bin/cargo" "+nightly-2025-01-18" "test" "--frozen", kill_on_drop: false }`
[INFO] [stdout] 9d8e5c6756d918400a2d554d4a0a99c8caa17a7c85467253e4c4b34946d4a9d0
[INFO] running `Command { std: "docker" "start" "-a" "9d8e5c6756d918400a2d554d4a0a99c8caa17a7c85467253e4c4b34946d4a9d0", kill_on_drop: false }`
[INFO] [stderr]     Finished `test` profile [unoptimized + debuginfo] target(s) in 0.18s
[INFO] [stderr]      Running unittests src/lib.rs (/opt/rustwide/target/debug/deps/rusthound_ce-3dd32c0e7777aaf4)
[INFO] [stdout] 
[INFO] [stdout] running 6 tests
[INFO] [stdout] test enums::secdesc::tests::test_ace ... ok
[INFO] [stdout] test json::checker::common::tests::test_get_contained_by_name_from_name ... ok
[INFO] [stdout] test json::checker::common::tests::test_get_name_from_full_distinguishedname ... ok
[INFO] [stdout] test enums::secdesc::tests::test_security_descriptor ... ok
[INFO] [stdout] test json::checker::common::tests::test_get_cn_object_name_from_full_distinguishedname ... ok
[INFO] [stdout] test enums::secdesc::tests::test_acl_admin ... ok
[INFO] [stdout] 
[INFO] [stdout] test result: ok. 6 passed; 0 failed; 0 ignored; 0 measured; 0 filtered out; finished in 0.00s
[INFO] [stdout] 
[INFO] [stderr]      Running unittests src/main.rs (/opt/rustwide/target/debug/deps/rusthound_ce-336ecaa2958b4f2b)
[INFO] [stdout] 
[INFO] [stdout] running 6 tests
[INFO] [stdout] test enums::secdesc::tests::test_ace ... ok
[INFO] [stdout] test json::checker::common::tests::test_get_contained_by_name_from_name ... ok
[INFO] [stdout] test enums::secdesc::tests::test_security_descriptor ... ok
[INFO] [stdout] test json::checker::common::tests::test_get_name_from_full_distinguishedname ... ok
[INFO] [stdout] test json::checker::common::tests::test_get_cn_object_name_from_full_distinguishedname ... ok
[INFO] [stdout] test enums::secdesc::tests::test_acl_admin ... ok
[INFO] [stdout] 
[INFO] [stdout] test result: ok. 6 passed; 0 failed; 0 ignored; 0 measured; 0 filtered out; finished in 0.00s
[INFO] [stdout] 
[INFO] [stderr]    Doc-tests rusthound_ce
[INFO] [stdout] 
[INFO] [stdout] running 4 tests
[INFO] [stdout] test src/lib.rs - (line 12) ... ignored
[INFO] [stdout] test src/lib.rs - (line 61) ... ignored
[INFO] [stdout] test src/objects/mod.rs - objects (line 5) ... FAILED
[INFO] [stdout] test src/ldap.rs - ldap (line 9) ... FAILED
[INFO] [stdout] 
[INFO] [stdout] failures:
[INFO] [stdout] 
[INFO] [stdout] ---- src/objects/mod.rs - objects (line 5) stdout ----
[INFO] [stdout] error[E0433]: failed to resolve: use of undeclared crate or module `rusthound`
[INFO] [stdout]  --> src/objects/mod.rs:6:5
[INFO] [stdout]   |
[INFO] [stdout] 3 | use rusthound::objects::user::User;
[INFO] [stdout]   |     ^^^^^^^^^ use of undeclared crate or module `rusthound`
[INFO] [stdout]   |
[INFO] [stdout] help: there is a crate or module with a similar name
[INFO] [stdout]   |
[INFO] [stdout] 3 | use rusthound_ce::objects::user::User;
[INFO] [stdout]   |     ~~~~~~~~~~~~
[INFO] [stdout] 
[INFO] [stdout] error[E0433]: failed to resolve: use of undeclared crate or module `rusthound`
[INFO] [stdout]  --> src/objects/mod.rs:7:5
[INFO] [stdout]   |
[INFO] [stdout] 4 | use rusthound::objects::group::Group;
[INFO] [stdout]   |     ^^^^^^^^^ use of undeclared crate or module `rusthound`
[INFO] [stdout]   |
[INFO] [stdout] help: there is a crate or module with a similar name
[INFO] [stdout]   |
[INFO] [stdout] 4 | use rusthound_ce::objects::group::Group;
[INFO] [stdout]   |     ~~~~~~~~~~~~
[INFO] [stdout] 
[INFO] [stdout] error[E0433]: failed to resolve: use of undeclared crate or module `rusthound`
[INFO] [stdout]  --> src/objects/mod.rs:8:5
[INFO] [stdout]   |
[INFO] [stdout] 5 | use rusthound::objects::computer::Computer;
[INFO] [stdout]   |     ^^^^^^^^^ use of undeclared crate or module `rusthound`
[INFO] [stdout]   |
[INFO] [stdout] help: there is a crate or module with a similar name
[INFO] [stdout]   |
[INFO] [stdout] 5 | use rusthound_ce::objects::computer::Computer;
[INFO] [stdout]   |     ~~~~~~~~~~~~
[INFO] [stdout] 
[INFO] [stdout] error[E0433]: failed to resolve: use of undeclared crate or module `rusthound`
[INFO] [stdout]  --> src/objects/mod.rs:9:5
[INFO] [stdout]   |
[INFO] [stdout] 6 | use rusthound::objects::ou::Ou;
[INFO] [stdout]   |     ^^^^^^^^^ use of undeclared crate or module `rusthound`
[INFO] [stdout]   |
[INFO] [stdout] help: there is a crate or module with a similar name
[INFO] [stdout]   |
[INFO] [stdout] 6 | use rusthound_ce::objects::ou::Ou;
[INFO] [stdout]   |     ~~~~~~~~~~~~
[INFO] [stdout] 
[INFO] [stdout] error[E0433]: failed to resolve: use of undeclared crate or module `rusthound`
[INFO] [stdout]  --> src/objects/mod.rs:10:5
[INFO] [stdout]   |
[INFO] [stdout] 7 | use rusthound::objects::gpo::Gpo;
[INFO] [stdout]   |     ^^^^^^^^^ use of undeclared crate or module `rusthound`
[INFO] [stdout]   |
[INFO] [stdout] help: there is a crate or module with a similar name
[INFO] [stdout]   |
[INFO] [stdout] 7 | use rusthound_ce::objects::gpo::Gpo;
[INFO] [stdout]   |     ~~~~~~~~~~~~
[INFO] [stdout] 
[INFO] [stdout] error[E0433]: failed to resolve: use of undeclared crate or module `rusthound`
[INFO] [stdout]  --> src/objects/mod.rs:11:5
[INFO] [stdout]   |
[INFO] [stdout] 8 | use rusthound::objects::domain::Domain;
[INFO] [stdout]   |     ^^^^^^^^^ use of undeclared crate or module `rusthound`
[INFO] [stdout]   |
[INFO] [stdout] help: there is a crate or module with a similar name
[INFO] [stdout]   |
[INFO] [stdout] 8 | use rusthound_ce::objects::domain::Domain;
[INFO] [stdout]   |     ~~~~~~~~~~~~
[INFO] [stdout] 
[INFO] [stdout] error[E0433]: failed to resolve: use of undeclared crate or module `rusthound`
[INFO] [stdout]  --> src/objects/mod.rs:12:5
[INFO] [stdout]   |
[INFO] [stdout] 9 | use rusthound::objects::container::Container;
[INFO] [stdout]   |     ^^^^^^^^^ use of undeclared crate or module `rusthound`
[INFO] [stdout]   |
[INFO] [stdout] help: there is a crate or module with a similar name
[INFO] [stdout]   |
[INFO] [stdout] 9 | use rusthound_ce::objects::container::Container;
[INFO] [stdout]   |     ~~~~~~~~~~~~
[INFO] [stdout] 
[INFO] [stdout] error: aborting due to 7 previous errors
[INFO] [stdout] 
[INFO] [stdout] For more information about this error, try `rustc --explain E0433`.
[INFO] [stdout] Couldn't compile the test.
[INFO] [stdout] ---- src/ldap.rs - ldap (line 9) stdout ----
[INFO] [stdout] error: unexpected token: `...`
[INFO] [stdout]  --> src/ldap.rs:10:26
[INFO] [stdout]   |
[INFO] [stdout] 3 | let search = ldap_search(...)
[INFO] [stdout]   |                          ^^^
[INFO] [stdout]   |
[INFO] [stdout] help: use `..` for an exclusive range
[INFO] [stdout]   |
[INFO] [stdout] 3 | let search = ldap_search(..)
[INFO] [stdout]   |                          ~~
[INFO] [stdout] help: or `..=` for an inclusive range
[INFO] [stdout]   |
[INFO] [stdout] 3 | let search = ldap_search(..=)
[INFO] [stdout]   |                          ~~~
[INFO] [stdout] 
[INFO] [stdout] error[E0586]: inclusive range with no end
[INFO] [stdout]  --> src/ldap.rs:10:26
[INFO] [stdout]   |
[INFO] [stdout] 3 | let search = ldap_search(...)
[INFO] [stdout]   |                          ^^^
[INFO] [stdout]   |
[INFO] [stdout]   = note: inclusive ranges must be bounded at the end (`..=b` or `a..=b`)
[INFO] [stdout] help: use `..` instead
[INFO] [stdout]   |
[INFO] [stdout] 3 - let search = ldap_search(...)
[INFO] [stdout] 3 + let search = ldap_search(..)
[INFO] [stdout]   |
[INFO] [stdout] 
[INFO] [stdout] error: expected `;`, found `}`
[INFO] [stdout]  --> src/ldap.rs:10:30
[INFO] [stdout]   |
[INFO] [stdout] 3 | let search = ldap_search(...)
[INFO] [stdout]   |                              ^ help: add `;` here
[INFO] [stdout] 4 | } _doctest_main_src_ldap_rs_9_0() }
[INFO] [stdout]   | - unexpected token
[INFO] [stdout] 
[INFO] [stdout] error[E0425]: cannot find function `ldap_search` in this scope
[INFO] [stdout]  --> src/ldap.rs:10:14
[INFO] [stdout]   |
[INFO] [stdout] 3 | let search = ldap_search(...)
[INFO] [stdout]   |              ^^^^^^^^^^^ not found in this scope
[INFO] [stdout]   |
[INFO] [stdout] help: consider importing this function
[INFO] [stdout]   |
[INFO] [stdout] 2 + use rusthound_ce::ldap_search;
[INFO] [stdout]   |
[INFO] [stdout] 
[INFO] [stdout] error: aborting due to 4 previous errors
[INFO] [stdout] 
[INFO] [stdout] Some errors have detailed explanations: E0425, E0586.
[INFO] [stdout] For more information about an error, try `rustc --explain E0425`.
[INFO] [stdout] Couldn't compile the test.
[INFO] [stdout] 
[INFO] [stdout] failures:
[INFO] [stdout]     src/ldap.rs - ldap (line 9)
[INFO] [stdout]     src/objects/mod.rs - objects (line 5)
[INFO] [stdout] 
[INFO] [stdout] test result: FAILED. 0 passed; 2 failed; 2 ignored; 0 measured; 0 filtered out; finished in 0.12s
[INFO] [stdout] 
[INFO] [stderr] error: doctest failed, to rerun pass `--doc`
[INFO] running `Command { std: "docker" "inspect" "9d8e5c6756d918400a2d554d4a0a99c8caa17a7c85467253e4c4b34946d4a9d0", kill_on_drop: false }`
[INFO] running `Command { std: "docker" "rm" "-f" "9d8e5c6756d918400a2d554d4a0a99c8caa17a7c85467253e4c4b34946d4a9d0", kill_on_drop: false }`
[INFO] [stdout] 9d8e5c6756d918400a2d554d4a0a99c8caa17a7c85467253e4c4b34946d4a9d0
