[INFO] fetching crate rust_tokenizers 8.1.1...
[INFO] testing rust_tokenizers-8.1.1 against nightly-2025-01-18+rustflags=-Zrandomize-layout for randomize-layout-2
[INFO] extracting crate rust_tokenizers 8.1.1 into /workspace/builds/worker-6-tc2/source
[INFO] validating manifest of crates.io crate rust_tokenizers 8.1.1 on toolchain nightly-2025-01-18
[INFO] running `Command { std: CARGO_HOME="/workspace/cargo-home" RUSTUP_HOME="/workspace/rustup-home" "/workspace/cargo-home/bin/cargo" "+nightly-2025-01-18" "metadata" "--manifest-path" "Cargo.toml" "--no-deps", kill_on_drop: false }`
[INFO] started tweaking crates.io crate rust_tokenizers 8.1.1
[INFO] finished tweaking crates.io crate rust_tokenizers 8.1.1
[INFO] tweaked toml for crates.io crate rust_tokenizers 8.1.1 written to /workspace/builds/worker-6-tc2/source/Cargo.toml
[INFO] running `Command { std: CARGO_HOME="/workspace/cargo-home" RUSTUP_HOME="/workspace/rustup-home" "/workspace/cargo-home/bin/cargo" "+nightly-2025-01-18" "generate-lockfile" "--manifest-path" "Cargo.toml", kill_on_drop: false }`
[INFO] [stderr]     Updating crates.io index
[INFO] [stderr]      Locking 244 packages to latest compatible versions
[INFO] [stderr]       Adding dirs v5.0.1 (available: v6.0.0)
[INFO] [stderr]       Adding hashbrown v0.14.5 (available: v0.15.2)
[INFO] [stderr]       Adding itertools v0.11.0 (available: v0.14.0)
[INFO] [stderr]       Adding protobuf v2.28.0 (available: v3.7.1)
[INFO] [stderr]       Adding thiserror v1.0.69 (available: v2.0.11)
[INFO] running `Command { std: CARGO_HOME="/workspace/cargo-home" RUSTUP_HOME="/workspace/rustup-home" "/workspace/cargo-home/bin/cargo" "+nightly-2025-01-18" "fetch" "--manifest-path" "Cargo.toml", kill_on_drop: false }`
[INFO] running `Command { std: "docker" "create" "-v" "/var/lib/crater-agent-workspace/builds/worker-6-tc2/target:/opt/rustwide/target:rw,Z" "-v" "/var/lib/crater-agent-workspace/builds/worker-6-tc2/source:/opt/rustwide/workdir:ro,Z" "-v" "/var/lib/crater-agent-workspace/cargo-home:/opt/rustwide/cargo-home:ro,Z" "-v" "/var/lib/crater-agent-workspace/rustup-home:/opt/rustwide/rustup-home:ro,Z" "-e" "SOURCE_DIR=/opt/rustwide/workdir" "-e" "CARGO_TARGET_DIR=/opt/rustwide/target" "-e" "CARGO_HOME=/opt/rustwide/cargo-home" "-e" "RUSTUP_HOME=/opt/rustwide/rustup-home" "-w" "/opt/rustwide/workdir" "-m" "1610612736" "--user" "0:0" "--network" "none" "ghcr.io/rust-lang/crates-build-env/linux@sha256:819108c5571ea2e421544af4d832f968d213c87fbe3707a016657f43d2f853bc" "/opt/rustwide/cargo-home/bin/cargo" "+nightly-2025-01-18" "metadata" "--no-deps" "--format-version=1", kill_on_drop: false }`
[INFO] [stdout] eb433043e8fc4105fa14509bfc83c4b36b3633e7b91101bb8b149fcb48269eea
[INFO] running `Command { std: "docker" "start" "-a" "eb433043e8fc4105fa14509bfc83c4b36b3633e7b91101bb8b149fcb48269eea", kill_on_drop: false }`
[INFO] running `Command { std: "docker" "inspect" "eb433043e8fc4105fa14509bfc83c4b36b3633e7b91101bb8b149fcb48269eea", kill_on_drop: false }`
[INFO] running `Command { std: "docker" "rm" "-f" "eb433043e8fc4105fa14509bfc83c4b36b3633e7b91101bb8b149fcb48269eea", kill_on_drop: false }`
[INFO] [stdout] eb433043e8fc4105fa14509bfc83c4b36b3633e7b91101bb8b149fcb48269eea
[INFO] running `Command { std: "docker" "create" "-v" "/var/lib/crater-agent-workspace/builds/worker-6-tc2/target:/opt/rustwide/target:rw,Z" "-v" "/var/lib/crater-agent-workspace/builds/worker-6-tc2/source:/opt/rustwide/workdir:ro,Z" "-v" "/var/lib/crater-agent-workspace/cargo-home:/opt/rustwide/cargo-home:ro,Z" "-v" "/var/lib/crater-agent-workspace/rustup-home:/opt/rustwide/rustup-home:ro,Z" "-e" "SOURCE_DIR=/opt/rustwide/workdir" "-e" "CARGO_TARGET_DIR=/opt/rustwide/target" "-e" "CARGO_INCREMENTAL=0" "-e" "RUST_BACKTRACE=full" "-e" "RUSTFLAGS=--cap-lints=forbid -Zrandomize-layout" "-e" "RUSTDOCFLAGS=--cap-lints=forbid" "-e" "CARGO_HOME=/opt/rustwide/cargo-home" "-e" "RUSTUP_HOME=/opt/rustwide/rustup-home" "-w" "/opt/rustwide/workdir" "-m" "1610612736" "--user" "0:0" "--network" "none" "ghcr.io/rust-lang/crates-build-env/linux@sha256:819108c5571ea2e421544af4d832f968d213c87fbe3707a016657f43d2f853bc" "/opt/rustwide/cargo-home/bin/cargo" "+nightly-2025-01-18" "build" "--frozen" "--message-format=json", kill_on_drop: false }`
[INFO] [stdout] 4bf238bb8e414b7404bec30ac69237c39c8561319a66c6494d2d50ef64523fb8
[INFO] running `Command { std: "docker" "start" "-a" "4bf238bb8e414b7404bec30ac69237c39c8561319a66c6494d2d50ef64523fb8", kill_on_drop: false }`
[INFO] [stderr]    Compiling syn v2.0.96
[INFO] [stderr]    Compiling crossbeam-utils v0.8.21
[INFO] [stderr]    Compiling memchr v2.7.4
[INFO] [stderr]    Compiling byteorder v1.5.0
[INFO] [stderr]    Compiling rayon-core v1.12.1
[INFO] [stderr]    Compiling ahash v0.8.11
[INFO] [stderr]    Compiling either v1.13.0
[INFO] [stderr]    Compiling regex-syntax v0.8.5
[INFO] [stderr]    Compiling once_cell v1.20.2
[INFO] [stderr]    Compiling protobuf v2.28.0
[INFO] [stderr]    Compiling tinyvec_macros v0.1.1
[INFO] [stderr]    Compiling allocator-api2 v0.2.21
[INFO] [stderr]    Compiling tinyvec v1.8.1
[INFO] [stderr]    Compiling rust_tokenizers v8.1.1 (/opt/rustwide/workdir)
[INFO] [stderr]    Compiling smallvec v1.13.2
[INFO] [stderr]    Compiling aho-corasick v1.1.3
[INFO] [stderr]    Compiling csv-core v0.1.11
[INFO] [stderr]    Compiling unicode-normalization-alignments v0.1.12
[INFO] [stderr]    Compiling crossbeam-epoch v0.9.18
[INFO] [stderr]    Compiling crossbeam-deque v0.8.6
[INFO] [stderr]    Compiling unicode-normalization v0.1.24
[INFO] [stderr]    Compiling itertools v0.11.0
[INFO] [stderr]    Compiling rayon v1.10.0
[INFO] [stderr]    Compiling regex-automata v0.4.9
[INFO] [stderr]    Compiling serde_derive v1.0.217
[INFO] [stderr]    Compiling zerocopy-derive v0.7.35
[INFO] [stderr]    Compiling thiserror-impl v1.0.69
[INFO] [stderr]    Compiling regex v1.11.1
[INFO] [stderr]    Compiling zerocopy v0.7.35
[INFO] [stderr]    Compiling thiserror v1.0.69
[INFO] [stderr]    Compiling hashbrown v0.14.5
[INFO] [stderr]    Compiling serde v1.0.217
[INFO] [stderr]    Compiling csv v1.3.1
[INFO] [stderr]    Compiling serde_json v1.0.137
[INFO] [stdout] warning: elided lifetime has a name
[INFO] [stdout]    --> src/vocab/sentence_piece_unigram_model.rs:253:84
[INFO] [stdout]     |
[INFO] [stdout] 253 |     pub fn decode_backward<'a>(&'a self, nodes: &'a [Option<Node<'a>>]) -> Vec<&'a Node> {
[INFO] [stdout]     |                            -- lifetime `'a` declared here                          ^^^^ this elided lifetime gets resolved as `'a`
[INFO] [stdout]     |
[INFO] [stdout]     = note: `#[warn(elided_named_lifetimes)]` on by default
[INFO] [stdout] 
[INFO] [stdout] 
[INFO] [stdout] warning: lint `box_pointers` has been removed: it does not detect other kinds of allocations, and existed only for historical reasons
[INFO] [stdout]   --> src/vocab/sentencepiece_proto/sentencepiece_model.rs:11:10
[INFO] [stdout]    |
[INFO] [stdout] 11 | #![allow(box_pointers)]
[INFO] [stdout]    |          ^^^^^^^^^^^^
[INFO] [stdout]    |
[INFO] [stdout]    = note: `#[warn(renamed_and_removed_lints)]` on by default
[INFO] [stdout] 
[INFO] [stdout] 
[INFO] [stderr]     Finished `dev` profile [unoptimized + debuginfo] target(s) in 49.58s
[INFO] running `Command { std: "docker" "inspect" "4bf238bb8e414b7404bec30ac69237c39c8561319a66c6494d2d50ef64523fb8", kill_on_drop: false }`
[INFO] running `Command { std: "docker" "rm" "-f" "4bf238bb8e414b7404bec30ac69237c39c8561319a66c6494d2d50ef64523fb8", kill_on_drop: false }`
[INFO] [stdout] 4bf238bb8e414b7404bec30ac69237c39c8561319a66c6494d2d50ef64523fb8
[INFO] running `Command { std: "docker" "create" "-v" "/var/lib/crater-agent-workspace/builds/worker-6-tc2/target:/opt/rustwide/target:rw,Z" "-v" "/var/lib/crater-agent-workspace/builds/worker-6-tc2/source:/opt/rustwide/workdir:ro,Z" "-v" "/var/lib/crater-agent-workspace/cargo-home:/opt/rustwide/cargo-home:ro,Z" "-v" "/var/lib/crater-agent-workspace/rustup-home:/opt/rustwide/rustup-home:ro,Z" "-e" "SOURCE_DIR=/opt/rustwide/workdir" "-e" "CARGO_TARGET_DIR=/opt/rustwide/target" "-e" "CARGO_INCREMENTAL=0" "-e" "RUST_BACKTRACE=full" "-e" "RUSTFLAGS=--cap-lints=forbid -Zrandomize-layout" "-e" "RUSTDOCFLAGS=--cap-lints=forbid" "-e" "CARGO_HOME=/opt/rustwide/cargo-home" "-e" "RUSTUP_HOME=/opt/rustwide/rustup-home" "-w" "/opt/rustwide/workdir" "-m" "1610612736" "--user" "0:0" "--network" "none" "ghcr.io/rust-lang/crates-build-env/linux@sha256:819108c5571ea2e421544af4d832f968d213c87fbe3707a016657f43d2f853bc" "/opt/rustwide/cargo-home/bin/cargo" "+nightly-2025-01-18" "test" "--frozen" "--no-run" "--message-format=json", kill_on_drop: false }`
[INFO] [stdout] 1660696dd07b7fc0e8b512785b8fc0fd6b9f4a5b5c04be6fcfeea15e73151f93
[INFO] running `Command { std: "docker" "start" "-a" "1660696dd07b7fc0e8b512785b8fc0fd6b9f4a5b5c04be6fcfeea15e73151f93", kill_on_drop: false }`
[INFO] [stderr]    Compiling libc v0.2.169
[INFO] [stderr]    Compiling shlex v1.3.0
[INFO] [stderr]    Compiling pkg-config v0.3.31
[INFO] [stderr]    Compiling stable_deref_trait v1.2.0
[INFO] [stderr]    Compiling vcpkg v0.2.15
[INFO] [stderr]    Compiling synstructure v0.13.1
[INFO] [stderr]    Compiling zerovec-derive v0.10.3
[INFO] [stderr]    Compiling displaydoc v0.2.5
[INFO] [stderr]    Compiling bitflags v2.8.0
[INFO] [stderr]    Compiling writeable v0.5.5
[INFO] [stderr]    Compiling litemap v0.7.4
[INFO] [stderr]    Compiling icu_provider_macros v1.5.0
[INFO] [stderr]    Compiling slab v0.4.9
[INFO] [stderr]    Compiling icu_locid_transform_data v1.5.0
[INFO] [stderr]    Compiling futures-core v0.3.31
[INFO] [stderr]    Compiling foreign-types-shared v0.1.1
[INFO] [stderr]    Compiling openssl v0.10.68
[INFO] [stderr]    Compiling icu_properties_data v1.5.0
[INFO] [stderr]    Compiling zerofrom-derive v0.1.5
[INFO] [stderr]    Compiling yoke-derive v0.7.5
[INFO] [stderr]    Compiling fnv v1.0.7
[INFO] [stderr]    Compiling foreign-types v0.3.2
[INFO] [stderr]    Compiling http v0.2.12
[INFO] [stderr]    Compiling openssl-macros v0.1.1
[INFO] [stderr]    Compiling tracing-core v0.1.33
[INFO] [stderr]    Compiling hashbrown v0.15.2
[INFO] [stderr]    Compiling equivalent v1.0.1
[INFO] [stderr]    Compiling utf8_iter v1.0.4
[INFO] [stderr]    Compiling futures-sink v0.3.31
[INFO] [stderr]    Compiling rustix v0.38.43
[INFO] [stderr]    Compiling pin-utils v0.1.0
[INFO] [stderr]    Compiling icu_normalizer_data v1.5.0
[INFO] [stderr]    Compiling write16 v1.0.0
[INFO] [stderr]    Compiling utf16_iter v1.0.5
[INFO] [stderr]    Compiling futures-io v0.3.31
[INFO] [stderr]    Compiling native-tls v0.2.12
[INFO] [stderr]    Compiling futures-task v0.3.31
[INFO] [stderr]    Compiling httparse v1.9.5
[INFO] [stderr]    Compiling indexmap v2.7.1
[INFO] [stderr]    Compiling tracing v0.1.41
[INFO] [stderr]    Compiling futures-util v0.3.31
[INFO] [stderr]    Compiling zstd-safe v5.0.2+zstd.1.5.2
[INFO] [stderr]    Compiling percent-encoding v2.3.1
[INFO] [stderr]    Compiling try-lock v0.2.5
[INFO] [stderr]    Compiling openssl-probe v0.1.5
[INFO] [stderr]    Compiling linux-raw-sys v0.4.15
[INFO] [stderr]    Compiling want v0.3.1
[INFO] [stderr]    Compiling form_urlencoded v1.2.1
[INFO] [stderr]    Compiling http-body v0.4.6
[INFO] [stderr]    Compiling futures-channel v0.3.31
[INFO] [stderr]    Compiling inout v0.1.3
[INFO] [stderr]    Compiling powerfmt v0.2.0
[INFO] [stderr]    Compiling httpdate v1.0.3
[INFO] [stderr]    Compiling adler2 v2.0.0
[INFO] [stderr]    Compiling tower-service v0.3.3
[INFO] [stderr]    Compiling zerofrom v0.1.5
[INFO] [stderr]    Compiling base64ct v1.6.0
[INFO] [stderr]    Compiling jobserver v0.1.32
[INFO] [stderr]    Compiling yoke v0.7.5
[INFO] [stderr]    Compiling mio v1.0.3
[INFO] [stderr]    Compiling socket2 v0.5.8
[INFO] [stderr]    Compiling getrandom v0.2.15
[INFO] [stderr]    Compiling deranged v0.3.11
[INFO] [stderr]    Compiling zerovec v0.10.4
[INFO] [stderr]    Compiling cc v1.2.10
[INFO] [stderr]    Compiling rand_core v0.6.4
[INFO] [stderr]    Compiling tokio v1.43.0
[INFO] [stderr]    Compiling password-hash v0.4.2
[INFO] [stderr]    Compiling miniz_oxide v0.8.3
[INFO] [stderr]    Compiling cipher v0.4.4
[INFO] [stderr]    Compiling hmac v0.12.1
[INFO] [stderr]    Compiling ppv-lite86 v0.2.20
[INFO] [stderr]    Compiling crc32fast v1.4.2
[INFO] [stderr]    Compiling num-conv v0.1.0
[INFO] [stderr]    Compiling time-core v0.1.2
[INFO] [stderr]    Compiling time v0.3.37
[INFO] [stderr]    Compiling tinystr v0.7.6
[INFO] [stderr]    Compiling icu_locid v1.5.0
[INFO] [stderr]    Compiling icu_collections v1.5.0
[INFO] [stderr]    Compiling rand_chacha v0.3.1
[INFO] [stderr]    Compiling rustls-pemfile v1.0.4
[INFO] [stderr]    Compiling flate2 v1.0.35
[INFO] [stderr]    Compiling openssl-sys v0.9.104
[INFO] [stderr]    Compiling zstd-sys v2.0.13+zstd.1.5.6
[INFO] [stderr]    Compiling bzip2-sys v0.1.11+1.0.8
[INFO] [stderr]    Compiling xattr v1.4.0
[INFO] [stderr]    Compiling icu_provider v1.5.0
[INFO] [stderr]    Compiling pbkdf2 v0.11.0
[INFO] [stderr]    Compiling aes v0.8.4
[INFO] [stderr]    Compiling console v0.15.10
[INFO] [stderr]    Compiling icu_locid_transform v1.5.0
[INFO] [stderr]    Compiling filetime v0.2.25
[INFO] [stderr]    Compiling serde_urlencoded v0.7.1
[INFO] [stderr]    Compiling sha1 v0.10.6
[INFO] [stderr]    Compiling bzip2 v0.4.4
[INFO] [stderr]    Compiling encoding_rs v0.8.35
[INFO] [stderr]    Compiling mime v0.3.17
[INFO] [stderr]    Compiling number_prefix v0.4.0
[INFO] [stderr]    Compiling constant_time_eq v0.1.5
[INFO] [stderr]    Compiling option-ext v0.2.0
[INFO] [stderr]    Compiling fastrand v2.3.0
[INFO] [stderr]    Compiling anyhow v1.0.95
[INFO] [stderr]    Compiling sync_wrapper v0.1.2
[INFO] [stderr]    Compiling ipnet v2.11.0
[INFO] [stderr]    Compiling tempfile v3.15.0
[INFO] [stderr]    Compiling icu_properties v1.5.1
[INFO] [stderr]    Compiling dirs-sys v0.4.1
[INFO] [stderr]    Compiling indicatif v0.16.2
[INFO] [stderr]    Compiling tar v0.4.43
[INFO] [stderr]    Compiling rand v0.8.5
[INFO] [stderr]    Compiling tokio-util v0.7.13
[INFO] [stderr]    Compiling fs2 v0.4.3
[INFO] [stderr]    Compiling glob v0.3.2
[INFO] [stderr]    Compiling dirs v5.0.1
[INFO] [stderr]    Compiling icu_normalizer v1.5.0
[INFO] [stdout] warning: elided lifetime has a name
[INFO] [stdout]    --> src/vocab/sentence_piece_unigram_model.rs:253:84
[INFO] [stdout]     |
[INFO] [stdout] 253 |     pub fn decode_backward<'a>(&'a self, nodes: &'a [Option<Node<'a>>]) -> Vec<&'a Node> {
[INFO] [stdout]     |                            -- lifetime `'a` declared here                          ^^^^ this elided lifetime gets resolved as `'a`
[INFO] [stdout]     |
[INFO] [stdout]     = note: `#[warn(elided_named_lifetimes)]` on by default
[INFO] [stdout] 
[INFO] [stdout] 
[INFO] [stdout] warning: lint `box_pointers` has been removed: it does not detect other kinds of allocations, and existed only for historical reasons
[INFO] [stdout]   --> src/vocab/sentencepiece_proto/sentencepiece_model.rs:11:10
[INFO] [stdout]    |
[INFO] [stdout] 11 | #![allow(box_pointers)]
[INFO] [stdout]    |          ^^^^^^^^^^^^
[INFO] [stdout]    |
[INFO] [stdout]    = note: `#[warn(renamed_and_removed_lints)]` on by default
[INFO] [stdout] 
[INFO] [stdout] 
[INFO] [stderr]    Compiling h2 v0.3.26
[INFO] [stderr]    Compiling idna_adapter v1.2.0
[INFO] [stderr]    Compiling idna v1.0.3
[INFO] [stderr]    Compiling url v2.5.4
[INFO] [stderr]    Compiling tokio-native-tls v0.3.1
[INFO] [stderr]    Compiling hyper v0.14.32
[INFO] [stderr]    Compiling zstd v0.11.2+zstd.1.5.2
[INFO] [stderr]    Compiling zip v0.6.6
[INFO] [stderr]    Compiling hyper-tls v0.5.0
[INFO] [stderr]    Compiling reqwest v0.11.27
[INFO] [stderr]    Compiling cached-path v0.6.1
[INFO] [stderr]    Compiling rust_tokenizers v8.1.1 (/opt/rustwide/workdir)
[INFO] [stdout] warning: elided lifetime has a name
[INFO] [stdout]    --> src/vocab/sentence_piece_unigram_model.rs:253:84
[INFO] [stdout]     |
[INFO] [stdout] 253 |     pub fn decode_backward<'a>(&'a self, nodes: &'a [Option<Node<'a>>]) -> Vec<&'a Node> {
[INFO] [stdout]     |                            -- lifetime `'a` declared here                          ^^^^ this elided lifetime gets resolved as `'a`
[INFO] [stdout]     |
[INFO] [stdout]     = note: `#[warn(elided_named_lifetimes)]` on by default
[INFO] [stdout] 
[INFO] [stdout] 
[INFO] [stdout] warning: lint `box_pointers` has been removed: it does not detect other kinds of allocations, and existed only for historical reasons
[INFO] [stdout]   --> src/vocab/sentencepiece_proto/sentencepiece_model.rs:11:10
[INFO] [stdout]    |
[INFO] [stdout] 11 | #![allow(box_pointers)]
[INFO] [stdout]    |          ^^^^^^^^^^^^
[INFO] [stdout]    |
[INFO] [stdout]    = note: `#[warn(renamed_and_removed_lints)]` on by default
[INFO] [stdout] 
[INFO] [stdout] 
[INFO] [stderr]     Finished `test` profile [unoptimized + debuginfo] target(s) in 2m 20s
[INFO] running `Command { std: "docker" "inspect" "1660696dd07b7fc0e8b512785b8fc0fd6b9f4a5b5c04be6fcfeea15e73151f93", kill_on_drop: false }`
[INFO] running `Command { std: "docker" "rm" "-f" "1660696dd07b7fc0e8b512785b8fc0fd6b9f4a5b5c04be6fcfeea15e73151f93", kill_on_drop: false }`
[INFO] [stdout] 1660696dd07b7fc0e8b512785b8fc0fd6b9f4a5b5c04be6fcfeea15e73151f93
[INFO] running `Command { std: "docker" "create" "-v" "/var/lib/crater-agent-workspace/builds/worker-6-tc2/target:/opt/rustwide/target:rw,Z" "-v" "/var/lib/crater-agent-workspace/builds/worker-6-tc2/source:/opt/rustwide/workdir:ro,Z" "-v" "/var/lib/crater-agent-workspace/cargo-home:/opt/rustwide/cargo-home:ro,Z" "-v" "/var/lib/crater-agent-workspace/rustup-home:/opt/rustwide/rustup-home:ro,Z" "-e" "SOURCE_DIR=/opt/rustwide/workdir" "-e" "CARGO_TARGET_DIR=/opt/rustwide/target" "-e" "CARGO_INCREMENTAL=0" "-e" "RUST_BACKTRACE=full" "-e" "RUSTFLAGS=--cap-lints=forbid -Zrandomize-layout" "-e" "RUSTDOCFLAGS=--cap-lints=forbid" "-e" "CARGO_HOME=/opt/rustwide/cargo-home" "-e" "RUSTUP_HOME=/opt/rustwide/rustup-home" "-w" "/opt/rustwide/workdir" "-m" "1610612736" "--user" "0:0" "--network" "none" "ghcr.io/rust-lang/crates-build-env/linux@sha256:819108c5571ea2e421544af4d832f968d213c87fbe3707a016657f43d2f853bc" "/opt/rustwide/cargo-home/bin/cargo" "+nightly-2025-01-18" "test" "--frozen", kill_on_drop: false }`
[INFO] [stdout] 5fd78837f9a6d61244710732a4fc3ab480c0c3a27fc0489d197888b7caef0af7
[INFO] running `Command { std: "docker" "start" "-a" "5fd78837f9a6d61244710732a4fc3ab480c0c3a27fc0489d197888b7caef0af7", kill_on_drop: false }`
[INFO] [stderr] warning: elided lifetime has a name
[INFO] [stderr]    --> src/vocab/sentence_piece_unigram_model.rs:253:84
[INFO] [stderr]     |
[INFO] [stderr] 253 |     pub fn decode_backward<'a>(&'a self, nodes: &'a [Option<Node<'a>>]) -> Vec<&'a Node> {
[INFO] [stderr]     |                            -- lifetime `'a` declared here                          ^^^^ this elided lifetime gets resolved as `'a`
[INFO] [stderr]     |
[INFO] [stderr]     = note: `#[warn(elided_named_lifetimes)]` on by default
[INFO] [stderr] 
[INFO] [stderr] warning: lint `box_pointers` has been removed: it does not detect other kinds of allocations, and existed only for historical reasons
[INFO] [stderr]   --> src/vocab/sentencepiece_proto/sentencepiece_model.rs:11:10
[INFO] [stderr]    |
[INFO] [stderr] 11 | #![allow(box_pointers)]
[INFO] [stderr]    |          ^^^^^^^^^^^^
[INFO] [stderr]    |
[INFO] [stderr]    = note: `#[warn(renamed_and_removed_lints)]` on by default
[INFO] [stderr] 
[INFO] [stderr] warning: `rust_tokenizers` (lib) generated 2 warnings
[INFO] [stderr] warning: `rust_tokenizers` (lib test) generated 2 warnings (2 duplicates)
[INFO] [stderr]     Finished `test` profile [unoptimized + debuginfo] target(s) in 0.88s
[INFO] [stderr]      Running unittests src/lib.rs (/opt/rustwide/target/debug/deps/rust_tokenizers-723ff37d29e989f2)
[INFO] [stdout] 
[INFO] [stdout] running 89 tests
[INFO] [stdout] test tokenizer::base_tokenizer::tests::test_convert_tokens_to_ids ... ok
[INFO] [stdout] test tokenizer::base_tokenizer::tests::test_consolidated_token_iterator ... ok
[INFO] [stdout] test tokenizer::base_tokenizer::tests::test_decode_skip_special_tokens ... ok
[INFO] [stdout] test tokenizer::base_tokenizer::tests::test_decode_clean_up_tokenization_spaces ... ok
[INFO] [stdout] test tokenizer::base_tokenizer::tests::test_encode_sentence_pair ... ok
[INFO] [stdout] test tokenizer::base_tokenizer::tests::test_decode ... ok
[INFO] [stdout] test tokenizer::bert_tokenizer::tests::test_decode_skip_special_tokens ... ok
[INFO] [stdout] test tokenizer::bert_tokenizer::tests::test_bert_tokenizer ... ok
[INFO] [stdout] test tokenizer::base_tokenizer::tests::test_no_lower_casing ... ok
[INFO] [stdout] test tokenizer::base_tokenizer::tests::test_base_tokenizer ... ok
[INFO] [stdout] test tokenizer::bert_tokenizer::tests::test_bert_tokenizer_no_lower_casing ... ok
[INFO] [stdout] test tokenizer::base_tokenizer::tests::test_encode_single_sentence ... ok
[INFO] [stdout] test tokenizer::bert_tokenizer::tests::test_decode ... ok
[INFO] [stdout] test tokenizer::ctrl_tokenizer::tests::test_ctrl_tokenizer ... ok
[INFO] [stdout] test tokenizer::ctrl_tokenizer::tests::test_decode_skip_special_tokens ... ok
[INFO] [stdout] test tokenizer::ctrl_tokenizer::tests::test_decode ... ok
[INFO] [stdout] test tokenizer::bert_tokenizer::tests::test_encode_sentence_pair ... ok
[INFO] [stdout] test tokenizer::ctrl_tokenizer::tests::test_ctrl_tokenizer_no_lower_casing ... ok
[INFO] [stdout] test tokenizer::bert_tokenizer::tests::test_encode ... ok
[INFO] [stdout] test tokenizer::openai_gpt_tokenizer::tests::test_decode ... ok
[INFO] [stdout] test tokenizer::openai_gpt_tokenizer::tests::test_openai_gpt_tokenizer ... ok
[INFO] [stdout] test tokenizer::openai_gpt_tokenizer::tests::test_encode ... ok
[INFO] [stdout] test tokenizer::openai_gpt_tokenizer::tests::test_openai_gpt_tokenizer_no_lower_casing ... ok
[INFO] [stdout] test tokenizer::prophetnet_tokenizer::tests::test_decode_skip_special_tokens ... ok
[INFO] [stdout] test tokenizer::prophetnet_tokenizer::tests::test_decode ... ok
[INFO] [stdout] test tokenizer::ctrl_tokenizer::tests::test_encode ... ok
[INFO] [stdout] test tokenizer::prophetnet_tokenizer::tests::test_prophetneg_tokenizer ... ok
[INFO] [stdout] test tokenizer::prophetnet_tokenizer::tests::test_encode ... ok
[INFO] [stdout] test tokenizer::gpt2_tokenizer::tests::test_decode ... ok
[INFO] [stdout] test tokenizer::prophetnet_tokenizer::tests::test_encode_sentence_pair ... ok
[INFO] [stdout] test tokenizer::prophetnet_tokenizer::tests::test_prophetnet_tokenizer_no_lower_casing ... ok
[INFO] [stdout] test tokenizer::tokenization_utils::tests::test_bpe_exact ... ok
[INFO] [stdout] test tokenizer::tokenization_utils::tests::test_clean_text ... ok
[INFO] [stdout] test tokenizer::tokenization_utils::tests::test_get_pair ... ok
[INFO] [stdout] test tokenizer::tokenization_utils::tests::test_group_common_pairs ... ok
[INFO] [stdout] test tokenizer::tokenization_utils::tests::test_is_cjk_char ... ok
[INFO] [stdout] test tokenizer::tokenization_utils::tests::test_is_control ... ok
[INFO] [stdout] test tokenizer::tokenization_utils::tests::test_is_punctuation ... ok
[INFO] [stdout] test tokenizer::roberta_tokenizer::tests::test_decode ... ok
[INFO] [stdout] test tokenizer::tokenization_utils::tests::test_split_on_punct ... ok
[INFO] [stdout] test tokenizer::tokenization_utils::tests::test_split_on_special_tokens ... ok
[INFO] [stdout] test tokenizer::gpt2_tokenizer::tests::test_encode ... ok
[INFO] [stdout] test tokenizer::tokenization_utils::tests::test_is_whitespace ... ok
[INFO] [stdout] test tokenizer::gpt2_tokenizer::tests::test_gpt2_tokenizer ... ok
[INFO] [stdout] test tokenizer::tokenization_utils::tests::test_truncate_sentence_pair_longest_first ... ok
[INFO] [stdout] test tokenizer::tokenization_utils::tests::test_truncate_sentence_pair_second_only ... ok
[INFO] [stdout] test tokenizer::tokenization_utils::tests::test_truncate_single_sentence ... ok
[INFO] [stdout] test tokenizer::tokenization_utils::tests::test_whitespace_tokenize ... ok
[INFO] [stdout] test tokenizer::gpt2_tokenizer::tests::test_gpt2_tokenizer_no_lower_casing ... ok
[INFO] [stdout] test tokenizer::tokenization_utils::tests::test_strip_accents ... ok
[INFO] [stdout] test tokenizer::tokenization_utils::tests::test_tokenize_cjk_chars ... ok
[INFO] [stdout] test tokenizer::tokenization_utils::tests::test_truncate_sentence_pair_first_only ... ok
[INFO] [stdout] test vocab::base_vocab::tests::test_create_object_from_file ... ok
[INFO] [stdout] test vocab::base_vocab::tests::test_create_object ... ok
[INFO] [stdout] test tokenizer::tokenization_utils::tests::test_wordpiece_tokenizer ... ok
[INFO] [stdout] test vocab::base_vocab::tests::test_decode_tokens ... ok
[INFO] [stdout] test vocab::base_vocab::tests::test_encode_tokens ... ok
[INFO] [stdout] test vocab::bert_vocab::tests::test_create_object ... ok
[INFO] [stdout] test vocab::bert_vocab::tests::test_create_object_from_file ... ok
[INFO] [stdout] test tokenizer::roberta_tokenizer::tests::test_encode ... ok
[INFO] [stdout] test vocab::bpe_vocab::tests::test_create_pair_vocab ... ok
[INFO] [stdout] test vocab::bert_vocab::tests::test_decode_tokens ... ok
[INFO] [stdout] test tokenizer::roberta_tokenizer::tests::test_roberta_tokenizer_no_lower_casing ... ok
[INFO] [stdout] test vocab::bert_vocab::tests::test_encode_tokens ... ok
[INFO] [stdout] test tokenizer::roberta_tokenizer::tests::test_roberta_tokenizer ... ok
[INFO] [stdout] test vocab::gpt2_vocab::tests::test_create_object_from_file ... ok
[INFO] [stdout] test vocab::gpt2_vocab::tests::test_encode_tokens ... ok
[INFO] [stdout] test vocab::openai_gpt_vocab::tests::test_create_object_from_file ... ok
[INFO] [stdout] test vocab::bpe_vocab::tests::test_create_pair_vocab_from_file ... ok
[INFO] [stdout] test vocab::gpt2_vocab::tests::test_create_vocab ... ok
[INFO] [stdout] test vocab::gpt2_vocab::tests::test_decode_tokens ... ok
[INFO] [stdout] test vocab::bpe_vocab::tests::test_encode_byte_pairs ... ok
[INFO] [stdout] test vocab::openai_gpt_vocab::tests::test_decode_tokens ... ok
[INFO] [stdout] test vocab::openai_gpt_vocab::tests::test_encode_tokens ... ok
[INFO] [stdout] test vocab::prophetnet_vocab::tests::test_create_object ... ok
[INFO] [stdout] test vocab::openai_gpt_vocab::tests::test_create_vocab ... ok
[INFO] [stdout] test vocab::prophetnet_vocab::tests::test_create_object_from_file ... ok
[INFO] [stdout] test vocab::prophetnet_vocab::tests::test_encode_tokens ... ok
[INFO] [stdout] test vocab::prophetnet_vocab::tests::test_decode_tokens ... ok
[INFO] [stdout] test vocab::roberta_vocab::tests::test_create_vocab ... ok
[INFO] [stdout] test vocab::roberta_vocab::tests::test_decode_tokens ... ok
[INFO] [stdout] test vocab::roberta_vocab::tests::test_create_object_from_file ... ok
[INFO] [stdout] test vocab::roberta_vocab::tests::test_encode_tokens ... ok
[INFO] [stdout] test vocab::base_vocab::tests::test_create_object_from_file_without_unknown_token - should panic ... ok
[INFO] [stdout] test vocab::gpt2_vocab::tests::test_create_object_from_file_without_unknown_token - should panic ... ok
[INFO] [stdout] test vocab::bert_vocab::tests::test_create_object_from_file_without_unknown_token - should panic ... ok
[INFO] [stdout] test vocab::prophetnet_vocab::tests::test_create_object_from_file_without_unknown_token - should panic ... ok
[INFO] [stdout] test vocab::roberta_vocab::tests::test_create_object_from_file_without_unknown_token - should panic ... ok
[INFO] [stdout] test vocab::openai_gpt_vocab::tests::test_create_object_from_file_without_unknown_token - should panic ... ok
[INFO] [stdout] 
[INFO] [stdout] test result: ok. 89 passed; 0 failed; 0 ignored; 0 measured; 0 filtered out; finished in 0.30s
[INFO] [stdout] 
[INFO] [stderr]      Running tests/test_albert_uncased.rs (/opt/rustwide/target/debug/deps/test_albert_uncased-d16848a5eecfc2c7)
[INFO] [stdout] 
[INFO] [stdout] running 1 test
[INFO] [stdout] test test_albert_tokenization ... FAILED
[INFO] [stdout] 
[INFO] [stdout] failures:
[INFO] [stdout] 
[INFO] [stdout] ---- test_albert_tokenization stdout ----
[INFO] [stdout] Error: error sending request for url (https://s3.amazonaws.com/models.huggingface.co/bert/albert-base-v2-spiece.model): error trying to connect: dns error: failed to lookup address information: Temporary failure in name resolution
[INFO] [stdout] 
[INFO] [stdout] Caused by:
[INFO] [stdout]     0: error trying to connect: dns error: failed to lookup address information: Temporary failure in name resolution
[INFO] [stdout]     1: dns error: failed to lookup address information: Temporary failure in name resolution
[INFO] [stdout]     2: failed to lookup address information: Temporary failure in name resolution
[INFO] [stdout] 
[INFO] [stdout] Stack backtrace:
[INFO] [stdout]    0: anyhow::error::<impl core::convert::From<E> for anyhow::Error>::from
[INFO] [stdout]              at /opt/rustwide/cargo-home/registry/src/index.crates.io-1949cf8c6b5b557f/anyhow-1.0.95/src/backtrace.rs:27:14
[INFO] [stdout]    1: <core::result::Result<T,F> as core::ops::try_trait::FromResidual<core::result::Result<core::convert::Infallible,E>>>::from_residual
[INFO] [stdout]              at /rustc/6067b36314ab5eb2eb47cecc464545ba58e1ad24/library/core/src/result.rs:2014:27
[INFO] [stdout]    2: test_albert_uncased::test_albert_tokenization
[INFO] [stdout]              at ./tests/test_albert_uncased.rs:11:22
[INFO] [stdout]    3: test_albert_uncased::test_albert_tokenization::{{closure}}
[INFO] [stdout]              at ./tests/test_albert_uncased.rs:10:34
[INFO] [stdout]    4: core::ops::function::FnOnce::call_once
[INFO] [stdout]              at /rustc/6067b36314ab5eb2eb47cecc464545ba58e1ad24/library/core/src/ops/function.rs:250:5
[INFO] [stdout]    5: core::ops::function::FnOnce::call_once
[INFO] [stdout]              at /rustc/6067b36314ab5eb2eb47cecc464545ba58e1ad24/library/core/src/ops/function.rs:250:5
[INFO] [stdout]    6: test::__rust_begin_short_backtrace
[INFO] [stdout]              at /rustc/6067b36314ab5eb2eb47cecc464545ba58e1ad24/library/test/src/lib.rs:632:18
[INFO] [stdout]    7: test::run_test_in_process::{{closure}}
[INFO] [stdout]              at /rustc/6067b36314ab5eb2eb47cecc464545ba58e1ad24/library/test/src/lib.rs:655:60
[INFO] [stdout]    8: <core::panic::unwind_safe::AssertUnwindSafe<F> as core::ops::function::FnOnce<()>>::call_once
[INFO] [stdout]              at /rustc/6067b36314ab5eb2eb47cecc464545ba58e1ad24/library/core/src/panic/unwind_safe.rs:272:9
[INFO] [stdout]    9: std::panicking::try::do_call
[INFO] [stdout]              at /rustc/6067b36314ab5eb2eb47cecc464545ba58e1ad24/library/std/src/panicking.rs:587:40
[INFO] [stdout]   10: std::panicking::try
[INFO] [stdout]              at /rustc/6067b36314ab5eb2eb47cecc464545ba58e1ad24/library/std/src/panicking.rs:550:19
[INFO] [stdout]   11: std::panic::catch_unwind
[INFO] [stdout]              at /rustc/6067b36314ab5eb2eb47cecc464545ba58e1ad24/library/std/src/panic.rs:358:14
[INFO] [stdout]   12: test::run_test_in_process
[INFO] [stdout]              at /rustc/6067b36314ab5eb2eb47cecc464545ba58e1ad24/library/test/src/lib.rs:655:27
[INFO] [stdout]   13: test::run_test::{{closure}}
[INFO] [stdout]              at /rustc/6067b36314ab5eb2eb47cecc464545ba58e1ad24/library/test/src/lib.rs:576:43
[INFO] [stdout]   14: test::run_test::{{closure}}
[INFO] [stdout]              at /rustc/6067b36314ab5eb2eb47cecc464545ba58e1ad24/library/test/src/lib.rs:606:41
[INFO] [stdout]   15: std::sys::backtrace::__rust_begin_short_backtrace
[INFO] [stdout]              at /rustc/6067b36314ab5eb2eb47cecc464545ba58e1ad24/library/std/src/sys/backtrace.rs:152:18
[INFO] [stdout]   16: std::thread::Builder::spawn_unchecked_::{{closure}}::{{closure}}
[INFO] [stdout]              at /rustc/6067b36314ab5eb2eb47cecc464545ba58e1ad24/library/std/src/thread/mod.rs:559:17
[INFO] [stdout]   17: <core::panic::unwind_safe::AssertUnwindSafe<F> as core::ops::function::FnOnce<()>>::call_once
[INFO] [stdout]              at /rustc/6067b36314ab5eb2eb47cecc464545ba58e1ad24/library/core/src/panic/unwind_safe.rs:272:9
[INFO] [stdout]   18: std::panicking::try::do_call
[INFO] [stdout]              at /rustc/6067b36314ab5eb2eb47cecc464545ba58e1ad24/library/std/src/panicking.rs:587:40
[INFO] [stdout]   19: std::panicking::try
[INFO] [stdout]              at /rustc/6067b36314ab5eb2eb47cecc464545ba58e1ad24/library/std/src/panicking.rs:550:19
[INFO] [stdout]   20: std::panic::catch_unwind
[INFO] [stdout]              at /rustc/6067b36314ab5eb2eb47cecc464545ba58e1ad24/library/std/src/panic.rs:358:14
[INFO] [stdout]   21: std::thread::Builder::spawn_unchecked_::{{closure}}
[INFO] [stdout]              at /rustc/6067b36314ab5eb2eb47cecc464545ba58e1ad24/library/std/src/thread/mod.rs:557:30
[INFO] [stdout]   22: core::ops::function::FnOnce::call_once{{vtable.shim}}
[INFO] [stdout]              at /rustc/6067b36314ab5eb2eb47cecc464545ba58e1ad24/library/core/src/ops/function.rs:250:5
[INFO] [stdout]   23: <alloc::boxed::Box<F,A> as core::ops::function::FnOnce<Args>>::call_once
[INFO] [stdout]              at /rustc/6067b36314ab5eb2eb47cecc464545ba58e1ad24/library/alloc/src/boxed.rs:2013:9
[INFO] [stdout]   24: <alloc::boxed::Box<F,A> as core::ops::function::FnOnce<Args>>::call_once
[INFO] [stdout]              at /rustc/6067b36314ab5eb2eb47cecc464545ba58e1ad24/library/alloc/src/boxed.rs:2013:9
[INFO] [stdout]   25: std::sys::pal::unix::thread::Thread::new::thread_start
[INFO] [stdout]              at /rustc/6067b36314ab5eb2eb47cecc464545ba58e1ad24/library/std/src/sys/pal/unix/thread.rs:106:17
[INFO] [stdout]   26: <unknown>
[INFO] [stdout]   27: clone
[INFO] [stdout] 
[INFO] [stdout] 
[INFO] [stdout] failures:
[INFO] [stdout]     test_albert_tokenization
[INFO] [stdout] 
[INFO] [stdout] test result: FAILED. 0 passed; 1 failed; 0 ignored; 0 measured; 0 filtered out; finished in 0.21s
[INFO] [stdout] 
[INFO] [stderr] error: test failed, to rerun pass `--test test_albert_uncased`
[INFO] running `Command { std: "docker" "inspect" "5fd78837f9a6d61244710732a4fc3ab480c0c3a27fc0489d197888b7caef0af7", kill_on_drop: false }`
[INFO] running `Command { std: "docker" "rm" "-f" "5fd78837f9a6d61244710732a4fc3ab480c0c3a27fc0489d197888b7caef0af7", kill_on_drop: false }`
[INFO] [stdout] 5fd78837f9a6d61244710732a4fc3ab480c0c3a27fc0489d197888b7caef0af7
