[INFO] fetching crate rust_spotify_web_playback_sdk 0.2.4...
[INFO] testing rust_spotify_web_playback_sdk-0.2.4 against nightly-2025-01-18 for randomize-layout-2
[INFO] extracting crate rust_spotify_web_playback_sdk 0.2.4 into /workspace/builds/worker-3-tc1/source
[INFO] validating manifest of crates.io crate rust_spotify_web_playback_sdk 0.2.4 on toolchain nightly-2025-01-18
[INFO] running `Command { std: CARGO_HOME="/workspace/cargo-home" RUSTUP_HOME="/workspace/rustup-home" "/workspace/cargo-home/bin/cargo" "+nightly-2025-01-18" "metadata" "--manifest-path" "Cargo.toml" "--no-deps", kill_on_drop: false }`
[INFO] started tweaking crates.io crate rust_spotify_web_playback_sdk 0.2.4
[INFO] finished tweaking crates.io crate rust_spotify_web_playback_sdk 0.2.4
[INFO] tweaked toml for crates.io crate rust_spotify_web_playback_sdk 0.2.4 written to /workspace/builds/worker-3-tc1/source/Cargo.toml
[INFO] running `Command { std: CARGO_HOME="/workspace/cargo-home" RUSTUP_HOME="/workspace/rustup-home" "/workspace/cargo-home/bin/cargo" "+nightly-2025-01-18" "generate-lockfile" "--manifest-path" "Cargo.toml", kill_on_drop: false }`
[INFO] [stderr]     Updating crates.io index
[INFO] [stderr]     Blocking waiting for file lock on package cache
[INFO] [stderr]      Locking 26 packages to latest compatible versions
[INFO] running `Command { std: CARGO_HOME="/workspace/cargo-home" RUSTUP_HOME="/workspace/rustup-home" "/workspace/cargo-home/bin/cargo" "+nightly-2025-01-18" "fetch" "--manifest-path" "Cargo.toml", kill_on_drop: false }`
[INFO] [stderr]     Blocking waiting for file lock on package cache
[INFO] [stderr]  Downloading crates ...
[INFO] [stderr]   Downloaded rust_spotify_web_playback_sdk_macro v0.2.4
[INFO] [stderr]   Downloaded nestify v0.3.3
[INFO] running `Command { std: "docker" "create" "-v" "/var/lib/crater-agent-workspace/builds/worker-3-tc1/target:/opt/rustwide/target:rw,Z" "-v" "/var/lib/crater-agent-workspace/builds/worker-3-tc1/source:/opt/rustwide/workdir:ro,Z" "-v" "/var/lib/crater-agent-workspace/cargo-home:/opt/rustwide/cargo-home:ro,Z" "-v" "/var/lib/crater-agent-workspace/rustup-home:/opt/rustwide/rustup-home:ro,Z" "-e" "SOURCE_DIR=/opt/rustwide/workdir" "-e" "CARGO_TARGET_DIR=/opt/rustwide/target" "-e" "CARGO_HOME=/opt/rustwide/cargo-home" "-e" "RUSTUP_HOME=/opt/rustwide/rustup-home" "-w" "/opt/rustwide/workdir" "-m" "1610612736" "--user" "0:0" "--network" "none" "ghcr.io/rust-lang/crates-build-env/linux@sha256:819108c5571ea2e421544af4d832f968d213c87fbe3707a016657f43d2f853bc" "/opt/rustwide/cargo-home/bin/cargo" "+nightly-2025-01-18" "metadata" "--no-deps" "--format-version=1", kill_on_drop: false }`
[INFO] [stdout] 56fdd77d0511bd7fb27da2a946862da0ffcb608e529eeecd26ca12e48d761784
[INFO] running `Command { std: "docker" "start" "-a" "56fdd77d0511bd7fb27da2a946862da0ffcb608e529eeecd26ca12e48d761784", kill_on_drop: false }`
[INFO] running `Command { std: "docker" "inspect" "56fdd77d0511bd7fb27da2a946862da0ffcb608e529eeecd26ca12e48d761784", kill_on_drop: false }`
[INFO] running `Command { std: "docker" "rm" "-f" "56fdd77d0511bd7fb27da2a946862da0ffcb608e529eeecd26ca12e48d761784", kill_on_drop: false }`
[INFO] [stdout] 56fdd77d0511bd7fb27da2a946862da0ffcb608e529eeecd26ca12e48d761784
[INFO] running `Command { std: "docker" "create" "-v" "/var/lib/crater-agent-workspace/builds/worker-3-tc1/target:/opt/rustwide/target:rw,Z" "-v" "/var/lib/crater-agent-workspace/builds/worker-3-tc1/source:/opt/rustwide/workdir:ro,Z" "-v" "/var/lib/crater-agent-workspace/cargo-home:/opt/rustwide/cargo-home:ro,Z" "-v" "/var/lib/crater-agent-workspace/rustup-home:/opt/rustwide/rustup-home:ro,Z" "-e" "SOURCE_DIR=/opt/rustwide/workdir" "-e" "CARGO_TARGET_DIR=/opt/rustwide/target" "-e" "CARGO_INCREMENTAL=0" "-e" "RUST_BACKTRACE=full" "-e" "RUSTFLAGS=--cap-lints=forbid" "-e" "RUSTDOCFLAGS=--cap-lints=forbid" "-e" "CARGO_HOME=/opt/rustwide/cargo-home" "-e" "RUSTUP_HOME=/opt/rustwide/rustup-home" "-w" "/opt/rustwide/workdir" "-m" "1610612736" "--user" "0:0" "--network" "none" "ghcr.io/rust-lang/crates-build-env/linux@sha256:819108c5571ea2e421544af4d832f968d213c87fbe3707a016657f43d2f853bc" "/opt/rustwide/cargo-home/bin/cargo" "+nightly-2025-01-18" "build" "--frozen" "--message-format=json", kill_on_drop: false }`
[INFO] [stdout] f3fea84261bfcd206f3af2e0c970068e70af387b93e564db5bdcc674c64ce425
[INFO] running `Command { std: "docker" "start" "-a" "f3fea84261bfcd206f3af2e0c970068e70af387b93e564db5bdcc674c64ce425", kill_on_drop: false }`
[INFO] [stderr]    Compiling proc-macro2 v1.0.93
[INFO] [stderr]    Compiling wasm-bindgen-shared v0.2.100
[INFO] [stderr]    Compiling log v0.4.25
[INFO] [stderr]    Compiling bumpalo v3.16.0
[INFO] [stderr]    Compiling version_check v0.9.5
[INFO] [stderr]    Compiling rustversion v1.0.19
[INFO] [stderr]    Compiling wasm-bindgen v0.2.100
[INFO] [stderr]    Compiling once_cell v1.20.2
[INFO] [stderr]    Compiling syn v1.0.109
[INFO] [stderr]    Compiling serde v1.0.217
[INFO] [stderr]    Compiling proc-macro-error-attr v1.0.4
[INFO] [stderr]    Compiling proc-macro-error v1.0.4
[INFO] [stderr]    Compiling quote v1.0.38
[INFO] [stderr]    Compiling syn v2.0.96
[INFO] [stderr]    Compiling rust_spotify_web_playback_sdk_macro v0.2.4
[INFO] [stderr]    Compiling wasm-bindgen-backend v0.2.100
[INFO] [stderr]    Compiling serde_derive v1.0.217
[INFO] [stderr]    Compiling nestify v0.3.3
[INFO] [stderr]    Compiling wasm-bindgen-macro-support v0.2.100
[INFO] [stderr]    Compiling wasm-bindgen-macro v0.2.100
[INFO] [stderr]    Compiling js-sys v0.3.77
[INFO] [stderr]    Compiling serde-wasm-bindgen v0.6.5
[INFO] [stderr]    Compiling wasm-bindgen-futures v0.4.50
[INFO] [stderr]    Compiling web-sys v0.3.77
[INFO] [stderr]    Compiling rust_spotify_web_playback_sdk v0.2.4 (/opt/rustwide/workdir)
[INFO] [stdout] warning: unused variable: `ev`
[INFO] [stdout]    --> src/lib.rs:114:15
[INFO] [stdout]     |
[INFO] [stdout] 114 |     let cb = |ev| {};
[INFO] [stdout]     |               ^^ help: if this is intentional, prefix it with an underscore: `_ev`
[INFO] [stdout]     |
[INFO] [stdout]     = note: `#[warn(unused_variables)]` on by default
[INFO] [stdout] 
[INFO] [stdout] 
[INFO] [stdout] warning: function `d` is never used
[INFO] [stdout]    --> src/lib.rs:111:4
[INFO] [stdout]     |
[INFO] [stdout] 111 | fn d() {
[INFO] [stdout]     |    ^
[INFO] [stdout]     |
[INFO] [stdout]     = note: `#[warn(dead_code)]` on by default
[INFO] [stdout] 
[INFO] [stdout] 
[INFO] [stdout] warning: unused `Result` that must be used
[INFO] [stdout]    --> src/lib.rs:115:5
[INFO] [stdout]     |
[INFO] [stdout] 115 |     add_listener!("ready", cb);
[INFO] [stdout]     |     ^^^^^^^^^^^^^^^^^^^^^^^^^^
[INFO] [stdout]     |
[INFO] [stdout]     = note: this `Result` may be an `Err` variant, which should be handled
[INFO] [stdout]     = note: `#[warn(unused_must_use)]` on by default
[INFO] [stdout]     = note: this warning originates in the macro `add_listener` (in Nightly builds, run with -Z macro-backtrace for more info)
[INFO] [stdout] 
[INFO] [stdout] 
[INFO] [stderr]     Finished `dev` profile [unoptimized + debuginfo] target(s) in 15.54s
[INFO] running `Command { std: "docker" "inspect" "f3fea84261bfcd206f3af2e0c970068e70af387b93e564db5bdcc674c64ce425", kill_on_drop: false }`
[INFO] running `Command { std: "docker" "rm" "-f" "f3fea84261bfcd206f3af2e0c970068e70af387b93e564db5bdcc674c64ce425", kill_on_drop: false }`
[INFO] [stdout] f3fea84261bfcd206f3af2e0c970068e70af387b93e564db5bdcc674c64ce425
[INFO] running `Command { std: "docker" "create" "-v" "/var/lib/crater-agent-workspace/builds/worker-3-tc1/target:/opt/rustwide/target:rw,Z" "-v" "/var/lib/crater-agent-workspace/builds/worker-3-tc1/source:/opt/rustwide/workdir:ro,Z" "-v" "/var/lib/crater-agent-workspace/cargo-home:/opt/rustwide/cargo-home:ro,Z" "-v" "/var/lib/crater-agent-workspace/rustup-home:/opt/rustwide/rustup-home:ro,Z" "-e" "SOURCE_DIR=/opt/rustwide/workdir" "-e" "CARGO_TARGET_DIR=/opt/rustwide/target" "-e" "CARGO_INCREMENTAL=0" "-e" "RUST_BACKTRACE=full" "-e" "RUSTFLAGS=--cap-lints=forbid" "-e" "RUSTDOCFLAGS=--cap-lints=forbid" "-e" "CARGO_HOME=/opt/rustwide/cargo-home" "-e" "RUSTUP_HOME=/opt/rustwide/rustup-home" "-w" "/opt/rustwide/workdir" "-m" "1610612736" "--user" "0:0" "--network" "none" "ghcr.io/rust-lang/crates-build-env/linux@sha256:819108c5571ea2e421544af4d832f968d213c87fbe3707a016657f43d2f853bc" "/opt/rustwide/cargo-home/bin/cargo" "+nightly-2025-01-18" "test" "--frozen" "--no-run" "--message-format=json", kill_on_drop: false }`
[INFO] [stdout] b256d63543110294b13ce5bef6a76220369bdfac5d4daa1f6f925e8741de0076
[INFO] running `Command { std: "docker" "start" "-a" "b256d63543110294b13ce5bef6a76220369bdfac5d4daa1f6f925e8741de0076", kill_on_drop: false }`
[INFO] [stderr]    Compiling rust_spotify_web_playback_sdk v0.2.4 (/opt/rustwide/workdir)
[INFO] [stdout] warning: unused variable: `ev`
[INFO] [stdout]    --> src/lib.rs:114:15
[INFO] [stdout]     |
[INFO] [stdout] 114 |     let cb = |ev| {};
[INFO] [stdout]     |               ^^ help: if this is intentional, prefix it with an underscore: `_ev`
[INFO] [stdout]     |
[INFO] [stdout]     = note: `#[warn(unused_variables)]` on by default
[INFO] [stdout] 
[INFO] [stdout] 
[INFO] [stdout] warning: function `d` is never used
[INFO] [stdout]    --> src/lib.rs:111:4
[INFO] [stdout]     |
[INFO] [stdout] 111 | fn d() {
[INFO] [stdout]     |    ^
[INFO] [stdout]     |
[INFO] [stdout]     = note: `#[warn(dead_code)]` on by default
[INFO] [stdout] 
[INFO] [stdout] 
[INFO] [stdout] warning: unused `Result` that must be used
[INFO] [stdout]    --> src/lib.rs:115:5
[INFO] [stdout]     |
[INFO] [stdout] 115 |     add_listener!("ready", cb);
[INFO] [stdout]     |     ^^^^^^^^^^^^^^^^^^^^^^^^^^
[INFO] [stdout]     |
[INFO] [stdout]     = note: this `Result` may be an `Err` variant, which should be handled
[INFO] [stdout]     = note: `#[warn(unused_must_use)]` on by default
[INFO] [stdout]     = note: this warning originates in the macro `add_listener` (in Nightly builds, run with -Z macro-backtrace for more info)
[INFO] [stdout] 
[INFO] [stdout] 
[INFO] [stdout] warning: unused variable: `ev`
[INFO] [stdout]    --> src/lib.rs:114:15
[INFO] [stdout]     |
[INFO] [stdout] 114 |     let cb = |ev| {};
[INFO] [stdout]     |               ^^ help: if this is intentional, prefix it with an underscore: `_ev`
[INFO] [stdout]     |
[INFO] [stdout]     = note: `#[warn(unused_variables)]` on by default
[INFO] [stdout] 
[INFO] [stdout] 
[INFO] [stdout] warning: function `d` is never used
[INFO] [stdout]    --> src/lib.rs:111:4
[INFO] [stdout]     |
[INFO] [stdout] 111 | fn d() {
[INFO] [stdout]     |    ^
[INFO] [stdout]     |
[INFO] [stdout]     = note: `#[warn(dead_code)]` on by default
[INFO] [stdout] 
[INFO] [stdout] 
[INFO] [stdout] warning: unused `Result` that must be used
[INFO] [stdout]    --> src/lib.rs:115:5
[INFO] [stdout]     |
[INFO] [stdout] 115 |     add_listener!("ready", cb);
[INFO] [stdout]     |     ^^^^^^^^^^^^^^^^^^^^^^^^^^
[INFO] [stdout]     |
[INFO] [stdout]     = note: this `Result` may be an `Err` variant, which should be handled
[INFO] [stdout]     = note: `#[warn(unused_must_use)]` on by default
[INFO] [stdout]     = note: this warning originates in the macro `add_listener` (in Nightly builds, run with -Z macro-backtrace for more info)
[INFO] [stdout] 
[INFO] [stdout] 
[INFO] [stderr]     Finished `test` profile [unoptimized + debuginfo] target(s) in 1.32s
[INFO] running `Command { std: "docker" "inspect" "b256d63543110294b13ce5bef6a76220369bdfac5d4daa1f6f925e8741de0076", kill_on_drop: false }`
[INFO] running `Command { std: "docker" "rm" "-f" "b256d63543110294b13ce5bef6a76220369bdfac5d4daa1f6f925e8741de0076", kill_on_drop: false }`
[INFO] [stdout] b256d63543110294b13ce5bef6a76220369bdfac5d4daa1f6f925e8741de0076
[INFO] running `Command { std: "docker" "create" "-v" "/var/lib/crater-agent-workspace/builds/worker-3-tc1/target:/opt/rustwide/target:rw,Z" "-v" "/var/lib/crater-agent-workspace/builds/worker-3-tc1/source:/opt/rustwide/workdir:ro,Z" "-v" "/var/lib/crater-agent-workspace/cargo-home:/opt/rustwide/cargo-home:ro,Z" "-v" "/var/lib/crater-agent-workspace/rustup-home:/opt/rustwide/rustup-home:ro,Z" "-e" "SOURCE_DIR=/opt/rustwide/workdir" "-e" "CARGO_TARGET_DIR=/opt/rustwide/target" "-e" "CARGO_INCREMENTAL=0" "-e" "RUST_BACKTRACE=full" "-e" "RUSTFLAGS=--cap-lints=forbid" "-e" "RUSTDOCFLAGS=--cap-lints=forbid" "-e" "CARGO_HOME=/opt/rustwide/cargo-home" "-e" "RUSTUP_HOME=/opt/rustwide/rustup-home" "-w" "/opt/rustwide/workdir" "-m" "1610612736" "--user" "0:0" "--network" "none" "ghcr.io/rust-lang/crates-build-env/linux@sha256:819108c5571ea2e421544af4d832f968d213c87fbe3707a016657f43d2f853bc" "/opt/rustwide/cargo-home/bin/cargo" "+nightly-2025-01-18" "test" "--frozen", kill_on_drop: false }`
[INFO] [stdout] 45ce3159fef57d01d1fe35565651734e6ef4b44070f4de61df094d4f1b807ffa
[INFO] running `Command { std: "docker" "start" "-a" "45ce3159fef57d01d1fe35565651734e6ef4b44070f4de61df094d4f1b807ffa", kill_on_drop: false }`
[INFO] [stderr] warning: unused variable: `ev`
[INFO] [stderr]    --> src/lib.rs:114:15
[INFO] [stderr]     |
[INFO] [stderr] 114 |     let cb = |ev| {};
[INFO] [stderr]     |               ^^ help: if this is intentional, prefix it with an underscore: `_ev`
[INFO] [stderr]     |
[INFO] [stderr]     = note: `#[warn(unused_variables)]` on by default
[INFO] [stderr] 
[INFO] [stderr] warning: function `d` is never used
[INFO] [stderr]    --> src/lib.rs:111:4
[INFO] [stderr]     |
[INFO] [stderr] 111 | fn d() {
[INFO] [stderr]     |    ^
[INFO] [stderr]     |
[INFO] [stderr]     = note: `#[warn(dead_code)]` on by default
[INFO] [stderr] 
[INFO] [stderr] warning: unused `Result` that must be used
[INFO] [stderr]    --> src/lib.rs:115:5
[INFO] [stderr]     |
[INFO] [stderr] 115 |     add_listener!("ready", cb);
[INFO] [stderr]     |     ^^^^^^^^^^^^^^^^^^^^^^^^^^
[INFO] [stderr]     |
[INFO] [stderr]     = note: this `Result` may be an `Err` variant, which should be handled
[INFO] [stderr]     = note: `#[warn(unused_must_use)]` on by default
[INFO] [stderr]     = note: this warning originates in the macro `add_listener` (in Nightly builds, run with -Z macro-backtrace for more info)
[INFO] [stderr] 
[INFO] [stderr] warning: `rust_spotify_web_playback_sdk` (lib) generated 3 warnings
[INFO] [stderr] warning: `rust_spotify_web_playback_sdk` (lib test) generated 3 warnings (3 duplicates)
[INFO] [stderr]     Finished `test` profile [unoptimized + debuginfo] target(s) in 0.07s
[INFO] [stderr]      Running unittests src/lib.rs (/opt/rustwide/target/debug/deps/rust_spotify_web_playback_sdk-dafaa1a856409b5b)
[INFO] [stdout] 
[INFO] [stdout] running 0 tests
[INFO] [stdout] 
[INFO] [stdout] test result: ok. 0 passed; 0 failed; 0 ignored; 0 measured; 0 filtered out; finished in 0.00s
[INFO] [stdout] 
[INFO] [stderr]    Doc-tests rust_spotify_web_playback_sdk
[INFO] [stdout] 
[INFO] [stdout] running 1 test
[INFO] [stdout] test src/lib.rs - (line 9) ... FAILED
[INFO] [stdout] 
[INFO] [stdout] failures:
[INFO] [stdout] 
[INFO] [stdout] ---- src/lib.rs - (line 9) stdout ----
[INFO] [stdout] error[E0433]: failed to resolve: use of undeclared crate or module `leptos`
[INFO] [stdout]  --> src/lib.rs:14:9
[INFO] [stdout]   |
[INFO] [stdout] 8 |     use leptos::logging::log;
[INFO] [stdout]   |         ^^^^^^ use of undeclared crate or module `leptos`
[INFO] [stdout] 
[INFO] [stdout] error[E0432]: unresolved import `leptos`
[INFO] [stdout]  --> src/lib.rs:11:5
[INFO] [stdout]   |
[INFO] [stdout] 5 | use leptos::*;
[INFO] [stdout]   |     ^^^^^^ use of undeclared crate or module `leptos`
[INFO] [stdout] 
[INFO] [stdout] error: cannot find attribute `component` in this scope
[INFO] [stdout]  --> src/lib.rs:12:3
[INFO] [stdout]   |
[INFO] [stdout] 6 | #[component]
[INFO] [stdout]   |   ^^^^^^^^^
[INFO] [stdout] 
[INFO] [stdout] error: cannot find macro `view` in this scope
[INFO] [stdout]   --> src/lib.rs:59:5
[INFO] [stdout]    |
[INFO] [stdout] 53 |     view! {
[INFO] [stdout]    |     ^^^^
[INFO] [stdout] 
[INFO] [stdout] error: aborting due to 4 previous errors
[INFO] [stdout] 
[INFO] [stdout] Some errors have detailed explanations: E0432, E0433.
[INFO] [stdout] For more information about an error, try `rustc --explain E0432`.
[INFO] [stdout] Couldn't compile the test.
[INFO] [stdout] 
[INFO] [stdout] failures:
[INFO] [stdout]     src/lib.rs - (line 9)
[INFO] [stdout] 
[INFO] [stdout] test result: FAILED. 0 passed; 1 failed; 0 ignored; 0 measured; 0 filtered out; finished in 0.12s
[INFO] [stdout] 
[INFO] [stderr] error: doctest failed, to rerun pass `--doc`
[INFO] running `Command { std: "docker" "inspect" "45ce3159fef57d01d1fe35565651734e6ef4b44070f4de61df094d4f1b807ffa", kill_on_drop: false }`
[INFO] running `Command { std: "docker" "rm" "-f" "45ce3159fef57d01d1fe35565651734e6ef4b44070f4de61df094d4f1b807ffa", kill_on_drop: false }`
[INFO] [stdout] 45ce3159fef57d01d1fe35565651734e6ef4b44070f4de61df094d4f1b807ffa
