[INFO] fetching crate rust_render_101 0.1.8...
[INFO] testing rust_render_101-0.1.8 against nightly-2025-01-18+rustflags=-Zrandomize-layout for randomize-layout-2
[INFO] extracting crate rust_render_101 0.1.8 into /workspace/builds/worker-1-tc2/source
[INFO] validating manifest of crates.io crate rust_render_101 0.1.8 on toolchain nightly-2025-01-18
[INFO] running `Command { std: CARGO_HOME="/workspace/cargo-home" RUSTUP_HOME="/workspace/rustup-home" "/workspace/cargo-home/bin/cargo" "+nightly-2025-01-18" "metadata" "--manifest-path" "Cargo.toml" "--no-deps", kill_on_drop: false }`
[INFO] started tweaking crates.io crate rust_render_101 0.1.8
[INFO] finished tweaking crates.io crate rust_render_101 0.1.8
[INFO] tweaked toml for crates.io crate rust_render_101 0.1.8 written to /workspace/builds/worker-1-tc2/source/Cargo.toml
[INFO] running `Command { std: CARGO_HOME="/workspace/cargo-home" RUSTUP_HOME="/workspace/rustup-home" "/workspace/cargo-home/bin/cargo" "+nightly-2025-01-18" "generate-lockfile" "--manifest-path" "Cargo.toml", kill_on_drop: false }`
[INFO] [stderr]     Updating crates.io index
[INFO] [stderr]      Locking 188 packages to latest compatible versions
[INFO] [stderr]       Adding minifb v0.27.0 (available: v0.28.0)
[INFO] running `Command { std: CARGO_HOME="/workspace/cargo-home" RUSTUP_HOME="/workspace/rustup-home" "/workspace/cargo-home/bin/cargo" "+nightly-2025-01-18" "fetch" "--manifest-path" "Cargo.toml", kill_on_drop: false }`
[INFO] running `Command { std: "docker" "create" "-v" "/var/lib/crater-agent-workspace/builds/worker-1-tc2/target:/opt/rustwide/target:rw,Z" "-v" "/var/lib/crater-agent-workspace/builds/worker-1-tc2/source:/opt/rustwide/workdir:ro,Z" "-v" "/var/lib/crater-agent-workspace/cargo-home:/opt/rustwide/cargo-home:ro,Z" "-v" "/var/lib/crater-agent-workspace/rustup-home:/opt/rustwide/rustup-home:ro,Z" "-e" "SOURCE_DIR=/opt/rustwide/workdir" "-e" "CARGO_TARGET_DIR=/opt/rustwide/target" "-e" "CARGO_HOME=/opt/rustwide/cargo-home" "-e" "RUSTUP_HOME=/opt/rustwide/rustup-home" "-w" "/opt/rustwide/workdir" "-m" "1610612736" "--user" "0:0" "--network" "none" "ghcr.io/rust-lang/crates-build-env/linux@sha256:819108c5571ea2e421544af4d832f968d213c87fbe3707a016657f43d2f853bc" "/opt/rustwide/cargo-home/bin/cargo" "+nightly-2025-01-18" "metadata" "--no-deps" "--format-version=1", kill_on_drop: false }`
[INFO] [stdout] 516e4d78cf682ae7e00eab6262e906b3399c87116f166bacefe9cadc079c4587
[INFO] running `Command { std: "docker" "start" "-a" "516e4d78cf682ae7e00eab6262e906b3399c87116f166bacefe9cadc079c4587", kill_on_drop: false }`
[INFO] running `Command { std: "docker" "inspect" "516e4d78cf682ae7e00eab6262e906b3399c87116f166bacefe9cadc079c4587", kill_on_drop: false }`
[INFO] running `Command { std: "docker" "rm" "-f" "516e4d78cf682ae7e00eab6262e906b3399c87116f166bacefe9cadc079c4587", kill_on_drop: false }`
[INFO] [stdout] 516e4d78cf682ae7e00eab6262e906b3399c87116f166bacefe9cadc079c4587
[INFO] running `Command { std: "docker" "create" "-v" "/var/lib/crater-agent-workspace/builds/worker-1-tc2/target:/opt/rustwide/target:rw,Z" "-v" "/var/lib/crater-agent-workspace/builds/worker-1-tc2/source:/opt/rustwide/workdir:ro,Z" "-v" "/var/lib/crater-agent-workspace/cargo-home:/opt/rustwide/cargo-home:ro,Z" "-v" "/var/lib/crater-agent-workspace/rustup-home:/opt/rustwide/rustup-home:ro,Z" "-e" "SOURCE_DIR=/opt/rustwide/workdir" "-e" "CARGO_TARGET_DIR=/opt/rustwide/target" "-e" "CARGO_INCREMENTAL=0" "-e" "RUST_BACKTRACE=full" "-e" "RUSTFLAGS=--cap-lints=forbid -Zrandomize-layout" "-e" "RUSTDOCFLAGS=--cap-lints=forbid" "-e" "CARGO_HOME=/opt/rustwide/cargo-home" "-e" "RUSTUP_HOME=/opt/rustwide/rustup-home" "-w" "/opt/rustwide/workdir" "-m" "1610612736" "--user" "0:0" "--network" "none" "ghcr.io/rust-lang/crates-build-env/linux@sha256:819108c5571ea2e421544af4d832f968d213c87fbe3707a016657f43d2f853bc" "/opt/rustwide/cargo-home/bin/cargo" "+nightly-2025-01-18" "build" "--frozen" "--message-format=json", kill_on_drop: false }`
[INFO] [stdout] 7f20da7e36c1965bcc53904303b0ecd6f3fd9e6938fc162d070b948bc9b73064
[INFO] running `Command { std: "docker" "start" "-a" "7f20da7e36c1965bcc53904303b0ecd6f3fd9e6938fc162d070b948bc9b73064", kill_on_drop: false }`
[INFO] [stderr]    Compiling libc v0.2.169
[INFO] [stderr]    Compiling syn v2.0.96
[INFO] [stderr]    Compiling num-traits v0.2.19
[INFO] [stderr]    Compiling pkg-config v0.3.31
[INFO] [stderr]    Compiling xml-rs v0.8.25
[INFO] [stderr]    Compiling memoffset v0.6.5
[INFO] [stderr]    Compiling simd-adler32 v0.3.7
[INFO] [stderr]    Compiling libloading v0.8.6
[INFO] [stderr]    Compiling minimal-lexical v0.2.1
[INFO] [stderr]    Compiling arrayvec v0.7.6
[INFO] [stderr]    Compiling aligned-vec v0.5.0
[INFO] [stderr]    Compiling built v0.7.5
[INFO] [stderr]    Compiling paste v1.0.15
[INFO] [stderr]    Compiling zerocopy v0.8.14
[INFO] [stderr]    Compiling scoped-tls v1.0.1
[INFO] [stderr]    Compiling rustix v0.38.43
[INFO] [stderr]    Compiling downcast-rs v1.2.1
[INFO] [stderr]    Compiling dlib v0.5.2
[INFO] [stderr]    Compiling miniz_oxide v0.8.3
[INFO] [stderr]    Compiling maybe-rayon v0.1.1
[INFO] [stderr]    Compiling itertools v0.12.1
[INFO] [stderr]    Compiling simd_helpers v0.1.0
[INFO] [stderr]    Compiling nom v7.1.3
[INFO] [stderr]    Compiling linux-raw-sys v0.4.15
[INFO] [stderr]    Compiling new_debug_unreachable v1.0.6
[INFO] [stderr]    Compiling weezl v0.1.8
[INFO] [stderr]    Compiling bitflags v2.8.0
[INFO] [stderr]    Compiling noop_proc_macro v0.3.0
[INFO] [stderr]    Compiling rav1e v0.7.1
[INFO] [stderr]    Compiling imgref v1.11.0
[INFO] [stderr]    Compiling quick-error v2.0.1
[INFO] [stderr]    Compiling bitstream-io v2.6.0
[INFO] [stderr]    Compiling loop9 v0.1.5
[INFO] [stderr]    Compiling avif-serialize v0.8.2
[INFO] [stderr]    Compiling minifb v0.27.0
[INFO] [stderr]    Compiling fdeflate v0.3.7
[INFO] [stderr]    Compiling wayland-sys v0.29.5
[INFO] [stderr]    Compiling x11-dl v2.21.0
[INFO] [stderr]    Compiling wayland-scanner v0.29.5
[INFO] [stderr]    Compiling zune-inflate v0.2.54
[INFO] [stderr]    Compiling flate2 v1.0.35
[INFO] [stderr]    Compiling half v2.4.1
[INFO] [stderr]    Compiling rgb v0.8.50
[INFO] [stderr]    Compiling bit_field v0.10.2
[INFO] [stderr]    Compiling fastrand v2.3.0
[INFO] [stderr]    Compiling jpeg-decoder v0.3.1
[INFO] [stderr]    Compiling byteorder-lite v0.1.0
[INFO] [stderr]    Compiling bytemuck v1.21.0
[INFO] [stderr]    Compiling color_quant v1.1.0
[INFO] [stderr]    Compiling zune-core v0.4.12
[INFO] [stderr]    Compiling num-integer v0.1.46
[INFO] [stderr]    Compiling v_frame v0.3.8
[INFO] [stderr]    Compiling xcursor v0.3.8
[INFO] [stderr]    Compiling lebe v0.5.2
[INFO] [stderr]    Compiling qoi v0.4.1
[INFO] [stderr]    Compiling image-webp v0.2.1
[INFO] [stderr]    Compiling zune-jpeg v0.4.14
[INFO] [stderr]    Compiling exr v1.73.0
[INFO] [stderr]    Compiling gif v0.13.1
[INFO] [stderr]    Compiling png v0.17.16
[INFO] [stderr]    Compiling wayland-client v0.29.5
[INFO] [stderr]    Compiling num-bigint v0.4.6
[INFO] [stderr]    Compiling nix v0.24.3
[INFO] [stderr]    Compiling getrandom v0.3.0-rc.0
[INFO] [stderr]    Compiling wayland-protocols v0.29.5
[INFO] [stderr]    Compiling getrandom v0.2.15
[INFO] [stderr]    Compiling tiff v0.9.1
[INFO] [stderr]    Compiling tempfile v3.15.0
[INFO] [stderr]    Compiling rand_core v0.9.0-beta.1
[INFO] [stderr]    Compiling itertools v0.11.0
[INFO] [stderr]    Compiling ttf-parser v0.21.1
[INFO] [stderr]    Compiling raw-window-handle v0.6.2
[INFO] [stderr]    Compiling num-rational v0.4.2
[INFO] [stderr]    Compiling av1-grain v0.2.3
[INFO] [stderr]    Compiling wayland-commons v0.29.5
[INFO] [stderr]    Compiling zerocopy-derive v0.7.35
[INFO] [stderr]    Compiling profiling-procmacros v1.0.16
[INFO] [stderr]    Compiling thiserror-impl v1.0.69
[INFO] [stderr]    Compiling arg_enum_proc_macro v0.3.4
[INFO] [stderr]    Compiling num-derive v0.4.2
[INFO] [stderr]    Compiling earcutr v0.4.3
[INFO] [stderr]    Compiling profiling v1.0.16
[INFO] [stderr]    Compiling thiserror v1.0.69
[INFO] [stderr]    Compiling zerocopy v0.7.35
[INFO] [stderr]    Compiling wayland-cursor v0.29.5
[INFO] [stderr]    Compiling ahash v0.8.11
[INFO] [stderr]    Compiling ppv-lite86 v0.2.20
[INFO] [stderr]    Compiling hashbrown v0.14.5
[INFO] [stderr]    Compiling rand_chacha v0.9.0-beta.1
[INFO] [stderr]    Compiling rand v0.9.0-beta.3
[INFO] [stderr]    Compiling fontdue v0.9.2
[INFO] [stderr]    Compiling ravif v0.11.11
[INFO] [stderr]    Compiling image v0.25.5
[INFO] [stderr]    Compiling rust_render_101 v0.1.8 (/opt/rustwide/workdir)
[INFO] [stdout] warning: unused import: `std::time::Duration`
[INFO] [stdout]  --> src/lib.rs:9:5
[INFO] [stdout]   |
[INFO] [stdout] 9 | use std::time::Duration;
[INFO] [stdout]   |     ^^^^^^^^^^^^^^^^^^^
[INFO] [stdout]   |
[INFO] [stdout]   = note: `#[warn(unused_imports)]` on by default
[INFO] [stdout] 
[INFO] [stdout] 
[INFO] [stdout] warning: use of deprecated method `image::Pixel::channels4`: Use `channels()` or `channels_mut()`
[INFO] [stdout]    --> src/lib.rs:975:65
[INFO] [stdout]     |
[INFO] [stdout] 975 |                 let (r, g, b, a) = image_buffer.get_pixel(i, j).channels4();
[INFO] [stdout]     |                                                                 ^^^^^^^^^
[INFO] [stdout]     |
[INFO] [stdout]     = note: `#[warn(deprecated)]` on by default
[INFO] [stdout] 
[INFO] [stdout] 
[INFO] [stdout] warning: unused variable: `loops`
[INFO] [stdout]     --> src/lib.rs:1013:43
[INFO] [stdout]      |
[INFO] [stdout] 1013 |             ShapeType::CubicBezierSpline {loops} => {
[INFO] [stdout]      |                                           ^^^^^ help: try ignoring the field: `loops: _`
[INFO] [stdout]      |
[INFO] [stdout]      = note: `#[warn(unused_variables)]` on by default
[INFO] [stdout] 
[INFO] [stdout] 
[INFO] [stdout] warning: variable does not need to be mutable
[INFO] [stdout]     --> src/lib.rs:1071:21
[INFO] [stdout]      |
[INFO] [stdout] 1071 |                 let mut font = &mut self.loaded_fonts[self.font_index].0;
[INFO] [stdout]      |                     ----^^^^
[INFO] [stdout]      |                     |
[INFO] [stdout]      |                     help: remove this `mut`
[INFO] [stdout]      |
[INFO] [stdout]      = note: `#[warn(unused_mut)]` on by default
[INFO] [stdout] 
[INFO] [stdout] 
[INFO] [stderr]     Finished `dev` profile [unoptimized + debuginfo] target(s) in 1m 31s
[INFO] running `Command { std: "docker" "inspect" "7f20da7e36c1965bcc53904303b0ecd6f3fd9e6938fc162d070b948bc9b73064", kill_on_drop: false }`
[INFO] running `Command { std: "docker" "rm" "-f" "7f20da7e36c1965bcc53904303b0ecd6f3fd9e6938fc162d070b948bc9b73064", kill_on_drop: false }`
[INFO] [stdout] 7f20da7e36c1965bcc53904303b0ecd6f3fd9e6938fc162d070b948bc9b73064
[INFO] running `Command { std: "docker" "create" "-v" "/var/lib/crater-agent-workspace/builds/worker-1-tc2/target:/opt/rustwide/target:rw,Z" "-v" "/var/lib/crater-agent-workspace/builds/worker-1-tc2/source:/opt/rustwide/workdir:ro,Z" "-v" "/var/lib/crater-agent-workspace/cargo-home:/opt/rustwide/cargo-home:ro,Z" "-v" "/var/lib/crater-agent-workspace/rustup-home:/opt/rustwide/rustup-home:ro,Z" "-e" "SOURCE_DIR=/opt/rustwide/workdir" "-e" "CARGO_TARGET_DIR=/opt/rustwide/target" "-e" "CARGO_INCREMENTAL=0" "-e" "RUST_BACKTRACE=full" "-e" "RUSTFLAGS=--cap-lints=forbid -Zrandomize-layout" "-e" "RUSTDOCFLAGS=--cap-lints=forbid" "-e" "CARGO_HOME=/opt/rustwide/cargo-home" "-e" "RUSTUP_HOME=/opt/rustwide/rustup-home" "-w" "/opt/rustwide/workdir" "-m" "1610612736" "--user" "0:0" "--network" "none" "ghcr.io/rust-lang/crates-build-env/linux@sha256:819108c5571ea2e421544af4d832f968d213c87fbe3707a016657f43d2f853bc" "/opt/rustwide/cargo-home/bin/cargo" "+nightly-2025-01-18" "test" "--frozen" "--no-run" "--message-format=json", kill_on_drop: false }`
[INFO] [stdout] ec259934f04bb3d3dbcd9e54b01f11562e02dc03048113bb1c74a88bb150344a
[INFO] running `Command { std: "docker" "start" "-a" "ec259934f04bb3d3dbcd9e54b01f11562e02dc03048113bb1c74a88bb150344a", kill_on_drop: false }`
[INFO] [stdout] warning: unused import: `std::time::Duration`
[INFO] [stdout]  --> src/lib.rs:9:5
[INFO] [stdout]   |
[INFO] [stdout] 9 | use std::time::Duration;
[INFO] [stdout]   |     ^^^^^^^^^^^^^^^^^^^
[INFO] [stdout]   |
[INFO] [stdout]   = note: `#[warn(unused_imports)]` on by default
[INFO] [stdout] 
[INFO] [stdout] 
[INFO] [stdout] warning: use of deprecated method `image::Pixel::channels4`: Use `channels()` or `channels_mut()`
[INFO] [stdout]    --> src/lib.rs:975:65
[INFO] [stdout]     |
[INFO] [stdout] 975 |                 let (r, g, b, a) = image_buffer.get_pixel(i, j).channels4();
[INFO] [stdout]     |                                                                 ^^^^^^^^^
[INFO] [stdout]     |
[INFO] [stdout]     = note: `#[warn(deprecated)]` on by default
[INFO] [stdout] 
[INFO] [stdout] 
[INFO] [stdout] warning: unused variable: `loops`
[INFO] [stdout]     --> src/lib.rs:1013:43
[INFO] [stdout]      |
[INFO] [stdout] 1013 |             ShapeType::CubicBezierSpline {loops} => {
[INFO] [stdout]      |                                           ^^^^^ help: try ignoring the field: `loops: _`
[INFO] [stdout]      |
[INFO] [stdout]      = note: `#[warn(unused_variables)]` on by default
[INFO] [stdout] 
[INFO] [stdout] 
[INFO] [stdout] warning: variable does not need to be mutable
[INFO] [stdout]     --> src/lib.rs:1071:21
[INFO] [stdout]      |
[INFO] [stdout] 1071 |                 let mut font = &mut self.loaded_fonts[self.font_index].0;
[INFO] [stdout]      |                     ----^^^^
[INFO] [stdout]      |                     |
[INFO] [stdout]      |                     help: remove this `mut`
[INFO] [stdout]      |
[INFO] [stdout]      = note: `#[warn(unused_mut)]` on by default
[INFO] [stdout] 
[INFO] [stdout] 
[INFO] [stderr]    Compiling rust_render_101 v0.1.8 (/opt/rustwide/workdir)
[INFO] [stdout] warning: unused import: `std::time::Duration`
[INFO] [stdout]  --> src/lib.rs:9:5
[INFO] [stdout]   |
[INFO] [stdout] 9 | use std::time::Duration;
[INFO] [stdout]   |     ^^^^^^^^^^^^^^^^^^^
[INFO] [stdout]   |
[INFO] [stdout]   = note: `#[warn(unused_imports)]` on by default
[INFO] [stdout] 
[INFO] [stdout] 
[INFO] [stdout] warning: use of deprecated method `image::Pixel::channels4`: Use `channels()` or `channels_mut()`
[INFO] [stdout]    --> src/lib.rs:975:65
[INFO] [stdout]     |
[INFO] [stdout] 975 |                 let (r, g, b, a) = image_buffer.get_pixel(i, j).channels4();
[INFO] [stdout]     |                                                                 ^^^^^^^^^
[INFO] [stdout]     |
[INFO] [stdout]     = note: `#[warn(deprecated)]` on by default
[INFO] [stdout] 
[INFO] [stdout] 
[INFO] [stdout] warning: unused variable: `loops`
[INFO] [stdout]     --> src/lib.rs:1013:43
[INFO] [stdout]      |
[INFO] [stdout] 1013 |             ShapeType::CubicBezierSpline {loops} => {
[INFO] [stdout]      |                                           ^^^^^ help: try ignoring the field: `loops: _`
[INFO] [stdout]      |
[INFO] [stdout]      = note: `#[warn(unused_variables)]` on by default
[INFO] [stdout] 
[INFO] [stdout] 
[INFO] [stdout] warning: variable does not need to be mutable
[INFO] [stdout]     --> src/lib.rs:1071:21
[INFO] [stdout]      |
[INFO] [stdout] 1071 |                 let mut font = &mut self.loaded_fonts[self.font_index].0;
[INFO] [stdout]      |                     ----^^^^
[INFO] [stdout]      |                     |
[INFO] [stdout]      |                     help: remove this `mut`
[INFO] [stdout]      |
[INFO] [stdout]      = note: `#[warn(unused_mut)]` on by default
[INFO] [stdout] 
[INFO] [stdout] 
[INFO] [stdout] warning: variable does not need to be mutable
[INFO] [stdout]     --> src/lib.rs:1184:13
[INFO] [stdout]      |
[INFO] [stdout] 1184 |         let mut state = MyState::default();
[INFO] [stdout]      |             ----^^^^^
[INFO] [stdout]      |             |
[INFO] [stdout]      |             help: remove this `mut`
[INFO] [stdout] 
[INFO] [stdout] 
[INFO] [stderr]     Finished `test` profile [unoptimized + debuginfo] target(s) in 2.24s
[INFO] running `Command { std: "docker" "inspect" "ec259934f04bb3d3dbcd9e54b01f11562e02dc03048113bb1c74a88bb150344a", kill_on_drop: false }`
[INFO] running `Command { std: "docker" "rm" "-f" "ec259934f04bb3d3dbcd9e54b01f11562e02dc03048113bb1c74a88bb150344a", kill_on_drop: false }`
[INFO] [stdout] ec259934f04bb3d3dbcd9e54b01f11562e02dc03048113bb1c74a88bb150344a
[INFO] running `Command { std: "docker" "create" "-v" "/var/lib/crater-agent-workspace/builds/worker-1-tc2/target:/opt/rustwide/target:rw,Z" "-v" "/var/lib/crater-agent-workspace/builds/worker-1-tc2/source:/opt/rustwide/workdir:ro,Z" "-v" "/var/lib/crater-agent-workspace/cargo-home:/opt/rustwide/cargo-home:ro,Z" "-v" "/var/lib/crater-agent-workspace/rustup-home:/opt/rustwide/rustup-home:ro,Z" "-e" "SOURCE_DIR=/opt/rustwide/workdir" "-e" "CARGO_TARGET_DIR=/opt/rustwide/target" "-e" "CARGO_INCREMENTAL=0" "-e" "RUST_BACKTRACE=full" "-e" "RUSTFLAGS=--cap-lints=forbid -Zrandomize-layout" "-e" "RUSTDOCFLAGS=--cap-lints=forbid" "-e" "CARGO_HOME=/opt/rustwide/cargo-home" "-e" "RUSTUP_HOME=/opt/rustwide/rustup-home" "-w" "/opt/rustwide/workdir" "-m" "1610612736" "--user" "0:0" "--network" "none" "ghcr.io/rust-lang/crates-build-env/linux@sha256:819108c5571ea2e421544af4d832f968d213c87fbe3707a016657f43d2f853bc" "/opt/rustwide/cargo-home/bin/cargo" "+nightly-2025-01-18" "test" "--frozen", kill_on_drop: false }`
[INFO] [stdout] 3bf59b32c3f2af3ec53a91682cb10dc1af8ad47817d8497b442c3fd012ed189b
[INFO] running `Command { std: "docker" "start" "-a" "3bf59b32c3f2af3ec53a91682cb10dc1af8ad47817d8497b442c3fd012ed189b", kill_on_drop: false }`
[INFO] [stderr] warning: unused import: `std::time::Duration`
[INFO] [stderr]  --> src/lib.rs:9:5
[INFO] [stderr]   |
[INFO] [stderr] 9 | use std::time::Duration;
[INFO] [stderr]   |     ^^^^^^^^^^^^^^^^^^^
[INFO] [stderr]   |
[INFO] [stderr]   = note: `#[warn(unused_imports)]` on by default
[INFO] [stderr] 
[INFO] [stderr] warning: use of deprecated method `image::Pixel::channels4`: Use `channels()` or `channels_mut()`
[INFO] [stderr]    --> src/lib.rs:975:65
[INFO] [stderr]     |
[INFO] [stderr] 975 |                 let (r, g, b, a) = image_buffer.get_pixel(i, j).channels4();
[INFO] [stderr]     |                                                                 ^^^^^^^^^
[INFO] [stderr]     |
[INFO] [stderr]     = note: `#[warn(deprecated)]` on by default
[INFO] [stderr] 
[INFO] [stderr] warning: unused variable: `loops`
[INFO] [stderr]     --> src/lib.rs:1013:43
[INFO] [stderr]      |
[INFO] [stderr] 1013 |             ShapeType::CubicBezierSpline {loops} => {
[INFO] [stderr]      |                                           ^^^^^ help: try ignoring the field: `loops: _`
[INFO] [stderr]      |
[INFO] [stderr]      = note: `#[warn(unused_variables)]` on by default
[INFO] [stderr] 
[INFO] [stderr] warning: variable does not need to be mutable
[INFO] [stderr]     --> src/lib.rs:1071:21
[INFO] [stderr]      |
[INFO] [stderr] 1071 |                 let mut font = &mut self.loaded_fonts[self.font_index].0;
[INFO] [stderr]      |                     ----^^^^
[INFO] [stderr]      |                     |
[INFO] [stderr]      |                     help: remove this `mut`
[INFO] [stderr]      |
[INFO] [stderr]      = note: `#[warn(unused_mut)]` on by default
[INFO] [stderr] 
[INFO] [stderr] warning: variable does not need to be mutable
[INFO] [stderr]     --> src/lib.rs:1184:13
[INFO] [stderr]      |
[INFO] [stderr] 1184 |         let mut state = MyState::default();
[INFO] [stderr]      |             ----^^^^^
[INFO] [stderr]      |             |
[INFO] [stderr]      |             help: remove this `mut`
[INFO] [stderr] 
[INFO] [stderr] warning: `rust_render_101` (lib) generated 4 warnings (run `cargo fix --lib -p rust_render_101` to apply 2 suggestions)
[INFO] [stderr] warning: `rust_render_101` (lib test) generated 5 warnings (4 duplicates) (run `cargo fix --lib -p rust_render_101 --tests` to apply 1 suggestion)
[INFO] [stderr]     Finished `test` profile [unoptimized + debuginfo] target(s) in 0.17s
[INFO] [stderr]      Running unittests src/lib.rs (/opt/rustwide/target/debug/deps/rust_render_101-bbdd10d5b69f061f)
[INFO] [stdout] 
[INFO] [stdout] running 1 test
[INFO] [stdout] test tests::testing ... FAILED
[INFO] [stdout] 
[INFO] [stdout] failures:
[INFO] [stdout] 
[INFO] [stdout] ---- tests::testing stdout ----
[INFO] [stdout] START
[INFO] [stdout] 
[INFO] [stdout] thread 'tests::testing' panicked at src/lib.rs:325:17:
[INFO] [stdout] Unable to open window: Failed to create window
[INFO] [stdout] stack backtrace:
[INFO] [stdout]    0:     0x5b3556b197fa - std::backtrace_rs::backtrace::libunwind::trace::hb059275cfc8d6126
[INFO] [stdout]                                at /rustc/6067b36314ab5eb2eb47cecc464545ba58e1ad24/library/std/src/../../backtrace/src/backtrace/libunwind.rs:116:5
[INFO] [stdout]    1:     0x5b3556b197fa - std::backtrace_rs::backtrace::trace_unsynchronized::h2da071e4327ce3ee
[INFO] [stdout]                                at /rustc/6067b36314ab5eb2eb47cecc464545ba58e1ad24/library/std/src/../../backtrace/src/backtrace/mod.rs:66:5
[INFO] [stdout]    2:     0x5b3556b197fa - std::sys::backtrace::_print_fmt::h842a1474e6f8d23f
[INFO] [stdout]                                at /rustc/6067b36314ab5eb2eb47cecc464545ba58e1ad24/library/std/src/sys/backtrace.rs:66:9
[INFO] [stdout]    3:     0x5b3556b197fa - <std::sys::backtrace::BacktraceLock::print::DisplayBacktrace as core::fmt::Display>::fmt::h71a62eb3b9696b12
[INFO] [stdout]                                at /rustc/6067b36314ab5eb2eb47cecc464545ba58e1ad24/library/std/src/sys/backtrace.rs:39:26
[INFO] [stdout]    4:     0x5b3556b42ed3 - core::fmt::rt::Argument::fmt::hdb6b616786b41dc1
[INFO] [stdout]                                at /rustc/6067b36314ab5eb2eb47cecc464545ba58e1ad24/library/core/src/fmt/rt.rs:177:76
[INFO] [stdout]    5:     0x5b3556b42ed3 - core::fmt::write::h2cc1698af7e2d686
[INFO] [stdout]                                at /rustc/6067b36314ab5eb2eb47cecc464545ba58e1ad24/library/core/src/fmt/mod.rs:1440:21
[INFO] [stdout]    6:     0x5b3556b15f33 - std::io::Write::write_fmt::hab1b4cd059a79022
[INFO] [stdout]                                at /rustc/6067b36314ab5eb2eb47cecc464545ba58e1ad24/library/std/src/io/mod.rs:1887:15
[INFO] [stdout]    7:     0x5b3556b19642 - std::sys::backtrace::BacktraceLock::print::h147fe35b4ea13b08
[INFO] [stdout]                                at /rustc/6067b36314ab5eb2eb47cecc464545ba58e1ad24/library/std/src/sys/backtrace.rs:42:9
[INFO] [stdout]    8:     0x5b3556b1ac1f - std::panicking::default_hook::{{closure}}::hbd44223dbdc0d208
[INFO] [stdout]                                at /rustc/6067b36314ab5eb2eb47cecc464545ba58e1ad24/library/std/src/panicking.rs:298:22
[INFO] [stdout]    9:     0x5b3556b1aa38 - std::panicking::default_hook::h20f81eb0576efcec
[INFO] [stdout]                                at /rustc/6067b36314ab5eb2eb47cecc464545ba58e1ad24/library/std/src/panicking.rs:322:9
[INFO] [stdout]   10:     0x5b3556967253 - <alloc::boxed::Box<F,A> as core::ops::function::Fn<Args>>::call::hdb53814c496a4d34
[INFO] [stdout]                                at /rustc/6067b36314ab5eb2eb47cecc464545ba58e1ad24/library/alloc/src/boxed.rs:2027:9
[INFO] [stdout]   11:     0x5b3556967253 - test::test_main::{{closure}}::hc0a4963c59427c24
[INFO] [stdout]                                at /rustc/6067b36314ab5eb2eb47cecc464545ba58e1ad24/library/test/src/lib.rs:134:21
[INFO] [stdout]   12:     0x5b3556b1b713 - <alloc::boxed::Box<F,A> as core::ops::function::Fn<Args>>::call::h591b2225413a77e9
[INFO] [stdout]                                at /rustc/6067b36314ab5eb2eb47cecc464545ba58e1ad24/library/alloc/src/boxed.rs:2027:9
[INFO] [stdout]   13:     0x5b3556b1b713 - std::panicking::rust_panic_with_hook::h625eea43051b2edc
[INFO] [stdout]                                at /rustc/6067b36314ab5eb2eb47cecc464545ba58e1ad24/library/std/src/panicking.rs:839:13
[INFO] [stdout]   14:     0x5b3556b1b3ca - std::panicking::begin_panic_handler::{{closure}}::h4f9159cfbc3f6bd3
[INFO] [stdout]                                at /rustc/6067b36314ab5eb2eb47cecc464545ba58e1ad24/library/std/src/panicking.rs:704:13
[INFO] [stdout]   15:     0x5b3556b19cf9 - std::sys::backtrace::__rust_end_short_backtrace::h0390abce48353151
[INFO] [stdout]                                at /rustc/6067b36314ab5eb2eb47cecc464545ba58e1ad24/library/std/src/sys/backtrace.rs:168:18
[INFO] [stdout]   16:     0x5b3556b1b05d - rust_begin_unwind
[INFO] [stdout]                                at /rustc/6067b36314ab5eb2eb47cecc464545ba58e1ad24/library/std/src/panicking.rs:695:5
[INFO] [stdout]   17:     0x5b3556b40e50 - core::panicking::panic_fmt::h9e7c637e9e5f29c9
[INFO] [stdout]                                at /rustc/6067b36314ab5eb2eb47cecc464545ba58e1ad24/library/core/src/panicking.rs:75:14
[INFO] [stdout]   18:     0x5b35568fa3d0 - rust_render_101::Sketch<S>::from_size::{{closure}}::h878d5ee244ff437c
[INFO] [stdout]                                at /opt/rustwide/workdir/src/lib.rs:325:17
[INFO] [stdout]   19:     0x5b35569278f4 - core::result::Result<T,E>::unwrap_or_else::h899f5951dacb53d1
[INFO] [stdout]                                at /rustc/6067b36314ab5eb2eb47cecc464545ba58e1ad24/library/core/src/result.rs:1463:23
[INFO] [stdout]   20:     0x5b35568f983c - rust_render_101::Sketch<S>::from_size::h964d2122fc90a112
[INFO] [stdout]                                at /opt/rustwide/workdir/src/lib.rs:323:22
[INFO] [stdout]   21:     0x5b355692464b - rust_render_101::tests::testing::h5d376adbb2ec747a
[INFO] [stdout]                                at /opt/rustwide/workdir/src/lib.rs:1185:26
[INFO] [stdout]   22:     0x5b35569245b7 - rust_render_101::tests::testing::{{closure}}::hc6504419bb31a799
[INFO] [stdout]                                at /opt/rustwide/workdir/src/lib.rs:1182:17
[INFO] [stdout]   23:     0x5b3556917a96 - core::ops::function::FnOnce::call_once::h14284df6b956cf5e
[INFO] [stdout]                                at /rustc/6067b36314ab5eb2eb47cecc464545ba58e1ad24/library/core/src/ops/function.rs:250:5
[INFO] [stdout]   24:     0x5b355696c9ab - core::ops::function::FnOnce::call_once::he27718dfdd183f43
[INFO] [stdout]                                at /rustc/6067b36314ab5eb2eb47cecc464545ba58e1ad24/library/core/src/ops/function.rs:250:5
[INFO] [stdout]   25:     0x5b355696c9ab - test::__rust_begin_short_backtrace::h4e84902998457a5d
[INFO] [stdout]                                at /rustc/6067b36314ab5eb2eb47cecc464545ba58e1ad24/library/test/src/lib.rs:632:18
[INFO] [stdout]   26:     0x5b355696b8e3 - test::run_test_in_process::{{closure}}::h7176fd18fc1feca0
[INFO] [stdout]                                at /rustc/6067b36314ab5eb2eb47cecc464545ba58e1ad24/library/test/src/lib.rs:655:60
[INFO] [stdout]   27:     0x5b355696b8e3 - <core::panic::unwind_safe::AssertUnwindSafe<F> as core::ops::function::FnOnce<()>>::call_once::hf79cff2a624d8cf7
[INFO] [stdout]                                at /rustc/6067b36314ab5eb2eb47cecc464545ba58e1ad24/library/core/src/panic/unwind_safe.rs:272:9
[INFO] [stdout]   28:     0x5b355696b8e3 - std::panicking::try::do_call::h3da0561d9ab99c25
[INFO] [stdout]                                at /rustc/6067b36314ab5eb2eb47cecc464545ba58e1ad24/library/std/src/panicking.rs:587:40
[INFO] [stdout]   29:     0x5b355696b8e3 - std::panicking::try::h41c9fa508bc61df6
[INFO] [stdout]                                at /rustc/6067b36314ab5eb2eb47cecc464545ba58e1ad24/library/std/src/panicking.rs:550:19
[INFO] [stdout]   30:     0x5b355696b8e3 - std::panic::catch_unwind::h6b3ff07bb5afad93
[INFO] [stdout]                                at /rustc/6067b36314ab5eb2eb47cecc464545ba58e1ad24/library/std/src/panic.rs:358:14
[INFO] [stdout]   31:     0x5b355696b8e3 - test::run_test_in_process::hc7253dd11b39b9f4
[INFO] [stdout]                                at /rustc/6067b36314ab5eb2eb47cecc464545ba58e1ad24/library/test/src/lib.rs:655:27
[INFO] [stdout]   32:     0x5b355696b8e3 - test::run_test::{{closure}}::hfb2007f8649c30bb
[INFO] [stdout]                                at /rustc/6067b36314ab5eb2eb47cecc464545ba58e1ad24/library/test/src/lib.rs:576:43
[INFO] [stdout]   33:     0x5b355692e9c5 - test::run_test::{{closure}}::h56a17aa7a282a9f4
[INFO] [stdout]                                at /rustc/6067b36314ab5eb2eb47cecc464545ba58e1ad24/library/test/src/lib.rs:606:41
[INFO] [stdout]   34:     0x5b355692e9c5 - std::sys::backtrace::__rust_begin_short_backtrace::hd2d2d2fb8e8c6aac
[INFO] [stdout]                                at /rustc/6067b36314ab5eb2eb47cecc464545ba58e1ad24/library/std/src/sys/backtrace.rs:152:18
[INFO] [stdout]   35:     0x5b35569322aa - std::thread::Builder::spawn_unchecked_::{{closure}}::{{closure}}::h4faa3f9db6133423
[INFO] [stdout]                                at /rustc/6067b36314ab5eb2eb47cecc464545ba58e1ad24/library/std/src/thread/mod.rs:559:17
[INFO] [stdout]   36:     0x5b35569322aa - <core::panic::unwind_safe::AssertUnwindSafe<F> as core::ops::function::FnOnce<()>>::call_once::hf2e855a36a4ea846
[INFO] [stdout]                                at /rustc/6067b36314ab5eb2eb47cecc464545ba58e1ad24/library/core/src/panic/unwind_safe.rs:272:9
[INFO] [stdout]   37:     0x5b35569322aa - std::panicking::try::do_call::h2f73af3616c35465
[INFO] [stdout]                                at /rustc/6067b36314ab5eb2eb47cecc464545ba58e1ad24/library/std/src/panicking.rs:587:40
[INFO] [stdout]   38:     0x5b35569322aa - std::panicking::try::hd1660ce9efadef5a
[INFO] [stdout]                                at /rustc/6067b36314ab5eb2eb47cecc464545ba58e1ad24/library/std/src/panicking.rs:550:19
[INFO] [stdout]   39:     0x5b35569322aa - std::panic::catch_unwind::h5ee8d7823b8ca744
[INFO] [stdout]                                at /rustc/6067b36314ab5eb2eb47cecc464545ba58e1ad24/library/std/src/panic.rs:358:14
[INFO] [stdout]   40:     0x5b35569322aa - std::thread::Builder::spawn_unchecked_::{{closure}}::h53c3a1894dce8407
[INFO] [stdout]                                at /rustc/6067b36314ab5eb2eb47cecc464545ba58e1ad24/library/std/src/thread/mod.rs:557:30
[INFO] [stdout]   41:     0x5b35569322aa - core::ops::function::FnOnce::call_once{{vtable.shim}}::h048ce291ad4f62bf
[INFO] [stdout]                                at /rustc/6067b36314ab5eb2eb47cecc464545ba58e1ad24/library/core/src/ops/function.rs:250:5
[INFO] [stdout]   42:     0x5b3556b1f94b - <alloc::boxed::Box<F,A> as core::ops::function::FnOnce<Args>>::call_once::ha52bedf99a3b4981
[INFO] [stdout]                                at /rustc/6067b36314ab5eb2eb47cecc464545ba58e1ad24/library/alloc/src/boxed.rs:2013:9
[INFO] [stdout]   43:     0x5b3556b1f94b - <alloc::boxed::Box<F,A> as core::ops::function::FnOnce<Args>>::call_once::h567748934d80ccf8
[INFO] [stdout]                                at /rustc/6067b36314ab5eb2eb47cecc464545ba58e1ad24/library/alloc/src/boxed.rs:2013:9
[INFO] [stdout]   44:     0x5b3556b1f94b - std::sys::pal::unix::thread::Thread::new::thread_start::h2d970728ae887adc
[INFO] [stdout]                                at /rustc/6067b36314ab5eb2eb47cecc464545ba58e1ad24/library/std/src/sys/pal/unix/thread.rs:106:17
[INFO] [stdout]   45:     0x7d2e631eeac3 - <unknown>
[INFO] [stdout]   46:     0x7d2e6327fa04 - clone
[INFO] [stdout]   47:                0x0 - <unknown>
[INFO] [stdout] 
[INFO] [stdout] 
[INFO] [stdout] failures:
[INFO] [stdout]     tests::testing
[INFO] [stdout] 
[INFO] [stdout] test result: FAILED. 0 passed; 1 failed; 0 ignored; 0 measured; 0 filtered out; finished in 0.16s
[INFO] [stdout] 
[INFO] [stderr] error: test failed, to rerun pass `--lib`
[INFO] running `Command { std: "docker" "inspect" "3bf59b32c3f2af3ec53a91682cb10dc1af8ad47817d8497b442c3fd012ed189b", kill_on_drop: false }`
[INFO] running `Command { std: "docker" "rm" "-f" "3bf59b32c3f2af3ec53a91682cb10dc1af8ad47817d8497b442c3fd012ed189b", kill_on_drop: false }`
[INFO] [stdout] 3bf59b32c3f2af3ec53a91682cb10dc1af8ad47817d8497b442c3fd012ed189b
