[INFO] fetching crate rust-wasm-dev-helper 0.1.2...
[INFO] testing rust-wasm-dev-helper-0.1.2 against nightly-2025-01-18+rustflags=-Zrandomize-layout for randomize-layout-2
[INFO] extracting crate rust-wasm-dev-helper 0.1.2 into /workspace/builds/worker-3-tc2/source
[INFO] validating manifest of crates.io crate rust-wasm-dev-helper 0.1.2 on toolchain nightly-2025-01-18
[INFO] running `Command { std: CARGO_HOME="/workspace/cargo-home" RUSTUP_HOME="/workspace/rustup-home" "/workspace/cargo-home/bin/cargo" "+nightly-2025-01-18" "metadata" "--manifest-path" "Cargo.toml" "--no-deps", kill_on_drop: false }`
[INFO] started tweaking crates.io crate rust-wasm-dev-helper 0.1.2
[INFO] finished tweaking crates.io crate rust-wasm-dev-helper 0.1.2
[INFO] tweaked toml for crates.io crate rust-wasm-dev-helper 0.1.2 written to /workspace/builds/worker-3-tc2/source/Cargo.toml
[INFO] running `Command { std: CARGO_HOME="/workspace/cargo-home" RUSTUP_HOME="/workspace/rustup-home" "/workspace/cargo-home/bin/cargo" "+nightly-2025-01-18" "generate-lockfile" "--manifest-path" "Cargo.toml", kill_on_drop: false }`
[INFO] [stderr]     Updating crates.io index
[INFO] [stderr]     Blocking waiting for file lock on package cache
[INFO] [stderr]      Locking 69 packages to latest compatible versions
[INFO] [stderr]       Adding image v0.23.14 (available: v0.25.5)
[INFO] [stderr]       Adding rand v0.7.3 (available: v0.8.5)
[INFO] [stderr]       Adding wasm-bindgen-test v0.2.50 (available: v0.3.50)
[INFO] running `Command { std: CARGO_HOME="/workspace/cargo-home" RUSTUP_HOME="/workspace/rustup-home" "/workspace/cargo-home/bin/cargo" "+nightly-2025-01-18" "fetch" "--manifest-path" "Cargo.toml", kill_on_drop: false }`
[INFO] running `Command { std: "docker" "create" "-v" "/var/lib/crater-agent-workspace/builds/worker-3-tc2/target:/opt/rustwide/target:rw,Z" "-v" "/var/lib/crater-agent-workspace/builds/worker-3-tc2/source:/opt/rustwide/workdir:ro,Z" "-v" "/var/lib/crater-agent-workspace/cargo-home:/opt/rustwide/cargo-home:ro,Z" "-v" "/var/lib/crater-agent-workspace/rustup-home:/opt/rustwide/rustup-home:ro,Z" "-e" "SOURCE_DIR=/opt/rustwide/workdir" "-e" "CARGO_TARGET_DIR=/opt/rustwide/target" "-e" "CARGO_HOME=/opt/rustwide/cargo-home" "-e" "RUSTUP_HOME=/opt/rustwide/rustup-home" "-w" "/opt/rustwide/workdir" "-m" "1610612736" "--user" "0:0" "--network" "none" "ghcr.io/rust-lang/crates-build-env/linux@sha256:819108c5571ea2e421544af4d832f968d213c87fbe3707a016657f43d2f853bc" "/opt/rustwide/cargo-home/bin/cargo" "+nightly-2025-01-18" "metadata" "--no-deps" "--format-version=1", kill_on_drop: false }`
[INFO] [stdout] cb9c747161193a7e06554cb8d418f2b683fe1b714cb20b5969da0860fe1a06ea
[INFO] running `Command { std: "docker" "start" "-a" "cb9c747161193a7e06554cb8d418f2b683fe1b714cb20b5969da0860fe1a06ea", kill_on_drop: false }`
[INFO] running `Command { std: "docker" "inspect" "cb9c747161193a7e06554cb8d418f2b683fe1b714cb20b5969da0860fe1a06ea", kill_on_drop: false }`
[INFO] running `Command { std: "docker" "rm" "-f" "cb9c747161193a7e06554cb8d418f2b683fe1b714cb20b5969da0860fe1a06ea", kill_on_drop: false }`
[INFO] [stdout] cb9c747161193a7e06554cb8d418f2b683fe1b714cb20b5969da0860fe1a06ea
[INFO] running `Command { std: "docker" "create" "-v" "/var/lib/crater-agent-workspace/builds/worker-3-tc2/target:/opt/rustwide/target:rw,Z" "-v" "/var/lib/crater-agent-workspace/builds/worker-3-tc2/source:/opt/rustwide/workdir:ro,Z" "-v" "/var/lib/crater-agent-workspace/cargo-home:/opt/rustwide/cargo-home:ro,Z" "-v" "/var/lib/crater-agent-workspace/rustup-home:/opt/rustwide/rustup-home:ro,Z" "-e" "SOURCE_DIR=/opt/rustwide/workdir" "-e" "CARGO_TARGET_DIR=/opt/rustwide/target" "-e" "CARGO_INCREMENTAL=0" "-e" "RUST_BACKTRACE=full" "-e" "RUSTFLAGS=--cap-lints=forbid -Zrandomize-layout" "-e" "RUSTDOCFLAGS=--cap-lints=forbid" "-e" "CARGO_HOME=/opt/rustwide/cargo-home" "-e" "RUSTUP_HOME=/opt/rustwide/rustup-home" "-w" "/opt/rustwide/workdir" "-m" "1610612736" "--user" "0:0" "--network" "none" "ghcr.io/rust-lang/crates-build-env/linux@sha256:819108c5571ea2e421544af4d832f968d213c87fbe3707a016657f43d2f853bc" "/opt/rustwide/cargo-home/bin/cargo" "+nightly-2025-01-18" "build" "--frozen" "--message-format=json", kill_on_drop: false }`
[INFO] [stdout] f9dcc387c4995ddc41a23f333fb9fd92a640f7ee47c954f752f41e1ae2416c56
[INFO] running `Command { std: "docker" "start" "-a" "f9dcc387c4995ddc41a23f333fb9fd92a640f7ee47c954f752f41e1ae2416c56", kill_on_drop: false }`
[INFO] [stderr]    Compiling autocfg v1.4.0
[INFO] [stderr]    Compiling crossbeam-utils v0.8.21
[INFO] [stderr]    Compiling wasm-bindgen-shared v0.2.100
[INFO] [stderr]    Compiling bumpalo v3.16.0
[INFO] [stderr]    Compiling libc v0.2.169
[INFO] [stderr]    Compiling log v0.4.25
[INFO] [stderr]    Compiling rayon-core v1.12.1
[INFO] [stderr]    Compiling getrandom v0.1.16
[INFO] [stderr]    Compiling rustversion v1.0.19
[INFO] [stderr]    Compiling wasm-bindgen v0.2.100
[INFO] [stderr]    Compiling either v1.13.0
[INFO] [stderr]    Compiling adler32 v1.2.0
[INFO] [stderr]    Compiling once_cell v1.20.2
[INFO] [stderr]    Compiling weezl v0.1.8
[INFO] [stderr]    Compiling adler v1.0.2
[INFO] [stderr]    Compiling syn v2.0.96
[INFO] [stderr]    Compiling crc32fast v1.4.2
[INFO] [stderr]    Compiling miniz_oxide v0.3.7
[INFO] [stderr]    Compiling deflate v0.8.6
[INFO] [stderr]    Compiling color_quant v1.1.0
[INFO] [stderr]    Compiling bitflags v1.3.2
[INFO] [stderr]    Compiling bytemuck v1.21.0
[INFO] [stderr]    Compiling scoped_threadpool v0.1.9
[INFO] [stderr]    Compiling gif v0.11.4
[INFO] [stderr]    Compiling png v0.16.8
[INFO] [stderr]    Compiling num-traits v0.2.19
[INFO] [stderr]    Compiling miniz_oxide v0.4.4
[INFO] [stderr]    Compiling num-rational v0.3.2
[INFO] [stderr]    Compiling crossbeam-epoch v0.9.18
[INFO] [stderr]    Compiling rand_core v0.5.1
[INFO] [stderr]    Compiling crossbeam-deque v0.8.6
[INFO] [stderr]    Compiling num-integer v0.1.46
[INFO] [stderr]    Compiling num-iter v0.1.45
[INFO] [stderr]    Compiling rayon v1.10.0
[INFO] [stderr]    Compiling wasm-bindgen-backend v0.2.100
[INFO] [stderr]    Compiling zerocopy-derive v0.7.35
[INFO] [stderr]    Compiling zerocopy v0.7.35
[INFO] [stderr]    Compiling wasm-bindgen-macro-support v0.2.100
[INFO] [stderr]    Compiling jpeg-decoder v0.1.22
[INFO] [stderr]    Compiling ppv-lite86 v0.2.20
[INFO] [stderr]    Compiling tiff v0.6.1
[INFO] [stderr]    Compiling rand_chacha v0.2.2
[INFO] [stderr]    Compiling wasm-bindgen-macro v0.2.100
[INFO] [stderr]    Compiling rand v0.7.3
[INFO] [stderr]    Compiling image v0.23.14
[INFO] [stderr]    Compiling js-sys v0.3.77
[INFO] [stderr]    Compiling web-sys v0.3.77
[INFO] [stderr]    Compiling rust-wasm-dev-helper v0.1.2 (/opt/rustwide/workdir)
[INFO] [stdout] warning: unused macro definition: `log`
[INFO] [stdout]  --> src/log.rs:5:14
[INFO] [stdout]   |
[INFO] [stdout] 5 | macro_rules! log {
[INFO] [stdout]   |              ^^^
[INFO] [stdout]   |
[INFO] [stdout]   = note: `#[warn(unused_macros)]` on by default
[INFO] [stdout] 
[INFO] [stdout] 
[INFO] [stdout] warning: unused imports: `ImageBuffer`, `ImageFormat`, `Rgb`, and `png::PngDecoder`
[INFO] [stdout]  --> src/lib.rs:6:13
[INFO] [stdout]   |
[INFO] [stdout] 6 | use image::{ImageBuffer, Rgb, png::PngDecoder, ImageFormat, RgbImage};
[INFO] [stdout]   |             ^^^^^^^^^^^  ^^^  ^^^^^^^^^^^^^^^  ^^^^^^^^^^^
[INFO] [stdout]   |
[INFO] [stdout]   = note: `#[warn(unused_imports)]` on by default
[INFO] [stdout] 
[INFO] [stdout] 
[INFO] [stdout] warning: unused imports: `Cursor`, `Read`, `SeekFrom`, and `Seek`
[INFO] [stdout]  --> src/lib.rs:7:15
[INFO] [stdout]   |
[INFO] [stdout] 7 | use std::io::{Cursor, Seek, SeekFrom, Read};
[INFO] [stdout]   |               ^^^^^^  ^^^^  ^^^^^^^^  ^^^^
[INFO] [stdout] 
[INFO] [stdout] 
[INFO] [stdout] warning: unused import: `wasm_bindgen::__rt::IntoJsResult`
[INFO] [stdout]  --> src/lib.rs:8:5
[INFO] [stdout]   |
[INFO] [stdout] 8 | use wasm_bindgen::__rt::IntoJsResult;
[INFO] [stdout]   |     ^^^^^^^^^^^^^^^^^^^^^^^^^^^^^^^^
[INFO] [stdout] 
[INFO] [stdout] 
[INFO] [stdout] warning: `#[macro_use]` only has an effect on `extern crate` and modules
[INFO] [stdout]  --> src/log.rs:4:1
[INFO] [stdout]   |
[INFO] [stdout] 4 | #[macro_use]
[INFO] [stdout]   | ^^^^^^^^^^^^
[INFO] [stdout]   |
[INFO] [stdout]   = note: `#[warn(unused_attributes)]` on by default
[INFO] [stdout] 
[INFO] [stdout] 
[INFO] [stdout] warning: variable does not need to be mutable
[INFO] [stdout]   --> src/lib.rs:42:13
[INFO] [stdout]    |
[INFO] [stdout] 42 |         for mut px in img.enumerate_pixels_mut().enumerate() {
[INFO] [stdout]    |             ----^^
[INFO] [stdout]    |             |
[INFO] [stdout]    |             help: remove this `mut`
[INFO] [stdout]    |
[INFO] [stdout]    = note: `#[warn(unused_mut)]` on by default
[INFO] [stdout] 
[INFO] [stdout] 
[INFO] [stdout] warning: function `set_panic_hook` is never used
[INFO] [stdout]  --> src/utils.rs:1:8
[INFO] [stdout]   |
[INFO] [stdout] 1 | pub fn set_panic_hook() {
[INFO] [stdout]   |        ^^^^^^^^^^^^^^
[INFO] [stdout]   |
[INFO] [stdout]   = note: `#[warn(dead_code)]` on by default
[INFO] [stdout] 
[INFO] [stdout] 
[INFO] [stderr]     Finished `dev` profile [unoptimized + debuginfo] target(s) in 15.22s
[INFO] running `Command { std: "docker" "inspect" "f9dcc387c4995ddc41a23f333fb9fd92a640f7ee47c954f752f41e1ae2416c56", kill_on_drop: false }`
[INFO] running `Command { std: "docker" "rm" "-f" "f9dcc387c4995ddc41a23f333fb9fd92a640f7ee47c954f752f41e1ae2416c56", kill_on_drop: false }`
[INFO] [stdout] f9dcc387c4995ddc41a23f333fb9fd92a640f7ee47c954f752f41e1ae2416c56
[INFO] running `Command { std: "docker" "create" "-v" "/var/lib/crater-agent-workspace/builds/worker-3-tc2/target:/opt/rustwide/target:rw,Z" "-v" "/var/lib/crater-agent-workspace/builds/worker-3-tc2/source:/opt/rustwide/workdir:ro,Z" "-v" "/var/lib/crater-agent-workspace/cargo-home:/opt/rustwide/cargo-home:ro,Z" "-v" "/var/lib/crater-agent-workspace/rustup-home:/opt/rustwide/rustup-home:ro,Z" "-e" "SOURCE_DIR=/opt/rustwide/workdir" "-e" "CARGO_TARGET_DIR=/opt/rustwide/target" "-e" "CARGO_INCREMENTAL=0" "-e" "RUST_BACKTRACE=full" "-e" "RUSTFLAGS=--cap-lints=forbid -Zrandomize-layout" "-e" "RUSTDOCFLAGS=--cap-lints=forbid" "-e" "CARGO_HOME=/opt/rustwide/cargo-home" "-e" "RUSTUP_HOME=/opt/rustwide/rustup-home" "-w" "/opt/rustwide/workdir" "-m" "1610612736" "--user" "0:0" "--network" "none" "ghcr.io/rust-lang/crates-build-env/linux@sha256:819108c5571ea2e421544af4d832f968d213c87fbe3707a016657f43d2f853bc" "/opt/rustwide/cargo-home/bin/cargo" "+nightly-2025-01-18" "test" "--frozen" "--no-run" "--message-format=json", kill_on_drop: false }`
[INFO] [stdout] 4d6d35203ee2b190d41a01e273f410ef98d340335e0e4c58ff010f285bd997ee
[INFO] running `Command { std: "docker" "start" "-a" "4d6d35203ee2b190d41a01e273f410ef98d340335e0e4c58ff010f285bd997ee", kill_on_drop: false }`
[INFO] [stderr]    Compiling proc-macro2 v0.4.30
[INFO] [stderr]    Compiling unicode-xid v0.1.0
[INFO] [stderr]    Compiling cfg-if v0.1.10
[INFO] [stderr]    Compiling futures v0.1.31
[INFO] [stderr]    Compiling scoped-tls v1.0.1
[INFO] [stderr]    Compiling console_error_panic_hook v0.1.7
[INFO] [stdout] warning: unused macro definition: `log`
[INFO] [stdout]  --> src/log.rs:5:14
[INFO] [stdout]   |
[INFO] [stdout] 5 | macro_rules! log {
[INFO] [stdout]   |              ^^^
[INFO] [stdout]   |
[INFO] [stdout]   = note: `#[warn(unused_macros)]` on by default
[INFO] [stdout] 
[INFO] [stdout] 
[INFO] [stdout] warning: unused imports: `ImageBuffer`, `ImageFormat`, `Rgb`, and `png::PngDecoder`
[INFO] [stdout]  --> src/lib.rs:6:13
[INFO] [stdout]   |
[INFO] [stdout] 6 | use image::{ImageBuffer, Rgb, png::PngDecoder, ImageFormat, RgbImage};
[INFO] [stdout]   |             ^^^^^^^^^^^  ^^^  ^^^^^^^^^^^^^^^  ^^^^^^^^^^^
[INFO] [stdout]   |
[INFO] [stdout]   = note: `#[warn(unused_imports)]` on by default
[INFO] [stdout] 
[INFO] [stdout] 
[INFO] [stdout] warning: unused imports: `Cursor`, `Read`, `SeekFrom`, and `Seek`
[INFO] [stdout]  --> src/lib.rs:7:15
[INFO] [stdout]   |
[INFO] [stdout] 7 | use std::io::{Cursor, Seek, SeekFrom, Read};
[INFO] [stdout]   |               ^^^^^^  ^^^^  ^^^^^^^^  ^^^^
[INFO] [stdout] 
[INFO] [stdout] 
[INFO] [stdout] warning: unused import: `wasm_bindgen::__rt::IntoJsResult`
[INFO] [stdout]  --> src/lib.rs:8:5
[INFO] [stdout]   |
[INFO] [stdout] 8 | use wasm_bindgen::__rt::IntoJsResult;
[INFO] [stdout]   |     ^^^^^^^^^^^^^^^^^^^^^^^^^^^^^^^^
[INFO] [stdout] 
[INFO] [stdout] 
[INFO] [stdout] warning: `#[macro_use]` only has an effect on `extern crate` and modules
[INFO] [stdout]  --> src/log.rs:4:1
[INFO] [stdout]   |
[INFO] [stdout] 4 | #[macro_use]
[INFO] [stdout]   | ^^^^^^^^^^^^
[INFO] [stdout]   |
[INFO] [stdout]   = note: `#[warn(unused_attributes)]` on by default
[INFO] [stdout] 
[INFO] [stdout] 
[INFO] [stdout] warning: variable does not need to be mutable
[INFO] [stdout]   --> src/lib.rs:42:13
[INFO] [stdout]    |
[INFO] [stdout] 42 |         for mut px in img.enumerate_pixels_mut().enumerate() {
[INFO] [stdout]    |             ----^^
[INFO] [stdout]    |             |
[INFO] [stdout]    |             help: remove this `mut`
[INFO] [stdout]    |
[INFO] [stdout]    = note: `#[warn(unused_mut)]` on by default
[INFO] [stdout] 
[INFO] [stdout] 
[INFO] [stdout] warning: function `set_panic_hook` is never used
[INFO] [stdout]  --> src/utils.rs:1:8
[INFO] [stdout]   |
[INFO] [stdout] 1 | pub fn set_panic_hook() {
[INFO] [stdout]   |        ^^^^^^^^^^^^^^
[INFO] [stdout]   |
[INFO] [stdout]   = note: `#[warn(dead_code)]` on by default
[INFO] [stdout] 
[INFO] [stdout] 
[INFO] [stderr]    Compiling quote v0.6.13
[INFO] [stderr]    Compiling wasm-bindgen-test-macro v0.2.50
[INFO] [stderr]    Compiling wasm-bindgen-futures v0.3.27
[INFO] [stderr]    Compiling wasm-bindgen-test v0.2.50
[INFO] [stderr]    Compiling rust-wasm-dev-helper v0.1.2 (/opt/rustwide/workdir)
[INFO] [stdout] warning: unused macro definition: `log`
[INFO] [stdout]  --> src/log.rs:5:14
[INFO] [stdout]   |
[INFO] [stdout] 5 | macro_rules! log {
[INFO] [stdout]   |              ^^^
[INFO] [stdout]   |
[INFO] [stdout]   = note: `#[warn(unused_macros)]` on by default
[INFO] [stdout] 
[INFO] [stdout] 
[INFO] [stdout] warning: unused imports: `ImageBuffer`, `ImageFormat`, `Rgb`, and `png::PngDecoder`
[INFO] [stdout]  --> src/lib.rs:6:13
[INFO] [stdout]   |
[INFO] [stdout] 6 | use image::{ImageBuffer, Rgb, png::PngDecoder, ImageFormat, RgbImage};
[INFO] [stdout]   |             ^^^^^^^^^^^  ^^^  ^^^^^^^^^^^^^^^  ^^^^^^^^^^^
[INFO] [stdout]   |
[INFO] [stdout]   = note: `#[warn(unused_imports)]` on by default
[INFO] [stdout] 
[INFO] [stdout] 
[INFO] [stdout] warning: unused imports: `Cursor`, `Read`, `SeekFrom`, and `Seek`
[INFO] [stdout]  --> src/lib.rs:7:15
[INFO] [stdout]   |
[INFO] [stdout] 7 | use std::io::{Cursor, Seek, SeekFrom, Read};
[INFO] [stdout]   |               ^^^^^^  ^^^^  ^^^^^^^^  ^^^^
[INFO] [stdout] 
[INFO] [stdout] 
[INFO] [stdout] warning: unused import: `wasm_bindgen::__rt::IntoJsResult`
[INFO] [stdout]  --> src/lib.rs:8:5
[INFO] [stdout]   |
[INFO] [stdout] 8 | use wasm_bindgen::__rt::IntoJsResult;
[INFO] [stdout]   |     ^^^^^^^^^^^^^^^^^^^^^^^^^^^^^^^^
[INFO] [stdout] 
[INFO] [stdout] 
[INFO] [stdout] warning: `#[macro_use]` only has an effect on `extern crate` and modules
[INFO] [stdout]  --> src/log.rs:4:1
[INFO] [stdout]   |
[INFO] [stdout] 4 | #[macro_use]
[INFO] [stdout]   | ^^^^^^^^^^^^
[INFO] [stdout]   |
[INFO] [stdout]   = note: `#[warn(unused_attributes)]` on by default
[INFO] [stdout] 
[INFO] [stdout] 
[INFO] [stdout] warning: variable does not need to be mutable
[INFO] [stdout]   --> src/lib.rs:42:13
[INFO] [stdout]    |
[INFO] [stdout] 42 |         for mut px in img.enumerate_pixels_mut().enumerate() {
[INFO] [stdout]    |             ----^^
[INFO] [stdout]    |             |
[INFO] [stdout]    |             help: remove this `mut`
[INFO] [stdout]    |
[INFO] [stdout]    = note: `#[warn(unused_mut)]` on by default
[INFO] [stdout] 
[INFO] [stdout] 
[INFO] [stdout] warning: function `set_panic_hook` is never used
[INFO] [stdout]  --> src/utils.rs:1:8
[INFO] [stdout]   |
[INFO] [stdout] 1 | pub fn set_panic_hook() {
[INFO] [stdout]   |        ^^^^^^^^^^^^^^
[INFO] [stdout]   |
[INFO] [stdout]   = note: `#[warn(dead_code)]` on by default
[INFO] [stdout] 
[INFO] [stdout] 
[INFO] [stderr]     Finished `test` profile [unoptimized + debuginfo] target(s) in 3.15s
[INFO] running `Command { std: "docker" "inspect" "4d6d35203ee2b190d41a01e273f410ef98d340335e0e4c58ff010f285bd997ee", kill_on_drop: false }`
[INFO] running `Command { std: "docker" "rm" "-f" "4d6d35203ee2b190d41a01e273f410ef98d340335e0e4c58ff010f285bd997ee", kill_on_drop: false }`
[INFO] [stdout] 4d6d35203ee2b190d41a01e273f410ef98d340335e0e4c58ff010f285bd997ee
[INFO] running `Command { std: "docker" "create" "-v" "/var/lib/crater-agent-workspace/builds/worker-3-tc2/target:/opt/rustwide/target:rw,Z" "-v" "/var/lib/crater-agent-workspace/builds/worker-3-tc2/source:/opt/rustwide/workdir:ro,Z" "-v" "/var/lib/crater-agent-workspace/cargo-home:/opt/rustwide/cargo-home:ro,Z" "-v" "/var/lib/crater-agent-workspace/rustup-home:/opt/rustwide/rustup-home:ro,Z" "-e" "SOURCE_DIR=/opt/rustwide/workdir" "-e" "CARGO_TARGET_DIR=/opt/rustwide/target" "-e" "CARGO_INCREMENTAL=0" "-e" "RUST_BACKTRACE=full" "-e" "RUSTFLAGS=--cap-lints=forbid -Zrandomize-layout" "-e" "RUSTDOCFLAGS=--cap-lints=forbid" "-e" "CARGO_HOME=/opt/rustwide/cargo-home" "-e" "RUSTUP_HOME=/opt/rustwide/rustup-home" "-w" "/opt/rustwide/workdir" "-m" "1610612736" "--user" "0:0" "--network" "none" "ghcr.io/rust-lang/crates-build-env/linux@sha256:819108c5571ea2e421544af4d832f968d213c87fbe3707a016657f43d2f853bc" "/opt/rustwide/cargo-home/bin/cargo" "+nightly-2025-01-18" "test" "--frozen", kill_on_drop: false }`
[INFO] [stdout] ccf3098c89588cc18f5b82bbced3d0f35c2d93d90d4d44c3bd6788284f82beda
[INFO] running `Command { std: "docker" "start" "-a" "ccf3098c89588cc18f5b82bbced3d0f35c2d93d90d4d44c3bd6788284f82beda", kill_on_drop: false }`
[INFO] [stderr] warning: unused macro definition: `log`
[INFO] [stderr]  --> src/log.rs:5:14
[INFO] [stderr]   |
[INFO] [stderr] 5 | macro_rules! log {
[INFO] [stderr]   |              ^^^
[INFO] [stderr]   |
[INFO] [stderr]   = note: `#[warn(unused_macros)]` on by default
[INFO] [stderr] 
[INFO] [stderr] warning: unused imports: `ImageBuffer`, `ImageFormat`, `Rgb`, and `png::PngDecoder`
[INFO] [stderr]  --> src/lib.rs:6:13
[INFO] [stderr]   |
[INFO] [stderr] 6 | use image::{ImageBuffer, Rgb, png::PngDecoder, ImageFormat, RgbImage};
[INFO] [stderr]   |             ^^^^^^^^^^^  ^^^  ^^^^^^^^^^^^^^^  ^^^^^^^^^^^
[INFO] [stderr]   |
[INFO] [stderr]   = note: `#[warn(unused_imports)]` on by default
[INFO] [stderr] 
[INFO] [stderr] warning: unused imports: `Cursor`, `Read`, `SeekFrom`, and `Seek`
[INFO] [stderr]  --> src/lib.rs:7:15
[INFO] [stderr]   |
[INFO] [stderr] 7 | use std::io::{Cursor, Seek, SeekFrom, Read};
[INFO] [stderr]   |               ^^^^^^  ^^^^  ^^^^^^^^  ^^^^
[INFO] [stderr] 
[INFO] [stderr] warning: unused import: `wasm_bindgen::__rt::IntoJsResult`
[INFO] [stderr]  --> src/lib.rs:8:5
[INFO] [stderr]   |
[INFO] [stderr] 8 | use wasm_bindgen::__rt::IntoJsResult;
[INFO] [stderr]   |     ^^^^^^^^^^^^^^^^^^^^^^^^^^^^^^^^
[INFO] [stderr] 
[INFO] [stderr] warning: `#[macro_use]` only has an effect on `extern crate` and modules
[INFO] [stderr]  --> src/log.rs:4:1
[INFO] [stderr]   |
[INFO] [stderr] 4 | #[macro_use]
[INFO] [stderr]   | ^^^^^^^^^^^^
[INFO] [stderr]   |
[INFO] [stderr]   = note: `#[warn(unused_attributes)]` on by default
[INFO] [stderr] 
[INFO] [stderr] warning: variable does not need to be mutable
[INFO] [stderr]   --> src/lib.rs:42:13
[INFO] [stderr]    |
[INFO] [stderr] 42 |         for mut px in img.enumerate_pixels_mut().enumerate() {
[INFO] [stderr]    |             ----^^
[INFO] [stderr]    |             |
[INFO] [stderr]    |             help: remove this `mut`
[INFO] [stderr]    |
[INFO] [stderr]    = note: `#[warn(unused_mut)]` on by default
[INFO] [stderr] 
[INFO] [stderr] warning: function `set_panic_hook` is never used
[INFO] [stderr]  --> src/utils.rs:1:8
[INFO] [stderr]   |
[INFO] [stderr] 1 | pub fn set_panic_hook() {
[INFO] [stderr]   |        ^^^^^^^^^^^^^^
[INFO] [stderr]   |
[INFO] [stderr]   = note: `#[warn(dead_code)]` on by default
[INFO] [stderr] 
[INFO] [stderr] warning: `rust-wasm-dev-helper` (lib) generated 7 warnings (run `cargo fix --lib -p rust-wasm-dev-helper` to apply 4 suggestions)
[INFO] [stderr] warning: `rust-wasm-dev-helper` (lib test) generated 7 warnings (7 duplicates)
[INFO] [stderr]     Finished `test` profile [unoptimized + debuginfo] target(s) in 0.08s
[INFO] [stderr]      Running unittests src/lib.rs (/opt/rustwide/target/debug/deps/rust_wasm_dev_helper-a69de59d8629317e)
[INFO] [stdout] 
[INFO] [stdout] running 1 test
[INFO] [stdout] test tests::test ... FAILED
[INFO] [stdout] 
[INFO] [stdout] failures:
[INFO] [stdout] 
[INFO] [stdout] ---- tests::test stdout ----
[INFO] [stdout] 
[INFO] [stdout] thread 'tests::test' panicked at src/lib.rs:48:36:
[INFO] [stdout] called `Result::unwrap()` on an `Err` value: IoError(Os { code: 2, kind: NotFound, message: "No such file or directory" })
[INFO] [stdout] stack backtrace:
[INFO] [stdout]    0:     0x6524d693af6a - std::backtrace_rs::backtrace::libunwind::trace::hb059275cfc8d6126
[INFO] [stdout]                                at /rustc/6067b36314ab5eb2eb47cecc464545ba58e1ad24/library/std/src/../../backtrace/src/backtrace/libunwind.rs:116:5
[INFO] [stdout]    1:     0x6524d693af6a - std::backtrace_rs::backtrace::trace_unsynchronized::h2da071e4327ce3ee
[INFO] [stdout]                                at /rustc/6067b36314ab5eb2eb47cecc464545ba58e1ad24/library/std/src/../../backtrace/src/backtrace/mod.rs:66:5
[INFO] [stdout]    2:     0x6524d693af6a - std::sys::backtrace::_print_fmt::h842a1474e6f8d23f
[INFO] [stdout]                                at /rustc/6067b36314ab5eb2eb47cecc464545ba58e1ad24/library/std/src/sys/backtrace.rs:66:9
[INFO] [stdout]    3:     0x6524d693af6a - <std::sys::backtrace::BacktraceLock::print::DisplayBacktrace as core::fmt::Display>::fmt::h71a62eb3b9696b12
[INFO] [stdout]                                at /rustc/6067b36314ab5eb2eb47cecc464545ba58e1ad24/library/std/src/sys/backtrace.rs:39:26
[INFO] [stdout]    4:     0x6524d6963af3 - core::fmt::rt::Argument::fmt::hdb6b616786b41dc1
[INFO] [stdout]                                at /rustc/6067b36314ab5eb2eb47cecc464545ba58e1ad24/library/core/src/fmt/rt.rs:177:76
[INFO] [stdout]    5:     0x6524d6963af3 - core::fmt::write::h2cc1698af7e2d686
[INFO] [stdout]                                at /rustc/6067b36314ab5eb2eb47cecc464545ba58e1ad24/library/core/src/fmt/mod.rs:1440:21
[INFO] [stdout]    6:     0x6524d6937953 - std::io::Write::write_fmt::hab1b4cd059a79022
[INFO] [stdout]                                at /rustc/6067b36314ab5eb2eb47cecc464545ba58e1ad24/library/std/src/io/mod.rs:1887:15
[INFO] [stdout]    7:     0x6524d693adb2 - std::sys::backtrace::BacktraceLock::print::h147fe35b4ea13b08
[INFO] [stdout]                                at /rustc/6067b36314ab5eb2eb47cecc464545ba58e1ad24/library/std/src/sys/backtrace.rs:42:9
[INFO] [stdout]    8:     0x6524d693c38f - std::panicking::default_hook::{{closure}}::hbd44223dbdc0d208
[INFO] [stdout]                                at /rustc/6067b36314ab5eb2eb47cecc464545ba58e1ad24/library/std/src/panicking.rs:298:22
[INFO] [stdout]    9:     0x6524d693c1a8 - std::panicking::default_hook::h20f81eb0576efcec
[INFO] [stdout]                                at /rustc/6067b36314ab5eb2eb47cecc464545ba58e1ad24/library/std/src/panicking.rs:322:9
[INFO] [stdout]   10:     0x6524d684b353 - <alloc::boxed::Box<F,A> as core::ops::function::Fn<Args>>::call::hdb53814c496a4d34
[INFO] [stdout]                                at /rustc/6067b36314ab5eb2eb47cecc464545ba58e1ad24/library/alloc/src/boxed.rs:2027:9
[INFO] [stdout]   11:     0x6524d684b353 - test::test_main::{{closure}}::hc0a4963c59427c24
[INFO] [stdout]                                at /rustc/6067b36314ab5eb2eb47cecc464545ba58e1ad24/library/test/src/lib.rs:134:21
[INFO] [stdout]   12:     0x6524d693ce83 - <alloc::boxed::Box<F,A> as core::ops::function::Fn<Args>>::call::h591b2225413a77e9
[INFO] [stdout]                                at /rustc/6067b36314ab5eb2eb47cecc464545ba58e1ad24/library/alloc/src/boxed.rs:2027:9
[INFO] [stdout]   13:     0x6524d693ce83 - std::panicking::rust_panic_with_hook::h625eea43051b2edc
[INFO] [stdout]                                at /rustc/6067b36314ab5eb2eb47cecc464545ba58e1ad24/library/std/src/panicking.rs:839:13
[INFO] [stdout]   14:     0x6524d693cb3a - std::panicking::begin_panic_handler::{{closure}}::h4f9159cfbc3f6bd3
[INFO] [stdout]                                at /rustc/6067b36314ab5eb2eb47cecc464545ba58e1ad24/library/std/src/panicking.rs:704:13
[INFO] [stdout]   15:     0x6524d693b469 - std::sys::backtrace::__rust_end_short_backtrace::h0390abce48353151
[INFO] [stdout]                                at /rustc/6067b36314ab5eb2eb47cecc464545ba58e1ad24/library/std/src/sys/backtrace.rs:168:18
[INFO] [stdout]   16:     0x6524d693c7cd - rust_begin_unwind
[INFO] [stdout]                                at /rustc/6067b36314ab5eb2eb47cecc464545ba58e1ad24/library/std/src/panicking.rs:695:5
[INFO] [stdout]   17:     0x6524d69616c0 - core::panicking::panic_fmt::h9e7c637e9e5f29c9
[INFO] [stdout]                                at /rustc/6067b36314ab5eb2eb47cecc464545ba58e1ad24/library/core/src/panicking.rs:75:14
[INFO] [stdout]   18:     0x6524d6961b36 - core::result::unwrap_failed::h7979f09313fe1849
[INFO] [stdout]                                at /rustc/6067b36314ab5eb2eb47cecc464545ba58e1ad24/library/core/src/result.rs:1704:5
[INFO] [stdout]   19:     0x6524d6810ff2 - core::result::Result<T,E>::unwrap::hddd3612c69a20e21
[INFO] [stdout]                                at /rustc/6067b36314ab5eb2eb47cecc464545ba58e1ad24/library/core/src/result.rs:1109:23
[INFO] [stdout]   20:     0x6524d6810ff2 - rust_wasm_dev_helper::create_img::{{closure}}::h09c1fcefcc0e4f09
[INFO] [stdout]                                at /opt/rustwide/workdir/src/lib.rs:48:9
[INFO] [stdout]   21:     0x6524d68102cf - core::result::Result<T,E>::unwrap_or_else::hb70880d86d0708b7
[INFO] [stdout]                                at /rustc/6067b36314ab5eb2eb47cecc464545ba58e1ad24/library/core/src/result.rs:1463:23
[INFO] [stdout]   22:     0x6524d6810d55 - rust_wasm_dev_helper::create_img::h212edef88bbdb1bb
[INFO] [stdout]                                at /opt/rustwide/workdir/src/lib.rs:40:5
[INFO] [stdout]   23:     0x6524d68111b9 - rust_wasm_dev_helper::tests::test::he911f53c4f35a240
[INFO] [stdout]                                at /opt/rustwide/workdir/src/lib.rs:59:26
[INFO] [stdout]   24:     0x6524d6811177 - rust_wasm_dev_helper::tests::test::{{closure}}::h475f68c0e5a18b58
[INFO] [stdout]                                at /opt/rustwide/workdir/src/lib.rs:58:18
[INFO] [stdout]   25:     0x6524d680ff16 - core::ops::function::FnOnce::call_once::hc503f816b70055f9
[INFO] [stdout]                                at /rustc/6067b36314ab5eb2eb47cecc464545ba58e1ad24/library/core/src/ops/function.rs:250:5
[INFO] [stdout]   26:     0x6524d6850aab - core::ops::function::FnOnce::call_once::he27718dfdd183f43
[INFO] [stdout]                                at /rustc/6067b36314ab5eb2eb47cecc464545ba58e1ad24/library/core/src/ops/function.rs:250:5
[INFO] [stdout]   27:     0x6524d6850aab - test::__rust_begin_short_backtrace::h4e84902998457a5d
[INFO] [stdout]                                at /rustc/6067b36314ab5eb2eb47cecc464545ba58e1ad24/library/test/src/lib.rs:632:18
[INFO] [stdout]   28:     0x6524d684f9e3 - test::run_test_in_process::{{closure}}::h7176fd18fc1feca0
[INFO] [stdout]                                at /rustc/6067b36314ab5eb2eb47cecc464545ba58e1ad24/library/test/src/lib.rs:655:60
[INFO] [stdout]   29:     0x6524d684f9e3 - <core::panic::unwind_safe::AssertUnwindSafe<F> as core::ops::function::FnOnce<()>>::call_once::hf79cff2a624d8cf7
[INFO] [stdout]                                at /rustc/6067b36314ab5eb2eb47cecc464545ba58e1ad24/library/core/src/panic/unwind_safe.rs:272:9
[INFO] [stdout]   30:     0x6524d684f9e3 - std::panicking::try::do_call::h3da0561d9ab99c25
[INFO] [stdout]                                at /rustc/6067b36314ab5eb2eb47cecc464545ba58e1ad24/library/std/src/panicking.rs:587:40
[INFO] [stdout]   31:     0x6524d684f9e3 - std::panicking::try::h41c9fa508bc61df6
[INFO] [stdout]                                at /rustc/6067b36314ab5eb2eb47cecc464545ba58e1ad24/library/std/src/panicking.rs:550:19
[INFO] [stdout]   32:     0x6524d684f9e3 - std::panic::catch_unwind::h6b3ff07bb5afad93
[INFO] [stdout]                                at /rustc/6067b36314ab5eb2eb47cecc464545ba58e1ad24/library/std/src/panic.rs:358:14
[INFO] [stdout]   33:     0x6524d684f9e3 - test::run_test_in_process::hc7253dd11b39b9f4
[INFO] [stdout]                                at /rustc/6067b36314ab5eb2eb47cecc464545ba58e1ad24/library/test/src/lib.rs:655:27
[INFO] [stdout]   34:     0x6524d684f9e3 - test::run_test::{{closure}}::hfb2007f8649c30bb
[INFO] [stdout]                                at /rustc/6067b36314ab5eb2eb47cecc464545ba58e1ad24/library/test/src/lib.rs:576:43
[INFO] [stdout]   35:     0x6524d6812ac5 - test::run_test::{{closure}}::h56a17aa7a282a9f4
[INFO] [stdout]                                at /rustc/6067b36314ab5eb2eb47cecc464545ba58e1ad24/library/test/src/lib.rs:606:41
[INFO] [stdout]   36:     0x6524d6812ac5 - std::sys::backtrace::__rust_begin_short_backtrace::hd2d2d2fb8e8c6aac
[INFO] [stdout]                                at /rustc/6067b36314ab5eb2eb47cecc464545ba58e1ad24/library/std/src/sys/backtrace.rs:152:18
[INFO] [stdout]   37:     0x6524d68163aa - std::thread::Builder::spawn_unchecked_::{{closure}}::{{closure}}::h4faa3f9db6133423
[INFO] [stdout]                                at /rustc/6067b36314ab5eb2eb47cecc464545ba58e1ad24/library/std/src/thread/mod.rs:559:17
[INFO] [stdout]   38:     0x6524d68163aa - <core::panic::unwind_safe::AssertUnwindSafe<F> as core::ops::function::FnOnce<()>>::call_once::hf2e855a36a4ea846
[INFO] [stdout]                                at /rustc/6067b36314ab5eb2eb47cecc464545ba58e1ad24/library/core/src/panic/unwind_safe.rs:272:9
[INFO] [stdout]   39:     0x6524d68163aa - std::panicking::try::do_call::h2f73af3616c35465
[INFO] [stdout]                                at /rustc/6067b36314ab5eb2eb47cecc464545ba58e1ad24/library/std/src/panicking.rs:587:40
[INFO] [stdout]   40:     0x6524d68163aa - std::panicking::try::hd1660ce9efadef5a
[INFO] [stdout]                                at /rustc/6067b36314ab5eb2eb47cecc464545ba58e1ad24/library/std/src/panicking.rs:550:19
[INFO] [stdout]   41:     0x6524d68163aa - std::panic::catch_unwind::h5ee8d7823b8ca744
[INFO] [stdout]                                at /rustc/6067b36314ab5eb2eb47cecc464545ba58e1ad24/library/std/src/panic.rs:358:14
[INFO] [stdout]   42:     0x6524d68163aa - std::thread::Builder::spawn_unchecked_::{{closure}}::h53c3a1894dce8407
[INFO] [stdout]                                at /rustc/6067b36314ab5eb2eb47cecc464545ba58e1ad24/library/std/src/thread/mod.rs:557:30
[INFO] [stdout]   43:     0x6524d68163aa - core::ops::function::FnOnce::call_once{{vtable.shim}}::h048ce291ad4f62bf
[INFO] [stdout]                                at /rustc/6067b36314ab5eb2eb47cecc464545ba58e1ad24/library/core/src/ops/function.rs:250:5
[INFO] [stdout]   44:     0x6524d6940dfb - <alloc::boxed::Box<F,A> as core::ops::function::FnOnce<Args>>::call_once::ha52bedf99a3b4981
[INFO] [stdout]                                at /rustc/6067b36314ab5eb2eb47cecc464545ba58e1ad24/library/alloc/src/boxed.rs:2013:9
[INFO] [stdout]   45:     0x6524d6940dfb - <alloc::boxed::Box<F,A> as core::ops::function::FnOnce<Args>>::call_once::h567748934d80ccf8
[INFO] [stdout]                                at /rustc/6067b36314ab5eb2eb47cecc464545ba58e1ad24/library/alloc/src/boxed.rs:2013:9
[INFO] [stdout]   46:     0x6524d6940dfb - std::sys::pal::unix::thread::Thread::new::thread_start::h2d970728ae887adc
[INFO] [stdout]                                at /rustc/6067b36314ab5eb2eb47cecc464545ba58e1ad24/library/std/src/sys/pal/unix/thread.rs:106:17
[INFO] [stdout]   47:     0x7601b7e19ac3 - <unknown>
[INFO] [stdout]   48:     0x7601b7eaaa04 - clone
[INFO] [stdout]   49:                0x0 - <unknown>
[INFO] [stdout] 
[INFO] [stdout] 
[INFO] [stdout] failures:
[INFO] [stdout]     tests::test
[INFO] [stdout] 
[INFO] [stdout] test result: FAILED. 0 passed; 1 failed; 0 ignored; 0 measured; 0 filtered out; finished in 0.02s
[INFO] [stdout] 
[INFO] [stderr] error: test failed, to rerun pass `--lib`
[INFO] running `Command { std: "docker" "inspect" "ccf3098c89588cc18f5b82bbced3d0f35c2d93d90d4d44c3bd6788284f82beda", kill_on_drop: false }`
[INFO] running `Command { std: "docker" "rm" "-f" "ccf3098c89588cc18f5b82bbced3d0f35c2d93d90d4d44c3bd6788284f82beda", kill_on_drop: false }`
[INFO] [stdout] ccf3098c89588cc18f5b82bbced3d0f35c2d93d90d4d44c3bd6788284f82beda
