[INFO] fetching crate rust-snap7 1.142.0...
[INFO] testing rust-snap7-1.142.0 against nightly-2025-01-18 for randomize-layout-2
[INFO] extracting crate rust-snap7 1.142.0 into /workspace/builds/worker-6-tc1/source
[INFO] validating manifest of crates.io crate rust-snap7 1.142.0 on toolchain nightly-2025-01-18
[INFO] running `Command { std: CARGO_HOME="/workspace/cargo-home" RUSTUP_HOME="/workspace/rustup-home" "/workspace/cargo-home/bin/cargo" "+nightly-2025-01-18" "metadata" "--manifest-path" "Cargo.toml" "--no-deps", kill_on_drop: false }`
[INFO] started tweaking crates.io crate rust-snap7 1.142.0
[INFO] finished tweaking crates.io crate rust-snap7 1.142.0
[INFO] tweaked toml for crates.io crate rust-snap7 1.142.0 written to /workspace/builds/worker-6-tc1/source/Cargo.toml
[INFO] running `Command { std: CARGO_HOME="/workspace/cargo-home" RUSTUP_HOME="/workspace/rustup-home" "/workspace/cargo-home/bin/cargo" "+nightly-2025-01-18" "generate-lockfile" "--manifest-path" "Cargo.toml", kill_on_drop: false }`
[INFO] [stderr]     Updating crates.io index
[INFO] [stderr]      Locking 42 packages to latest compatible versions
[INFO] running `Command { std: CARGO_HOME="/workspace/cargo-home" RUSTUP_HOME="/workspace/rustup-home" "/workspace/cargo-home/bin/cargo" "+nightly-2025-01-18" "fetch" "--manifest-path" "Cargo.toml", kill_on_drop: false }`
[INFO] running `Command { std: "docker" "create" "-v" "/var/lib/crater-agent-workspace/builds/worker-6-tc1/target:/opt/rustwide/target:rw,Z" "-v" "/var/lib/crater-agent-workspace/builds/worker-6-tc1/source:/opt/rustwide/workdir:ro,Z" "-v" "/var/lib/crater-agent-workspace/cargo-home:/opt/rustwide/cargo-home:ro,Z" "-v" "/var/lib/crater-agent-workspace/rustup-home:/opt/rustwide/rustup-home:ro,Z" "-e" "SOURCE_DIR=/opt/rustwide/workdir" "-e" "CARGO_TARGET_DIR=/opt/rustwide/target" "-e" "CARGO_HOME=/opt/rustwide/cargo-home" "-e" "RUSTUP_HOME=/opt/rustwide/rustup-home" "-w" "/opt/rustwide/workdir" "-m" "1610612736" "--user" "0:0" "--network" "none" "ghcr.io/rust-lang/crates-build-env/linux@sha256:819108c5571ea2e421544af4d832f968d213c87fbe3707a016657f43d2f853bc" "/opt/rustwide/cargo-home/bin/cargo" "+nightly-2025-01-18" "metadata" "--no-deps" "--format-version=1", kill_on_drop: false }`
[INFO] [stdout] f080648fc3336f210d0b563f6a198cd9cea7f8d71b367d40d2ac5a7ddf4e9caf
[INFO] running `Command { std: "docker" "start" "-a" "f080648fc3336f210d0b563f6a198cd9cea7f8d71b367d40d2ac5a7ddf4e9caf", kill_on_drop: false }`
[INFO] running `Command { std: "docker" "inspect" "f080648fc3336f210d0b563f6a198cd9cea7f8d71b367d40d2ac5a7ddf4e9caf", kill_on_drop: false }`
[INFO] running `Command { std: "docker" "rm" "-f" "f080648fc3336f210d0b563f6a198cd9cea7f8d71b367d40d2ac5a7ddf4e9caf", kill_on_drop: false }`
[INFO] [stdout] f080648fc3336f210d0b563f6a198cd9cea7f8d71b367d40d2ac5a7ddf4e9caf
[INFO] running `Command { std: "docker" "create" "-v" "/var/lib/crater-agent-workspace/builds/worker-6-tc1/target:/opt/rustwide/target:rw,Z" "-v" "/var/lib/crater-agent-workspace/builds/worker-6-tc1/source:/opt/rustwide/workdir:ro,Z" "-v" "/var/lib/crater-agent-workspace/cargo-home:/opt/rustwide/cargo-home:ro,Z" "-v" "/var/lib/crater-agent-workspace/rustup-home:/opt/rustwide/rustup-home:ro,Z" "-e" "SOURCE_DIR=/opt/rustwide/workdir" "-e" "CARGO_TARGET_DIR=/opt/rustwide/target" "-e" "CARGO_INCREMENTAL=0" "-e" "RUST_BACKTRACE=full" "-e" "RUSTFLAGS=--cap-lints=forbid" "-e" "RUSTDOCFLAGS=--cap-lints=forbid" "-e" "CARGO_HOME=/opt/rustwide/cargo-home" "-e" "RUSTUP_HOME=/opt/rustwide/rustup-home" "-w" "/opt/rustwide/workdir" "-m" "1610612736" "--user" "0:0" "--network" "none" "ghcr.io/rust-lang/crates-build-env/linux@sha256:819108c5571ea2e421544af4d832f968d213c87fbe3707a016657f43d2f853bc" "/opt/rustwide/cargo-home/bin/cargo" "+nightly-2025-01-18" "build" "--frozen" "--message-format=json", kill_on_drop: false }`
[INFO] [stdout] 9f97942b15df83985dbf04ba327eb253164d50ceb4ef961fbcb82b2396b36b7f
[INFO] running `Command { std: "docker" "start" "-a" "9f97942b15df83985dbf04ba327eb253164d50ceb4ef961fbcb82b2396b36b7f", kill_on_drop: false }`
[INFO] [stderr]    Compiling autocfg v1.4.0
[INFO] [stderr]    Compiling memchr v2.7.4
[INFO] [stderr]    Compiling shlex v1.3.0
[INFO] [stderr]    Compiling regex-syntax v0.8.5
[INFO] [stderr]    Compiling anyhow v1.0.95
[INFO] [stderr]    Compiling iana-time-zone v0.1.61
[INFO] [stderr]    Compiling cc v1.2.10
[INFO] [stderr]    Compiling num-traits v0.2.19
[INFO] [stderr]    Compiling aho-corasick v1.1.3
[INFO] [stderr]    Compiling rust-snap7 v1.142.0 (/opt/rustwide/workdir)
[INFO] [stderr]    Compiling chrono v0.4.39
[INFO] [stderr]    Compiling regex-automata v0.4.9
[INFO] [stderr]    Compiling regex v1.11.1
[INFO] [stderr]     Finished `dev` profile [unoptimized + debuginfo] target(s) in 16.67s
[INFO] running `Command { std: "docker" "inspect" "9f97942b15df83985dbf04ba327eb253164d50ceb4ef961fbcb82b2396b36b7f", kill_on_drop: false }`
[INFO] running `Command { std: "docker" "rm" "-f" "9f97942b15df83985dbf04ba327eb253164d50ceb4ef961fbcb82b2396b36b7f", kill_on_drop: false }`
[INFO] [stdout] 9f97942b15df83985dbf04ba327eb253164d50ceb4ef961fbcb82b2396b36b7f
[INFO] running `Command { std: "docker" "create" "-v" "/var/lib/crater-agent-workspace/builds/worker-6-tc1/target:/opt/rustwide/target:rw,Z" "-v" "/var/lib/crater-agent-workspace/builds/worker-6-tc1/source:/opt/rustwide/workdir:ro,Z" "-v" "/var/lib/crater-agent-workspace/cargo-home:/opt/rustwide/cargo-home:ro,Z" "-v" "/var/lib/crater-agent-workspace/rustup-home:/opt/rustwide/rustup-home:ro,Z" "-e" "SOURCE_DIR=/opt/rustwide/workdir" "-e" "CARGO_TARGET_DIR=/opt/rustwide/target" "-e" "CARGO_INCREMENTAL=0" "-e" "RUST_BACKTRACE=full" "-e" "RUSTFLAGS=--cap-lints=forbid" "-e" "RUSTDOCFLAGS=--cap-lints=forbid" "-e" "CARGO_HOME=/opt/rustwide/cargo-home" "-e" "RUSTUP_HOME=/opt/rustwide/rustup-home" "-w" "/opt/rustwide/workdir" "-m" "1610612736" "--user" "0:0" "--network" "none" "ghcr.io/rust-lang/crates-build-env/linux@sha256:819108c5571ea2e421544af4d832f968d213c87fbe3707a016657f43d2f853bc" "/opt/rustwide/cargo-home/bin/cargo" "+nightly-2025-01-18" "test" "--frozen" "--no-run" "--message-format=json", kill_on_drop: false }`
[INFO] [stdout] 70cb4392be1c66c50451168cdc1f9f46b35177bb801524c32ac6060f4bab2c57
[INFO] running `Command { std: "docker" "start" "-a" "70cb4392be1c66c50451168cdc1f9f46b35177bb801524c32ac6060f4bab2c57", kill_on_drop: false }`
[INFO] [stderr]    Compiling rust-snap7 v1.142.0 (/opt/rustwide/workdir)
[INFO] [stderr]     Finished `test` profile [unoptimized + debuginfo] target(s) in 1.64s
[INFO] running `Command { std: "docker" "inspect" "70cb4392be1c66c50451168cdc1f9f46b35177bb801524c32ac6060f4bab2c57", kill_on_drop: false }`
[INFO] running `Command { std: "docker" "rm" "-f" "70cb4392be1c66c50451168cdc1f9f46b35177bb801524c32ac6060f4bab2c57", kill_on_drop: false }`
[INFO] [stdout] 70cb4392be1c66c50451168cdc1f9f46b35177bb801524c32ac6060f4bab2c57
[INFO] running `Command { std: "docker" "create" "-v" "/var/lib/crater-agent-workspace/builds/worker-6-tc1/target:/opt/rustwide/target:rw,Z" "-v" "/var/lib/crater-agent-workspace/builds/worker-6-tc1/source:/opt/rustwide/workdir:ro,Z" "-v" "/var/lib/crater-agent-workspace/cargo-home:/opt/rustwide/cargo-home:ro,Z" "-v" "/var/lib/crater-agent-workspace/rustup-home:/opt/rustwide/rustup-home:ro,Z" "-e" "SOURCE_DIR=/opt/rustwide/workdir" "-e" "CARGO_TARGET_DIR=/opt/rustwide/target" "-e" "CARGO_INCREMENTAL=0" "-e" "RUST_BACKTRACE=full" "-e" "RUSTFLAGS=--cap-lints=forbid" "-e" "RUSTDOCFLAGS=--cap-lints=forbid" "-e" "CARGO_HOME=/opt/rustwide/cargo-home" "-e" "RUSTUP_HOME=/opt/rustwide/rustup-home" "-w" "/opt/rustwide/workdir" "-m" "1610612736" "--user" "0:0" "--network" "none" "ghcr.io/rust-lang/crates-build-env/linux@sha256:819108c5571ea2e421544af4d832f968d213c87fbe3707a016657f43d2f853bc" "/opt/rustwide/cargo-home/bin/cargo" "+nightly-2025-01-18" "test" "--frozen", kill_on_drop: false }`
[INFO] [stdout] 9464ab2602e47064047037cb426150abed438e14e706e6b03782d8c4ee4c9390
[INFO] running `Command { std: "docker" "start" "-a" "9464ab2602e47064047037cb426150abed438e14e706e6b03782d8c4ee4c9390", kill_on_drop: false }`
[INFO] [stderr]     Finished `test` profile [unoptimized + debuginfo] target(s) in 0.04s
[INFO] [stderr]      Running unittests src/lib.rs (/opt/rustwide/target/debug/deps/rust_snap7-2cc7f785256b9aa5)
[INFO] [stdout] 
[INFO] [stdout] running 61 tests
[INFO] [stdout] test ffi::bindgen_test_layout_SZL_HEADER ... ok
[INFO] [stdout] test ffi::bindgen_test_layout_TS7BlocksList ... ok
[INFO] [stdout] test ffi::bindgen_test_layout_TS7BlockInfo ... ok
[INFO] [stdout] test ffi::bindgen_test_layout_TS7CpInfo ... ok
[INFO] [stdout] test ffi::bindgen_test_layout_TS7CpuInfo ... ok
[INFO] [stdout] test ffi::bindgen_test_layout_TS7DataItem ... ok
[INFO] [stdout] test ffi::bindgen_test_layout_TS7OrderCode ... ok
[INFO] [stdout] test ffi::bindgen_test_layout_TS7SZLList ... ok
[INFO] [stdout] test ffi::bindgen_test_layout___fsid_t ... ok
[INFO] [stdout] test ffi::bindgen_test_layout_TS7Protection ... ok
[INFO] [stdout] test ffi::bindgen_test_layout_TS7SZL ... ok
[INFO] [stdout] test ffi::bindgen_test_layout_TS7Tag ... ok
[INFO] [stdout] test ffi::bindgen_test_layout_TSrvEvent ... ok
[INFO] [stdout] test ffi::bindgen_test_layout___locale_struct ... ok
[INFO] [stdout] test ffi::bindgen_test_layout_itimerspec ... ok
[INFO] [stdout] test ffi::bindgen_test_layout_timespec ... ok
[INFO] [stdout] test ffi::bindgen_test_layout_tm ... ok
[INFO] [stdout] test utils::getters::getters_tests::test_get_bool ... ok
[INFO] [stdout] test utils::getters::getters_tests::test_get_byte ... ok
[INFO] [stdout] test utils::getters::getters_tests::test_get_date ... ok
[INFO] [stdout] test utils::getters::getters_tests::test_get_dint ... ok
[INFO] [stdout] test utils::getters::getters_tests::test_get_dt ... ok
[INFO] [stdout] test utils::getters::getters_tests::test_get_dword ... ok
[INFO] [stdout] test utils::getters::getters_tests::test_get_fstring ... ok
[INFO] [stdout] test utils::getters::getters_tests::test_get_int ... ok
[INFO] [stdout] test utils::getters::getters_tests::test_get_lint ... ok
[INFO] [stdout] test utils::getters::getters_tests::test_get_lreal ... ok
[INFO] [stdout] test utils::getters::getters_tests::test_get_lword ... ok
[INFO] [stdout] test utils::getters::getters_tests::test_get_real ... ok
[INFO] [stdout] test utils::getters::getters_tests::test_get_s5time ... ok
[INFO] [stdout] test utils::getters::getters_tests::test_get_sint ... ok
[INFO] [stdout] test utils::getters::getters_tests::test_get_string ... ok
[INFO] [stdout] test utils::getters::getters_tests::test_get_time ... ok
[INFO] [stdout] test utils::getters::getters_tests::test_get_tod ... ok
[INFO] [stdout] test utils::getters::getters_tests::test_get_udint ... ok
[INFO] [stdout] test utils::getters::getters_tests::test_get_uint ... ok
[INFO] [stdout] test utils::getters::getters_tests::test_get_ulint ... ok
[INFO] [stdout] test utils::getters::getters_tests::test_get_usint ... ok
[INFO] [stdout] test utils::getters::getters_tests::test_get_word ... ok
[INFO] [stdout] test utils::setters::setters_tests::test_set_bool ... ok
[INFO] [stdout] test utils::setters::setters_tests::test_set_byte ... ok
[INFO] [stdout] test utils::setters::setters_tests::test_set_char ... ok
[INFO] [stdout] test utils::setters::setters_tests::test_set_char_non_ascii ... ok
[INFO] [stdout] test utils::setters::setters_tests::test_set_dint ... ok
[INFO] [stdout] test utils::setters::setters_tests::test_set_date ... ok
[INFO] [stdout] test utils::setters::setters_tests::test_set_int ... ok
[INFO] [stdout] test utils::setters::setters_tests::test_set_lreal ... ok
[INFO] [stdout] test utils::setters::setters_tests::test_set_real ... ok
[INFO] [stdout] test utils::setters::setters_tests::test_set_dword ... ok
[INFO] [stdout] test utils::setters::setters_tests::test_set_sint ... ok
[INFO] [stdout] test utils::setters::setters_tests::test_set_udint ... ok
[INFO] [stdout] test utils::setters::setters_tests::test_parse_time_string_valid ... ok
[INFO] [stdout] test utils::setters::setters_tests::test_parse_time_string_invalid ... ok
[INFO] [stdout] test utils::setters::setters_tests::test_set_usint ... ok
[INFO] [stdout] test utils::setters::setters_tests::test_set_uint ... ok
[INFO] [stdout] test utils::setters::setters_tests::test_set_word ... ok
[INFO] [stdout] test utils::setters::setters_tests::test_set_time ... ok
[INFO] [stdout] "2025-01-21 00:07:18 [127.0.0.1] Read request, Area : DB1, Start : 0, Size : 4 --> OK"
[INFO] [stdout] te: 132
[INFO] [stdout] "2025-01-21 00:07:18 [127.0.0.1] Read request, Area : DB1, Start : 0, Size : 4 --> OK"
[INFO] [stdout] te: 232
[INFO] [stdout] "2025-01-21 00:07:18 [127.0.0.1] Write request, Area : DB1, Start : 10, Size : 1 --> OK"
[INFO] [stdout] "2025-01-21 00:07:18 [127.0.0.1] Read request, Area : DB1, Start : 10, Size : 1 --> OK"
[INFO] [stdout] te: 332
[INFO] [stdout] "2025-01-21 00:07:18 [127.0.0.1] Read request, Area : DB1, Start : 10, Size : 1 --> OK"
[INFO] [stdout] te: 432
[INFO] [stdout] "2025-01-21 00:07:18 [127.0.0.1] Write request, Area : DB1, Start : 24, Size : 4 --> OK"
[INFO] [stdout] "2025-01-21 00:07:18 [127.0.0.1] Read request, Area : DB1, Start : 24, Size : 4 --> OK"
[INFO] [stdout] te: 532
[INFO] [stdout] "2025-01-21 00:07:18 [127.0.0.1] Read request, Area : DB1, Start : 24, Size : 4 --> OK"
[INFO] [stdout] te: 632
[INFO] [stdout] "2025-01-21 00:07:18 [127.0.0.1] Write request, Area : DB1, Start : 20, Size : 4 --> OK"
[INFO] [stdout] "2025-01-21 00:07:18 [127.0.0.1] Read request, Area : DB1, Start : 20, Size : 4 --> OK"
[INFO] [stdout] te: 732
[INFO] [stdout] "2025-01-21 00:07:18 [127.0.0.1] Read request, Area : DB1, Start : 20, Size : 4 --> OK"
[INFO] [stdout] te: 832
[INFO] [stdout] "2025-01-21 00:07:18 [127.0.0.1] Write request, Area : DB1, Start : 0, Size : 2 --> OK"
[INFO] [stdout] "2025-01-21 00:07:18 [127.0.0.1] Read request, Area : DB1, Start : 0, Size : 2 --> OK"
[INFO] [stdout] te: 932
[INFO] [stdout] "2025-01-21 00:07:18 [127.0.0.1] Read request, Area : DB1, Start : 0, Size : 2 --> OK"
[INFO] [stdout] te: 1032
[INFO] [stdout] "2025-01-21 00:07:18 [127.0.0.1] Write request, Area : PA, Start : 0, Size : 1 --> OK"
[INFO] [stdout] "2025-01-21 00:07:18 [127.0.0.1] Read request, Area : PA, Start : 0, Size : 1 --> OK"
[INFO] [stdout] te: 1132
[INFO] [stdout] "2025-01-21 00:07:18 [127.0.0.1] Read request, Area : PA, Start : 0, Size : 1 --> OK"
[INFO] [stdout] te: 1232
[INFO] [stdout] "2025-01-21 00:07:18 [127.0.0.1] Write request, Area : PE, Start : 0, Size : 1 --> OK"
[INFO] [stdout] "2025-01-21 00:07:18 [127.0.0.1] Read request, Area : PE, Start : 0, Size : 1 --> OK"
[INFO] [stdout] te: 1332
[INFO] [stdout] "2025-01-21 00:07:18 [127.0.0.1] Read request, Area : PE, Start : 0, Size : 1 --> OK"
[INFO] [stdout] te: 1432
[INFO] [stdout] "2025-01-21 00:07:18 [127.0.0.1] Write request, Area : MK, Start : 0, Size : 1 --> OK"
[INFO] [stdout] "2025-01-21 00:07:18 [127.0.0.1] Read request, Area : MK, Start : 0, Size : 1 --> OK"
[INFO] [stdout] te: 1532
[INFO] [stdout] "2025-01-21 00:07:18 [127.0.0.1] Read request, Area : MK, Start : 0, Size : 1 --> OK"
[INFO] [stdout] "2025-01-21 00:07:18 [127.0.0.1] Read request, Area : DB1, Start : 0, Size : 2 --> OK"
[INFO] [stdout] te: 1632
[INFO] [stdout] "2025-01-21 00:07:18 [127.0.0.1] Read request, Area : DB1, Start : 0, Size : 2 --> OK"
[INFO] [stdout] "2025-01-21 00:07:18 [127.0.0.1] Read request, Area : PA, Start : 0, Size : 1 --> OK"
[INFO] [stdout] te: 1732
[INFO] [stdout] "2025-01-21 00:07:18 [127.0.0.1] Read request, Area : PA, Start : 0, Size : 1 --> OK"
[INFO] [stdout] "2025-01-21 00:07:18 [127.0.0.1] Read request, Area : DB1, Start : 0, Size : 4 --> OK"
[INFO] [stdout] te: 1832
[INFO] [stdout] "2025-01-21 00:07:18 [127.0.0.1] Read request, Area : DB1, Start : 0, Size : 4 --> OK"
[INFO] [stdout] op_code: 1
[INFO] [stdout] op_result: "OK"
[INFO] [stdout] "2025-01-21 00:07:18 [127.0.0.1] Read request, Area : DB1, Start : 20, Size : 4 --> OK"
[INFO] [stdout] te: 1932
[INFO] [stdout] "2025-01-21 00:07:18 [127.0.0.1] Read request, Area : DB1, Start : 20, Size : 4 --> OK"
[INFO] [stdout] op_code: 1
[INFO] [stdout] op_result: "OK"
[INFO] [stdout] test client::tests::test_client ... ok
[INFO] [stdout] op: 0, r_id:1, p_data:[
[INFO] [stdout]     0x1,
[INFO] [stdout]     0x2,
[INFO] [stdout]     0x3,
[INFO] [stdout]     0x4,
[INFO] [stdout]     0x5,
[INFO] [stdout]     0x6,
[INFO] [stdout] ]
[INFO] [stdout] callback op: 0
[INFO] [stdout] test partner::tests::test_active_partner ... ok
[INFO] [stdout] test server::tests::test_server ... ok
[INFO] [stdout] test partner::tests::test_partner ... ok
[INFO] [stderr]    Doc-tests rust_snap7
[INFO] [stdout] 
[INFO] [stdout] test result: ok. 61 passed; 0 failed; 0 ignored; 0 measured; 0 filtered out; finished in 4.31s
[INFO] [stdout] 
[INFO] [stdout] 
[INFO] [stdout] running 19 tests
[INFO] [stdout] test src/client.rs - client::S7Client (line 23) ... ignored
[INFO] [stdout] test src/client.rs - client::S7Client::as_full_upload (line 2539) ... ignored
[INFO] [stdout] test src/client.rs - client::S7Client::as_list_blocks_of_type (line 2429) ... ignored
[INFO] [stdout] test src/client.rs - client::S7Client::as_upload (line 2583) ... ignored
[INFO] [stdout] test src/client.rs - client::S7Client::check_as_completion (line 1829) ... ignored
[INFO] [stdout] test src/client.rs - client::S7Client::full_upload (line 1109) ... ignored
[INFO] [stdout] test src/client.rs - client::S7Client::list_blocks_of_type (line 999) ... ignored
[INFO] [stdout] test src/client.rs - client::S7Client::read_multi_vars (line 897) ... ignored
[INFO] [stdout] test src/client.rs - client::S7Client::set_as_callback (line 1783) ... ignored
[INFO] [stdout] test src/client.rs - client::S7Client::upload (line 1153) ... ignored
[INFO] [stdout] test src/partner.rs - partner::S7Partner (line 24) ... ignored
[INFO] [stdout] test src/partner.rs - partner::S7Partner (line 55) ... ignored
[INFO] [stdout] test src/partner.rs - partner::S7Partner::check_as_b_send_completion (line 495) ... ignored
[INFO] [stdout] test src/partner.rs - partner::S7Partner::set_recv_callback (line 391) ... ignored
[INFO] [stdout] test src/partner.rs - partner::S7Partner::set_send_callback (line 341) ... ignored
[INFO] [stdout] test src/server.rs - server::S7Server::set_events_callback (line 388) ... ignored
[INFO] [stdout] test src/server.rs - server::S7Server::set_read_events_callback (line 519) ... ignored
[INFO] [stdout] test src/server.rs - server::S7Server::set_rw_area_callback (line 444) ... ignored
[INFO] [stdout] test src/server.rs - server::S7Server (line 23) ... FAILED
[INFO] [stdout] 
[INFO] [stdout] failures:
[INFO] [stdout] 
[INFO] [stdout] ---- src/server.rs - server::S7Server (line 23) stdout ----
[INFO] [stdout] error[E0432]: unresolved import `snap7_rs`
[INFO] [stdout]  --> src/server.rs:24:5
[INFO] [stdout]   |
[INFO] [stdout] 3 | use snap7_rs::{AreaCode, InternalParam, InternalParamValue, S7Server, MaskKind};
[INFO] [stdout]   |     ^^^^^^^^ use of undeclared crate or module `snap7_rs`
[INFO] [stdout] 
[INFO] [stdout] error: aborting due to 1 previous error
[INFO] [stdout] 
[INFO] [stdout] For more information about this error, try `rustc --explain E0432`.
[INFO] [stdout] Couldn't compile the test.
[INFO] [stdout] 
[INFO] [stdout] failures:
[INFO] [stdout]     src/server.rs - server::S7Server (line 23)
[INFO] [stdout] 
[INFO] [stdout] test result: FAILED. 0 passed; 1 failed; 18 ignored; 0 measured; 0 filtered out; finished in 0.09s
[INFO] [stdout] 
[INFO] [stderr] error: doctest failed, to rerun pass `--doc`
[INFO] running `Command { std: "docker" "inspect" "9464ab2602e47064047037cb426150abed438e14e706e6b03782d8c4ee4c9390", kill_on_drop: false }`
[INFO] running `Command { std: "docker" "rm" "-f" "9464ab2602e47064047037cb426150abed438e14e706e6b03782d8c4ee4c9390", kill_on_drop: false }`
[INFO] [stdout] 9464ab2602e47064047037cb426150abed438e14e706e6b03782d8c4ee4c9390
