[INFO] fetching crate rust-hdl-core 0.46.0...
[INFO] testing rust-hdl-core-0.46.0 against nightly-2025-01-18+rustflags=-Zrandomize-layout for randomize-layout-2
[INFO] extracting crate rust-hdl-core 0.46.0 into /workspace/builds/worker-0-tc2/source
[INFO] validating manifest of crates.io crate rust-hdl-core 0.46.0 on toolchain nightly-2025-01-18
[INFO] running `Command { std: CARGO_HOME="/workspace/cargo-home" RUSTUP_HOME="/workspace/rustup-home" "/workspace/cargo-home/bin/cargo" "+nightly-2025-01-18" "metadata" "--manifest-path" "Cargo.toml" "--no-deps", kill_on_drop: false }`
[INFO] started tweaking crates.io crate rust-hdl-core 0.46.0
[INFO] finished tweaking crates.io crate rust-hdl-core 0.46.0
[INFO] tweaked toml for crates.io crate rust-hdl-core 0.46.0 written to /workspace/builds/worker-0-tc2/source/Cargo.toml
[INFO] running `Command { std: CARGO_HOME="/workspace/cargo-home" RUSTUP_HOME="/workspace/rustup-home" "/workspace/cargo-home/bin/cargo" "+nightly-2025-01-18" "generate-lockfile" "--manifest-path" "Cargo.toml", kill_on_drop: false }`
[INFO] [stderr]     Updating crates.io index
[INFO] [stderr]      Locking 46 packages to latest compatible versions
[INFO] [stderr]       Adding evalexpr v6.6.0 (available: v12.0.2)
[INFO] [stderr]       Adding petgraph v0.6.5 (available: v0.7.1)
[INFO] [stderr]       Adding svg v0.10.0 (available: v0.18.0)
[INFO] [stderr]       Adding vcd v0.6.1 (available: v0.7.0)
[INFO] running `Command { std: CARGO_HOME="/workspace/cargo-home" RUSTUP_HOME="/workspace/rustup-home" "/workspace/cargo-home/bin/cargo" "+nightly-2025-01-18" "fetch" "--manifest-path" "Cargo.toml", kill_on_drop: false }`
[INFO] running `Command { std: "docker" "create" "-v" "/var/lib/crater-agent-workspace/builds/worker-0-tc2/target:/opt/rustwide/target:rw,Z" "-v" "/var/lib/crater-agent-workspace/builds/worker-0-tc2/source:/opt/rustwide/workdir:ro,Z" "-v" "/var/lib/crater-agent-workspace/cargo-home:/opt/rustwide/cargo-home:ro,Z" "-v" "/var/lib/crater-agent-workspace/rustup-home:/opt/rustwide/rustup-home:ro,Z" "-e" "SOURCE_DIR=/opt/rustwide/workdir" "-e" "CARGO_TARGET_DIR=/opt/rustwide/target" "-e" "CARGO_HOME=/opt/rustwide/cargo-home" "-e" "RUSTUP_HOME=/opt/rustwide/rustup-home" "-w" "/opt/rustwide/workdir" "-m" "1610612736" "--user" "0:0" "--network" "none" "ghcr.io/rust-lang/crates-build-env/linux@sha256:819108c5571ea2e421544af4d832f968d213c87fbe3707a016657f43d2f853bc" "/opt/rustwide/cargo-home/bin/cargo" "+nightly-2025-01-18" "metadata" "--no-deps" "--format-version=1", kill_on_drop: false }`
[INFO] [stdout] f87ab80968a64adf83d7d67dac35a63cfb58585f42dcaedc199206f43a478067
[INFO] running `Command { std: "docker" "start" "-a" "f87ab80968a64adf83d7d67dac35a63cfb58585f42dcaedc199206f43a478067", kill_on_drop: false }`
[INFO] running `Command { std: "docker" "inspect" "f87ab80968a64adf83d7d67dac35a63cfb58585f42dcaedc199206f43a478067", kill_on_drop: false }`
[INFO] running `Command { std: "docker" "rm" "-f" "f87ab80968a64adf83d7d67dac35a63cfb58585f42dcaedc199206f43a478067", kill_on_drop: false }`
[INFO] [stdout] f87ab80968a64adf83d7d67dac35a63cfb58585f42dcaedc199206f43a478067
[INFO] running `Command { std: "docker" "create" "-v" "/var/lib/crater-agent-workspace/builds/worker-0-tc2/target:/opt/rustwide/target:rw,Z" "-v" "/var/lib/crater-agent-workspace/builds/worker-0-tc2/source:/opt/rustwide/workdir:ro,Z" "-v" "/var/lib/crater-agent-workspace/cargo-home:/opt/rustwide/cargo-home:ro,Z" "-v" "/var/lib/crater-agent-workspace/rustup-home:/opt/rustwide/rustup-home:ro,Z" "-e" "SOURCE_DIR=/opt/rustwide/workdir" "-e" "CARGO_TARGET_DIR=/opt/rustwide/target" "-e" "CARGO_INCREMENTAL=0" "-e" "RUST_BACKTRACE=full" "-e" "RUSTFLAGS=--cap-lints=forbid -Zrandomize-layout" "-e" "RUSTDOCFLAGS=--cap-lints=forbid" "-e" "CARGO_HOME=/opt/rustwide/cargo-home" "-e" "RUSTUP_HOME=/opt/rustwide/rustup-home" "-w" "/opt/rustwide/workdir" "-m" "1610612736" "--user" "0:0" "--network" "none" "ghcr.io/rust-lang/crates-build-env/linux@sha256:819108c5571ea2e421544af4d832f968d213c87fbe3707a016657f43d2f853bc" "/opt/rustwide/cargo-home/bin/cargo" "+nightly-2025-01-18" "build" "--frozen" "--message-format=json", kill_on_drop: false }`
[INFO] [stdout] c0c29cdfb130b08c87b7a90e812dd14ee9eb7b2a18ed67ce3928f7db4de2c5c3
[INFO] running `Command { std: "docker" "start" "-a" "c0c29cdfb130b08c87b7a90e812dd14ee9eb7b2a18ed67ce3928f7db4de2c5c3", kill_on_drop: false }`
[INFO] [stderr]    Compiling crossbeam-utils v0.8.21
[INFO] [stderr]    Compiling libc v0.2.169
[INFO] [stderr]    Compiling byteorder v1.5.0
[INFO] [stderr]    Compiling memchr v2.7.4
[INFO] [stderr]    Compiling substring v1.4.5
[INFO] [stderr]    Compiling hashbrown v0.15.2
[INFO] [stderr]    Compiling fixedbitset v0.4.2
[INFO] [stderr]    Compiling base64 v0.13.1
[INFO] [stderr]    Compiling array-init v2.1.0
[INFO] [stderr]    Compiling vcd v0.6.1
[INFO] [stderr]    Compiling evalexpr v6.6.0
[INFO] [stderr]    Compiling anyhow v1.0.95
[INFO] [stderr]    Compiling seq-macro v0.3.5
[INFO] [stderr]    Compiling svg v0.10.0
[INFO] [stderr]    Compiling syn v2.0.96
[INFO] [stderr]    Compiling num-bigint v0.4.6
[INFO] [stderr]    Compiling embed-doc-image v0.1.4
[INFO] [stderr]    Compiling indexmap v2.7.1
[INFO] [stderr]    Compiling aho-corasick v1.1.3
[INFO] [stderr]    Compiling crossbeam-epoch v0.9.18
[INFO] [stderr]    Compiling crossbeam-channel v0.5.14
[INFO] [stderr]    Compiling crossbeam-queue v0.3.12
[INFO] [stderr]    Compiling petgraph v0.6.5
[INFO] [stderr]    Compiling getrandom v0.2.15
[INFO] [stderr]    Compiling crossbeam-deque v0.8.6
[INFO] [stderr]    Compiling rand_core v0.6.4
[INFO] [stderr]    Compiling crossbeam v0.8.4
[INFO] [stderr]    Compiling regex-automata v0.4.9
[INFO] [stderr]    Compiling zerocopy-derive v0.7.35
[INFO] [stderr]    Compiling zerocopy v0.7.35
[INFO] [stderr]    Compiling ppv-lite86 v0.2.20
[INFO] [stderr]    Compiling rand_chacha v0.3.1
[INFO] [stderr]    Compiling regex v1.11.1
[INFO] [stderr]    Compiling rand v0.8.5
[INFO] [stderr]    Compiling rust-hdl-macros v0.46.0
[INFO] [stderr]    Compiling rust-hdl-core v0.46.0 (/opt/rustwide/workdir)
[INFO] [stdout] warning: unused import: `crate::bits::Bits`
[INFO] [stdout]  --> src/constant.rs:3:5
[INFO] [stdout]   |
[INFO] [stdout] 3 | use crate::bits::Bits;
[INFO] [stdout]   |     ^^^^^^^^^^^^^^^^^
[INFO] [stdout]   |
[INFO] [stdout]   = note: `#[warn(unused_imports)]` on by default
[INFO] [stdout] 
[INFO] [stdout] 
[INFO] [stdout] warning: unused import: `Signal`
[INFO] [stdout]  --> src/constant.rs:8:36
[INFO] [stdout]   |
[INFO] [stdout] 8 | use crate::signal::{get_signal_id, Signal};
[INFO] [stdout]   |                                    ^^^^^^
[INFO] [stdout] 
[INFO] [stdout] 
[INFO] [stdout] warning: unused import: `crate::sim_assert_eq`
[INFO] [stdout]  --> src/constant.rs:9:5
[INFO] [stdout]   |
[INFO] [stdout] 9 | use crate::sim_assert_eq;
[INFO] [stdout]   |     ^^^^^^^^^^^^^^^^^^^^
[INFO] [stdout] 
[INFO] [stdout] 
[INFO] [stdout] warning: unused imports: `Sim` and `Simulation`
[INFO] [stdout]   --> src/constant.rs:10:23
[INFO] [stdout]    |
[INFO] [stdout] 10 | use crate::simulate::{Sim, Simulation};
[INFO] [stdout]    |                       ^^^  ^^^^^^^^^^
[INFO] [stdout] 
[INFO] [stdout] 
[INFO] [stdout] warning: unused imports: `ast::Verilog` and `timing::TimingInfo`
[INFO] [stdout]  --> src/top_wrap.rs:1:13
[INFO] [stdout]   |
[INFO] [stdout] 1 | use crate::{ast::Verilog, block::Block, logic::Logic, probe::Probe, timing::TimingInfo};
[INFO] [stdout]   |             ^^^^^^^^^^^^                                            ^^^^^^^^^^^^^^^^^^
[INFO] [stdout] 
[INFO] [stdout] 
[INFO] [stdout] warning: unused variable: `module`
[INFO] [stdout]    --> src/check_timing.rs:122:28
[INFO] [stdout]     |
[INFO] [stdout] 122 |     fn add_code(&mut self, module: &str, code: Verilog) {
[INFO] [stdout]     |                            ^^^^^^ help: if this is intentional, prefix it with an underscore: `_module`
[INFO] [stdout]     |
[INFO] [stdout]     = note: `#[warn(unused_variables)]` on by default
[INFO] [stdout] 
[INFO] [stdout] 
[INFO] [stdout] warning: unused variable: `width`
[INFO] [stdout]    --> src/check_timing.rs:188:9
[INFO] [stdout]     |
[INFO] [stdout] 188 |         width: &usize,
[INFO] [stdout]     |         ^^^^^ help: if this is intentional, prefix it with an underscore: `_width`
[INFO] [stdout] 
[INFO] [stdout] 
[INFO] [stdout] warning: unused variable: `dot`
[INFO] [stdout]    --> src/check_timing.rs:375:9
[INFO] [stdout]     |
[INFO] [stdout] 375 |     let dot = scan.graph.dot();
[INFO] [stdout]     |         ^^^ help: if this is intentional, prefix it with an underscore: `_dot`
[INFO] [stdout] 
[INFO] [stdout] 
[INFO] [stdout] warning: variable does not need to be mutable
[INFO] [stdout]    --> src/check_timing.rs:387:9
[INFO] [stdout]     |
[INFO] [stdout] 387 |     let mut labels = vertex_sets.into_labeling();
[INFO] [stdout]     |         ----^^^^^^
[INFO] [stdout]     |         |
[INFO] [stdout]     |         help: remove this `mut`
[INFO] [stdout]     |
[INFO] [stdout]     = note: `#[warn(unused_mut)]` on by default
[INFO] [stdout] 
[INFO] [stdout] 
[INFO] [stdout] warning: variant `Reset` is never constructed
[INFO] [stdout]   --> src/check_timing.rs:30:5
[INFO] [stdout]    |
[INFO] [stdout] 26 | enum SignalEdgeKind {
[INFO] [stdout]    |      -------------- variant in this enum
[INFO] [stdout] ...
[INFO] [stdout] 30 |     Reset,
[INFO] [stdout]    |     ^^^^^
[INFO] [stdout]    |
[INFO] [stdout]    = note: `SignalEdgeKind` has derived impls for the traits `Debug` and `Clone`, but these are intentionally ignored during dead code analysis
[INFO] [stdout]    = note: `#[warn(dead_code)]` on by default
[INFO] [stdout] 
[INFO] [stdout] 
[INFO] [stdout] warning: methods `set_write_mode` and `set_read_mode` are never used
[INFO] [stdout]    --> src/check_timing.rs:97:8
[INFO] [stdout]     |
[INFO] [stdout] 96  | impl TimingChecker {
[INFO] [stdout]     | ------------------ methods in this implementation
[INFO] [stdout] 97  |     fn set_write_mode(&mut self) {
[INFO] [stdout]     |        ^^^^^^^^^^^^^^
[INFO] [stdout] ...
[INFO] [stdout] 100 |     fn set_read_mode(&mut self) {
[INFO] [stdout]     |        ^^^^^^^^^^^^^
[INFO] [stdout] 
[INFO] [stdout] 
[INFO] [stderr]     Finished `dev` profile [unoptimized + debuginfo] target(s) in 11.37s
[INFO] [stderr] warning: the following packages contain code that will be rejected by a future version of Rust: svg v0.10.0
[INFO] [stderr] note: to see what the problems were, use the option `--future-incompat-report`, or run `cargo report future-incompatibilities --id 1`
[INFO] running `Command { std: "docker" "inspect" "c0c29cdfb130b08c87b7a90e812dd14ee9eb7b2a18ed67ce3928f7db4de2c5c3", kill_on_drop: false }`
[INFO] running `Command { std: "docker" "rm" "-f" "c0c29cdfb130b08c87b7a90e812dd14ee9eb7b2a18ed67ce3928f7db4de2c5c3", kill_on_drop: false }`
[INFO] [stdout] c0c29cdfb130b08c87b7a90e812dd14ee9eb7b2a18ed67ce3928f7db4de2c5c3
[INFO] running `Command { std: "docker" "create" "-v" "/var/lib/crater-agent-workspace/builds/worker-0-tc2/target:/opt/rustwide/target:rw,Z" "-v" "/var/lib/crater-agent-workspace/builds/worker-0-tc2/source:/opt/rustwide/workdir:ro,Z" "-v" "/var/lib/crater-agent-workspace/cargo-home:/opt/rustwide/cargo-home:ro,Z" "-v" "/var/lib/crater-agent-workspace/rustup-home:/opt/rustwide/rustup-home:ro,Z" "-e" "SOURCE_DIR=/opt/rustwide/workdir" "-e" "CARGO_TARGET_DIR=/opt/rustwide/target" "-e" "CARGO_INCREMENTAL=0" "-e" "RUST_BACKTRACE=full" "-e" "RUSTFLAGS=--cap-lints=forbid -Zrandomize-layout" "-e" "RUSTDOCFLAGS=--cap-lints=forbid" "-e" "CARGO_HOME=/opt/rustwide/cargo-home" "-e" "RUSTUP_HOME=/opt/rustwide/rustup-home" "-w" "/opt/rustwide/workdir" "-m" "1610612736" "--user" "0:0" "--network" "none" "ghcr.io/rust-lang/crates-build-env/linux@sha256:819108c5571ea2e421544af4d832f968d213c87fbe3707a016657f43d2f853bc" "/opt/rustwide/cargo-home/bin/cargo" "+nightly-2025-01-18" "test" "--frozen" "--no-run" "--message-format=json", kill_on_drop: false }`
[INFO] [stdout] faf89c477bb27f47a1adbab9f2b88dbbb247b511740328bdb455a29980d3aa9d
[INFO] running `Command { std: "docker" "start" "-a" "faf89c477bb27f47a1adbab9f2b88dbbb247b511740328bdb455a29980d3aa9d", kill_on_drop: false }`
[INFO] [stderr]    Compiling rust-hdl-core v0.46.0 (/opt/rustwide/workdir)
[INFO] [stdout] warning: unused import: `crate::bits::Bits`
[INFO] [stdout]  --> src/constant.rs:3:5
[INFO] [stdout]   |
[INFO] [stdout] 3 | use crate::bits::Bits;
[INFO] [stdout]   |     ^^^^^^^^^^^^^^^^^
[INFO] [stdout]   |
[INFO] [stdout]   = note: `#[warn(unused_imports)]` on by default
[INFO] [stdout] 
[INFO] [stdout] 
[INFO] [stdout] warning: unused import: `Signal`
[INFO] [stdout]  --> src/constant.rs:8:36
[INFO] [stdout]   |
[INFO] [stdout] 8 | use crate::signal::{get_signal_id, Signal};
[INFO] [stdout]   |                                    ^^^^^^
[INFO] [stdout] 
[INFO] [stdout] 
[INFO] [stdout] warning: unused import: `crate::sim_assert_eq`
[INFO] [stdout]  --> src/constant.rs:9:5
[INFO] [stdout]   |
[INFO] [stdout] 9 | use crate::sim_assert_eq;
[INFO] [stdout]   |     ^^^^^^^^^^^^^^^^^^^^
[INFO] [stdout] 
[INFO] [stdout] 
[INFO] [stdout] warning: unused imports: `Sim` and `Simulation`
[INFO] [stdout]   --> src/constant.rs:10:23
[INFO] [stdout]    |
[INFO] [stdout] 10 | use crate::simulate::{Sim, Simulation};
[INFO] [stdout]    |                       ^^^  ^^^^^^^^^^
[INFO] [stdout] 
[INFO] [stdout] 
[INFO] [stdout] warning: unused imports: `ast::Verilog` and `timing::TimingInfo`
[INFO] [stdout]  --> src/top_wrap.rs:1:13
[INFO] [stdout]   |
[INFO] [stdout] 1 | use crate::{ast::Verilog, block::Block, logic::Logic, probe::Probe, timing::TimingInfo};
[INFO] [stdout]   |             ^^^^^^^^^^^^                                            ^^^^^^^^^^^^^^^^^^
[INFO] [stdout] 
[INFO] [stdout] 
[INFO] [stdout] warning: unused variable: `module`
[INFO] [stdout]    --> src/check_timing.rs:122:28
[INFO] [stdout]     |
[INFO] [stdout] 122 |     fn add_code(&mut self, module: &str, code: Verilog) {
[INFO] [stdout]     |                            ^^^^^^ help: if this is intentional, prefix it with an underscore: `_module`
[INFO] [stdout]     |
[INFO] [stdout]     = note: `#[warn(unused_variables)]` on by default
[INFO] [stdout] 
[INFO] [stdout] 
[INFO] [stdout] warning: unused variable: `width`
[INFO] [stdout]    --> src/check_timing.rs:188:9
[INFO] [stdout]     |
[INFO] [stdout] 188 |         width: &usize,
[INFO] [stdout]     |         ^^^^^ help: if this is intentional, prefix it with an underscore: `_width`
[INFO] [stdout] 
[INFO] [stdout] 
[INFO] [stdout] warning: unused variable: `dot`
[INFO] [stdout]    --> src/check_timing.rs:375:9
[INFO] [stdout]     |
[INFO] [stdout] 375 |     let dot = scan.graph.dot();
[INFO] [stdout]     |         ^^^ help: if this is intentional, prefix it with an underscore: `_dot`
[INFO] [stdout] 
[INFO] [stdout] 
[INFO] [stdout] warning: variable does not need to be mutable
[INFO] [stdout]    --> src/check_timing.rs:387:9
[INFO] [stdout]     |
[INFO] [stdout] 387 |     let mut labels = vertex_sets.into_labeling();
[INFO] [stdout]     |         ----^^^^^^
[INFO] [stdout]     |         |
[INFO] [stdout]     |         help: remove this `mut`
[INFO] [stdout]     |
[INFO] [stdout]     = note: `#[warn(unused_mut)]` on by default
[INFO] [stdout] 
[INFO] [stdout] 
[INFO] [stdout] warning: variant `Reset` is never constructed
[INFO] [stdout]   --> src/check_timing.rs:30:5
[INFO] [stdout]    |
[INFO] [stdout] 26 | enum SignalEdgeKind {
[INFO] [stdout]    |      -------------- variant in this enum
[INFO] [stdout] ...
[INFO] [stdout] 30 |     Reset,
[INFO] [stdout]    |     ^^^^^
[INFO] [stdout]    |
[INFO] [stdout]    = note: `SignalEdgeKind` has derived impls for the traits `Debug` and `Clone`, but these are intentionally ignored during dead code analysis
[INFO] [stdout]    = note: `#[warn(dead_code)]` on by default
[INFO] [stdout] 
[INFO] [stdout] 
[INFO] [stdout] warning: methods `set_write_mode` and `set_read_mode` are never used
[INFO] [stdout]    --> src/check_timing.rs:97:8
[INFO] [stdout]     |
[INFO] [stdout] 96  | impl TimingChecker {
[INFO] [stdout]     | ------------------ methods in this implementation
[INFO] [stdout] 97  |     fn set_write_mode(&mut self) {
[INFO] [stdout]     |        ^^^^^^^^^^^^^^
[INFO] [stdout] ...
[INFO] [stdout] 100 |     fn set_read_mode(&mut self) {
[INFO] [stdout]     |        ^^^^^^^^^^^^^
[INFO] [stdout] 
[INFO] [stdout] 
[INFO] [stdout] warning: unused import: `crate::bits::Bits`
[INFO] [stdout]  --> src/constant.rs:3:5
[INFO] [stdout]   |
[INFO] [stdout] 3 | use crate::bits::Bits;
[INFO] [stdout]   |     ^^^^^^^^^^^^^^^^^
[INFO] [stdout]   |
[INFO] [stdout]   = note: `#[warn(unused_imports)]` on by default
[INFO] [stdout] 
[INFO] [stdout] 
[INFO] [stdout] warning: unused import: `Signal`
[INFO] [stdout]  --> src/constant.rs:8:36
[INFO] [stdout]   |
[INFO] [stdout] 8 | use crate::signal::{get_signal_id, Signal};
[INFO] [stdout]   |                                    ^^^^^^
[INFO] [stdout] 
[INFO] [stdout] 
[INFO] [stdout] warning: unused import: `crate::sim_assert_eq`
[INFO] [stdout]  --> src/constant.rs:9:5
[INFO] [stdout]   |
[INFO] [stdout] 9 | use crate::sim_assert_eq;
[INFO] [stdout]   |     ^^^^^^^^^^^^^^^^^^^^
[INFO] [stdout] 
[INFO] [stdout] 
[INFO] [stdout] warning: unused imports: `Sim` and `Simulation`
[INFO] [stdout]   --> src/constant.rs:10:23
[INFO] [stdout]    |
[INFO] [stdout] 10 | use crate::simulate::{Sim, Simulation};
[INFO] [stdout]    |                       ^^^  ^^^^^^^^^^
[INFO] [stdout] 
[INFO] [stdout] 
[INFO] [stdout] warning: unused imports: `ast::Verilog` and `timing::TimingInfo`
[INFO] [stdout]  --> src/top_wrap.rs:1:13
[INFO] [stdout]   |
[INFO] [stdout] 1 | use crate::{ast::Verilog, block::Block, logic::Logic, probe::Probe, timing::TimingInfo};
[INFO] [stdout]   |             ^^^^^^^^^^^^                                            ^^^^^^^^^^^^^^^^^^
[INFO] [stdout] 
[INFO] [stdout] 
[INFO] [stdout] warning: unused variable: `module`
[INFO] [stdout]    --> src/check_timing.rs:122:28
[INFO] [stdout]     |
[INFO] [stdout] 122 |     fn add_code(&mut self, module: &str, code: Verilog) {
[INFO] [stdout]     |                            ^^^^^^ help: if this is intentional, prefix it with an underscore: `_module`
[INFO] [stdout]     |
[INFO] [stdout]     = note: `#[warn(unused_variables)]` on by default
[INFO] [stdout] 
[INFO] [stdout] 
[INFO] [stdout] warning: unused variable: `width`
[INFO] [stdout]    --> src/check_timing.rs:188:9
[INFO] [stdout]     |
[INFO] [stdout] 188 |         width: &usize,
[INFO] [stdout]     |         ^^^^^ help: if this is intentional, prefix it with an underscore: `_width`
[INFO] [stdout] 
[INFO] [stdout] 
[INFO] [stdout] warning: unused variable: `dot`
[INFO] [stdout]    --> src/check_timing.rs:375:9
[INFO] [stdout]     |
[INFO] [stdout] 375 |     let dot = scan.graph.dot();
[INFO] [stdout]     |         ^^^ help: if this is intentional, prefix it with an underscore: `_dot`
[INFO] [stdout] 
[INFO] [stdout] 
[INFO] [stdout] warning: variable does not need to be mutable
[INFO] [stdout]    --> src/check_timing.rs:387:9
[INFO] [stdout]     |
[INFO] [stdout] 387 |     let mut labels = vertex_sets.into_labeling();
[INFO] [stdout]     |         ----^^^^^^
[INFO] [stdout]     |         |
[INFO] [stdout]     |         help: remove this `mut`
[INFO] [stdout]     |
[INFO] [stdout]     = note: `#[warn(unused_mut)]` on by default
[INFO] [stdout] 
[INFO] [stdout] 
[INFO] [stdout] warning: variant `Reset` is never constructed
[INFO] [stdout]   --> src/check_timing.rs:30:5
[INFO] [stdout]    |
[INFO] [stdout] 26 | enum SignalEdgeKind {
[INFO] [stdout]    |      -------------- variant in this enum
[INFO] [stdout] ...
[INFO] [stdout] 30 |     Reset,
[INFO] [stdout]    |     ^^^^^
[INFO] [stdout]    |
[INFO] [stdout]    = note: `SignalEdgeKind` has derived impls for the traits `Debug` and `Clone`, but these are intentionally ignored during dead code analysis
[INFO] [stdout]    = note: `#[warn(dead_code)]` on by default
[INFO] [stdout] 
[INFO] [stdout] 
[INFO] [stdout] warning: methods `set_write_mode` and `set_read_mode` are never used
[INFO] [stdout]    --> src/check_timing.rs:97:8
[INFO] [stdout]     |
[INFO] [stdout] 96  | impl TimingChecker {
[INFO] [stdout]     | ------------------ methods in this implementation
[INFO] [stdout] 97  |     fn set_write_mode(&mut self) {
[INFO] [stdout]     |        ^^^^^^^^^^^^^^
[INFO] [stdout] ...
[INFO] [stdout] 100 |     fn set_read_mode(&mut self) {
[INFO] [stdout]     |        ^^^^^^^^^^^^^
[INFO] [stdout] 
[INFO] [stdout] 
[INFO] [stderr]     Finished `test` profile [unoptimized + debuginfo] target(s) in 30.54s
[INFO] [stderr] warning: the following packages contain code that will be rejected by a future version of Rust: svg v0.10.0
[INFO] [stderr] note: to see what the problems were, use the option `--future-incompat-report`, or run `cargo report future-incompatibilities --id 1`
[INFO] running `Command { std: "docker" "inspect" "faf89c477bb27f47a1adbab9f2b88dbbb247b511740328bdb455a29980d3aa9d", kill_on_drop: false }`
[INFO] running `Command { std: "docker" "rm" "-f" "faf89c477bb27f47a1adbab9f2b88dbbb247b511740328bdb455a29980d3aa9d", kill_on_drop: false }`
[INFO] [stdout] faf89c477bb27f47a1adbab9f2b88dbbb247b511740328bdb455a29980d3aa9d
[INFO] running `Command { std: "docker" "create" "-v" "/var/lib/crater-agent-workspace/builds/worker-0-tc2/target:/opt/rustwide/target:rw,Z" "-v" "/var/lib/crater-agent-workspace/builds/worker-0-tc2/source:/opt/rustwide/workdir:ro,Z" "-v" "/var/lib/crater-agent-workspace/cargo-home:/opt/rustwide/cargo-home:ro,Z" "-v" "/var/lib/crater-agent-workspace/rustup-home:/opt/rustwide/rustup-home:ro,Z" "-e" "SOURCE_DIR=/opt/rustwide/workdir" "-e" "CARGO_TARGET_DIR=/opt/rustwide/target" "-e" "CARGO_INCREMENTAL=0" "-e" "RUST_BACKTRACE=full" "-e" "RUSTFLAGS=--cap-lints=forbid -Zrandomize-layout" "-e" "RUSTDOCFLAGS=--cap-lints=forbid" "-e" "CARGO_HOME=/opt/rustwide/cargo-home" "-e" "RUSTUP_HOME=/opt/rustwide/rustup-home" "-w" "/opt/rustwide/workdir" "-m" "1610612736" "--user" "0:0" "--network" "none" "ghcr.io/rust-lang/crates-build-env/linux@sha256:819108c5571ea2e421544af4d832f968d213c87fbe3707a016657f43d2f853bc" "/opt/rustwide/cargo-home/bin/cargo" "+nightly-2025-01-18" "test" "--frozen", kill_on_drop: false }`
[INFO] [stdout] 2fae4566b0b0df2ff4d1afb1b3a18a3536d4a5a05e821be534781765dfdcbb99
[INFO] running `Command { std: "docker" "start" "-a" "2fae4566b0b0df2ff4d1afb1b3a18a3536d4a5a05e821be534781765dfdcbb99", kill_on_drop: false }`
[INFO] [stderr] warning: unused import: `crate::bits::Bits`
[INFO] [stderr]  --> src/constant.rs:3:5
[INFO] [stderr]   |
[INFO] [stderr] 3 | use crate::bits::Bits;
[INFO] [stderr]   |     ^^^^^^^^^^^^^^^^^
[INFO] [stderr]   |
[INFO] [stderr]   = note: `#[warn(unused_imports)]` on by default
[INFO] [stderr] 
[INFO] [stderr] warning: unused import: `Signal`
[INFO] [stderr]  --> src/constant.rs:8:36
[INFO] [stderr]   |
[INFO] [stderr] 8 | use crate::signal::{get_signal_id, Signal};
[INFO] [stderr]   |                                    ^^^^^^
[INFO] [stderr] 
[INFO] [stderr] warning: unused import: `crate::sim_assert_eq`
[INFO] [stderr]  --> src/constant.rs:9:5
[INFO] [stderr]   |
[INFO] [stderr] 9 | use crate::sim_assert_eq;
[INFO] [stderr]   |     ^^^^^^^^^^^^^^^^^^^^
[INFO] [stderr] 
[INFO] [stderr] warning: unused imports: `Sim` and `Simulation`
[INFO] [stderr]   --> src/constant.rs:10:23
[INFO] [stderr]    |
[INFO] [stderr] 10 | use crate::simulate::{Sim, Simulation};
[INFO] [stderr]    |                       ^^^  ^^^^^^^^^^
[INFO] [stderr] 
[INFO] [stderr] warning: unused imports: `ast::Verilog` and `timing::TimingInfo`
[INFO] [stderr]  --> src/top_wrap.rs:1:13
[INFO] [stderr]   |
[INFO] [stderr] 1 | use crate::{ast::Verilog, block::Block, logic::Logic, probe::Probe, timing::TimingInfo};
[INFO] [stderr]   |             ^^^^^^^^^^^^                                            ^^^^^^^^^^^^^^^^^^
[INFO] [stderr] 
[INFO] [stderr] warning: unused variable: `module`
[INFO] [stderr]    --> src/check_timing.rs:122:28
[INFO] [stderr]     |
[INFO] [stderr] 122 |     fn add_code(&mut self, module: &str, code: Verilog) {
[INFO] [stderr]     |                            ^^^^^^ help: if this is intentional, prefix it with an underscore: `_module`
[INFO] [stderr]     |
[INFO] [stderr]     = note: `#[warn(unused_variables)]` on by default
[INFO] [stderr] 
[INFO] [stderr] warning: unused variable: `width`
[INFO] [stderr]    --> src/check_timing.rs:188:9
[INFO] [stderr]     |
[INFO] [stderr] 188 |         width: &usize,
[INFO] [stderr]     |         ^^^^^ help: if this is intentional, prefix it with an underscore: `_width`
[INFO] [stderr] 
[INFO] [stderr] warning: unused variable: `dot`
[INFO] [stderr]    --> src/check_timing.rs:375:9
[INFO] [stderr]     |
[INFO] [stderr] 375 |     let dot = scan.graph.dot();
[INFO] [stderr]     |         ^^^ help: if this is intentional, prefix it with an underscore: `_dot`
[INFO] [stderr] 
[INFO] [stderr] warning: variable does not need to be mutable
[INFO] [stderr]    --> src/check_timing.rs:387:9
[INFO] [stderr]     |
[INFO] [stderr] 387 |     let mut labels = vertex_sets.into_labeling();
[INFO] [stderr]     |         ----^^^^^^
[INFO] [stderr]     |         |
[INFO] [stderr]     |         help: remove this `mut`
[INFO] [stderr]     |
[INFO] [stderr]     = note: `#[warn(unused_mut)]` on by default
[INFO] [stderr] 
[INFO] [stderr] warning: variant `Reset` is never constructed
[INFO] [stderr]   --> src/check_timing.rs:30:5
[INFO] [stderr]    |
[INFO] [stderr] 26 | enum SignalEdgeKind {
[INFO] [stderr]    |      -------------- variant in this enum
[INFO] [stderr] ...
[INFO] [stderr] 30 |     Reset,
[INFO] [stderr]    |     ^^^^^
[INFO] [stderr]    |
[INFO] [stderr]    = note: `SignalEdgeKind` has derived impls for the traits `Debug` and `Clone`, but these are intentionally ignored during dead code analysis
[INFO] [stderr]    = note: `#[warn(dead_code)]` on by default
[INFO] [stderr] 
[INFO] [stderr] warning: methods `set_write_mode` and `set_read_mode` are never used
[INFO] [stderr]    --> src/check_timing.rs:97:8
[INFO] [stderr]     |
[INFO] [stderr] 96  | impl TimingChecker {
[INFO] [stderr]     | ------------------ methods in this implementation
[INFO] [stderr] 97  |     fn set_write_mode(&mut self) {
[INFO] [stderr]     |        ^^^^^^^^^^^^^^
[INFO] [stderr] ...
[INFO] [stderr] 100 |     fn set_read_mode(&mut self) {
[INFO] [stderr]     |        ^^^^^^^^^^^^^
[INFO] [stderr] 
[INFO] [stderr] warning: `rust-hdl-core` (lib) generated 11 warnings (run `cargo fix --lib -p rust-hdl-core` to apply 6 suggestions)
[INFO] [stderr] warning: `rust-hdl-core` (lib test) generated 11 warnings (11 duplicates)
[INFO] [stderr]     Finished `test` profile [unoptimized + debuginfo] target(s) in 0.06s
[INFO] [stderr] warning: the following packages contain code that will be rejected by a future version of Rust: svg v0.10.0
[INFO] [stderr] note: to see what the problems were, use the option `--future-incompat-report`, or run `cargo report future-incompatibilities --id 1`
[INFO] [stderr]      Running unittests src/lib.rs (/opt/rustwide/target/debug/deps/rust_hdl_core-460cd7184ea16e79)
[INFO] [stdout] 
[INFO] [stdout] running 87 tests
[INFO] [stdout] test bits::test_bits_from_int_via_bits ... ok
[INFO] [stdout] test bits::test_clog2_is_correct ... ok
[INFO] [stdout] test bits::test_cast_from_biguint ... ok
[INFO] [stdout] test bits::test_print_as_binary ... ok
[INFO] [stdout] test bits::test_print_as_lowercase_hex ... ok
[INFO] [stdout] test bits::test_print_as_uppercase_hex ... ok
[INFO] [stdout] test bits::tests::add_works ... ok
[INFO] [stdout] test bits::tests::add_int_works ... ok
[INFO] [stdout] test bits::tests::add_works_with_overflow ... ok
[INFO] [stdout] test bits::tests::and_test ... ok
[INFO] [stdout] test bits::tests::eq_works ... ok
[INFO] [stdout] test bits::tests::get_bit_works ... ok
[INFO] [stdout] test bits::tests::not_test ... ok
[INFO] [stdout] test bits::tests::mask_works ... ok
[INFO] [stdout] test bits::tests::or_test ... ok
[INFO] [stdout] test bits::tests::shl_test ... ok
[INFO] [stdout] test bits::tests::shr_test ... ok
[INFO] [stdout] test bits::tests::shr_test_pair ... ok
[INFO] [stdout] test bits::tests::sub_int_works ... ok
[INFO] [stdout] test bits::tests::sub_works ... ok
[INFO] [stdout] test bits::tests::test_bit_cast_long ... ok
[INFO] [stdout] test bits::tests::test_clog2 ... ok
[INFO] [stdout] test bits::tests::test_clog2_inline ... ok
[INFO] [stdout] test bits::tests::test_bit_cast_short ... ok
[INFO] [stdout] test bits::tests::test_bit_extract_long ... ok
[INFO] [stdout] test bits::tests::test_constants_and_bits ... ok
[INFO] [stdout] test bits::tests::test_default ... ok
[INFO] [stdout] test bits::tests::test_bitcast ... ok
[INFO] [stdout] test bits::tests::shl_test_pair ... ok
[INFO] [stdout] test bits::tests::test_get_bits_section ... ok
[INFO] [stdout] test bits::tests::test_from_u32 ... ok
[INFO] [stdout] test bits::tests::test_set_bit ... ok
[INFO] [stdout] test bits::tests::test_set_bits ... ok
[INFO] [stdout] test bits::tests::test_any ... ok
[INFO] [stdout] test bits::tests::test_shl_to_zero ... ok
[INFO] [stdout] test bits::tests::test_all ... ok
[INFO] [stdout] test bits::tests::test_short_from_u16 ... ok
[INFO] [stdout] test bits::tests::test_short_from_u32 ... ok
[INFO] [stdout] test bits::tests::test_add ... ok
[INFO] [stdout] test bits::tests::test_short_from_u8 ... ok
[INFO] [stdout] test bits::tests::test_bitxor ... ok
[INFO] [stdout] test bits::tests::test_shl_var_bitwidths_driver ... ok
[INFO] [stdout] test bits::tests::xor_test ... ok
[INFO] [stdout] test bitvec::tests::add_works ... ok
[INFO] [stdout] test bitvec::tests::add_works_with_overflow ... ok
[INFO] [stdout] test bitvec::tests::all_works ... ok
[INFO] [stdout] test bitvec::tests::and_test ... ok
[INFO] [stdout] test bitvec::tests::eq_works ... ok
[INFO] [stdout] test bitvec::tests::not_test ... ok
[INFO] [stdout] test bitvec::tests::or_test ... ok
[INFO] [stdout] test bitvec::tests::shl_test ... ok
[INFO] [stdout] test bitvec::tests::shl_test_pair ... ok
[INFO] [stdout] test bitvec::tests::shr_test ... ok
[INFO] [stdout] test bitvec::tests::shr_test_pair ... ok
[INFO] [stdout] test bitvec::tests::sub_works ... ok
[INFO] [stdout] test bitvec::tests::xor_test ... ok
[INFO] [stdout] test clock::test_freq_to_period_mapping ... ok
[INFO] [stdout] test short_bit_vec::test_max_legal_calc ... ok
[INFO] [stdout] test signed::tests::signed_displays_correctly ... ok
[INFO] [stdout] test signed::tests::test_max_range_correct ... ok
[INFO] [stdout] test signed::tests::test_min_range_correct ... ok
[INFO] [stdout] test signed::tests::test_neg_operator ... ok
[INFO] [stdout] test signed::tests::test_neg_operator_larger ... ok
[INFO] [stdout] test signed::tests::test_signed_cast ... ok
[INFO] [stdout] test bits::tests::test_neq ... ok
[INFO] [stdout] test signed::tests::test_signed_import_small ... ok
[INFO] [stdout] test bits::tests::test_le ... ok
[INFO] [stdout] test signed::tests::test_unsigned_cast ... ok
[INFO] [stdout] test bits::tests::test_sub ... ok
[INFO] [stdout] test bits::tests::test_eq ... ok
[INFO] [stdout] test verilog_gen::test_array_replacement ... ok
[INFO] [stdout] test verilog_gen::test_filter_bb_directives ... ok
[INFO] [stdout] test bits::tests::test_bitand ... ok
[INFO] [stdout] test bits::tests::test_not ... ok
[INFO] [stdout] test bits::tests::test_bitor ... ok
[INFO] [stdout] test bits::tests::test_shr_var_bitwidths_driver ... ok
[INFO] [stdout] test bits::test_biguint_roundtrip ... ok
[INFO] [stdout] test signed::tests::time_adds_bitvec_small ... ok
[INFO] [stdout] test bits::tests::test_gt ... ok
[INFO] [stdout] test bits::tests::test_lt ... ok
[INFO] [stdout] test bits::tests::test_ge ... ok
[INFO] [stdout] test bits::tests::test_shl ... ok
[INFO] [stdout] test bits::tests::test_shr ... ok
[INFO] [stdout] test signed::tests::time_adds_bigint ... ok
[INFO] [stdout] test signed::tests::test_signed_import_large ... ok
[INFO] [stdout] test bits::tests::test_get_bits ... ok
[INFO] [stdout] test signed::tests::time_adds_bitvec ... ok
[INFO] [stdout] 
[INFO] [stdout] test result: ok. 87 passed; 0 failed; 0 ignored; 0 measured; 0 filtered out; finished in 17.47s
[INFO] [stdout] 
[INFO] [stderr]      Running tests/addnum_test.rs (/opt/rustwide/target/debug/deps/addnum_test-ba7fe7698146f93c)
[INFO] [stdout] 
[INFO] [stdout] running 1 test
[INFO] [stdout] test test_addnum ... ok
[INFO] [stdout] 
[INFO] [stdout] test result: ok. 1 passed; 0 failed; 0 ignored; 0 measured; 0 filtered out; finished in 0.01s
[INFO] [stdout] 
[INFO] [stderr]      Running tests/bitcast_test.rs (/opt/rustwide/target/debug/deps/bitcast_test-53ba11130f69874f)
[INFO] [stdout] 
[INFO] [stdout] running 1 test
[INFO] [stdout] test test_issue_11 ... FAILED
[INFO] [stdout] 
[INFO] [stdout] failures:
[INFO] [stdout] 
[INFO] [stdout] ---- test_issue_11 stdout ----
[INFO] [stdout] 
[INFO] [stdout] thread 'test_issue_11' panicked at tests/bitcast_test.rs:45:37:
[INFO] [stdout] called `Result::unwrap()` on an `Err` value: Os { code: 30, kind: ReadOnlyFilesystem, message: "Read-only file system" }
[INFO] [stdout] stack backtrace:
[INFO] [stdout]    0:     0x60bf4e396eca - std::backtrace_rs::backtrace::libunwind::trace::hb059275cfc8d6126
[INFO] [stdout]                                at /rustc/6067b36314ab5eb2eb47cecc464545ba58e1ad24/library/std/src/../../backtrace/src/backtrace/libunwind.rs:116:5
[INFO] [stdout]    1:     0x60bf4e396eca - std::backtrace_rs::backtrace::trace_unsynchronized::h2da071e4327ce3ee
[INFO] [stdout]                                at /rustc/6067b36314ab5eb2eb47cecc464545ba58e1ad24/library/std/src/../../backtrace/src/backtrace/mod.rs:66:5
[INFO] [stdout]    2:     0x60bf4e396eca - std::sys::backtrace::_print_fmt::h842a1474e6f8d23f
[INFO] [stdout]                                at /rustc/6067b36314ab5eb2eb47cecc464545ba58e1ad24/library/std/src/sys/backtrace.rs:66:9
[INFO] [stdout]    3:     0x60bf4e396eca - <std::sys::backtrace::BacktraceLock::print::DisplayBacktrace as core::fmt::Display>::fmt::h71a62eb3b9696b12
[INFO] [stdout]                                at /rustc/6067b36314ab5eb2eb47cecc464545ba58e1ad24/library/std/src/sys/backtrace.rs:39:26
[INFO] [stdout]    4:     0x60bf4e3c2153 - core::fmt::rt::Argument::fmt::hdb6b616786b41dc1
[INFO] [stdout]                                at /rustc/6067b36314ab5eb2eb47cecc464545ba58e1ad24/library/core/src/fmt/rt.rs:177:76
[INFO] [stdout]    5:     0x60bf4e3c2153 - core::fmt::write::h2cc1698af7e2d686
[INFO] [stdout]                                at /rustc/6067b36314ab5eb2eb47cecc464545ba58e1ad24/library/core/src/fmt/mod.rs:1440:21
[INFO] [stdout]    6:     0x60bf4e393723 - std::io::Write::write_fmt::hab1b4cd059a79022
[INFO] [stdout]                                at /rustc/6067b36314ab5eb2eb47cecc464545ba58e1ad24/library/std/src/io/mod.rs:1887:15
[INFO] [stdout]    7:     0x60bf4e396d12 - std::sys::backtrace::BacktraceLock::print::h147fe35b4ea13b08
[INFO] [stdout]                                at /rustc/6067b36314ab5eb2eb47cecc464545ba58e1ad24/library/std/src/sys/backtrace.rs:42:9
[INFO] [stdout]    8:     0x60bf4e3982ef - std::panicking::default_hook::{{closure}}::hbd44223dbdc0d208
[INFO] [stdout]                                at /rustc/6067b36314ab5eb2eb47cecc464545ba58e1ad24/library/std/src/panicking.rs:298:22
[INFO] [stdout]    9:     0x60bf4e398108 - std::panicking::default_hook::h20f81eb0576efcec
[INFO] [stdout]                                at /rustc/6067b36314ab5eb2eb47cecc464545ba58e1ad24/library/std/src/panicking.rs:322:9
[INFO] [stdout]   10:     0x60bf4e04f463 - <alloc::boxed::Box<F,A> as core::ops::function::Fn<Args>>::call::hdb53814c496a4d34
[INFO] [stdout]                                at /rustc/6067b36314ab5eb2eb47cecc464545ba58e1ad24/library/alloc/src/boxed.rs:2027:9
[INFO] [stdout]   11:     0x60bf4e04f463 - test::test_main::{{closure}}::hc0a4963c59427c24
[INFO] [stdout]                                at /rustc/6067b36314ab5eb2eb47cecc464545ba58e1ad24/library/test/src/lib.rs:134:21
[INFO] [stdout]   12:     0x60bf4e398de3 - <alloc::boxed::Box<F,A> as core::ops::function::Fn<Args>>::call::h591b2225413a77e9
[INFO] [stdout]                                at /rustc/6067b36314ab5eb2eb47cecc464545ba58e1ad24/library/alloc/src/boxed.rs:2027:9
[INFO] [stdout]   13:     0x60bf4e398de3 - std::panicking::rust_panic_with_hook::h625eea43051b2edc
[INFO] [stdout]                                at /rustc/6067b36314ab5eb2eb47cecc464545ba58e1ad24/library/std/src/panicking.rs:839:13
[INFO] [stdout]   14:     0x60bf4e398a9a - std::panicking::begin_panic_handler::{{closure}}::h4f9159cfbc3f6bd3
[INFO] [stdout]                                at /rustc/6067b36314ab5eb2eb47cecc464545ba58e1ad24/library/std/src/panicking.rs:704:13
[INFO] [stdout]   15:     0x60bf4e3973c9 - std::sys::backtrace::__rust_end_short_backtrace::h0390abce48353151
[INFO] [stdout]                                at /rustc/6067b36314ab5eb2eb47cecc464545ba58e1ad24/library/std/src/sys/backtrace.rs:168:18
[INFO] [stdout]   16:     0x60bf4e39872d - rust_begin_unwind
[INFO] [stdout]                                at /rustc/6067b36314ab5eb2eb47cecc464545ba58e1ad24/library/std/src/panicking.rs:695:5
[INFO] [stdout]   17:     0x60bf4e3bfef0 - core::panicking::panic_fmt::h9e7c637e9e5f29c9
[INFO] [stdout]                                at /rustc/6067b36314ab5eb2eb47cecc464545ba58e1ad24/library/core/src/panicking.rs:75:14
[INFO] [stdout]   18:     0x60bf4e3c0366 - core::result::unwrap_failed::h7979f09313fe1849
[INFO] [stdout]                                at /rustc/6067b36314ab5eb2eb47cecc464545ba58e1ad24/library/core/src/result.rs:1704:5
[INFO] [stdout]   19:     0x60bf4dfeb3c2 - core::result::Result<T,E>::unwrap::h7555d7766a5db526
[INFO] [stdout]                                at /rustc/6067b36314ab5eb2eb47cecc464545ba58e1ad24/library/core/src/result.rs:1109:23
[INFO] [stdout]   20:     0x60bf4dfeb3c2 - bitcast_test::get_icarus_verilog_output::h1a016215c0762cf7
[INFO] [stdout]                                at /opt/rustwide/workdir/tests/bitcast_test.rs:45:5
[INFO] [stdout]   21:     0x60bf4dfecfcd - bitcast_test::test_issue_11::hf1d8693ca0834c03
[INFO] [stdout]                                at /opt/rustwide/workdir/tests/bitcast_test.rs:78:15
[INFO] [stdout]   22:     0x60bf4dfecdd7 - bitcast_test::test_issue_11::{{closure}}::h547cecd2dcd331c1
[INFO] [stdout]                                at /opt/rustwide/workdir/tests/bitcast_test.rs:57:23
[INFO] [stdout]   23:     0x60bf4e011306 - core::ops::function::FnOnce::call_once::h6920fd4311da1ec5
[INFO] [stdout]                                at /rustc/6067b36314ab5eb2eb47cecc464545ba58e1ad24/library/core/src/ops/function.rs:250:5
[INFO] [stdout]   24:     0x60bf4e054bbb - core::ops::function::FnOnce::call_once::he27718dfdd183f43
[INFO] [stdout]                                at /rustc/6067b36314ab5eb2eb47cecc464545ba58e1ad24/library/core/src/ops/function.rs:250:5
[INFO] [stdout]   25:     0x60bf4e054bbb - test::__rust_begin_short_backtrace::h4e84902998457a5d
[INFO] [stdout]                                at /rustc/6067b36314ab5eb2eb47cecc464545ba58e1ad24/library/test/src/lib.rs:632:18
[INFO] [stdout]   26:     0x60bf4e053af3 - test::run_test_in_process::{{closure}}::h7176fd18fc1feca0
[INFO] [stdout]                                at /rustc/6067b36314ab5eb2eb47cecc464545ba58e1ad24/library/test/src/lib.rs:655:60
[INFO] [stdout]   27:     0x60bf4e053af3 - <core::panic::unwind_safe::AssertUnwindSafe<F> as core::ops::function::FnOnce<()>>::call_once::hf79cff2a624d8cf7
[INFO] [stdout]                                at /rustc/6067b36314ab5eb2eb47cecc464545ba58e1ad24/library/core/src/panic/unwind_safe.rs:272:9
[INFO] [stdout]   28:     0x60bf4e053af3 - std::panicking::try::do_call::h3da0561d9ab99c25
[INFO] [stdout]                                at /rustc/6067b36314ab5eb2eb47cecc464545ba58e1ad24/library/std/src/panicking.rs:587:40
[INFO] [stdout]   29:     0x60bf4e053af3 - std::panicking::try::h41c9fa508bc61df6
[INFO] [stdout]                                at /rustc/6067b36314ab5eb2eb47cecc464545ba58e1ad24/library/std/src/panicking.rs:550:19
[INFO] [stdout]   30:     0x60bf4e053af3 - std::panic::catch_unwind::h6b3ff07bb5afad93
[INFO] [stdout]                                at /rustc/6067b36314ab5eb2eb47cecc464545ba58e1ad24/library/std/src/panic.rs:358:14
[INFO] [stdout]   31:     0x60bf4e053af3 - test::run_test_in_process::hc7253dd11b39b9f4
[INFO] [stdout]                                at /rustc/6067b36314ab5eb2eb47cecc464545ba58e1ad24/library/test/src/lib.rs:655:27
[INFO] [stdout]   32:     0x60bf4e053af3 - test::run_test::{{closure}}::hfb2007f8649c30bb
[INFO] [stdout]                                at /rustc/6067b36314ab5eb2eb47cecc464545ba58e1ad24/library/test/src/lib.rs:576:43
[INFO] [stdout]   33:     0x60bf4e016bd5 - test::run_test::{{closure}}::h56a17aa7a282a9f4
[INFO] [stdout]                                at /rustc/6067b36314ab5eb2eb47cecc464545ba58e1ad24/library/test/src/lib.rs:606:41
[INFO] [stdout]   34:     0x60bf4e016bd5 - std::sys::backtrace::__rust_begin_short_backtrace::hd2d2d2fb8e8c6aac
[INFO] [stdout]                                at /rustc/6067b36314ab5eb2eb47cecc464545ba58e1ad24/library/std/src/sys/backtrace.rs:152:18
[INFO] [stdout]   35:     0x60bf4e01a4ba - std::thread::Builder::spawn_unchecked_::{{closure}}::{{closure}}::h4faa3f9db6133423
[INFO] [stdout]                                at /rustc/6067b36314ab5eb2eb47cecc464545ba58e1ad24/library/std/src/thread/mod.rs:559:17
[INFO] [stdout]   36:     0x60bf4e01a4ba - <core::panic::unwind_safe::AssertUnwindSafe<F> as core::ops::function::FnOnce<()>>::call_once::hf2e855a36a4ea846
[INFO] [stdout]                                at /rustc/6067b36314ab5eb2eb47cecc464545ba58e1ad24/library/core/src/panic/unwind_safe.rs:272:9
[INFO] [stdout]   37:     0x60bf4e01a4ba - std::panicking::try::do_call::h2f73af3616c35465
[INFO] [stdout]                                at /rustc/6067b36314ab5eb2eb47cecc464545ba58e1ad24/library/std/src/panicking.rs:587:40
[INFO] [stdout]   38:     0x60bf4e01a4ba - std::panicking::try::hd1660ce9efadef5a
[INFO] [stdout]                                at /rustc/6067b36314ab5eb2eb47cecc464545ba58e1ad24/library/std/src/panicking.rs:550:19
[INFO] [stdout]   39:     0x60bf4e01a4ba - std::panic::catch_unwind::h5ee8d7823b8ca744
[INFO] [stdout]                                at /rustc/6067b36314ab5eb2eb47cecc464545ba58e1ad24/library/std/src/panic.rs:358:14
[INFO] [stdout]   40:     0x60bf4e01a4ba - std::thread::Builder::spawn_unchecked_::{{closure}}::h53c3a1894dce8407
[INFO] [stdout]                                at /rustc/6067b36314ab5eb2eb47cecc464545ba58e1ad24/library/std/src/thread/mod.rs:557:30
[INFO] [stdout]   41:     0x60bf4e01a4ba - core::ops::function::FnOnce::call_once{{vtable.shim}}::h048ce291ad4f62bf
[INFO] [stdout]                                at /rustc/6067b36314ab5eb2eb47cecc464545ba58e1ad24/library/core/src/ops/function.rs:250:5
[INFO] [stdout]   42:     0x60bf4e39ceab - <alloc::boxed::Box<F,A> as core::ops::function::FnOnce<Args>>::call_once::ha52bedf99a3b4981
[INFO] [stdout]                                at /rustc/6067b36314ab5eb2eb47cecc464545ba58e1ad24/library/alloc/src/boxed.rs:2013:9
[INFO] [stdout]   43:     0x60bf4e39ceab - <alloc::boxed::Box<F,A> as core::ops::function::FnOnce<Args>>::call_once::h567748934d80ccf8
[INFO] [stdout]                                at /rustc/6067b36314ab5eb2eb47cecc464545ba58e1ad24/library/alloc/src/boxed.rs:2013:9
[INFO] [stdout]   44:     0x60bf4e39ceab - std::sys::pal::unix::thread::Thread::new::thread_start::h2d970728ae887adc
[INFO] [stdout]                                at /rustc/6067b36314ab5eb2eb47cecc464545ba58e1ad24/library/std/src/sys/pal/unix/thread.rs:106:17
[INFO] [stdout]   45:     0x7e016d443ac3 - <unknown>
[INFO] [stdout]   46:     0x7e016d4d4a04 - clone
[INFO] [stdout]   47:                0x0 - <unknown>
[INFO] [stdout] 
[INFO] [stdout] 
[INFO] [stdout] failures:
[INFO] [stdout]     test_issue_11
[INFO] [stdout] 
[INFO] [stdout] test result: FAILED. 0 passed; 1 failed; 0 ignored; 0 measured; 0 filtered out; finished in 0.02s
[INFO] [stdout] 
[INFO] [stderr] error: test failed, to rerun pass `--test bitcast_test`
[INFO] running `Command { std: "docker" "inspect" "2fae4566b0b0df2ff4d1afb1b3a18a3536d4a5a05e821be534781765dfdcbb99", kill_on_drop: false }`
[INFO] running `Command { std: "docker" "rm" "-f" "2fae4566b0b0df2ff4d1afb1b3a18a3536d4a5a05e821be534781765dfdcbb99", kill_on_drop: false }`
[INFO] [stdout] 2fae4566b0b0df2ff4d1afb1b3a18a3536d4a5a05e821be534781765dfdcbb99
