[INFO] fetching crate ruma-api 0.20.1...
[INFO] testing ruma-api-0.20.1 against nightly-2025-01-18 for randomize-layout-2
[INFO] extracting crate ruma-api 0.20.1 into /workspace/builds/worker-3-tc1/source
[INFO] validating manifest of crates.io crate ruma-api 0.20.1 on toolchain nightly-2025-01-18
[INFO] running `Command { std: CARGO_HOME="/workspace/cargo-home" RUSTUP_HOME="/workspace/rustup-home" "/workspace/cargo-home/bin/cargo" "+nightly-2025-01-18" "metadata" "--manifest-path" "Cargo.toml" "--no-deps", kill_on_drop: false }`
[INFO] started tweaking crates.io crate ruma-api 0.20.1
[INFO] finished tweaking crates.io crate ruma-api 0.20.1
[INFO] tweaked toml for crates.io crate ruma-api 0.20.1 written to /workspace/builds/worker-3-tc1/source/Cargo.toml
[INFO] running `Command { std: CARGO_HOME="/workspace/cargo-home" RUSTUP_HOME="/workspace/rustup-home" "/workspace/cargo-home/bin/cargo" "+nightly-2025-01-18" "generate-lockfile" "--manifest-path" "Cargo.toml", kill_on_drop: false }`
[INFO] [stderr]     Updating crates.io index
[INFO] [stderr]      Locking 95 packages to latest compatible versions
[INFO] [stderr]       Adding http v0.2.12 (available: v1.2.0)
[INFO] [stderr]       Adding ruma-events v0.26.1 (available: v0.30.0)
[INFO] [stderr]       Adding thiserror v1.0.69 (available: v2.0.11)
[INFO] running `Command { std: CARGO_HOME="/workspace/cargo-home" RUSTUP_HOME="/workspace/rustup-home" "/workspace/cargo-home/bin/cargo" "+nightly-2025-01-18" "fetch" "--manifest-path" "Cargo.toml", kill_on_drop: false }`
[INFO] [stderr]  Downloading crates ...
[INFO] [stderr]   Downloaded ruma-serde v0.6.1
[INFO] [stderr]   Downloaded ruma-events-macros v0.26.1
[INFO] [stderr]   Downloaded ruma-common v0.8.0
[INFO] [stderr]   Downloaded ruma-identifiers-validation v0.7.0
[INFO] [stderr]   Downloaded ruma-serde-macros v0.6.1
[INFO] [stderr]   Downloaded wildmatch v2.4.0
[INFO] [stderr]   Downloaded ruma-identifiers-macros v0.22.1
[INFO] [stderr]   Downloaded ruma-identifiers v0.22.1
[INFO] [stderr]   Downloaded ruma-events v0.26.1
[INFO] [stderr]   Downloaded ruma-api-macros v0.20.1
[INFO] running `Command { std: "docker" "create" "-v" "/var/lib/crater-agent-workspace/builds/worker-3-tc1/target:/opt/rustwide/target:rw,Z" "-v" "/var/lib/crater-agent-workspace/builds/worker-3-tc1/source:/opt/rustwide/workdir:ro,Z" "-v" "/var/lib/crater-agent-workspace/cargo-home:/opt/rustwide/cargo-home:ro,Z" "-v" "/var/lib/crater-agent-workspace/rustup-home:/opt/rustwide/rustup-home:ro,Z" "-e" "SOURCE_DIR=/opt/rustwide/workdir" "-e" "CARGO_TARGET_DIR=/opt/rustwide/target" "-e" "CARGO_HOME=/opt/rustwide/cargo-home" "-e" "RUSTUP_HOME=/opt/rustwide/rustup-home" "-w" "/opt/rustwide/workdir" "-m" "1610612736" "--user" "0:0" "--network" "none" "ghcr.io/rust-lang/crates-build-env/linux@sha256:819108c5571ea2e421544af4d832f968d213c87fbe3707a016657f43d2f853bc" "/opt/rustwide/cargo-home/bin/cargo" "+nightly-2025-01-18" "metadata" "--no-deps" "--format-version=1", kill_on_drop: false }`
[INFO] [stdout] b5ad1d66a4e94c277108824e32fba142dfcd8df37286d280a8e90217291a73dd
[INFO] running `Command { std: "docker" "start" "-a" "b5ad1d66a4e94c277108824e32fba142dfcd8df37286d280a8e90217291a73dd", kill_on_drop: false }`
[INFO] running `Command { std: "docker" "inspect" "b5ad1d66a4e94c277108824e32fba142dfcd8df37286d280a8e90217291a73dd", kill_on_drop: false }`
[INFO] running `Command { std: "docker" "rm" "-f" "b5ad1d66a4e94c277108824e32fba142dfcd8df37286d280a8e90217291a73dd", kill_on_drop: false }`
[INFO] [stdout] b5ad1d66a4e94c277108824e32fba142dfcd8df37286d280a8e90217291a73dd
[INFO] running `Command { std: "docker" "create" "-v" "/var/lib/crater-agent-workspace/builds/worker-3-tc1/target:/opt/rustwide/target:rw,Z" "-v" "/var/lib/crater-agent-workspace/builds/worker-3-tc1/source:/opt/rustwide/workdir:ro,Z" "-v" "/var/lib/crater-agent-workspace/cargo-home:/opt/rustwide/cargo-home:ro,Z" "-v" "/var/lib/crater-agent-workspace/rustup-home:/opt/rustwide/rustup-home:ro,Z" "-e" "SOURCE_DIR=/opt/rustwide/workdir" "-e" "CARGO_TARGET_DIR=/opt/rustwide/target" "-e" "CARGO_INCREMENTAL=0" "-e" "RUST_BACKTRACE=full" "-e" "RUSTFLAGS=--cap-lints=forbid" "-e" "RUSTDOCFLAGS=--cap-lints=forbid" "-e" "CARGO_HOME=/opt/rustwide/cargo-home" "-e" "RUSTUP_HOME=/opt/rustwide/rustup-home" "-w" "/opt/rustwide/workdir" "-m" "1610612736" "--user" "0:0" "--network" "none" "ghcr.io/rust-lang/crates-build-env/linux@sha256:819108c5571ea2e421544af4d832f968d213c87fbe3707a016657f43d2f853bc" "/opt/rustwide/cargo-home/bin/cargo" "+nightly-2025-01-18" "build" "--frozen" "--message-format=json", kill_on_drop: false }`
[INFO] [stdout] 615bba323620846a1c4e9c4c09a8419de4018e9f24f1fe667d2f1bce66f81f3d
[INFO] running `Command { std: "docker" "start" "-a" "615bba323620846a1c4e9c4c09a8419de4018e9f24f1fe667d2f1bce66f81f3d", kill_on_drop: false }`
[INFO] [stderr]    Compiling stable_deref_trait v1.2.0
[INFO] [stderr]    Compiling writeable v0.5.5
[INFO] [stderr]    Compiling serde v1.0.217
[INFO] [stderr]    Compiling litemap v0.7.4
[INFO] [stderr]    Compiling icu_locid_transform_data v1.5.0
[INFO] [stderr]    Compiling icu_properties_data v1.5.0
[INFO] [stderr]    Compiling smallvec v1.13.2
[INFO] [stderr]    Compiling write16 v1.0.0
[INFO] [stderr]    Compiling equivalent v1.0.1
[INFO] [stderr]    Compiling utf8_iter v1.0.4
[INFO] [stderr]    Compiling syn v1.0.109
[INFO] [stderr]    Compiling utf16_iter v1.0.5
[INFO] [stderr]    Compiling icu_normalizer_data v1.5.0
[INFO] [stderr]    Compiling hashbrown v0.15.2
[INFO] [stderr]    Compiling winnow v0.5.40
[INFO] [stderr]    Compiling syn v2.0.96
[INFO] [stderr]    Compiling percent-encoding v2.3.1
[INFO] [stderr]    Compiling serde_json v1.0.137
[INFO] [stderr]    Compiling http v0.2.12
[INFO] [stderr]    Compiling form_urlencoded v1.2.1
[INFO] [stderr]    Compiling indexmap v2.7.1
[INFO] [stderr]    Compiling synstructure v0.13.1
[INFO] [stderr]    Compiling zerofrom-derive v0.1.5
[INFO] [stderr]    Compiling yoke-derive v0.7.5
[INFO] [stderr]    Compiling zerovec-derive v0.10.3
[INFO] [stderr]    Compiling displaydoc v0.2.5
[INFO] [stderr]    Compiling icu_provider_macros v1.5.0
[INFO] [stderr]    Compiling serde_derive v1.0.217
[INFO] [stderr]    Compiling thiserror-impl v1.0.69
[INFO] [stderr]    Compiling tracing-attributes v0.1.28
[INFO] [stderr]    Compiling thiserror v1.0.69
[INFO] [stderr]    Compiling zerofrom v0.1.5
[INFO] [stderr]    Compiling yoke v0.7.5
[INFO] [stderr]    Compiling tracing v0.1.41
[INFO] [stderr]    Compiling zerovec v0.10.4
[INFO] [stderr]    Compiling tinystr v0.7.6
[INFO] [stderr]    Compiling icu_collections v1.5.0
[INFO] [stderr]    Compiling icu_locid v1.5.0
[INFO] [stderr]    Compiling icu_provider v1.5.0
[INFO] [stderr]    Compiling icu_locid_transform v1.5.0
[INFO] [stderr]    Compiling icu_properties v1.5.1
[INFO] [stderr]    Compiling toml_datetime v0.6.8
[INFO] [stderr]    Compiling js_int v0.2.2
[INFO] [stderr]    Compiling toml_edit v0.19.15
[INFO] [stderr]    Compiling icu_normalizer v1.5.0
[INFO] [stderr]    Compiling idna_adapter v1.2.0
[INFO] [stderr]    Compiling idna v1.0.3
[INFO] [stderr]    Compiling url v2.5.4
[INFO] [stderr]    Compiling ruma-identifiers-validation v0.7.0
[INFO] [stderr]    Compiling proc-macro-crate v1.3.1
[INFO] [stderr]    Compiling ruma-identifiers-macros v0.22.1
[INFO] [stderr]    Compiling ruma-serde-macros v0.6.1
[INFO] [stderr]    Compiling ruma-api-macros v0.20.1
[INFO] [stderr]    Compiling ruma-serde v0.6.1
[INFO] [stderr]    Compiling ruma-identifiers v0.22.1
[INFO] [stderr]    Compiling ruma-api v0.20.1 (/opt/rustwide/workdir)
[INFO] [stdout] warning: unexpected `cfg` condition value: `unstable-exhaustive-types`
[INFO] [stdout]    --> src/error.rs:239:16
[INFO] [stdout]     |
[INFO] [stdout] 239 | #[cfg_attr(not(feature = "unstable-exhaustive-types"), non_exhaustive)]
[INFO] [stdout]     |                ^^^^^^^^^^^^^^^^^^^^^^^^^^^^^^^^^^^^^
[INFO] [stdout]     |
[INFO] [stdout]     = note: expected values for `feature` are: `client`, `default`, and `server`
[INFO] [stdout]     = help: consider adding `unstable-exhaustive-types` as a feature in `Cargo.toml`
[INFO] [stdout]     = note: see <https://doc.rust-lang.org/nightly/rustc/check-cfg/cargo-specifics.html> for more information about checking conditional configuration
[INFO] [stdout]     = note: `#[warn(unexpected_cfgs)]` on by default
[INFO] [stdout] 
[INFO] [stdout] 
[INFO] [stdout] warning: unexpected `cfg` condition value: `unstable-exhaustive-types`
[INFO] [stdout]   --> src/metadata.rs:77:16
[INFO] [stdout]    |
[INFO] [stdout] 77 | #[cfg_attr(not(feature = "unstable-exhaustive-types"), non_exhaustive)]
[INFO] [stdout]    |                ^^^^^^^^^^^^^^^^^^^^^^^^^^^^^^^^^^^^^
[INFO] [stdout]    |
[INFO] [stdout]    = note: expected values for `feature` are: `client`, `default`, and `server`
[INFO] [stdout]    = help: consider adding `unstable-exhaustive-types` as a feature in `Cargo.toml`
[INFO] [stdout]    = note: see <https://doc.rust-lang.org/nightly/rustc/check-cfg/cargo-specifics.html> for more information about checking conditional configuration
[INFO] [stdout] 
[INFO] [stdout] 
[INFO] [stderr]     Finished `dev` profile [unoptimized + debuginfo] target(s) in 35.83s
[INFO] running `Command { std: "docker" "inspect" "615bba323620846a1c4e9c4c09a8419de4018e9f24f1fe667d2f1bce66f81f3d", kill_on_drop: false }`
[INFO] running `Command { std: "docker" "rm" "-f" "615bba323620846a1c4e9c4c09a8419de4018e9f24f1fe667d2f1bce66f81f3d", kill_on_drop: false }`
[INFO] [stdout] 615bba323620846a1c4e9c4c09a8419de4018e9f24f1fe667d2f1bce66f81f3d
[INFO] running `Command { std: "docker" "create" "-v" "/var/lib/crater-agent-workspace/builds/worker-3-tc1/target:/opt/rustwide/target:rw,Z" "-v" "/var/lib/crater-agent-workspace/builds/worker-3-tc1/source:/opt/rustwide/workdir:ro,Z" "-v" "/var/lib/crater-agent-workspace/cargo-home:/opt/rustwide/cargo-home:ro,Z" "-v" "/var/lib/crater-agent-workspace/rustup-home:/opt/rustwide/rustup-home:ro,Z" "-e" "SOURCE_DIR=/opt/rustwide/workdir" "-e" "CARGO_TARGET_DIR=/opt/rustwide/target" "-e" "CARGO_INCREMENTAL=0" "-e" "RUST_BACKTRACE=full" "-e" "RUSTFLAGS=--cap-lints=forbid" "-e" "RUSTDOCFLAGS=--cap-lints=forbid" "-e" "CARGO_HOME=/opt/rustwide/cargo-home" "-e" "RUSTUP_HOME=/opt/rustwide/rustup-home" "-w" "/opt/rustwide/workdir" "-m" "1610612736" "--user" "0:0" "--network" "none" "ghcr.io/rust-lang/crates-build-env/linux@sha256:819108c5571ea2e421544af4d832f968d213c87fbe3707a016657f43d2f853bc" "/opt/rustwide/cargo-home/bin/cargo" "+nightly-2025-01-18" "test" "--frozen" "--no-run" "--message-format=json", kill_on_drop: false }`
[INFO] [stdout] 9b6a1a08db864b436568771fccae1abc8f4c068612ddf3082bd55470261305da
[INFO] running `Command { std: "docker" "start" "-a" "9b6a1a08db864b436568771fccae1abc8f4c068612ddf3082bd55470261305da", kill_on_drop: false }`
[INFO] [stderr]    Compiling indexmap v1.9.3
[INFO] [stderr]    Compiling hashbrown v0.12.3
[INFO] [stderr]    Compiling winnow v0.6.24
[INFO] [stderr]    Compiling target-triple v0.1.3
[INFO] [stderr]    Compiling wildmatch v2.4.0
[INFO] [stderr]    Compiling indoc v1.0.9
[INFO] [stderr]    Compiling glob v0.3.2
[INFO] [stderr]    Compiling matches v0.1.10
[INFO] [stderr]    Compiling toml_datetime v0.6.8
[INFO] [stderr]    Compiling serde_spanned v0.6.8
[INFO] [stderr]    Compiling toml_edit v0.19.15
[INFO] [stderr]    Compiling toml_edit v0.22.22
[INFO] [stderr]    Compiling proc-macro-crate v1.3.1
[INFO] [stderr]    Compiling ruma-serde-macros v0.6.1
[INFO] [stderr]    Compiling ruma-api-macros v0.20.1
[INFO] [stderr]    Compiling ruma-events-macros v0.26.1
[INFO] [stderr]    Compiling ruma-serde v0.6.1
[INFO] [stderr]    Compiling ruma-identifiers v0.22.1
[INFO] [stderr]    Compiling toml v0.8.19
[INFO] [stderr]    Compiling ruma-common v0.8.0
[INFO] [stderr]    Compiling ruma-api v0.20.1 (/opt/rustwide/workdir)
[INFO] [stderr]    Compiling trybuild v1.0.102
[INFO] [stdout] warning: unexpected `cfg` condition value: `unstable-exhaustive-types`
[INFO] [stdout]    --> src/error.rs:239:16
[INFO] [stdout]     |
[INFO] [stdout] 239 | #[cfg_attr(not(feature = "unstable-exhaustive-types"), non_exhaustive)]
[INFO] [stdout]     |                ^^^^^^^^^^^^^^^^^^^^^^^^^^^^^^^^^^^^^
[INFO] [stdout]     |
[INFO] [stdout]     = note: expected values for `feature` are: `client`, `default`, and `server`
[INFO] [stdout]     = help: consider adding `unstable-exhaustive-types` as a feature in `Cargo.toml`
[INFO] [stdout]     = note: see <https://doc.rust-lang.org/nightly/rustc/check-cfg/cargo-specifics.html> for more information about checking conditional configuration
[INFO] [stdout]     = note: `#[warn(unexpected_cfgs)]` on by default
[INFO] [stdout] 
[INFO] [stdout] 
[INFO] [stdout] warning: unexpected `cfg` condition value: `unstable-exhaustive-types`
[INFO] [stdout]   --> src/metadata.rs:77:16
[INFO] [stdout]    |
[INFO] [stdout] 77 | #[cfg_attr(not(feature = "unstable-exhaustive-types"), non_exhaustive)]
[INFO] [stdout]    |                ^^^^^^^^^^^^^^^^^^^^^^^^^^^^^^^^^^^^^
[INFO] [stdout]    |
[INFO] [stdout]    = note: expected values for `feature` are: `client`, `default`, and `server`
[INFO] [stdout]    = help: consider adding `unstable-exhaustive-types` as a feature in `Cargo.toml`
[INFO] [stdout]    = note: see <https://doc.rust-lang.org/nightly/rustc/check-cfg/cargo-specifics.html> for more information about checking conditional configuration
[INFO] [stdout] 
[INFO] [stdout] 
[INFO] [stderr]    Compiling ruma-events v0.26.1
[INFO] [stdout] warning: unexpected `cfg` condition value: `unstable-exhaustive-types`
[INFO] [stdout]   --> tests/optional_headers.rs:3:1
[INFO] [stdout]    |
[INFO] [stdout] 3  | / ruma_api! {
[INFO] [stdout] 4  | |     metadata: {
[INFO] [stdout] 5  | |         description: "Does something.",
[INFO] [stdout] 6  | |         method: GET,
[INFO] [stdout] ...  |
[INFO] [stdout] 22 | | }
[INFO] [stdout]    | |_^
[INFO] [stdout]    |
[INFO] [stdout]    = note: expected values for `feature` are: `client`, `default`, and `server`
[INFO] [stdout]    = note: using a cfg inside a macro will use the cfgs from the destination crate and not the ones from the defining crate
[INFO] [stdout]    = help: try referring to `ruma_api` crate for guidance on how handle this unexpected cfg
[INFO] [stdout]    = help: the macro `ruma_api` may come from an old version of the `ruma_api_macros` crate, try updating your dependency with `cargo update -p ruma_api_macros`
[INFO] [stdout]    = note: see <https://doc.rust-lang.org/nightly/rustc/check-cfg/cargo-specifics.html> for more information about checking conditional configuration
[INFO] [stdout]    = note: `#[warn(unexpected_cfgs)]` on by default
[INFO] [stdout]    = note: this warning originates in the macro `ruma_api` (in Nightly builds, run with -Z macro-backtrace for more info)
[INFO] [stdout] 
[INFO] [stdout] 
[INFO] [stdout] warning: unexpected `cfg` condition value: `unstable-exhaustive-types`
[INFO] [stdout]    --> src/error.rs:239:16
[INFO] [stdout]     |
[INFO] [stdout] 239 | #[cfg_attr(not(feature = "unstable-exhaustive-types"), non_exhaustive)]
[INFO] [stdout]     |                ^^^^^^^^^^^^^^^^^^^^^^^^^^^^^^^^^^^^^
[INFO] [stdout]     |
[INFO] [stdout]     = note: expected values for `feature` are: `client`, `default`, and `server`
[INFO] [stdout]     = help: consider adding `unstable-exhaustive-types` as a feature in `Cargo.toml`
[INFO] [stdout]     = note: see <https://doc.rust-lang.org/nightly/rustc/check-cfg/cargo-specifics.html> for more information about checking conditional configuration
[INFO] [stdout]     = note: `#[warn(unexpected_cfgs)]` on by default
[INFO] [stdout] 
[INFO] [stdout] 
[INFO] [stdout] warning: unexpected `cfg` condition value: `unstable-exhaustive-types`
[INFO] [stdout]   --> src/metadata.rs:77:16
[INFO] [stdout]    |
[INFO] [stdout] 77 | #[cfg_attr(not(feature = "unstable-exhaustive-types"), non_exhaustive)]
[INFO] [stdout]    |                ^^^^^^^^^^^^^^^^^^^^^^^^^^^^^^^^^^^^^
[INFO] [stdout]    |
[INFO] [stdout]    = note: expected values for `feature` are: `client`, `default`, and `server`
[INFO] [stdout]    = help: consider adding `unstable-exhaustive-types` as a feature in `Cargo.toml`
[INFO] [stdout]    = note: see <https://doc.rust-lang.org/nightly/rustc/check-cfg/cargo-specifics.html> for more information about checking conditional configuration
[INFO] [stdout] 
[INFO] [stdout] 
[INFO] [stdout] warning: unexpected `cfg` condition value: `unstable-exhaustive-types`
[INFO] [stdout]   --> tests/header_override.rs:8:1
[INFO] [stdout]    |
[INFO] [stdout] 8  | / ruma_api! {
[INFO] [stdout] 9  | |     metadata: {
[INFO] [stdout] 10 | |         description: "Does something.",
[INFO] [stdout] 11 | |         method: GET,
[INFO] [stdout] ...  |
[INFO] [stdout] 30 | | }
[INFO] [stdout]    | |_^
[INFO] [stdout]    |
[INFO] [stdout]    = note: expected values for `feature` are: `client`, `default`, and `server`
[INFO] [stdout]    = note: using a cfg inside a macro will use the cfgs from the destination crate and not the ones from the defining crate
[INFO] [stdout]    = help: try referring to `ruma_api` crate for guidance on how handle this unexpected cfg
[INFO] [stdout]    = help: the macro `ruma_api` may come from an old version of the `ruma_api_macros` crate, try updating your dependency with `cargo update -p ruma_api_macros`
[INFO] [stdout]    = note: see <https://doc.rust-lang.org/nightly/rustc/check-cfg/cargo-specifics.html> for more information about checking conditional configuration
[INFO] [stdout]    = note: `#[warn(unexpected_cfgs)]` on by default
[INFO] [stdout]    = note: this warning originates in the macro `ruma_api` (in Nightly builds, run with -Z macro-backtrace for more info)
[INFO] [stdout] 
[INFO] [stdout] 
[INFO] [stdout] warning: unexpected `cfg` condition value: `unstable-exhaustive-types`
[INFO] [stdout]   --> tests/no_fields.rs:4:5
[INFO] [stdout]    |
[INFO] [stdout] 4  | /     ruma_api::ruma_api! {
[INFO] [stdout] 5  | |         metadata: {
[INFO] [stdout] 6  | |             description: "Does something.",
[INFO] [stdout] 7  | |             method: GET,
[INFO] [stdout] ...  |
[INFO] [stdout] 15 | |         response: {}
[INFO] [stdout] 16 | |     }
[INFO] [stdout]    | |_____^
[INFO] [stdout]    |
[INFO] [stdout]    = note: expected values for `feature` are: `client`, `default`, and `server`
[INFO] [stdout]    = note: using a cfg inside a macro will use the cfgs from the destination crate and not the ones from the defining crate
[INFO] [stdout]    = help: try referring to `ruma_api::ruma_api` crate for guidance on how handle this unexpected cfg
[INFO] [stdout]    = help: the macro `ruma_api::ruma_api` may come from an old version of the `ruma_api_macros` crate, try updating your dependency with `cargo update -p ruma_api_macros`
[INFO] [stdout]    = note: see <https://doc.rust-lang.org/nightly/rustc/check-cfg/cargo-specifics.html> for more information about checking conditional configuration
[INFO] [stdout]    = note: `#[warn(unexpected_cfgs)]` on by default
[INFO] [stdout]    = note: this warning originates in the macro `ruma_api::ruma_api` (in Nightly builds, run with -Z macro-backtrace for more info)
[INFO] [stdout] 
[INFO] [stdout] 
[INFO] [stdout] warning: unexpected `cfg` condition value: `unstable-exhaustive-types`
[INFO] [stdout]   --> tests/no_fields.rs:20:5
[INFO] [stdout]    |
[INFO] [stdout] 20 | /     ruma_api::ruma_api! {
[INFO] [stdout] 21 | |         metadata: {
[INFO] [stdout] 22 | |             description: "Does something.",
[INFO] [stdout] 23 | |             method: POST,
[INFO] [stdout] ...  |
[INFO] [stdout] 31 | |         response: {}
[INFO] [stdout] 32 | |     }
[INFO] [stdout]    | |_____^
[INFO] [stdout]    |
[INFO] [stdout]    = note: expected values for `feature` are: `client`, `default`, and `server`
[INFO] [stdout]    = note: using a cfg inside a macro will use the cfgs from the destination crate and not the ones from the defining crate
[INFO] [stdout]    = help: try referring to `ruma_api::ruma_api` crate for guidance on how handle this unexpected cfg
[INFO] [stdout]    = help: the macro `ruma_api::ruma_api` may come from an old version of the `ruma_api_macros` crate, try updating your dependency with `cargo update -p ruma_api_macros`
[INFO] [stdout]    = note: see <https://doc.rust-lang.org/nightly/rustc/check-cfg/cargo-specifics.html> for more information about checking conditional configuration
[INFO] [stdout]    = note: this warning originates in the macro `ruma_api::ruma_api` (in Nightly builds, run with -Z macro-backtrace for more info)
[INFO] [stdout] 
[INFO] [stdout] 
[INFO] [stdout] warning: unexpected `cfg` condition value: `unstable-exhaustive-types`
[INFO] [stdout]   --> tests/conversions.rs:9:1
[INFO] [stdout]    |
[INFO] [stdout] 9  | / ruma_api! {
[INFO] [stdout] 10 | |     metadata: {
[INFO] [stdout] 11 | |         description: "Does something.",
[INFO] [stdout] 12 | |         method: POST,
[INFO] [stdout] ...  |
[INFO] [stdout] 40 | | }
[INFO] [stdout]    | |_^
[INFO] [stdout]    |
[INFO] [stdout]    = note: expected values for `feature` are: `client`, `default`, and `server`
[INFO] [stdout]    = note: using a cfg inside a macro will use the cfgs from the destination crate and not the ones from the defining crate
[INFO] [stdout]    = help: try referring to `ruma_api` crate for guidance on how handle this unexpected cfg
[INFO] [stdout]    = help: the macro `ruma_api` may come from an old version of the `ruma_api_macros` crate, try updating your dependency with `cargo update -p ruma_api_macros`
[INFO] [stdout]    = note: see <https://doc.rust-lang.org/nightly/rustc/check-cfg/cargo-specifics.html> for more information about checking conditional configuration
[INFO] [stdout]    = note: `#[warn(unexpected_cfgs)]` on by default
[INFO] [stdout]    = note: this warning originates in the macro `ruma_api` (in Nightly builds, run with -Z macro-backtrace for more info)
[INFO] [stdout] 
[INFO] [stdout] 
[INFO] [stdout] warning: unexpected `cfg` condition value: `unstable-exhaustive-types`
[INFO] [stdout]    --> tests/conversions.rs:124:5
[INFO] [stdout]     |
[INFO] [stdout] 124 | /     ruma_api! {
[INFO] [stdout] 125 | |         metadata: {
[INFO] [stdout] 126 | |             description: "Does something without query.",
[INFO] [stdout] 127 | |             method: POST,
[INFO] [stdout] ...   |
[INFO] [stdout] 151 | |     }
[INFO] [stdout]     | |_____^
[INFO] [stdout]     |
[INFO] [stdout]     = note: expected values for `feature` are: `client`, `default`, and `server`
[INFO] [stdout]     = note: using a cfg inside a macro will use the cfgs from the destination crate and not the ones from the defining crate
[INFO] [stdout]     = help: try referring to `ruma_api` crate for guidance on how handle this unexpected cfg
[INFO] [stdout]     = help: the macro `ruma_api` may come from an old version of the `ruma_api_macros` crate, try updating your dependency with `cargo update -p ruma_api_macros`
[INFO] [stdout]     = note: see <https://doc.rust-lang.org/nightly/rustc/check-cfg/cargo-specifics.html> for more information about checking conditional configuration
[INFO] [stdout]     = note: this warning originates in the macro `ruma_api` (in Nightly builds, run with -Z macro-backtrace for more info)
[INFO] [stdout] 
[INFO] [stdout] 
[INFO] [stdout] warning: unexpected `cfg` condition value: `unstable-exhaustive-types`
[INFO] [stdout]   --> tests/path_arg_ordering.rs:3:1
[INFO] [stdout]    |
[INFO] [stdout] 3  | / ruma_api! {
[INFO] [stdout] 4  | |     metadata: {
[INFO] [stdout] 5  | |         description: "Does something.",
[INFO] [stdout] 6  | |         method: GET,
[INFO] [stdout] ...  |
[INFO] [stdout] 24 | |     response: {}
[INFO] [stdout] 25 | | }
[INFO] [stdout]    | |_^
[INFO] [stdout]    |
[INFO] [stdout]    = note: expected values for `feature` are: `client`, `default`, and `server`
[INFO] [stdout]    = note: using a cfg inside a macro will use the cfgs from the destination crate and not the ones from the defining crate
[INFO] [stdout]    = help: try referring to `ruma_api` crate for guidance on how handle this unexpected cfg
[INFO] [stdout]    = help: the macro `ruma_api` may come from an old version of the `ruma_api_macros` crate, try updating your dependency with `cargo update -p ruma_api_macros`
[INFO] [stdout]    = note: see <https://doc.rust-lang.org/nightly/rustc/check-cfg/cargo-specifics.html> for more information about checking conditional configuration
[INFO] [stdout]    = note: `#[warn(unexpected_cfgs)]` on by default
[INFO] [stdout]    = note: this warning originates in the macro `ruma_api` (in Nightly builds, run with -Z macro-backtrace for more info)
[INFO] [stdout] 
[INFO] [stdout] 
[INFO] [stdout] warning: unexpected `cfg` condition value: `unstable-exhaustive-types`
[INFO] [stdout]   --> tests/ruma_api_macros.rs:9:5
[INFO] [stdout]    |
[INFO] [stdout] 9  | /     ruma_api! {
[INFO] [stdout] 10 | |         metadata: {
[INFO] [stdout] 11 | |             description: "Does something.",
[INFO] [stdout] 12 | |             method: POST, // An `http::Method` constant. No imports required.
[INFO] [stdout] ...  |
[INFO] [stdout] 55 | |     }
[INFO] [stdout]    | |_____^
[INFO] [stdout]    |
[INFO] [stdout]    = note: expected values for `feature` are: `client`, `default`, and `server`
[INFO] [stdout]    = note: using a cfg inside a macro will use the cfgs from the destination crate and not the ones from the defining crate
[INFO] [stdout]    = help: try referring to `ruma_api` crate for guidance on how handle this unexpected cfg
[INFO] [stdout]    = help: the macro `ruma_api` may come from an old version of the `ruma_api_macros` crate, try updating your dependency with `cargo update -p ruma_api_macros`
[INFO] [stdout]    = note: see <https://doc.rust-lang.org/nightly/rustc/check-cfg/cargo-specifics.html> for more information about checking conditional configuration
[INFO] [stdout]    = note: `#[warn(unexpected_cfgs)]` on by default
[INFO] [stdout]    = note: this warning originates in the macro `ruma_api` (in Nightly builds, run with -Z macro-backtrace for more info)
[INFO] [stdout] 
[INFO] [stdout] 
[INFO] [stdout] warning: unexpected `cfg` condition value: `unstable-exhaustive-types`
[INFO] [stdout]   --> tests/ruma_api_macros.rs:66:5
[INFO] [stdout]    |
[INFO] [stdout] 66 | /     ruma_api! {
[INFO] [stdout] 67 | |         metadata: {
[INFO] [stdout] 68 | |             description: "Does something.",
[INFO] [stdout] 69 | |             method: PUT,
[INFO] [stdout] ...  |
[INFO] [stdout] 85 | |     }
[INFO] [stdout]    | |_____^
[INFO] [stdout]    |
[INFO] [stdout]    = note: expected values for `feature` are: `client`, `default`, and `server`
[INFO] [stdout]    = note: using a cfg inside a macro will use the cfgs from the destination crate and not the ones from the defining crate
[INFO] [stdout]    = help: try referring to `ruma_api` crate for guidance on how handle this unexpected cfg
[INFO] [stdout]    = help: the macro `ruma_api` may come from an old version of the `ruma_api_macros` crate, try updating your dependency with `cargo update -p ruma_api_macros`
[INFO] [stdout]    = note: see <https://doc.rust-lang.org/nightly/rustc/check-cfg/cargo-specifics.html> for more information about checking conditional configuration
[INFO] [stdout]    = note: this warning originates in the macro `ruma_api` (in Nightly builds, run with -Z macro-backtrace for more info)
[INFO] [stdout] 
[INFO] [stdout] 
[INFO] [stdout] warning: unexpected `cfg` condition value: `unstable-exhaustive-types`
[INFO] [stdout]    --> tests/ruma_api_macros.rs:96:5
[INFO] [stdout]     |
[INFO] [stdout] 96  | /     ruma_api! {
[INFO] [stdout] 97  | |         metadata: {
[INFO] [stdout] 98  | |             description: "Does something.",
[INFO] [stdout] 99  | |             method: PUT,
[INFO] [stdout] ...   |
[INFO] [stdout] 115 | |     }
[INFO] [stdout]     | |_____^
[INFO] [stdout]     |
[INFO] [stdout]     = note: expected values for `feature` are: `client`, `default`, and `server`
[INFO] [stdout]     = note: using a cfg inside a macro will use the cfgs from the destination crate and not the ones from the defining crate
[INFO] [stdout]     = help: try referring to `ruma_api` crate for guidance on how handle this unexpected cfg
[INFO] [stdout]     = help: the macro `ruma_api` may come from an old version of the `ruma_api_macros` crate, try updating your dependency with `cargo update -p ruma_api_macros`
[INFO] [stdout]     = note: see <https://doc.rust-lang.org/nightly/rustc/check-cfg/cargo-specifics.html> for more information about checking conditional configuration
[INFO] [stdout]     = note: this warning originates in the macro `ruma_api` (in Nightly builds, run with -Z macro-backtrace for more info)
[INFO] [stdout] 
[INFO] [stdout] 
[INFO] [stdout] warning: unexpected `cfg` condition value: `unstable-exhaustive-types`
[INFO] [stdout]    --> tests/ruma_api_macros.rs:121:5
[INFO] [stdout]     |
[INFO] [stdout] 121 | /     ruma_api! {
[INFO] [stdout] 122 | |         metadata: {
[INFO] [stdout] 123 | |             description: "Does something.",
[INFO] [stdout] 124 | |             method: GET,
[INFO] [stdout] ...   |
[INFO] [stdout] 136 | |         response: {}
[INFO] [stdout] 137 | |     }
[INFO] [stdout]     | |_____^
[INFO] [stdout]     |
[INFO] [stdout]     = note: expected values for `feature` are: `client`, `default`, and `server`
[INFO] [stdout]     = note: using a cfg inside a macro will use the cfgs from the destination crate and not the ones from the defining crate
[INFO] [stdout]     = help: try referring to `ruma_api` crate for guidance on how handle this unexpected cfg
[INFO] [stdout]     = help: the macro `ruma_api` may come from an old version of the `ruma_api_macros` crate, try updating your dependency with `cargo update -p ruma_api_macros`
[INFO] [stdout]     = note: see <https://doc.rust-lang.org/nightly/rustc/check-cfg/cargo-specifics.html> for more information about checking conditional configuration
[INFO] [stdout]     = note: this warning originates in the macro `ruma_api` (in Nightly builds, run with -Z macro-backtrace for more info)
[INFO] [stdout] 
[INFO] [stdout] 
[INFO] [stdout] warning: unexpected `cfg` condition value: `unstable-exhaustive-types`
[INFO] [stdout]   --> tests/ruma_api_lifetime.rs:13:5
[INFO] [stdout]    |
[INFO] [stdout] 13 | /     ruma_api! {
[INFO] [stdout] 14 | |         metadata: {
[INFO] [stdout] 15 | |             description: "Add an alias to a room.",
[INFO] [stdout] 16 | |             method: PUT,
[INFO] [stdout] ...  |
[INFO] [stdout] 32 | |         response: {}
[INFO] [stdout] 33 | |     }
[INFO] [stdout]    | |_____^
[INFO] [stdout]    |
[INFO] [stdout]    = note: expected values for `feature` are: `client`, `default`, and `server`
[INFO] [stdout]    = note: using a cfg inside a macro will use the cfgs from the destination crate and not the ones from the defining crate
[INFO] [stdout]    = help: try referring to `ruma_api` crate for guidance on how handle this unexpected cfg
[INFO] [stdout]    = help: the macro `ruma_api` may come from an old version of the `ruma_api_macros` crate, try updating your dependency with `cargo update -p ruma_api_macros`
[INFO] [stdout]    = note: see <https://doc.rust-lang.org/nightly/rustc/check-cfg/cargo-specifics.html> for more information about checking conditional configuration
[INFO] [stdout]    = note: `#[warn(unexpected_cfgs)]` on by default
[INFO] [stdout]    = note: this warning originates in the macro `ruma_api` (in Nightly builds, run with -Z macro-backtrace for more info)
[INFO] [stdout] 
[INFO] [stdout] 
[INFO] [stdout] warning: unexpected `cfg` condition value: `unstable-exhaustive-types`
[INFO] [stdout]   --> tests/ruma_api_lifetime.rs:40:5
[INFO] [stdout]    |
[INFO] [stdout] 40 | /     ruma_api! {
[INFO] [stdout] 41 | |         metadata: {
[INFO] [stdout] 42 | |             description: "Add an alias to a room.",
[INFO] [stdout] 43 | |             method: PUT,
[INFO] [stdout] ...  |
[INFO] [stdout] 58 | |         response: {}
[INFO] [stdout] 59 | |     }
[INFO] [stdout]    | |_____^
[INFO] [stdout]    |
[INFO] [stdout]    = note: expected values for `feature` are: `client`, `default`, and `server`
[INFO] [stdout]    = note: using a cfg inside a macro will use the cfgs from the destination crate and not the ones from the defining crate
[INFO] [stdout]    = help: try referring to `ruma_api` crate for guidance on how handle this unexpected cfg
[INFO] [stdout]    = help: the macro `ruma_api` may come from an old version of the `ruma_api_macros` crate, try updating your dependency with `cargo update -p ruma_api_macros`
[INFO] [stdout]    = note: see <https://doc.rust-lang.org/nightly/rustc/check-cfg/cargo-specifics.html> for more information about checking conditional configuration
[INFO] [stdout]    = note: this warning originates in the macro `ruma_api` (in Nightly builds, run with -Z macro-backtrace for more info)
[INFO] [stdout] 
[INFO] [stdout] 
[INFO] [stdout] warning: unexpected `cfg` condition value: `unstable-exhaustive-types`
[INFO] [stdout]   --> tests/ruma_api_lifetime.rs:67:5
[INFO] [stdout]    |
[INFO] [stdout] 67 | /     ruma_api! {
[INFO] [stdout] 68 | |         metadata: {
[INFO] [stdout] 69 | |             description: "Does something.",
[INFO] [stdout] 70 | |             method: POST,
[INFO] [stdout] ...  |
[INFO] [stdout] 93 | |     }
[INFO] [stdout]    | |_____^
[INFO] [stdout]    |
[INFO] [stdout]    = note: expected values for `feature` are: `client`, `default`, and `server`
[INFO] [stdout]    = note: using a cfg inside a macro will use the cfgs from the destination crate and not the ones from the defining crate
[INFO] [stdout]    = help: try referring to `ruma_api` crate for guidance on how handle this unexpected cfg
[INFO] [stdout]    = help: the macro `ruma_api` may come from an old version of the `ruma_api_macros` crate, try updating your dependency with `cargo update -p ruma_api_macros`
[INFO] [stdout]    = note: see <https://doc.rust-lang.org/nightly/rustc/check-cfg/cargo-specifics.html> for more information about checking conditional configuration
[INFO] [stdout]    = note: this warning originates in the macro `ruma_api` (in Nightly builds, run with -Z macro-backtrace for more info)
[INFO] [stdout] 
[INFO] [stdout] 
[INFO] [stdout] warning: unexpected `cfg` condition value: `unstable-exhaustive-types`
[INFO] [stdout]    --> tests/ruma_api_lifetime.rs:99:5
[INFO] [stdout]     |
[INFO] [stdout] 99  | /     ruma_api! {
[INFO] [stdout] 100 | |         metadata: {
[INFO] [stdout] 101 | |             description: "Does something.",
[INFO] [stdout] 102 | |             method: GET,
[INFO] [stdout] ...   |
[INFO] [stdout] 125 | |     }
[INFO] [stdout]     | |_____^
[INFO] [stdout]     |
[INFO] [stdout]     = note: expected values for `feature` are: `client`, `default`, and `server`
[INFO] [stdout]     = note: using a cfg inside a macro will use the cfgs from the destination crate and not the ones from the defining crate
[INFO] [stdout]     = help: try referring to `ruma_api` crate for guidance on how handle this unexpected cfg
[INFO] [stdout]     = help: the macro `ruma_api` may come from an old version of the `ruma_api_macros` crate, try updating your dependency with `cargo update -p ruma_api_macros`
[INFO] [stdout]     = note: see <https://doc.rust-lang.org/nightly/rustc/check-cfg/cargo-specifics.html> for more information about checking conditional configuration
[INFO] [stdout]     = note: this warning originates in the macro `ruma_api` (in Nightly builds, run with -Z macro-backtrace for more info)
[INFO] [stdout] 
[INFO] [stdout] 
[INFO] [stdout] warning: unexpected `cfg` condition value: `unstable-exhaustive-types`
[INFO] [stdout]    --> tests/ruma_api_lifetime.rs:131:5
[INFO] [stdout]     |
[INFO] [stdout] 131 | /     ruma_api! {
[INFO] [stdout] 132 | |         metadata: {
[INFO] [stdout] 133 | |             description: "Get the list of rooms in this homeserver's public directory.",
[INFO] [stdout] 134 | |             method: GET,
[INFO] [stdout] ...   |
[INFO] [stdout] 160 | |         response: {}
[INFO] [stdout] 161 | |     }
[INFO] [stdout]     | |_____^
[INFO] [stdout]     |
[INFO] [stdout]     = note: expected values for `feature` are: `client`, `default`, and `server`
[INFO] [stdout]     = note: using a cfg inside a macro will use the cfgs from the destination crate and not the ones from the defining crate
[INFO] [stdout]     = help: try referring to `ruma_api` crate for guidance on how handle this unexpected cfg
[INFO] [stdout]     = help: the macro `ruma_api` may come from an old version of the `ruma_api_macros` crate, try updating your dependency with `cargo update -p ruma_api_macros`
[INFO] [stdout]     = note: see <https://doc.rust-lang.org/nightly/rustc/check-cfg/cargo-specifics.html> for more information about checking conditional configuration
[INFO] [stdout]     = note: this warning originates in the macro `ruma_api` (in Nightly builds, run with -Z macro-backtrace for more info)
[INFO] [stdout] 
[INFO] [stdout] 
[INFO] [stdout] warning: fields `limit`, `since`, and `server` are never read
[INFO] [stdout]    --> tests/ruma_api_lifetime.rs:145:17
[INFO] [stdout]     |
[INFO] [stdout] 131 | /     ruma_api! {
[INFO] [stdout] 132 | |         metadata: {
[INFO] [stdout] 133 | |             description: "Get the list of rooms in this homeserver's public directory.",
[INFO] [stdout] 134 | |             method: GET,
[INFO] [stdout] ...   |
[INFO] [stdout] 145 | |             pub limit: Option<usize>,
[INFO] [stdout]     | |                 ^^^^^
[INFO] [stdout] ...   |
[INFO] [stdout] 150 | |             pub since: Option<&'a str>,
[INFO] [stdout]     | |                 ^^^^^
[INFO] [stdout] ...   |
[INFO] [stdout] 157 | |             pub server: Option<&'a str>,
[INFO] [stdout]     | |                 ^^^^^^
[INFO] [stdout] ...   |
[INFO] [stdout] 160 | |         response: {}
[INFO] [stdout] 161 | |     }
[INFO] [stdout]     | |_____- fields in this struct
[INFO] [stdout]     |
[INFO] [stdout]     = note: `IncomingRequest` has a derived impl for the trait `Debug`, but this is intentionally ignored during dead code analysis
[INFO] [stdout]     = note: `#[warn(dead_code)]` on by default
[INFO] [stdout] 
[INFO] [stdout] 
[INFO] [stderr]     Finished `test` profile [unoptimized + debuginfo] target(s) in 29.17s
[INFO] running `Command { std: "docker" "inspect" "9b6a1a08db864b436568771fccae1abc8f4c068612ddf3082bd55470261305da", kill_on_drop: false }`
[INFO] running `Command { std: "docker" "rm" "-f" "9b6a1a08db864b436568771fccae1abc8f4c068612ddf3082bd55470261305da", kill_on_drop: false }`
[INFO] [stdout] 9b6a1a08db864b436568771fccae1abc8f4c068612ddf3082bd55470261305da
[INFO] running `Command { std: "docker" "create" "-v" "/var/lib/crater-agent-workspace/builds/worker-3-tc1/target:/opt/rustwide/target:rw,Z" "-v" "/var/lib/crater-agent-workspace/builds/worker-3-tc1/source:/opt/rustwide/workdir:ro,Z" "-v" "/var/lib/crater-agent-workspace/cargo-home:/opt/rustwide/cargo-home:ro,Z" "-v" "/var/lib/crater-agent-workspace/rustup-home:/opt/rustwide/rustup-home:ro,Z" "-e" "SOURCE_DIR=/opt/rustwide/workdir" "-e" "CARGO_TARGET_DIR=/opt/rustwide/target" "-e" "CARGO_INCREMENTAL=0" "-e" "RUST_BACKTRACE=full" "-e" "RUSTFLAGS=--cap-lints=forbid" "-e" "RUSTDOCFLAGS=--cap-lints=forbid" "-e" "CARGO_HOME=/opt/rustwide/cargo-home" "-e" "RUSTUP_HOME=/opt/rustwide/rustup-home" "-w" "/opt/rustwide/workdir" "-m" "1610612736" "--user" "0:0" "--network" "none" "ghcr.io/rust-lang/crates-build-env/linux@sha256:819108c5571ea2e421544af4d832f968d213c87fbe3707a016657f43d2f853bc" "/opt/rustwide/cargo-home/bin/cargo" "+nightly-2025-01-18" "test" "--frozen", kill_on_drop: false }`
[INFO] [stdout] cef8b7f573d791072e5f31bcadd163692d0b125a70240c6b9b329836ac5117b6
[INFO] running `Command { std: "docker" "start" "-a" "cef8b7f573d791072e5f31bcadd163692d0b125a70240c6b9b329836ac5117b6", kill_on_drop: false }`
[INFO] [stderr] warning: unexpected `cfg` condition value: `unstable-exhaustive-types`
[INFO] [stderr]    --> src/error.rs:239:16
[INFO] [stderr]     |
[INFO] [stderr] 239 | #[cfg_attr(not(feature = "unstable-exhaustive-types"), non_exhaustive)]
[INFO] [stderr]     |                ^^^^^^^^^^^^^^^^^^^^^^^^^^^^^^^^^^^^^
[INFO] [stderr]     |
[INFO] [stderr]     = note: expected values for `feature` are: `client`, `default`, and `server`
[INFO] [stderr]     = help: consider adding `unstable-exhaustive-types` as a feature in `Cargo.toml`
[INFO] [stderr]     = note: see <https://doc.rust-lang.org/nightly/rustc/check-cfg/cargo-specifics.html> for more information about checking conditional configuration
[INFO] [stderr]     = note: `#[warn(unexpected_cfgs)]` on by default
[INFO] [stderr] 
[INFO] [stderr] warning: unexpected `cfg` condition value: `unstable-exhaustive-types`
[INFO] [stderr]   --> src/metadata.rs:77:16
[INFO] [stderr]    |
[INFO] [stderr] 77 | #[cfg_attr(not(feature = "unstable-exhaustive-types"), non_exhaustive)]
[INFO] [stderr]    |                ^^^^^^^^^^^^^^^^^^^^^^^^^^^^^^^^^^^^^
[INFO] [stderr]    |
[INFO] [stderr]    = note: expected values for `feature` are: `client`, `default`, and `server`
[INFO] [stderr]    = help: consider adding `unstable-exhaustive-types` as a feature in `Cargo.toml`
[INFO] [stderr]    = note: see <https://doc.rust-lang.org/nightly/rustc/check-cfg/cargo-specifics.html> for more information about checking conditional configuration
[INFO] [stderr] 
[INFO] [stderr] warning: `ruma-api` (lib) generated 2 warnings
[INFO] [stderr] warning: unexpected `cfg` condition value: `unstable-exhaustive-types`
[INFO] [stderr]   --> tests/header_override.rs:8:1
[INFO] [stderr]    |
[INFO] [stderr] 8  | / ruma_api! {
[INFO] [stderr] 9  | |     metadata: {
[INFO] [stderr] 10 | |         description: "Does something.",
[INFO] [stderr] 11 | |         method: GET,
[INFO] [stderr] ...  |
[INFO] [stderr] 30 | | }
[INFO] [stderr]    | |_^
[INFO] [stderr]    |
[INFO] [stderr]    = note: expected values for `feature` are: `client`, `default`, and `server`
[INFO] [stderr]    = note: using a cfg inside a macro will use the cfgs from the destination crate and not the ones from the defining crate
[INFO] [stderr]    = help: try referring to `ruma_api` crate for guidance on how handle this unexpected cfg
[INFO] [stderr]    = help: the macro `ruma_api` may come from an old version of the `ruma_api_macros` crate, try updating your dependency with `cargo update -p ruma_api_macros`
[INFO] [stderr]    = note: see <https://doc.rust-lang.org/nightly/rustc/check-cfg/cargo-specifics.html> for more information about checking conditional configuration
[INFO] [stderr]    = note: `#[warn(unexpected_cfgs)]` on by default
[INFO] [stderr]    = note: this warning originates in the macro `ruma_api` (in Nightly builds, run with -Z macro-backtrace for more info)
[INFO] [stderr] 
[INFO] [stderr] warning: unexpected `cfg` condition value: `unstable-exhaustive-types`
[INFO] [stderr]   --> tests/conversions.rs:9:1
[INFO] [stderr]    |
[INFO] [stderr] 9  | / ruma_api! {
[INFO] [stderr] 10 | |     metadata: {
[INFO] [stderr] 11 | |         description: "Does something.",
[INFO] [stderr] 12 | |         method: POST,
[INFO] [stderr] ...  |
[INFO] [stderr] 40 | | }
[INFO] [stderr]    | |_^
[INFO] [stderr]    |
[INFO] [stderr]    = note: expected values for `feature` are: `client`, `default`, and `server`
[INFO] [stderr]    = note: using a cfg inside a macro will use the cfgs from the destination crate and not the ones from the defining crate
[INFO] [stderr]    = help: try referring to `ruma_api` crate for guidance on how handle this unexpected cfg
[INFO] [stderr]    = help: the macro `ruma_api` may come from an old version of the `ruma_api_macros` crate, try updating your dependency with `cargo update -p ruma_api_macros`
[INFO] [stderr]    = note: see <https://doc.rust-lang.org/nightly/rustc/check-cfg/cargo-specifics.html> for more information about checking conditional configuration
[INFO] [stderr]    = note: `#[warn(unexpected_cfgs)]` on by default
[INFO] [stderr]    = note: this warning originates in the macro `ruma_api` (in Nightly builds, run with -Z macro-backtrace for more info)
[INFO] [stderr] 
[INFO] [stderr] warning: unexpected `cfg` condition value: `unstable-exhaustive-types`
[INFO] [stderr]    --> tests/conversions.rs:124:5
[INFO] [stderr]     |
[INFO] [stderr] 124 | /     ruma_api! {
[INFO] [stderr] 125 | |         metadata: {
[INFO] [stderr] 126 | |             description: "Does something without query.",
[INFO] [stderr] 127 | |             method: POST,
[INFO] [stderr] ...   |
[INFO] [stderr] 151 | |     }
[INFO] [stderr]     | |_____^
[INFO] [stderr]     |
[INFO] [stderr]     = note: expected values for `feature` are: `client`, `default`, and `server`
[INFO] [stderr]     = note: using a cfg inside a macro will use the cfgs from the destination crate and not the ones from the defining crate
[INFO] [stderr]     = help: try referring to `ruma_api` crate for guidance on how handle this unexpected cfg
[INFO] [stderr]     = help: the macro `ruma_api` may come from an old version of the `ruma_api_macros` crate, try updating your dependency with `cargo update -p ruma_api_macros`
[INFO] [stderr]     = note: see <https://doc.rust-lang.org/nightly/rustc/check-cfg/cargo-specifics.html> for more information about checking conditional configuration
[INFO] [stderr]     = note: this warning originates in the macro `ruma_api` (in Nightly builds, run with -Z macro-backtrace for more info)
[INFO] [stderr] 
[INFO] [stderr] warning: unexpected `cfg` condition value: `unstable-exhaustive-types`
[INFO] [stderr]   --> tests/no_fields.rs:4:5
[INFO] [stderr]    |
[INFO] [stderr] 4  | /     ruma_api::ruma_api! {
[INFO] [stderr] 5  | |         metadata: {
[INFO] [stderr] 6  | |             description: "Does something.",
[INFO] [stderr] 7  | |             method: GET,
[INFO] [stderr] ...  |
[INFO] [stderr] 15 | |         response: {}
[INFO] [stderr] 16 | |     }
[INFO] [stderr]    | |_____^
[INFO] [stderr]    |
[INFO] [stderr]    = note: expected values for `feature` are: `client`, `default`, and `server`
[INFO] [stderr]    = note: using a cfg inside a macro will use the cfgs from the destination crate and not the ones from the defining crate
[INFO] [stderr]    = help: try referring to `ruma_api::ruma_api` crate for guidance on how handle this unexpected cfg
[INFO] [stderr]    = help: the macro `ruma_api::ruma_api` may come from an old version of the `ruma_api_macros` crate, try updating your dependency with `cargo update -p ruma_api_macros`
[INFO] [stderr]    = note: see <https://doc.rust-lang.org/nightly/rustc/check-cfg/cargo-specifics.html> for more information about checking conditional configuration
[INFO] [stderr]    = note: `#[warn(unexpected_cfgs)]` on by default
[INFO] [stderr]    = note: this warning originates in the macro `ruma_api::ruma_api` (in Nightly builds, run with -Z macro-backtrace for more info)
[INFO] [stderr] 
[INFO] [stderr] warning: unexpected `cfg` condition value: `unstable-exhaustive-types`
[INFO] [stderr]   --> tests/no_fields.rs:20:5
[INFO] [stderr]    |
[INFO] [stderr] 20 | /     ruma_api::ruma_api! {
[INFO] [stderr] 21 | |         metadata: {
[INFO] [stderr] 22 | |             description: "Does something.",
[INFO] [stderr] 23 | |             method: POST,
[INFO] [stderr] ...  |
[INFO] [stderr] 31 | |         response: {}
[INFO] [stderr] 32 | |     }
[INFO] [stderr]    | |_____^
[INFO] [stderr]    |
[INFO] [stderr]    = note: expected values for `feature` are: `client`, `default`, and `server`
[INFO] [stderr]    = note: using a cfg inside a macro will use the cfgs from the destination crate and not the ones from the defining crate
[INFO] [stderr]    = help: try referring to `ruma_api::ruma_api` crate for guidance on how handle this unexpected cfg
[INFO] [stderr]    = help: the macro `ruma_api::ruma_api` may come from an old version of the `ruma_api_macros` crate, try updating your dependency with `cargo update -p ruma_api_macros`
[INFO] [stderr]    = note: see <https://doc.rust-lang.org/nightly/rustc/check-cfg/cargo-specifics.html> for more information about checking conditional configuration
[INFO] [stderr]    = note: this warning originates in the macro `ruma_api::ruma_api` (in Nightly builds, run with -Z macro-backtrace for more info)
[INFO] [stderr] 
[INFO] [stderr] warning: unexpected `cfg` condition value: `unstable-exhaustive-types`
[INFO] [stderr]   --> tests/path_arg_ordering.rs:3:1
[INFO] [stderr]    |
[INFO] [stderr] 3  | / ruma_api! {
[INFO] [stderr] 4  | |     metadata: {
[INFO] [stderr] 5  | |         description: "Does something.",
[INFO] [stderr] 6  | |         method: GET,
[INFO] [stderr] ...  |
[INFO] [stderr] 24 | |     response: {}
[INFO] [stderr] 25 | | }
[INFO] [stderr]    | |_^
[INFO] [stderr]    |
[INFO] [stderr]    = note: expected values for `feature` are: `client`, `default`, and `server`
[INFO] [stderr]    = note: using a cfg inside a macro will use the cfgs from the destination crate and not the ones from the defining crate
[INFO] [stderr]    = help: try referring to `ruma_api` crate for guidance on how handle this unexpected cfg
[INFO] [stderr]    = help: the macro `ruma_api` may come from an old version of the `ruma_api_macros` crate, try updating your dependency with `cargo update -p ruma_api_macros`
[INFO] [stderr]    = note: see <https://doc.rust-lang.org/nightly/rustc/check-cfg/cargo-specifics.html> for more information about checking conditional configuration
[INFO] [stderr]    = note: `#[warn(unexpected_cfgs)]` on by default
[INFO] [stderr]    = note: this warning originates in the macro `ruma_api` (in Nightly builds, run with -Z macro-backtrace for more info)
[INFO] [stderr] 
[INFO] [stderr] warning: unexpected `cfg` condition value: `unstable-exhaustive-types`
[INFO] [stderr]   --> tests/ruma_api_macros.rs:9:5
[INFO] [stderr]    |
[INFO] [stderr] 9  | /     ruma_api! {
[INFO] [stderr] 10 | |         metadata: {
[INFO] [stderr] 11 | |             description: "Does something.",
[INFO] [stderr] 12 | |             method: POST, // An `http::Method` constant. No imports required.
[INFO] [stderr] ...  |
[INFO] [stderr] 55 | |     }
[INFO] [stderr]    | |_____^
[INFO] [stderr]    |
[INFO] [stderr]    = note: expected values for `feature` are: `client`, `default`, and `server`
[INFO] [stderr]    = note: using a cfg inside a macro will use the cfgs from the destination crate and not the ones from the defining crate
[INFO] [stderr]    = help: try referring to `ruma_api` crate for guidance on how handle this unexpected cfg
[INFO] [stderr]    = help: the macro `ruma_api` may come from an old version of the `ruma_api_macros` crate, try updating your dependency with `cargo update -p ruma_api_macros`
[INFO] [stderr]    = note: see <https://doc.rust-lang.org/nightly/rustc/check-cfg/cargo-specifics.html> for more information about checking conditional configuration
[INFO] [stderr]    = note: `#[warn(unexpected_cfgs)]` on by default
[INFO] [stderr]    = note: this warning originates in the macro `ruma_api` (in Nightly builds, run with -Z macro-backtrace for more info)
[INFO] [stderr] 
[INFO] [stderr] warning: unexpected `cfg` condition value: `unstable-exhaustive-types`
[INFO] [stderr]   --> tests/ruma_api_macros.rs:66:5
[INFO] [stderr]    |
[INFO] [stderr] 66 | /     ruma_api! {
[INFO] [stderr] 67 | |         metadata: {
[INFO] [stderr] 68 | |             description: "Does something.",
[INFO] [stderr] 69 | |             method: PUT,
[INFO] [stderr] ...  |
[INFO] [stderr] 85 | |     }
[INFO] [stderr]    | |_____^
[INFO] [stderr]    |
[INFO] [stderr]    = note: expected values for `feature` are: `client`, `default`, and `server`
[INFO] [stderr]    = note: using a cfg inside a macro will use the cfgs from the destination crate and not the ones from the defining crate
[INFO] [stderr]    = help: try referring to `ruma_api` crate for guidance on how handle this unexpected cfg
[INFO] [stderr]    = help: the macro `ruma_api` may come from an old version of the `ruma_api_macros` crate, try updating your dependency with `cargo update -p ruma_api_macros`
[INFO] [stderr]    = note: see <https://doc.rust-lang.org/nightly/rustc/check-cfg/cargo-specifics.html> for more information about checking conditional configuration
[INFO] [stderr]    = note: this warning originates in the macro `ruma_api` (in Nightly builds, run with -Z macro-backtrace for more info)
[INFO] [stderr] 
[INFO] [stderr] warning: unexpected `cfg` condition value: `unstable-exhaustive-types`
[INFO] [stderr]    --> tests/ruma_api_macros.rs:96:5
[INFO] [stderr]     |
[INFO] [stderr] 96  | /     ruma_api! {
[INFO] [stderr] 97  | |         metadata: {
[INFO] [stderr] 98  | |             description: "Does something.",
[INFO] [stderr] 99  | |             method: PUT,
[INFO] [stderr] ...   |
[INFO] [stderr] 115 | |     }
[INFO] [stderr]     | |_____^
[INFO] [stderr]     |
[INFO] [stderr]     = note: expected values for `feature` are: `client`, `default`, and `server`
[INFO] [stderr]     = note: using a cfg inside a macro will use the cfgs from the destination crate and not the ones from the defining crate
[INFO] [stderr]     = help: try referring to `ruma_api` crate for guidance on how handle this unexpected cfg
[INFO] [stderr]     = help: the macro `ruma_api` may come from an old version of the `ruma_api_macros` crate, try updating your dependency with `cargo update -p ruma_api_macros`
[INFO] [stderr]     = note: see <https://doc.rust-lang.org/nightly/rustc/check-cfg/cargo-specifics.html> for more information about checking conditional configuration
[INFO] [stderr]     = note: this warning originates in the macro `ruma_api` (in Nightly builds, run with -Z macro-backtrace for more info)
[INFO] [stderr] 
[INFO] [stderr] warning: unexpected `cfg` condition value: `unstable-exhaustive-types`
[INFO] [stderr]    --> tests/ruma_api_macros.rs:121:5
[INFO] [stderr]     |
[INFO] [stderr] 121 | /     ruma_api! {
[INFO] [stderr] 122 | |         metadata: {
[INFO] [stderr] 123 | |             description: "Does something.",
[INFO] [stderr] 124 | |             method: GET,
[INFO] [stderr] ...   |
[INFO] [stderr] 136 | |         response: {}
[INFO] [stderr] 137 | |     }
[INFO] [stderr]     | |_____^
[INFO] [stderr]     |
[INFO] [stderr]     = note: expected values for `feature` are: `client`, `default`, and `server`
[INFO] [stderr]     = note: using a cfg inside a macro will use the cfgs from the destination crate and not the ones from the defining crate
[INFO] [stderr]     = help: try referring to `ruma_api` crate for guidance on how handle this unexpected cfg
[INFO] [stderr]     = help: the macro `ruma_api` may come from an old version of the `ruma_api_macros` crate, try updating your dependency with `cargo update -p ruma_api_macros`
[INFO] [stderr]     = note: see <https://doc.rust-lang.org/nightly/rustc/check-cfg/cargo-specifics.html> for more information about checking conditional configuration
[INFO] [stderr]     = note: this warning originates in the macro `ruma_api` (in Nightly builds, run with -Z macro-backtrace for more info)
[INFO] [stderr] 
[INFO] [stderr] warning: unexpected `cfg` condition value: `unstable-exhaustive-types`
[INFO] [stderr]   --> tests/optional_headers.rs:3:1
[INFO] [stderr]    |
[INFO] [stderr] 3  | / ruma_api! {
[INFO] [stderr] 4  | |     metadata: {
[INFO] [stderr] 5  | |         description: "Does something.",
[INFO] [stderr] 6  | |         method: GET,
[INFO] [stderr] ...  |
[INFO] [stderr] 22 | | }
[INFO] [stderr]    | |_^
[INFO] [stderr]    |
[INFO] [stderr]    = note: expected values for `feature` are: `client`, `default`, and `server`
[INFO] [stderr]    = note: using a cfg inside a macro will use the cfgs from the destination crate and not the ones from the defining crate
[INFO] [stderr]    = help: try referring to `ruma_api` crate for guidance on how handle this unexpected cfg
[INFO] [stderr]    = help: the macro `ruma_api` may come from an old version of the `ruma_api_macros` crate, try updating your dependency with `cargo update -p ruma_api_macros`
[INFO] [stderr]    = note: see <https://doc.rust-lang.org/nightly/rustc/check-cfg/cargo-specifics.html> for more information about checking conditional configuration
[INFO] [stderr]    = note: `#[warn(unexpected_cfgs)]` on by default
[INFO] [stderr]    = note: this warning originates in the macro `ruma_api` (in Nightly builds, run with -Z macro-backtrace for more info)
[INFO] [stderr] 
[INFO] [stderr] warning: unexpected `cfg` condition value: `unstable-exhaustive-types`
[INFO] [stderr]   --> tests/ruma_api_lifetime.rs:13:5
[INFO] [stderr]    |
[INFO] [stderr] 13 | /     ruma_api! {
[INFO] [stderr] 14 | |         metadata: {
[INFO] [stderr] 15 | |             description: "Add an alias to a room.",
[INFO] [stderr] 16 | |             method: PUT,
[INFO] [stderr] ...  |
[INFO] [stderr] 32 | |         response: {}
[INFO] [stderr] 33 | |     }
[INFO] [stderr]    | |_____^
[INFO] [stderr]    |
[INFO] [stderr]    = note: expected values for `feature` are: `client`, `default`, and `server`
[INFO] [stderr]    = note: using a cfg inside a macro will use the cfgs from the destination crate and not the ones from the defining crate
[INFO] [stderr]    = help: try referring to `ruma_api` crate for guidance on how handle this unexpected cfg
[INFO] [stderr]    = help: the macro `ruma_api` may come from an old version of the `ruma_api_macros` crate, try updating your dependency with `cargo update -p ruma_api_macros`
[INFO] [stderr]    = note: see <https://doc.rust-lang.org/nightly/rustc/check-cfg/cargo-specifics.html> for more information about checking conditional configuration
[INFO] [stderr]    = note: `#[warn(unexpected_cfgs)]` on by default
[INFO] [stderr]    = note: this warning originates in the macro `ruma_api` (in Nightly builds, run with -Z macro-backtrace for more info)
[INFO] [stderr] 
[INFO] [stderr] warning: unexpected `cfg` condition value: `unstable-exhaustive-types`
[INFO] [stderr]   --> tests/ruma_api_lifetime.rs:40:5
[INFO] [stderr]    |
[INFO] [stderr] 40 | /     ruma_api! {
[INFO] [stderr] 41 | |         metadata: {
[INFO] [stderr] 42 | |             description: "Add an alias to a room.",
[INFO] [stderr] 43 | |             method: PUT,
[INFO] [stderr] ...  |
[INFO] [stderr] 58 | |         response: {}
[INFO] [stderr] 59 | |     }
[INFO] [stderr]    | |_____^
[INFO] [stderr]    |
[INFO] [stderr]    = note: expected values for `feature` are: `client`, `default`, and `server`
[INFO] [stderr]    = note: using a cfg inside a macro will use the cfgs from the destination crate and not the ones from the defining crate
[INFO] [stderr]    = help: try referring to `ruma_api` crate for guidance on how handle this unexpected cfg
[INFO] [stderr]    = help: the macro `ruma_api` may come from an old version of the `ruma_api_macros` crate, try updating your dependency with `cargo update -p ruma_api_macros`
[INFO] [stderr]    = note: see <https://doc.rust-lang.org/nightly/rustc/check-cfg/cargo-specifics.html> for more information about checking conditional configuration
[INFO] [stderr]    = note: this warning originates in the macro `ruma_api` (in Nightly builds, run with -Z macro-backtrace for more info)
[INFO] [stderr] 
[INFO] [stderr] warning: unexpected `cfg` condition value: `unstable-exhaustive-types`
[INFO] [stderr]   --> tests/ruma_api_lifetime.rs:67:5
[INFO] [stderr]    |
[INFO] [stderr] 67 | /     ruma_api! {
[INFO] [stderr] 68 | |         metadata: {
[INFO] [stderr] 69 | |             description: "Does something.",
[INFO] [stderr] 70 | |             method: POST,
[INFO] [stderr] ...  |
[INFO] [stderr] 93 | |     }
[INFO] [stderr]    | |_____^
[INFO] [stderr]    |
[INFO] [stderr]    = note: expected values for `feature` are: `client`, `default`, and `server`
[INFO] [stderr]    = note: using a cfg inside a macro will use the cfgs from the destination crate and not the ones from the defining crate
[INFO] [stderr]    = help: try referring to `ruma_api` crate for guidance on how handle this unexpected cfg
[INFO] [stderr]    = help: the macro `ruma_api` may come from an old version of the `ruma_api_macros` crate, try updating your dependency with `cargo update -p ruma_api_macros`
[INFO] [stderr]    = note: see <https://doc.rust-lang.org/nightly/rustc/check-cfg/cargo-specifics.html> for more information about checking conditional configuration
[INFO] [stderr]    = note: this warning originates in the macro `ruma_api` (in Nightly builds, run with -Z macro-backtrace for more info)
[INFO] [stderr] 
[INFO] [stderr] warning: unexpected `cfg` condition value: `unstable-exhaustive-types`
[INFO] [stderr]    --> tests/ruma_api_lifetime.rs:99:5
[INFO] [stderr]     |
[INFO] [stderr] 99  | /     ruma_api! {
[INFO] [stderr] 100 | |         metadata: {
[INFO] [stderr] 101 | |             description: "Does something.",
[INFO] [stderr] 102 | |             method: GET,
[INFO] [stderr] ...   |
[INFO] [stderr] 125 | |     }
[INFO] [stderr]     | |_____^
[INFO] [stderr]     |
[INFO] [stderr]     = note: expected values for `feature` are: `client`, `default`, and `server`
[INFO] [stderr]     = note: using a cfg inside a macro will use the cfgs from the destination crate and not the ones from the defining crate
[INFO] [stderr]     = help: try referring to `ruma_api` crate for guidance on how handle this unexpected cfg
[INFO] [stderr]     = help: the macro `ruma_api` may come from an old version of the `ruma_api_macros` crate, try updating your dependency with `cargo update -p ruma_api_macros`
[INFO] [stderr]     = note: see <https://doc.rust-lang.org/nightly/rustc/check-cfg/cargo-specifics.html> for more information about checking conditional configuration
[INFO] [stderr]     = note: this warning originates in the macro `ruma_api` (in Nightly builds, run with -Z macro-backtrace for more info)
[INFO] [stderr] 
[INFO] [stderr] warning: unexpected `cfg` condition value: `unstable-exhaustive-types`
[INFO] [stderr]    --> tests/ruma_api_lifetime.rs:131:5
[INFO] [stderr]     |
[INFO] [stderr] 131 | /     ruma_api! {
[INFO] [stderr] 132 | |         metadata: {
[INFO] [stderr] 133 | |             description: "Get the list of rooms in this homeserver's public directory.",
[INFO] [stderr] 134 | |             method: GET,
[INFO] [stderr] ...   |
[INFO] [stderr] 160 | |         response: {}
[INFO] [stderr] 161 | |     }
[INFO] [stderr]     | |_____^
[INFO] [stderr]     |
[INFO] [stderr]     = note: expected values for `feature` are: `client`, `default`, and `server`
[INFO] [stderr]     = note: using a cfg inside a macro will use the cfgs from the destination crate and not the ones from the defining crate
[INFO] [stderr]     = help: try referring to `ruma_api` crate for guidance on how handle this unexpected cfg
[INFO] [stderr]     = help: the macro `ruma_api` may come from an old version of the `ruma_api_macros` crate, try updating your dependency with `cargo update -p ruma_api_macros`
[INFO] [stderr]     = note: see <https://doc.rust-lang.org/nightly/rustc/check-cfg/cargo-specifics.html> for more information about checking conditional configuration
[INFO] [stderr]     = note: this warning originates in the macro `ruma_api` (in Nightly builds, run with -Z macro-backtrace for more info)
[INFO] [stderr] 
[INFO] [stderr] warning: fields `limit`, `since`, and `server` are never read
[INFO] [stderr]    --> tests/ruma_api_lifetime.rs:145:17
[INFO] [stderr]     |
[INFO] [stderr] 131 | /     ruma_api! {
[INFO] [stderr] 132 | |         metadata: {
[INFO] [stderr] 133 | |             description: "Get the list of rooms in this homeserver's public directory.",
[INFO] [stderr] 134 | |             method: GET,
[INFO] [stderr] ...   |
[INFO] [stderr] 145 | |             pub limit: Option<usize>,
[INFO] [stderr]     | |                 ^^^^^
[INFO] [stderr] ...   |
[INFO] [stderr] 150 | |             pub since: Option<&'a str>,
[INFO] [stderr]     | |                 ^^^^^
[INFO] [stderr] ...   |
[INFO] [stderr] 157 | |             pub server: Option<&'a str>,
[INFO] [stderr]     | |                 ^^^^^^
[INFO] [stderr] ...   |
[INFO] [stderr] 160 | |         response: {}
[INFO] [stderr] 161 | |     }
[INFO] [stderr]     | |_____- fields in this struct
[INFO] [stderr]     |
[INFO] [stderr]     = note: `IncomingRequest` has a derived impl for the trait `Debug`, but this is intentionally ignored during dead code analysis
[INFO] [stderr]     = note: `#[warn(dead_code)]` on by default
[INFO] [stderr] 
[INFO] [stderr] warning: `ruma-api` (test "header_override") generated 1 warning
[INFO] [stderr] warning: `ruma-api` (test "conversions") generated 2 warnings
[INFO] [stderr] warning: `ruma-api` (test "no_fields") generated 2 warnings
[INFO] [stderr] warning: `ruma-api` (test "path_arg_ordering") generated 1 warning
[INFO] [stderr] warning: `ruma-api` (lib test) generated 2 warnings (2 duplicates)
[INFO] [stderr] warning: `ruma-api` (test "ruma_api_macros") generated 4 warnings
[INFO] [stderr] warning: `ruma-api` (test "optional_headers") generated 1 warning
[INFO] [stderr] warning: `ruma-api` (test "ruma_api_lifetime") generated 6 warnings
[INFO] [stderr]     Finished `test` profile [unoptimized + debuginfo] target(s) in 0.23s
[INFO] [stderr]      Running unittests src/lib.rs (/opt/rustwide/target/debug/deps/ruma_api-64b22444122e231b)
[INFO] [stdout] 
[INFO] [stdout] running 0 tests
[INFO] [stdout] 
[INFO] [stdout] test result: ok. 0 passed; 0 failed; 0 ignored; 0 measured; 0 filtered out; finished in 0.00s
[INFO] [stdout] 
[INFO] [stderr]      Running tests/conversions.rs (/opt/rustwide/target/debug/deps/conversions-220865efdd113151)
[INFO] [stdout] 
[INFO] [stdout] running 4 tests
[INFO] [stdout] test invalid_uri_should_not_panic ... ok
[INFO] [stdout] test without_query::request_without_query_with_user_id_serde ... ok
[INFO] [stdout] test request_with_user_id_serde ... ok
[INFO] [stdout] test request_serde ... ok
[INFO] [stdout] 
[INFO] [stdout] test result: ok. 4 passed; 0 failed; 0 ignored; 0 measured; 0 filtered out; finished in 0.01s
[INFO] [stdout] 
[INFO] [stderr]      Running tests/header_override.rs (/opt/rustwide/target/debug/deps/header_override-2fa9db1d764e013d)
[INFO] [stdout] 
[INFO] [stdout] running 2 tests
[INFO] [stdout] test response_content_type_override ... ok
[INFO] [stderr]      Running tests/manual_endpoint_impl.rs (/opt/rustwide/target/debug/deps/manual_endpoint_impl-b639b5c8e95e1f62)
[INFO] [stdout] test request_content_type_override ... ok
[INFO] [stdout] 
[INFO] [stdout] test result: ok. 2 passed; 0 failed; 0 ignored; 0 measured; 0 filtered out; finished in 0.00s
[INFO] [stdout] 
[INFO] [stdout] 
[INFO] [stdout] running 0 tests
[INFO] [stdout] 
[INFO] [stdout] test result: ok. 0 passed; 0 failed; 0 ignored; 0 measured; 0 filtered out; finished in 0.00s
[INFO] [stdout] 
[INFO] [stderr]      Running tests/no_fields.rs (/opt/rustwide/target/debug/deps/no_fields-ad4d996860ecf76d)
[INFO] [stdout] 
[INFO] [stdout] running 4 tests
[INFO] [stdout] test empty_get_request_http_repr ... ok
[INFO] [stdout] test empty_post_request_http_repr ... ok
[INFO] [stdout] test empty_post_response_http_repr ... ok
[INFO] [stdout] test empty_get_response_http_repr ... ok
[INFO] [stdout] 
[INFO] [stdout] test result: ok. 4 passed; 0 failed; 0 ignored; 0 measured; 0 filtered out; finished in 0.00s
[INFO] [stdout] 
[INFO] [stderr]      Running tests/optional_headers.rs (/opt/rustwide/target/debug/deps/optional_headers-50d52b7b85927009)
[INFO] [stdout] 
[INFO] [stdout] running 0 tests
[INFO] [stdout] 
[INFO] [stdout] test result: ok. 0 passed; 0 failed; 0 ignored; 0 measured; 0 filtered out; finished in 0.00s
[INFO] [stdout] 
[INFO] [stderr]      Running tests/path_arg_ordering.rs (/opt/rustwide/target/debug/deps/path_arg_ordering-b7ec2e695e90012c)
[INFO] [stdout] 
[INFO] [stdout] running 1 test
[INFO] [stdout] test path_ordering_is_correct ... ok
[INFO] [stdout] 
[INFO] [stderr]      Running tests/ruma_api.rs (/opt/rustwide/target/debug/deps/ruma_api-7a80d1a77dd74765)
[INFO] [stdout] test result: ok. 1 passed; 0 failed; 0 ignored; 0 measured; 0 filtered out; finished in 0.00s
[INFO] [stdout] 
[INFO] [stdout] 
[INFO] [stdout] running 1 test
[INFO] [stderr]    Compiling proc-macro2 v1.0.93
[INFO] [stderr]    Compiling unicode-ident v1.0.14
[INFO] [stderr]    Compiling stable_deref_trait v1.2.0
[INFO] [stderr]    Compiling litemap v0.7.4
[INFO] [stderr]    Compiling writeable v0.5.5
[INFO] [stderr]    Compiling icu_locid_transform_data v1.5.0
[INFO] [stderr]    Compiling icu_properties_data v1.5.0
[INFO] [stderr]    Compiling equivalent v1.0.1
[INFO] [stderr]    Compiling syn v1.0.109
[INFO] [stderr]    Compiling thiserror v1.0.69
[INFO] [stderr]    Compiling hashbrown v0.15.2
[INFO] [stderr]    Compiling utf8_iter v1.0.4
[INFO] [stderr]    Compiling smallvec v1.13.2
[INFO] [stderr]    Compiling toml_datetime v0.6.8
[INFO] [stderr]    Compiling write16 v1.0.0
[INFO] [stderr]    Compiling utf16_iter v1.0.5
[INFO] [stderr]    Compiling serde v1.0.217
[INFO] [stderr]    Compiling icu_normalizer_data v1.5.0
[INFO] [stderr]    Compiling winnow v0.5.40
[INFO] [stderr]    Compiling once_cell v1.20.2
[INFO] [stderr]    Compiling percent-encoding v2.3.1
[INFO] [stderr]    Compiling serde_json v1.0.137
[INFO] [stderr]    Compiling itoa v1.0.14
[INFO] [stderr]    Compiling form_urlencoded v1.2.1
[INFO] [stderr]    Compiling ryu v1.0.18
[INFO] [stderr]    Compiling memchr v2.7.4
[INFO] [stderr]    Compiling bytes v1.9.0
[INFO] [stderr]    Compiling autocfg v1.4.0
[INFO] [stderr]    Compiling base64 v0.13.1
[INFO] [stderr]    Compiling pin-project-lite v0.2.16
[INFO] [stderr]    Compiling hashbrown v0.12.3
[INFO] [stderr]    Compiling fnv v1.0.7
[INFO] [stderr]    Compiling tracing-core v0.1.33
[INFO] [stderr]    Compiling wildmatch v2.4.0
[INFO] [stderr]    Compiling indoc v1.0.9
[INFO] [stderr]    Compiling matches v0.1.10
[INFO] [stderr]    Compiling indexmap v2.7.1
[INFO] [stderr]    Compiling http v0.2.12
[INFO] [stderr]    Compiling indexmap v1.9.3
[INFO] [stderr]    Compiling quote v1.0.38
[INFO] [stderr]    Compiling syn v2.0.96
[INFO] [stderr]    Compiling toml_edit v0.19.15
[INFO] [stderr]    Compiling proc-macro-crate v1.3.1
[INFO] [stderr]    Compiling synstructure v0.13.1
[INFO] [stderr]    Compiling ruma-serde-macros v0.6.1
[INFO] [stderr]    Compiling ruma-events-macros v0.26.1
[INFO] [stderr]    Compiling ruma-api-macros v0.20.1
[INFO] [stderr]    Compiling zerofrom-derive v0.1.5
[INFO] [stderr]    Compiling yoke-derive v0.7.5
[INFO] [stderr]    Compiling zerovec-derive v0.10.3
[INFO] [stderr]    Compiling displaydoc v0.2.5
[INFO] [stderr]    Compiling icu_provider_macros v1.5.0
[INFO] [stderr]    Compiling serde_derive v1.0.217
[INFO] [stderr]    Compiling thiserror-impl v1.0.69
[INFO] [stderr]    Compiling tracing-attributes v0.1.28
[INFO] [stderr]    Compiling tracing v0.1.41
[INFO] [stderr]    Compiling zerofrom v0.1.5
[INFO] [stderr]    Compiling yoke v0.7.5
[INFO] [stderr]    Compiling zerovec v0.10.4
[INFO] [stderr]    Compiling tinystr v0.7.6
[INFO] [stderr]    Compiling icu_collections v1.5.0
[INFO] [stderr]    Compiling icu_locid v1.5.0
[INFO] [stderr]    Compiling icu_provider v1.5.0
[INFO] [stderr]    Compiling icu_locid_transform v1.5.0
[INFO] [stderr]    Compiling icu_properties v1.5.1
[INFO] [stderr]    Compiling js_int v0.2.2
[INFO] [stderr]    Compiling icu_normalizer v1.5.0
[INFO] [stderr]    Compiling idna_adapter v1.2.0
[INFO] [stderr]    Compiling idna v1.0.3
[INFO] [stderr]    Compiling ruma-serde v0.6.1
[INFO] [stderr]    Compiling url v2.5.4
[INFO] [stderr]    Compiling ruma-identifiers-validation v0.7.0
[INFO] [stderr]    Compiling ruma-identifiers-macros v0.22.1
[INFO] [stderr]    Compiling ruma-identifiers v0.22.1
[INFO] [stderr]    Compiling ruma-common v0.8.0
[INFO] [stderr]    Compiling ruma-api v0.20.1 (/opt/rustwide/workdir)
[INFO] [stderr] warning: unexpected `cfg` condition value: `unstable-exhaustive-types`
[INFO] [stderr]    --> /opt/rustwide/workdir/src/error.rs:239:16
[INFO] [stderr]     |
[INFO] [stderr] 239 | #[cfg_attr(not(feature = "unstable-exhaustive-types"), non_exhaustive)]
[INFO] [stderr]     |                ^^^^^^^^^^^^^^^^^^^^^^^^^^^^^^^^^^^^^
[INFO] [stderr]     |
[INFO] [stderr]     = note: expected values for `feature` are: `client`, `default`, and `server`
[INFO] [stderr]     = help: consider adding `unstable-exhaustive-types` as a feature in `Cargo.toml`
[INFO] [stderr]     = note: see <https://doc.rust-lang.org/nightly/rustc/check-cfg/cargo-specifics.html> for more information about checking conditional configuration
[INFO] [stderr]     = note: `#[warn(unexpected_cfgs)]` on by default
[INFO] [stderr] 
[INFO] [stderr] warning: unexpected `cfg` condition value: `unstable-exhaustive-types`
[INFO] [stderr]   --> /opt/rustwide/workdir/src/metadata.rs:77:16
[INFO] [stderr]    |
[INFO] [stderr] 77 | #[cfg_attr(not(feature = "unstable-exhaustive-types"), non_exhaustive)]
[INFO] [stderr]    |                ^^^^^^^^^^^^^^^^^^^^^^^^^^^^^^^^^^^^^
[INFO] [stderr]    |
[INFO] [stderr]    = note: expected values for `feature` are: `client`, `default`, and `server`
[INFO] [stderr]    = help: consider adding `unstable-exhaustive-types` as a feature in `Cargo.toml`
[INFO] [stderr]    = note: see <https://doc.rust-lang.org/nightly/rustc/check-cfg/cargo-specifics.html> for more information about checking conditional configuration
[INFO] [stderr] 
[INFO] [stderr] warning: `ruma-api` (lib) generated 2 warnings
[INFO] [stderr]    Compiling ruma-events v0.26.1
[INFO] [stderr]    Compiling ruma-api-tests v0.0.0 (/opt/rustwide/target/tests/trybuild/ruma-api)
[INFO] [stderr]     Finished `dev` profile [unoptimized + debuginfo] target(s) in 59.24s
[INFO] [stderr] 
[INFO] [stderr] 
[INFO] [stdout] test ui has been running for over 60 seconds
[INFO] [stderr] test tests/ui/01-api-sanity-check.rs [should pass] ... ok
[INFO] [stderr] 
[INFO] [stderr] WARNINGS:
[INFO] [stderr] ┈┈┈┈┈┈┈┈┈┈┈┈┈┈┈┈┈┈┈┈┈┈┈┈┈┈┈┈┈┈┈┈┈┈┈┈┈┈┈┈┈┈┈┈┈┈┈┈┈┈┈┈┈┈┈┈┈┈┈┈
[INFO] [stderr] warning: unexpected `cfg` condition value: `unstable-exhaustive-types`
[INFO] [stderr]   --> tests/ui/01-api-sanity-check.rs:5:1
[INFO] [stderr]    |
[INFO] [stderr] 5  | / ruma_api! {
[INFO] [stderr] 6  | |     metadata: {
[INFO] [stderr] 7  | |         description: "Does something.",
[INFO] [stderr] 8  | |         method: POST, // An `http::Method` constant. No imports required.
[INFO] [stderr] ...  |
[INFO] [stderr] 56 | | }
[INFO] [stderr]    | |_^
[INFO] [stderr]    |
[INFO] [stderr]    = note: expected values for `feature` are: `client`, `default`, and `server`
[INFO] [stderr]    = note: using a cfg inside a macro will use the cfgs from the destination crate and not the ones from the defining crate
[INFO] [stderr]    = help: try referring to `ruma_api` crate for guidance on how handle this unexpected cfg
[INFO] [stderr]    = help: the macro `ruma_api` may come from an old version of the `ruma_api_macros` crate, try updating your dependency with `cargo update -p ruma_api_macros`
[INFO] [stderr]    = note: see <https://doc.rust-lang.org/nightly/rustc/check-cfg/cargo-specifics.html> for more information about checking conditional configuration
[INFO] [stderr]    = note: `#[warn(unexpected_cfgs)]` on by default
[INFO] [stderr]    = note: this warning originates in the macro `ruma_api` (in Nightly builds, run with -Z macro-backtrace for more info)
[INFO] [stderr] ┈┈┈┈┈┈┈┈┈┈┈┈┈┈┈┈┈┈┈┈┈┈┈┈┈┈┈┈┈┈┈┈┈┈┈┈┈┈┈┈┈┈┈┈┈┈┈┈┈┈┈┈┈┈┈┈┈┈┈┈
[INFO] [stderr] 
[INFO] [stderr] STDERR:
[INFO] [stderr] ┈┈┈┈┈┈┈┈┈┈┈┈┈┈┈┈┈┈┈┈┈┈┈┈┈┈┈┈┈┈┈┈┈┈┈┈┈┈┈┈┈┈┈┈┈┈┈┈┈┈┈┈┈┈┈┈┈┈┈┈
[INFO] [stderr] warning: unexpected `cfg` condition value: `unstable-exhaustive-types`
[INFO] [stderr]    --> /opt/rustwide/workdir/src/error.rs:239:16
[INFO] [stderr]     |
[INFO] [stderr] 239 | #[cfg_attr(not(feature = "unstable-exhaustive-types"), non_exhaustive)]
[INFO] [stderr]     |                ^^^^^^^^^^^^^^^^^^^^^^^^^^^^^^^^^^^^^
[INFO] [stderr]     |
[INFO] [stderr]     = note: expected values for `feature` are: `client`, `default`, and `server`
[INFO] [stderr]     = help: consider adding `unstable-exhaustive-types` as a feature in `Cargo.toml`
[INFO] [stderr]     = note: see <https://doc.rust-lang.org/nightly/rustc/check-cfg/cargo-specifics.html> for more information about checking conditional configuration
[INFO] [stderr]     = note: `#[warn(unexpected_cfgs)]` on by default
[INFO] [stderr] 
[INFO] [stderr] warning: unexpected `cfg` condition value: `unstable-exhaustive-types`
[INFO] [stderr]   --> /opt/rustwide/workdir/src/metadata.rs:77:16
[INFO] [stderr]    |
[INFO] [stderr] 77 | #[cfg_attr(not(feature = "unstable-exhaustive-types"), non_exhaustive)]
[INFO] [stderr]    |                ^^^^^^^^^^^^^^^^^^^^^^^^^^^^^^^^^^^^^
[INFO] [stderr]    |
[INFO] [stderr]    = note: expected values for `feature` are: `client`, `default`, and `server`
[INFO] [stderr]    = help: consider adding `unstable-exhaustive-types` as a feature in `Cargo.toml`
[INFO] [stderr]    = note: see <https://doc.rust-lang.org/nightly/rustc/check-cfg/cargo-specifics.html> for more information about checking conditional configuration
[INFO] [stderr] 
[INFO] [stderr] warning: unexpected `cfg` condition value: `unstable-exhaustive-types`
[INFO] [stderr]   --> /opt/rustwide/workdir/tests/ui/01-api-sanity-check.rs:5:1
[INFO] [stderr]    |
[INFO] [stderr] 5  | / ruma_api! {
[INFO] [stderr] 6  | |     metadata: {
[INFO] [stderr] 7  | |         description: "Does something.",
[INFO] [stderr] 8  | |         method: POST, // An `http::Method` constant. No imports required.
[INFO] [stderr] ...  |
[INFO] [stderr] 56 | | }
[INFO] [stderr]    | |_^
[INFO] [stderr]    |
[INFO] [stderr]    = note: expected values for `feature` are: `client`, `default`, and `server`
[INFO] [stderr]    = note: using a cfg inside a macro will use the cfgs from the destination crate and not the ones from the defining crate
[INFO] [stderr]    = help: try referring to `ruma_api` crate for guidance on how handle this unexpected cfg
[INFO] [stderr]    = help: the macro `ruma_api` may come from an old version of the `ruma_api_macros` crate, try updating your dependency with `cargo update -p ruma_api_macros`
[INFO] [stderr]    = note: see <https://doc.rust-lang.org/nightly/rustc/check-cfg/cargo-specifics.html> for more information about checking conditional configuration
[INFO] [stderr]    = note: `#[warn(unexpected_cfgs)]` on by default
[INFO] [stderr]    = note: this warning originates in the macro `ruma_api` (in Nightly builds, run with -Z macro-backtrace for more info)
[INFO] [stderr] ┈┈┈┈┈┈┈┈┈┈┈┈┈┈┈┈┈┈┈┈┈┈┈┈┈┈┈┈┈┈┈┈┈┈┈┈┈┈┈┈┈┈┈┈┈┈┈┈┈┈┈┈┈┈┈┈┈┈┈┈
[INFO] [stderr] 
[INFO] [stderr] test tests/ui/02-invalid-path.rs [should fail to compile] ... ok
[INFO] [stderr] test tests/ui/03-move-value.rs [should pass] ... ok
[INFO] [stderr] 
[INFO] [stderr] WARNINGS:
[INFO] [stderr] ┈┈┈┈┈┈┈┈┈┈┈┈┈┈┈┈┈┈┈┈┈┈┈┈┈┈┈┈┈┈┈┈┈┈┈┈┈┈┈┈┈┈┈┈┈┈┈┈┈┈┈┈┈┈┈┈┈┈┈┈
[INFO] [stderr] warning: unexpected `cfg` condition value: `unstable-exhaustive-types`
[INFO] [stderr]   --> tests/ui/03-move-value.rs:11:5
[INFO] [stderr]    |
[INFO] [stderr] 11 | /     ruma_api! {
[INFO] [stderr] 12 | |         metadata: {
[INFO] [stderr] 13 | |             description: "Does something.",
[INFO] [stderr] 14 | |             method: POST,
[INFO] [stderr] ...  |
[INFO] [stderr] 42 | |     }
[INFO] [stderr]    | |_____^
[INFO] [stderr]    |
[INFO] [stderr]    = note: expected values for `feature` are: `client`, `default`, and `server`
[INFO] [stderr]    = note: using a cfg inside a macro will use the cfgs from the destination crate and not the ones from the defining crate
[INFO] [stderr]    = help: try referring to `ruma_api` crate for guidance on how handle this unexpected cfg
[INFO] [stderr]    = help: the macro `ruma_api` may come from an old version of the `ruma_api_macros` crate, try updating your dependency with `cargo update -p ruma_api_macros`
[INFO] [stderr]    = note: see <https://doc.rust-lang.org/nightly/rustc/check-cfg/cargo-specifics.html> for more information about checking conditional configuration
[INFO] [stderr]    = note: `#[warn(unexpected_cfgs)]` on by default
[INFO] [stderr]    = note: this warning originates in the macro `ruma_api` (in Nightly builds, run with -Z macro-backtrace for more info)
[INFO] [stderr] 
[INFO] [stderr] warning: unexpected `cfg` condition value: `unstable-exhaustive-types`
[INFO] [stderr]   --> tests/ui/03-move-value.rs:49:5
[INFO] [stderr]    |
[INFO] [stderr] 49 | /     ruma_api! {
[INFO] [stderr] 50 | |         metadata: {
[INFO] [stderr] 51 | |             description: "Does something.",
[INFO] [stderr] 52 | |             method: POST,
[INFO] [stderr] ...  |
[INFO] [stderr] 80 | |     }
[INFO] [stderr]    | |_____^
[INFO] [stderr]    |
[INFO] [stderr]    = note: expected values for `feature` are: `client`, `default`, and `server`
[INFO] [stderr]    = note: using a cfg inside a macro will use the cfgs from the destination crate and not the ones from the defining crate
[INFO] [stderr]    = help: try referring to `ruma_api` crate for guidance on how handle this unexpected cfg
[INFO] [stderr]    = help: the macro `ruma_api` may come from an old version of the `ruma_api_macros` crate, try updating your dependency with `cargo update -p ruma_api_macros`
[INFO] [stderr]    = note: see <https://doc.rust-lang.org/nightly/rustc/check-cfg/cargo-specifics.html> for more information about checking conditional configuration
[INFO] [stderr]    = note: this warning originates in the macro `ruma_api` (in Nightly builds, run with -Z macro-backtrace for more info)
[INFO] [stderr] 
[INFO] [stderr] warning: unexpected `cfg` condition value: `unstable-exhaustive-types`
[INFO] [stderr]    --> tests/ui/03-move-value.rs:90:5
[INFO] [stderr]     |
[INFO] [stderr] 90  | /     ruma_api! {
[INFO] [stderr] 91  | |         metadata: {
[INFO] [stderr] 92  | |             description: "Does something.",
[INFO] [stderr] 93  | |             method: POST,
[INFO] [stderr] ...   |
[INFO] [stderr] 119 | |     }
[INFO] [stderr]     | |_____^
[INFO] [stderr]     |
[INFO] [stderr]     = note: expected values for `feature` are: `client`, `default`, and `server`
[INFO] [stderr]     = note: using a cfg inside a macro will use the cfgs from the destination crate and not the ones from the defining crate
[INFO] [stderr]     = help: try referring to `ruma_api` crate for guidance on how handle this unexpected cfg
[INFO] [stderr]     = help: the macro `ruma_api` may come from an old version of the `ruma_api_macros` crate, try updating your dependency with `cargo update -p ruma_api_macros`
[INFO] [stderr]     = note: see <https://doc.rust-lang.org/nightly/rustc/check-cfg/cargo-specifics.html> for more information about checking conditional configuration
[INFO] [stderr]     = note: this warning originates in the macro `ruma_api` (in Nightly builds, run with -Z macro-backtrace for more info)
[INFO] [stderr] ┈┈┈┈┈┈┈┈┈┈┈┈┈┈┈┈┈┈┈┈┈┈┈┈┈┈┈┈┈┈┈┈┈┈┈┈┈┈┈┈┈┈┈┈┈┈┈┈┈┈┈┈┈┈┈┈┈┈┈┈
[INFO] [stderr] 
[INFO] [stderr] STDERR:
[INFO] [stderr] ┈┈┈┈┈┈┈┈┈┈┈┈┈┈┈┈┈┈┈┈┈┈┈┈┈┈┈┈┈┈┈┈┈┈┈┈┈┈┈┈┈┈┈┈┈┈┈┈┈┈┈┈┈┈┈┈┈┈┈┈
[INFO] [stderr] warning: unexpected `cfg` condition value: `unstable-exhaustive-types`
[INFO] [stderr]    --> /opt/rustwide/workdir/src/error.rs:239:16
[INFO] [stderr]     |
[INFO] [stderr] 239 | #[cfg_attr(not(feature = "unstable-exhaustive-types"), non_exhaustive)]
[INFO] [stderr]     |                ^^^^^^^^^^^^^^^^^^^^^^^^^^^^^^^^^^^^^
[INFO] [stderr]     |
[INFO] [stderr]     = note: expected values for `feature` are: `client`, `default`, and `server`
[INFO] [stderr]     = help: consider adding `unstable-exhaustive-types` as a feature in `Cargo.toml`
[INFO] [stderr]     = note: see <https://doc.rust-lang.org/nightly/rustc/check-cfg/cargo-specifics.html> for more information about checking conditional configuration
[INFO] [stderr]     = note: `#[warn(unexpected_cfgs)]` on by default
[INFO] [stderr] 
[INFO] [stderr] warning: unexpected `cfg` condition value: `unstable-exhaustive-types`
[INFO] [stderr]   --> /opt/rustwide/workdir/src/metadata.rs:77:16
[INFO] [stderr]    |
[INFO] [stderr] 77 | #[cfg_attr(not(feature = "unstable-exhaustive-types"), non_exhaustive)]
[INFO] [stderr]    |                ^^^^^^^^^^^^^^^^^^^^^^^^^^^^^^^^^^^^^
[INFO] [stderr]    |
[INFO] [stderr]    = note: expected values for `feature` are: `client`, `default`, and `server`
[INFO] [stderr]    = help: consider adding `unstable-exhaustive-types` as a feature in `Cargo.toml`
[INFO] [stderr]    = note: see <https://doc.rust-lang.org/nightly/rustc/check-cfg/cargo-specifics.html> for more information about checking conditional configuration
[INFO] [stderr] 
[INFO] [stderr] warning: unexpected `cfg` condition value: `unstable-exhaustive-types`
[INFO] [stderr]   --> /opt/rustwide/workdir/tests/ui/03-move-value.rs:11:5
[INFO] [stderr]    |
[INFO] [stderr] 11 | /     ruma_api! {
[INFO] [stderr] 12 | |         metadata: {
[INFO] [stderr] 13 | |             description: "Does something.",
[INFO] [stderr] 14 | |             method: POST,
[INFO] [stderr] ...  |
[INFO] [stderr] 42 | |     }
[INFO] [stderr]    | |_____^
[INFO] [stderr]    |
[INFO] [stderr]    = note: expected values for `feature` are: `client`, `default`, and `server`
[INFO] [stderr]    = note: using a cfg inside a macro will use the cfgs from the destination crate and not the ones from the defining crate
[INFO] [stderr]    = help: try referring to `ruma_api` crate for guidance on how handle this unexpected cfg
[INFO] [stderr]    = help: the macro `ruma_api` may come from an old version of the `ruma_api_macros` crate, try updating your dependency with `cargo update -p ruma_api_macros`
[INFO] [stderr]    = note: see <https://doc.rust-lang.org/nightly/rustc/check-cfg/cargo-specifics.html> for more information about checking conditional configuration
[INFO] [stderr]    = note: `#[warn(unexpected_cfgs)]` on by default
[INFO] [stderr]    = note: this warning originates in the macro `ruma_api` (in Nightly builds, run with -Z macro-backtrace for more info)
[INFO] [stderr] 
[INFO] [stderr] warning: unexpected `cfg` condition value: `unstable-exhaustive-types`
[INFO] [stderr]   --> /opt/rustwide/workdir/tests/ui/03-move-value.rs:49:5
[INFO] [stderr]    |
[INFO] [stderr] 49 | /     ruma_api! {
[INFO] [stderr] 50 | |         metadata: {
[INFO] [stderr] 51 | |             description: "Does something.",
[INFO] [stderr] 52 | |             method: POST,
[INFO] [stderr] ...  |
[INFO] [stderr] 80 | |     }
[INFO] [stderr]    | |_____^
[INFO] [stderr]    |
[INFO] [stderr]    = note: expected values for `feature` are: `client`, `default`, and `server`
[INFO] [stderr]    = note: using a cfg inside a macro will use the cfgs from the destination crate and not the ones from the defining crate
[INFO] [stderr]    = help: try referring to `ruma_api` crate for guidance on how handle this unexpected cfg
[INFO] [stderr]    = help: the macro `ruma_api` may come from an old version of the `ruma_api_macros` crate, try updating your dependency with `cargo update -p ruma_api_macros`
[INFO] [stderr]    = note: see <https://doc.rust-lang.org/nightly/rustc/check-cfg/cargo-specifics.html> for more information about checking conditional configuration
[INFO] [stderr]    = note: this warning originates in the macro `ruma_api` (in Nightly builds, run with -Z macro-backtrace for more info)
[INFO] [stderr] 
[INFO] [stderr] warning: unexpected `cfg` condition value: `unstable-exhaustive-types`
[INFO] [stderr]    --> /opt/rustwide/workdir/tests/ui/03-move-value.rs:90:5
[INFO] [stderr]     |
[INFO] [stderr] 90  | /     ruma_api! {
[INFO] [stderr] 91  | |         metadata: {
[INFO] [stderr] 92  | |             description: "Does something.",
[INFO] [stderr] 93  | |             method: POST,
[INFO] [stderr] ...   |
[INFO] [stderr] 119 | |     }
[INFO] [stderr]     | |_____^
[INFO] [stderr]     |
[INFO] [stderr]     = note: expected values for `feature` are: `client`, `default`, and `server`
[INFO] [stderr]     = note: using a cfg inside a macro will use the cfgs from the destination crate and not the ones from the defining crate
[INFO] [stderr]     = help: try referring to `ruma_api` crate for guidance on how handle this unexpected cfg
[INFO] [stderr]     = help: the macro `ruma_api` may come from an old version of the `ruma_api_macros` crate, try updating your dependency with `cargo update -p ruma_api_macros`
[INFO] [stderr]     = note: see <https://doc.rust-lang.org/nightly/rustc/check-cfg/cargo-specifics.html> for more information about checking conditional configuration
[INFO] [stderr]     = note: this warning originates in the macro `ruma_api` (in Nightly builds, run with -Z macro-backtrace for more info)
[INFO] [stderr] ┈┈┈┈┈┈┈┈┈┈┈┈┈┈┈┈┈┈┈┈┈┈┈┈┈┈┈┈┈┈┈┈┈┈┈┈┈┈┈┈┈┈┈┈┈┈┈┈┈┈┈┈┈┈┈┈┈┈┈┈
[INFO] [stderr] 
[INFO] [stderr] test tests/ui/04-attributes.rs [should fail to compile] ... mismatch
[INFO] [stderr] 
[INFO] [stderr] EXPECTED:
[INFO] [stderr] ┈┈┈┈┈┈┈┈┈┈┈┈┈┈┈┈┈┈┈┈┈┈┈┈┈┈┈┈┈┈┈┈┈┈┈┈┈┈┈┈┈┈┈┈┈┈┈┈┈┈┈┈┈┈┈┈┈┈┈┈
[INFO] [stderr] error: cannot find attribute `not_a_real_attribute_should_fail` in this scope
[INFO] [stderr]   --> $DIR/04-attributes.rs:13:7
[INFO] [stderr]    |
[INFO] [stderr] 13 |     #[not_a_real_attribute_should_fail]
[INFO] [stderr]    |       ^^^^^^^^^^^^^^^^^^^^^^^^^^^^^^^^
[INFO] [stderr] ┈┈┈┈┈┈┈┈┈┈┈┈┈┈┈┈┈┈┈┈┈┈┈┈┈┈┈┈┈┈┈┈┈┈┈┈┈┈┈┈┈┈┈┈┈┈┈┈┈┈┈┈┈┈┈┈┈┈┈┈
[INFO] [stderr] 
[INFO] [stderr] ACTUAL OUTPUT:
[INFO] [stderr] ┈┈┈┈┈┈┈┈┈┈┈┈┈┈┈┈┈┈┈┈┈┈┈┈┈┈┈┈┈┈┈┈┈┈┈┈┈┈┈┈┈┈┈┈┈┈┈┈┈┈┈┈┈┈┈┈┈┈┈┈
[INFO] [stderr] error: cannot find attribute `not_a_real_attribute_should_fail` in this scope
[INFO] [stderr]   --> tests/ui/04-attributes.rs:13:7
[INFO] [stderr]    |
[INFO] [stderr] 13 |     #[not_a_real_attribute_should_fail]
[INFO] [stderr]    |       ^^^^^^^^^^^^^^^^^^^^^^^^^^^^^^^^
[INFO] [stderr] 
[INFO] [stderr] warning: unexpected `cfg` condition value: `unstable-exhaustive-types`
[INFO] [stderr]   --> tests/ui/04-attributes.rs:3:1
[INFO] [stderr]    |
[INFO] [stderr] 3  | / ruma_api! {
[INFO] [stderr] 4  | |     metadata: {
[INFO] [stderr] 5  | |         description: "Does something.",
[INFO] [stderr] 6  | |         method: POST, // An `http::Method` constant. No imports required.
[INFO] [stderr] ...  |
[INFO] [stderr] 27 | | }
[INFO] [stderr]    | |_^
[INFO] [stderr]    |
[INFO] [stderr]    = note: expected values for `feature` are: `client`, `default`, and `server`
[INFO] [stderr]    = note: using a cfg inside a macro will use the cfgs from the destination crate and not the ones from the defining crate
[INFO] [stderr]    = help: try referring to `ruma_api` crate for guidance on how handle this unexpected cfg
[INFO] [stderr]    = help: the macro `ruma_api` may come from an old version of the `ruma_api_macros` crate, try updating your dependency with `cargo update -p ruma_api_macros`
[INFO] [stderr]    = note: see <https://doc.rust-lang.org/nightly/rustc/check-cfg/cargo-specifics.html> for more information about checking conditional configuration
[INFO] [stderr]    = note: `#[warn(unexpected_cfgs)]` on by default
[INFO] [stderr]    = note: this warning originates in the macro `ruma_api` (in Nightly builds, run with -Z macro-backtrace for more info)
[INFO] [stderr] ┈┈┈┈┈┈┈┈┈┈┈┈┈┈┈┈┈┈┈┈┈┈┈┈┈┈┈┈┈┈┈┈┈┈┈┈┈┈┈┈┈┈┈┈┈┈┈┈┈┈┈┈┈┈┈┈┈┈┈┈
[INFO] [stderr] note: If the actual output is the correct output you can bless it by rerunning
[INFO] [stderr]       your test with the environment variable TRYBUILD=overwrite
[INFO] [stderr] 
[INFO] [stderr] test tests/ui/05-request-only.rs [should pass] ... ok
[INFO] [stderr] 
[INFO] [stderr] WARNINGS:
[INFO] [stderr] ┈┈┈┈┈┈┈┈┈┈┈┈┈┈┈┈┈┈┈┈┈┈┈┈┈┈┈┈┈┈┈┈┈┈┈┈┈┈┈┈┈┈┈┈┈┈┈┈┈┈┈┈┈┈┈┈┈┈┈┈
[INFO] [stderr] warning: unexpected `cfg` condition value: `unstable-exhaustive-types`
[INFO] [stderr]   --> tests/ui/05-request-only.rs:8:1
[INFO] [stderr]    |
[INFO] [stderr] 8  | / ruma_api! {
[INFO] [stderr] 9  | |     metadata: {
[INFO] [stderr] 10 | |         description: "Does something.",
[INFO] [stderr] 11 | |         method: POST, // An `http::Method` constant. No imports required.
[INFO] [stderr] ...  |
[INFO] [stderr] 24 | | }
[INFO] [stderr]    | |_^
[INFO] [stderr]    |
[INFO] [stderr]    = note: expected values for `feature` are: `client`, `default`, and `server`
[INFO] [stderr]    = note: using a cfg inside a macro will use the cfgs from the destination crate and not the ones from the defining crate
[INFO] [stderr]    = help: try referring to `ruma_api` crate for guidance on how handle this unexpected cfg
[INFO] [stderr]    = help: the macro `ruma_api` may come from an old version of the `ruma_api_macros` crate, try updating your dependency with `cargo update -p ruma_api_macros`
[INFO] [stderr]    = note: see <https://doc.rust-lang.org/nightly/rustc/check-cfg/cargo-specifics.html> for more information about checking conditional configuration
[INFO] [stderr]    = note: `#[warn(unexpected_cfgs)]` on by default
[INFO] [stderr]    = note: this warning originates in the macro `ruma_api` (in Nightly builds, run with -Z macro-backtrace for more info)
[INFO] [stderr] ┈┈┈┈┈┈┈┈┈┈┈┈┈┈┈┈┈┈┈┈┈┈┈┈┈┈┈┈┈┈┈┈┈┈┈┈┈┈┈┈┈┈┈┈┈┈┈┈┈┈┈┈┈┈┈┈┈┈┈┈
[INFO] [stderr] 
[INFO] [stderr] STDERR:
[INFO] [stderr] ┈┈┈┈┈┈┈┈┈┈┈┈┈┈┈┈┈┈┈┈┈┈┈┈┈┈┈┈┈┈┈┈┈┈┈┈┈┈┈┈┈┈┈┈┈┈┈┈┈┈┈┈┈┈┈┈┈┈┈┈
[INFO] [stderr] warning: unexpected `cfg` condition value: `unstable-exhaustive-types`
[INFO] [stderr]    --> /opt/rustwide/workdir/src/error.rs:239:16
[INFO] [stderr]     |
[INFO] [stderr] 239 | #[cfg_attr(not(feature = "unstable-exhaustive-types"), non_exhaustive)]
[INFO] [stderr]     |                ^^^^^^^^^^^^^^^^^^^^^^^^^^^^^^^^^^^^^
[INFO] [stderr]     |
[INFO] [stderr]     = note: expected values for `feature` are: `client`, `default`, and `server`
[INFO] [stderr]     = help: consider adding `unstable-exhaustive-types` as a feature in `Cargo.toml`
[INFO] [stderr]     = note: see <https://doc.rust-lang.org/nightly/rustc/check-cfg/cargo-specifics.html> for more information about checking conditional configuration
[INFO] [stderr]     = note: `#[warn(unexpected_cfgs)]` on by default
[INFO] [stderr] 
[INFO] [stderr] warning: unexpected `cfg` condition value: `unstable-exhaustive-types`
[INFO] [stderr]   --> /opt/rustwide/workdir/src/metadata.rs:77:16
[INFO] [stderr]    |
[INFO] [stderr] 77 | #[cfg_attr(not(feature = "unstable-exhaustive-types"), non_exhaustive)]
[INFO] [stderr]    |                ^^^^^^^^^^^^^^^^^^^^^^^^^^^^^^^^^^^^^
[INFO] [stderr]    |
[INFO] [stderr]    = note: expected values for `feature` are: `client`, `default`, and `server`
[INFO] [stderr]    = help: consider adding `unstable-exhaustive-types` as a feature in `Cargo.toml`
[INFO] [stderr]    = note: see <https://doc.rust-lang.org/nightly/rustc/check-cfg/cargo-specifics.html> for more information about checking conditional configuration
[INFO] [stderr] 
[INFO] [stderr] warning: unexpected `cfg` condition value: `unstable-exhaustive-types`
[INFO] [stderr]   --> /opt/rustwide/workdir/tests/ui/05-request-only.rs:8:1
[INFO] [stderr]    |
[INFO] [stderr] 8  | / ruma_api! {
[INFO] [stderr] 9  | |     metadata: {
[INFO] [stderr] 10 | |         description: "Does something.",
[INFO] [stderr] 11 | |         method: POST, // An `http::Method` constant. No imports required.
[INFO] [stderr] ...  |
[INFO] [stderr] 24 | | }
[INFO] [stderr]    | |_^
[INFO] [stderr]    |
[INFO] [stderr]    = note: expected values for `feature` are: `client`, `default`, and `server`
[INFO] [stderr]    = note: using a cfg inside a macro will use the cfgs from the destination crate and not the ones from the defining crate
[INFO] [stderr]    = help: try referring to `ruma_api` crate for guidance on how handle this unexpected cfg
[INFO] [stderr]    = help: the macro `ruma_api` may come from an old version of the `ruma_api_macros` crate, try updating your dependency with `cargo update -p ruma_api_macros`
[INFO] [stderr]    = note: see <https://doc.rust-lang.org/nightly/rustc/check-cfg/cargo-specifics.html> for more information about checking conditional configuration
[INFO] [stderr]    = note: `#[warn(unexpected_cfgs)]` on by default
[INFO] [stderr]    = note: this warning originates in the macro `ruma_api` (in Nightly builds, run with -Z macro-backtrace for more info)
[INFO] [stderr] ┈┈┈┈┈┈┈┈┈┈┈┈┈┈┈┈┈┈┈┈┈┈┈┈┈┈┈┈┈┈┈┈┈┈┈┈┈┈┈┈┈┈┈┈┈┈┈┈┈┈┈┈┈┈┈┈┈┈┈┈
[INFO] [stderr] 
[INFO] [stderr] test tests/ui/06-response-only.rs [should pass] ... ok
[INFO] [stderr] 
[INFO] [stderr] WARNINGS:
[INFO] [stderr] ┈┈┈┈┈┈┈┈┈┈┈┈┈┈┈┈┈┈┈┈┈┈┈┈┈┈┈┈┈┈┈┈┈┈┈┈┈┈┈┈┈┈┈┈┈┈┈┈┈┈┈┈┈┈┈┈┈┈┈┈
[INFO] [stderr] warning: unexpected `cfg` condition value: `unstable-exhaustive-types`
[INFO] [stderr]   --> tests/ui/06-response-only.rs:3:1
[INFO] [stderr]    |
[INFO] [stderr] 3  | / ruma_api! {
[INFO] [stderr] 4  | |     metadata: {
[INFO] [stderr] 5  | |         description: "Does something.",
[INFO] [stderr] 6  | |         method: POST, // An `http::Method` constant. No imports required.
[INFO] [stderr] ...  |
[INFO] [stderr] 17 | | }
[INFO] [stderr]    | |_^
[INFO] [stderr]    |
[INFO] [stderr]    = note: expected values for `feature` are: `client`, `default`, and `server`
[INFO] [stderr]    = note: using a cfg inside a macro will use the cfgs from the destination crate and not the ones from the defining crate
[INFO] [stderr]    = help: try referring to `ruma_api` crate for guidance on how handle this unexpected cfg
[INFO] [stderr]    = help: the macro `ruma_api` may come from an old version of the `ruma_api_macros` crate, try updating your dependency with `cargo update -p ruma_api_macros`
[INFO] [stderr]    = note: see <https://doc.rust-lang.org/nightly/rustc/check-cfg/cargo-specifics.html> for more information about checking conditional configuration
[INFO] [stderr]    = note: `#[warn(unexpected_cfgs)]` on by default
[INFO] [stderr]    = note: this warning originates in the macro `ruma_api` (in Nightly builds, run with -Z macro-backtrace for more info)
[INFO] [stderr] ┈┈┈┈┈┈┈┈┈┈┈┈┈┈┈┈┈┈┈┈┈┈┈┈┈┈┈┈┈┈┈┈┈┈┈┈┈┈┈┈┈┈┈┈┈┈┈┈┈┈┈┈┈┈┈┈┈┈┈┈
[INFO] [stderr] 
[INFO] [stderr] STDERR:
[INFO] [stderr] ┈┈┈┈┈┈┈┈┈┈┈┈┈┈┈┈┈┈┈┈┈┈┈┈┈┈┈┈┈┈┈┈┈┈┈┈┈┈┈┈┈┈┈┈┈┈┈┈┈┈┈┈┈┈┈┈┈┈┈┈
[INFO] [stderr] warning: unexpected `cfg` condition value: `unstable-exhaustive-types`
[INFO] [stderr]    --> /opt/rustwide/workdir/src/error.rs:239:16
[INFO] [stderr]     |
[INFO] [stderr] 239 | #[cfg_attr(not(feature = "unstable-exhaustive-types"), non_exhaustive)]
[INFO] [stderr]     |                ^^^^^^^^^^^^^^^^^^^^^^^^^^^^^^^^^^^^^
[INFO] [stderr]     |
[INFO] [stderr]     = note: expected values for `feature` are: `client`, `default`, and `server`
[INFO] [stderr]     = help: consider adding `unstable-exhaustive-types` as a feature in `Cargo.toml`
[INFO] [stderr]     = note: see <https://doc.rust-lang.org/nightly/rustc/check-cfg/cargo-specifics.html> for more information about checking conditional configuration
[INFO] [stderr]     = note: `#[warn(unexpected_cfgs)]` on by default
[INFO] [stderr] 
[INFO] [stderr] warning: unexpected `cfg` condition value: `unstable-exhaustive-types`
[INFO] [stderr]   --> /opt/rustwide/workdir/src/metadata.rs:77:16
[INFO] [stderr]    |
[INFO] [stderr] 77 | #[cfg_attr(not(feature = "unstable-exhaustive-types"), non_exhaustive)]
[INFO] [stderr]    |                ^^^^^^^^^^^^^^^^^^^^^^^^^^^^^^^^^^^^^
[INFO] [stderr]    |
[INFO] [stderr]    = note: expected values for `feature` are: `client`, `default`, and `server`
[INFO] [stderr]    = help: consider adding `unstable-exhaustive-types` as a feature in `Cargo.toml`
[INFO] [stderr]    = note: see <https://doc.rust-lang.org/nightly/rustc/check-cfg/cargo-specifics.html> for more information about checking conditional configuration
[INFO] [stderr] 
[INFO] [stderr] warning: unexpected `cfg` condition value: `unstable-exhaustive-types`
[INFO] [stderr]   --> /opt/rustwide/workdir/tests/ui/06-response-only.rs:3:1
[INFO] [stderr]    |
[INFO] [stderr] 3  | / ruma_api! {
[INFO] [stderr] 4  | |     metadata: {
[INFO] [stderr] 5  | |         description: "Does something.",
[INFO] [stderr] 6  | |         method: POST, // An `http::Method` constant. No imports required.
[INFO] [stderr] ...  |
[INFO] [stderr] 17 | | }
[INFO] [stderr]    | |_^
[INFO] [stderr]    |
[INFO] [stderr]    = note: expected values for `feature` are: `client`, `default`, and `server`
[INFO] [stderr]    = note: using a cfg inside a macro will use the cfgs from the destination crate and not the ones from the defining crate
[INFO] [stderr]    = help: try referring to `ruma_api` crate for guidance on how handle this unexpected cfg
[INFO] [stderr]    = help: the macro `ruma_api` may come from an old version of the `ruma_api_macros` crate, try updating your dependency with `cargo update -p ruma_api_macros`
[INFO] [stderr]    = note: see <https://doc.rust-lang.org/nightly/rustc/check-cfg/cargo-specifics.html> for more information about checking conditional configuration
[INFO] [stderr]    = note: `#[warn(unexpected_cfgs)]` on by default
[INFO] [stderr]    = note: this warning originates in the macro `ruma_api` (in Nightly builds, run with -Z macro-backtrace for more info)
[INFO] [stderr] ┈┈┈┈┈┈┈┈┈┈┈┈┈┈┈┈┈┈┈┈┈┈┈┈┈┈┈┈┈┈┈┈┈┈┈┈┈┈┈┈┈┈┈┈┈┈┈┈┈┈┈┈┈┈┈┈┈┈┈┈
[INFO] [stderr] 
[INFO] [stderr] test tests/ui/07-error-type-attribute.rs [should fail to compile] ... ok
[INFO] [stderr] test tests/ui/08-deprecated-without-added.rs [should fail to compile] ... ok
[INFO] [stderr] test tests/ui/09-removed-without-deprecated.rs [should fail to compile] ... ok
[INFO] [stderr] 
[INFO] [stderr] 
[INFO] [stdout] test ui ... FAILED
[INFO] [stdout] 
[INFO] [stdout] failures:
[INFO] [stdout] 
[INFO] [stdout] ---- ui stdout ----
[INFO] [stdout] 
[INFO] [stdout] thread 'ui' panicked at /opt/rustwide/cargo-home/registry/src/index.crates.io-1949cf8c6b5b557f/trybuild-1.0.102/src/run.rs:102:13:
[INFO] [stdout] 1 of 9 tests failed
[INFO] [stdout] stack backtrace:
[INFO] [stdout]    0:     0x57a1742ca11a - std::backtrace_rs::backtrace::libunwind::trace::hb059275cfc8d6126
[INFO] [stdout]                                at /rustc/6067b36314ab5eb2eb47cecc464545ba58e1ad24/library/std/src/../../backtrace/src/backtrace/libunwind.rs:116:5
[INFO] [stdout]    1:     0x57a1742ca11a - std::backtrace_rs::backtrace::trace_unsynchronized::h2da071e4327ce3ee
[INFO] [stdout]                                at /rustc/6067b36314ab5eb2eb47cecc464545ba58e1ad24/library/std/src/../../backtrace/src/backtrace/mod.rs:66:5
[INFO] [stdout]    2:     0x57a1742ca11a - std::sys::backtrace::_print_fmt::h842a1474e6f8d23f
[INFO] [stdout]                                at /rustc/6067b36314ab5eb2eb47cecc464545ba58e1ad24/library/std/src/sys/backtrace.rs:66:9
[INFO] [stdout]    3:     0x57a1742ca11a - <std::sys::backtrace::BacktraceLock::print::DisplayBacktrace as core::fmt::Display>::fmt::h71a62eb3b9696b12
[INFO] [stdout]                                at /rustc/6067b36314ab5eb2eb47cecc464545ba58e1ad24/library/std/src/sys/backtrace.rs:39:26
[INFO] [stdout]    4:     0x57a1742f5c43 - core::fmt::rt::Argument::fmt::hdb6b616786b41dc1
[INFO] [stdout]                                at /rustc/6067b36314ab5eb2eb47cecc464545ba58e1ad24/library/core/src/fmt/rt.rs:177:76
[INFO] [stdout]    5:     0x57a1742f5c43 - core::fmt::write::h2cc1698af7e2d686
[INFO] [stdout]                                at /rustc/6067b36314ab5eb2eb47cecc464545ba58e1ad24/library/core/src/fmt/mod.rs:1440:21
[INFO] [stdout]    6:     0x57a1742c6043 - std::io::Write::write_fmt::hab1b4cd059a79022
[INFO] [stdout]                                at /rustc/6067b36314ab5eb2eb47cecc464545ba58e1ad24/library/std/src/io/mod.rs:1887:15
[INFO] [stdout]    7:     0x57a1742c9f62 - std::sys::backtrace::BacktraceLock::print::h147fe35b4ea13b08
[INFO] [stdout]                                at /rustc/6067b36314ab5eb2eb47cecc464545ba58e1ad24/library/std/src/sys/backtrace.rs:42:9
[INFO] [stdout]    8:     0x57a1742cbb3f - std::panicking::default_hook::{{closure}}::hbd44223dbdc0d208
[INFO] [stdout]                                at /rustc/6067b36314ab5eb2eb47cecc464545ba58e1ad24/library/std/src/panicking.rs:298:22
[INFO] [stdout]    9:     0x57a1742cb958 - std::panicking::default_hook::h20f81eb0576efcec
[INFO] [stdout]                                at /rustc/6067b36314ab5eb2eb47cecc464545ba58e1ad24/library/std/src/panicking.rs:322:9
[INFO] [stdout]   10:     0x57a174291503 - <alloc::boxed::Box<F,A> as core::ops::function::Fn<Args>>::call::hdb53814c496a4d34
[INFO] [stdout]                                at /rustc/6067b36314ab5eb2eb47cecc464545ba58e1ad24/library/alloc/src/boxed.rs:2027:9
[INFO] [stdout]   11:     0x57a174291503 - test::test_main::{{closure}}::hc0a4963c59427c24
[INFO] [stdout]                                at /rustc/6067b36314ab5eb2eb47cecc464545ba58e1ad24/library/test/src/lib.rs:134:21
[INFO] [stdout]   12:     0x57a1742cc633 - <alloc::boxed::Box<F,A> as core::ops::function::Fn<Args>>::call::h591b2225413a77e9
[INFO] [stdout]                                at /rustc/6067b36314ab5eb2eb47cecc464545ba58e1ad24/library/alloc/src/boxed.rs:2027:9
[INFO] [stdout]   13:     0x57a1742cc633 - std::panicking::rust_panic_with_hook::h625eea43051b2edc
[INFO] [stdout]                                at /rustc/6067b36314ab5eb2eb47cecc464545ba58e1ad24/library/std/src/panicking.rs:839:13
[INFO] [stdout]   14:     0x57a1742cc2ea - std::panicking::begin_panic_handler::{{closure}}::h4f9159cfbc3f6bd3
[INFO] [stdout]                                at /rustc/6067b36314ab5eb2eb47cecc464545ba58e1ad24/library/std/src/panicking.rs:704:13
[INFO] [stdout]   15:     0x57a1742ca619 - std::sys::backtrace::__rust_end_short_backtrace::h0390abce48353151
[INFO] [stdout]                                at /rustc/6067b36314ab5eb2eb47cecc464545ba58e1ad24/library/std/src/sys/backtrace.rs:168:18
[INFO] [stdout]   16:     0x57a1742cbf7d - rust_begin_unwind
[INFO] [stdout]                                at /rustc/6067b36314ab5eb2eb47cecc464545ba58e1ad24/library/std/src/panicking.rs:695:5
[INFO] [stdout]   17:     0x57a1742f3f60 - core::panicking::panic_fmt::h9e7c637e9e5f29c9
[INFO] [stdout]                                at /rustc/6067b36314ab5eb2eb47cecc464545ba58e1ad24/library/core/src/panicking.rs:75:14
[INFO] [stdout]   18:     0x57a17405c334 - trybuild::run::<impl trybuild::Runner>::run::h00b325da323c63fb
[INFO] [stdout]                                at /opt/rustwide/cargo-home/registry/src/index.crates.io-1949cf8c6b5b557f/trybuild-1.0.102/src/run.rs:102:13
[INFO] [stdout]   19:     0x57a174061af8 - <trybuild::TestCases as core::ops::drop::Drop>::drop::h402a12b35549ada1
[INFO] [stdout]                                at /opt/rustwide/cargo-home/registry/src/index.crates.io-1949cf8c6b5b557f/trybuild-1.0.102/src/lib.rs:340:13
[INFO] [stdout]   20:     0x57a173fa3677 - core::ptr::drop_in_place<trybuild::TestCases>::h8c0ce13508ac78f9
[INFO] [stdout]                                at /rustc/6067b36314ab5eb2eb47cecc464545ba58e1ad24/library/core/src/ptr/mod.rs:523:1
[INFO] [stdout]   21:     0x57a173fa3f86 - ruma_api::ui::h987e50aaa3082e79
[INFO] [stdout]                                at /opt/rustwide/workdir/tests/ruma_api.rs:13:1
[INFO] [stdout]   22:     0x57a173fa3e57 - ruma_api::ui::{{closure}}::h4c8667e56fd85b78
[INFO] [stdout]                                at /opt/rustwide/workdir/tests/ruma_api.rs:2:8
[INFO] [stdout]   23:     0x57a173fa3626 - core::ops::function::FnOnce::call_once::heecd5b203ebc646f
[INFO] [stdout]                                at /rustc/6067b36314ab5eb2eb47cecc464545ba58e1ad24/library/core/src/ops/function.rs:250:5
[INFO] [stdout]   24:     0x57a174296c5b - core::ops::function::FnOnce::call_once::he27718dfdd183f43
[INFO] [stdout]                                at /rustc/6067b36314ab5eb2eb47cecc464545ba58e1ad24/library/core/src/ops/function.rs:250:5
[INFO] [stdout]   25:     0x57a174296c5b - test::__rust_begin_short_backtrace::h4e84902998457a5d
[INFO] [stdout]                                at /rustc/6067b36314ab5eb2eb47cecc464545ba58e1ad24/library/test/src/lib.rs:632:18
[INFO] [stdout]   26:     0x57a174295b93 - test::run_test_in_process::{{closure}}::h7176fd18fc1feca0
[INFO] [stdout]                                at /rustc/6067b36314ab5eb2eb47cecc464545ba58e1ad24/library/test/src/lib.rs:655:60
[INFO] [stdout]   27:     0x57a174295b93 - <core::panic::unwind_safe::AssertUnwindSafe<F> as core::ops::function::FnOnce<()>>::call_once::hf79cff2a624d8cf7
[INFO] [stdout]                                at /rustc/6067b36314ab5eb2eb47cecc464545ba58e1ad24/library/core/src/panic/unwind_safe.rs:272:9
[INFO] [stdout]   28:     0x57a174295b93 - std::panicking::try::do_call::h3da0561d9ab99c25
[INFO] [stdout]                                at /rustc/6067b36314ab5eb2eb47cecc464545ba58e1ad24/library/std/src/panicking.rs:587:40
[INFO] [stdout]   29:     0x57a174295b93 - std::panicking::try::h41c9fa508bc61df6
[INFO] [stdout]                                at /rustc/6067b36314ab5eb2eb47cecc464545ba58e1ad24/library/std/src/panicking.rs:550:19
[INFO] [stdout]   30:     0x57a174295b93 - std::panic::catch_unwind::h6b3ff07bb5afad93
[INFO] [stdout]                                at /rustc/6067b36314ab5eb2eb47cecc464545ba58e1ad24/library/std/src/panic.rs:358:14
[INFO] [stdout]   31:     0x57a174295b93 - test::run_test_in_process::hc7253dd11b39b9f4
[INFO] [stdout]                                at /rustc/6067b36314ab5eb2eb47cecc464545ba58e1ad24/library/test/src/lib.rs:655:27
[INFO] [stdout]   32:     0x57a174295b93 - test::run_test::{{closure}}::hfb2007f8649c30bb
[INFO] [stdout]                                at /rustc/6067b36314ab5eb2eb47cecc464545ba58e1ad24/library/test/src/lib.rs:576:43
[INFO] [stdout]   33:     0x57a174258c75 - test::run_test::{{closure}}::h56a17aa7a282a9f4
[INFO] [stdout]                                at /rustc/6067b36314ab5eb2eb47cecc464545ba58e1ad24/library/test/src/lib.rs:606:41
[INFO] [stdout]   34:     0x57a174258c75 - std::sys::backtrace::__rust_begin_short_backtrace::hd2d2d2fb8e8c6aac
[INFO] [stdout]                                at /rustc/6067b36314ab5eb2eb47cecc464545ba58e1ad24/library/std/src/sys/backtrace.rs:152:18
[INFO] [stdout]   35:     0x57a17425c55a - std::thread::Builder::spawn_unchecked_::{{closure}}::{{closure}}::h4faa3f9db6133423
[INFO] [stdout]                                at /rustc/6067b36314ab5eb2eb47cecc464545ba58e1ad24/library/std/src/thread/mod.rs:559:17
[INFO] [stdout]   36:     0x57a17425c55a - <core::panic::unwind_safe::AssertUnwindSafe<F> as core::ops::function::FnOnce<()>>::call_once::hf2e855a36a4ea846
[INFO] [stdout]                                at /rustc/6067b36314ab5eb2eb47cecc464545ba58e1ad24/library/core/src/panic/unwind_safe.rs:272:9
[INFO] [stdout]   37:     0x57a17425c55a - std::panicking::try::do_call::h2f73af3616c35465
[INFO] [stdout]                                at /rustc/6067b36314ab5eb2eb47cecc464545ba58e1ad24/library/std/src/panicking.rs:587:40
[INFO] [stdout]   38:     0x57a17425c55a - std::panicking::try::hd1660ce9efadef5a
[INFO] [stdout]                                at /rustc/6067b36314ab5eb2eb47cecc464545ba58e1ad24/library/std/src/panicking.rs:550:19
[INFO] [stdout]   39:     0x57a17425c55a - std::panic::catch_unwind::h5ee8d7823b8ca744
[INFO] [stdout]                                at /rustc/6067b36314ab5eb2eb47cecc464545ba58e1ad24/library/std/src/panic.rs:358:14
[INFO] [stdout]   40:     0x57a17425c55a - std::thread::Builder::spawn_unchecked_::{{closure}}::h53c3a1894dce8407
[INFO] [stdout]                                at /rustc/6067b36314ab5eb2eb47cecc464545ba58e1ad24/library/std/src/thread/mod.rs:557:30
[INFO] [stdout]   41:     0x57a17425c55a - core::ops::function::FnOnce::call_once{{vtable.shim}}::h048ce291ad4f62bf
[INFO] [stdout]                                at /rustc/6067b36314ab5eb2eb47cecc464545ba58e1ad24/library/core/src/ops/function.rs:250:5
[INFO] [stdout]   42:     0x57a1742d1b3b - <alloc::boxed::Box<F,A> as core::ops::function::FnOnce<Args>>::call_once::ha52bedf99a3b4981
[INFO] [stdout]                                at /rustc/6067b36314ab5eb2eb47cecc464545ba58e1ad24/library/alloc/src/boxed.rs:2013:9
[INFO] [stdout]   43:     0x57a1742d1b3b - <alloc::boxed::Box<F,A> as core::ops::function::FnOnce<Args>>::call_once::h567748934d80ccf8
[INFO] [stdout]                                at /rustc/6067b36314ab5eb2eb47cecc464545ba58e1ad24/library/alloc/src/boxed.rs:2013:9
[INFO] [stdout]   44:     0x57a1742d1b3b - std::sys::pal::unix::thread::Thread::new::thread_start::h2d970728ae887adc
[INFO] [stdout]                                at /rustc/6067b36314ab5eb2eb47cecc464545ba58e1ad24/library/std/src/sys/pal/unix/thread.rs:106:17
[INFO] [stdout]   45:     0x7fdc15f6bac3 - <unknown>
[INFO] [stdout]   46:     0x7fdc15ffca04 - clone
[INFO] [stdout]   47:                0x0 - <unknown>
[INFO] [stdout] 
[INFO] [stdout] 
[INFO] [stdout] failures:
[INFO] [stdout]     ui
[INFO] [stdout] 
[INFO] [stdout] test result: FAILED. 0 passed; 1 failed; 0 ignored; 0 measured; 0 filtered out; finished in 66.06s
[INFO] [stdout] 
[INFO] [stderr] error: test failed, to rerun pass `--test ruma_api`
[INFO] running `Command { std: "docker" "inspect" "cef8b7f573d791072e5f31bcadd163692d0b125a70240c6b9b329836ac5117b6", kill_on_drop: false }`
[INFO] running `Command { std: "docker" "rm" "-f" "cef8b7f573d791072e5f31bcadd163692d0b125a70240c6b9b329836ac5117b6", kill_on_drop: false }`
[INFO] [stdout] cef8b7f573d791072e5f31bcadd163692d0b125a70240c6b9b329836ac5117b6
