[INFO] fetching crate rspinner 0.1.0...
[INFO] testing rspinner-0.1.0 against nightly-2025-01-18 for randomize-layout-2
[INFO] extracting crate rspinner 0.1.0 into /workspace/builds/worker-3-tc1/source
[INFO] validating manifest of crates.io crate rspinner 0.1.0 on toolchain nightly-2025-01-18
[INFO] running `Command { std: CARGO_HOME="/workspace/cargo-home" RUSTUP_HOME="/workspace/rustup-home" "/workspace/cargo-home/bin/cargo" "+nightly-2025-01-18" "metadata" "--manifest-path" "Cargo.toml" "--no-deps", kill_on_drop: false }`
[INFO] started tweaking crates.io crate rspinner 0.1.0
[INFO] finished tweaking crates.io crate rspinner 0.1.0
[INFO] tweaked toml for crates.io crate rspinner 0.1.0 written to /workspace/builds/worker-3-tc1/source/Cargo.toml
[INFO] crate crates.io crate rspinner 0.1.0 already has a lockfile, it will not be regenerated
[INFO] running `Command { std: CARGO_HOME="/workspace/cargo-home" RUSTUP_HOME="/workspace/rustup-home" "/workspace/cargo-home/bin/cargo" "+nightly-2025-01-18" "fetch" "--manifest-path" "Cargo.toml", kill_on_drop: false }`
[INFO] [stderr]     Blocking waiting for file lock on package cache
[INFO] running `Command { std: "docker" "create" "-v" "/var/lib/crater-agent-workspace/builds/worker-3-tc1/target:/opt/rustwide/target:rw,Z" "-v" "/var/lib/crater-agent-workspace/builds/worker-3-tc1/source:/opt/rustwide/workdir:ro,Z" "-v" "/var/lib/crater-agent-workspace/cargo-home:/opt/rustwide/cargo-home:ro,Z" "-v" "/var/lib/crater-agent-workspace/rustup-home:/opt/rustwide/rustup-home:ro,Z" "-e" "SOURCE_DIR=/opt/rustwide/workdir" "-e" "CARGO_TARGET_DIR=/opt/rustwide/target" "-e" "CARGO_HOME=/opt/rustwide/cargo-home" "-e" "RUSTUP_HOME=/opt/rustwide/rustup-home" "-w" "/opt/rustwide/workdir" "-m" "1610612736" "--user" "0:0" "--network" "none" "ghcr.io/rust-lang/crates-build-env/linux@sha256:819108c5571ea2e421544af4d832f968d213c87fbe3707a016657f43d2f853bc" "/opt/rustwide/cargo-home/bin/cargo" "+nightly-2025-01-18" "metadata" "--no-deps" "--format-version=1", kill_on_drop: false }`
[INFO] [stdout] c219d180eb8ae91a5d16c51d2bf83e6244f318e781cd369e83533bdf1865f8de
[INFO] running `Command { std: "docker" "start" "-a" "c219d180eb8ae91a5d16c51d2bf83e6244f318e781cd369e83533bdf1865f8de", kill_on_drop: false }`
[INFO] running `Command { std: "docker" "inspect" "c219d180eb8ae91a5d16c51d2bf83e6244f318e781cd369e83533bdf1865f8de", kill_on_drop: false }`
[INFO] running `Command { std: "docker" "rm" "-f" "c219d180eb8ae91a5d16c51d2bf83e6244f318e781cd369e83533bdf1865f8de", kill_on_drop: false }`
[INFO] [stdout] c219d180eb8ae91a5d16c51d2bf83e6244f318e781cd369e83533bdf1865f8de
[INFO] running `Command { std: "docker" "create" "-v" "/var/lib/crater-agent-workspace/builds/worker-3-tc1/target:/opt/rustwide/target:rw,Z" "-v" "/var/lib/crater-agent-workspace/builds/worker-3-tc1/source:/opt/rustwide/workdir:ro,Z" "-v" "/var/lib/crater-agent-workspace/cargo-home:/opt/rustwide/cargo-home:ro,Z" "-v" "/var/lib/crater-agent-workspace/rustup-home:/opt/rustwide/rustup-home:ro,Z" "-e" "SOURCE_DIR=/opt/rustwide/workdir" "-e" "CARGO_TARGET_DIR=/opt/rustwide/target" "-e" "CARGO_INCREMENTAL=0" "-e" "RUST_BACKTRACE=full" "-e" "RUSTFLAGS=--cap-lints=forbid" "-e" "RUSTDOCFLAGS=--cap-lints=forbid" "-e" "CARGO_HOME=/opt/rustwide/cargo-home" "-e" "RUSTUP_HOME=/opt/rustwide/rustup-home" "-w" "/opt/rustwide/workdir" "-m" "1610612736" "--user" "0:0" "--network" "none" "ghcr.io/rust-lang/crates-build-env/linux@sha256:819108c5571ea2e421544af4d832f968d213c87fbe3707a016657f43d2f853bc" "/opt/rustwide/cargo-home/bin/cargo" "+nightly-2025-01-18" "build" "--frozen" "--message-format=json", kill_on_drop: false }`
[INFO] [stdout] ba3a7deb5ee5c047be9a75a1f8cab565c85de5bd4e28017cfbfe6385347c6eb8
[INFO] running `Command { std: "docker" "start" "-a" "ba3a7deb5ee5c047be9a75a1f8cab565c85de5bd4e28017cfbfe6385347c6eb8", kill_on_drop: false }`
[INFO] [stderr]    Compiling colored v2.1.0
[INFO] [stderr]    Compiling rspinner v0.1.0 (/opt/rustwide/workdir)
[INFO] [stderr]     Finished `dev` profile [unoptimized + debuginfo] target(s) in 0.86s
[INFO] running `Command { std: "docker" "inspect" "ba3a7deb5ee5c047be9a75a1f8cab565c85de5bd4e28017cfbfe6385347c6eb8", kill_on_drop: false }`
[INFO] running `Command { std: "docker" "rm" "-f" "ba3a7deb5ee5c047be9a75a1f8cab565c85de5bd4e28017cfbfe6385347c6eb8", kill_on_drop: false }`
[INFO] [stdout] ba3a7deb5ee5c047be9a75a1f8cab565c85de5bd4e28017cfbfe6385347c6eb8
[INFO] running `Command { std: "docker" "create" "-v" "/var/lib/crater-agent-workspace/builds/worker-3-tc1/target:/opt/rustwide/target:rw,Z" "-v" "/var/lib/crater-agent-workspace/builds/worker-3-tc1/source:/opt/rustwide/workdir:ro,Z" "-v" "/var/lib/crater-agent-workspace/cargo-home:/opt/rustwide/cargo-home:ro,Z" "-v" "/var/lib/crater-agent-workspace/rustup-home:/opt/rustwide/rustup-home:ro,Z" "-e" "SOURCE_DIR=/opt/rustwide/workdir" "-e" "CARGO_TARGET_DIR=/opt/rustwide/target" "-e" "CARGO_INCREMENTAL=0" "-e" "RUST_BACKTRACE=full" "-e" "RUSTFLAGS=--cap-lints=forbid" "-e" "RUSTDOCFLAGS=--cap-lints=forbid" "-e" "CARGO_HOME=/opt/rustwide/cargo-home" "-e" "RUSTUP_HOME=/opt/rustwide/rustup-home" "-w" "/opt/rustwide/workdir" "-m" "1610612736" "--user" "0:0" "--network" "none" "ghcr.io/rust-lang/crates-build-env/linux@sha256:819108c5571ea2e421544af4d832f968d213c87fbe3707a016657f43d2f853bc" "/opt/rustwide/cargo-home/bin/cargo" "+nightly-2025-01-18" "test" "--frozen" "--no-run" "--message-format=json", kill_on_drop: false }`
[INFO] [stdout] 0d941b1dfae1142df23ad291597e5f375b66c74e72188775e8ce8bfe3dfbd6a0
[INFO] running `Command { std: "docker" "start" "-a" "0d941b1dfae1142df23ad291597e5f375b66c74e72188775e8ce8bfe3dfbd6a0", kill_on_drop: false }`
[INFO] [stderr]    Compiling rspinner v0.1.0 (/opt/rustwide/workdir)
[INFO] [stderr]     Finished `test` profile [unoptimized + debuginfo] target(s) in 0.34s
[INFO] running `Command { std: "docker" "inspect" "0d941b1dfae1142df23ad291597e5f375b66c74e72188775e8ce8bfe3dfbd6a0", kill_on_drop: false }`
[INFO] running `Command { std: "docker" "rm" "-f" "0d941b1dfae1142df23ad291597e5f375b66c74e72188775e8ce8bfe3dfbd6a0", kill_on_drop: false }`
[INFO] [stdout] 0d941b1dfae1142df23ad291597e5f375b66c74e72188775e8ce8bfe3dfbd6a0
[INFO] running `Command { std: "docker" "create" "-v" "/var/lib/crater-agent-workspace/builds/worker-3-tc1/target:/opt/rustwide/target:rw,Z" "-v" "/var/lib/crater-agent-workspace/builds/worker-3-tc1/source:/opt/rustwide/workdir:ro,Z" "-v" "/var/lib/crater-agent-workspace/cargo-home:/opt/rustwide/cargo-home:ro,Z" "-v" "/var/lib/crater-agent-workspace/rustup-home:/opt/rustwide/rustup-home:ro,Z" "-e" "SOURCE_DIR=/opt/rustwide/workdir" "-e" "CARGO_TARGET_DIR=/opt/rustwide/target" "-e" "CARGO_INCREMENTAL=0" "-e" "RUST_BACKTRACE=full" "-e" "RUSTFLAGS=--cap-lints=forbid" "-e" "RUSTDOCFLAGS=--cap-lints=forbid" "-e" "CARGO_HOME=/opt/rustwide/cargo-home" "-e" "RUSTUP_HOME=/opt/rustwide/rustup-home" "-w" "/opt/rustwide/workdir" "-m" "1610612736" "--user" "0:0" "--network" "none" "ghcr.io/rust-lang/crates-build-env/linux@sha256:819108c5571ea2e421544af4d832f968d213c87fbe3707a016657f43d2f853bc" "/opt/rustwide/cargo-home/bin/cargo" "+nightly-2025-01-18" "test" "--frozen", kill_on_drop: false }`
[INFO] [stdout] f5f4011258d9b641f1b061589f1f413da2a5694c276b1e6317eb5b5dcacdb689
[INFO] running `Command { std: "docker" "start" "-a" "f5f4011258d9b641f1b061589f1f413da2a5694c276b1e6317eb5b5dcacdb689", kill_on_drop: false }`
[INFO] [stderr]     Finished `test` profile [unoptimized + debuginfo] target(s) in 0.01s
[INFO] [stderr]      Running unittests src/lib.rs (/opt/rustwide/target/debug/deps/rspinner-ba4611f96d76f576)
[INFO] [stderr]    Doc-tests rspinner
[INFO] [stdout] 
[INFO] [stdout] running 0 tests
[INFO] [stdout] 
[INFO] [stdout] test result: ok. 0 passed; 0 failed; 0 ignored; 0 measured; 0 filtered out; finished in 0.00s
[INFO] [stdout] 
[INFO] [stdout] 
[INFO] [stdout] running 10 tests
[INFO] [stdout] test src/lib.rs - Spinner::success (line 201) ... FAILED
[INFO] [stdout] test src/lib.rs - Spinner::info (line 161) ... FAILED
[INFO] [stdout] test src/lib.rs - Spinner::new (line 42) ... FAILED
[INFO] [stdout] test src/lib.rs - Spinner::info (line 172) ... FAILED
[INFO] [stdout] test src/lib.rs - Spinner::warning (line 220) ... FAILED
[INFO] [stdout] test src/lib.rs - Spinner::error (line 261) ... FAILED
[INFO] [stdout] test src/lib.rs - Spinner::error (line 250) ... FAILED
[INFO] [stdout] test src/lib.rs - Spinner::success (line 190) ... FAILED
[INFO] [stdout] test src/lib.rs - Spinner::warning (line 231) ... FAILED
[INFO] [stdout] test src/lib.rs - Spinner::start (line 71) ... FAILED
[INFO] [stdout] 
[INFO] [stdout] failures:
[INFO] [stdout] 
[INFO] [stdout] ---- src/lib.rs - Spinner::success (line 201) stdout ----
[INFO] [stdout] error[E0432]: unresolved import `spinner_rs`
[INFO] [stdout]  --> src/lib.rs:202:5
[INFO] [stdout]   |
[INFO] [stdout] 3 | use spinner_rs::Spinner;
[INFO] [stdout]   |     ^^^^^^^^^^ use of undeclared crate or module `spinner_rs`
[INFO] [stdout] 
[INFO] [stdout] error: aborting due to 1 previous error
[INFO] [stdout] 
[INFO] [stdout] For more information about this error, try `rustc --explain E0432`.
[INFO] [stdout] Couldn't compile the test.
[INFO] [stdout] ---- src/lib.rs - Spinner::info (line 161) stdout ----
[INFO] [stdout] error[E0432]: unresolved import `spinner_rs`
[INFO] [stdout]  --> src/lib.rs:162:5
[INFO] [stdout]   |
[INFO] [stdout] 3 | use spinner_rs::Spinner;
[INFO] [stdout]   |     ^^^^^^^^^^ use of undeclared crate or module `spinner_rs`
[INFO] [stdout] 
[INFO] [stdout] error: aborting due to 1 previous error
[INFO] [stdout] 
[INFO] [stdout] For more information about this error, try `rustc --explain E0432`.
[INFO] [stdout] Couldn't compile the test.
[INFO] [stdout] ---- src/lib.rs - Spinner::new (line 42) stdout ----
[INFO] [stdout] error[E0432]: unresolved import `spinner_rs`
[INFO] [stdout]  --> src/lib.rs:43:5
[INFO] [stdout]   |
[INFO] [stdout] 3 | use spinner_rs::Spinner;
[INFO] [stdout]   |     ^^^^^^^^^^ use of undeclared crate or module `spinner_rs`
[INFO] [stdout] 
[INFO] [stdout] error: aborting due to 1 previous error
[INFO] [stdout] 
[INFO] [stdout] For more information about this error, try `rustc --explain E0432`.
[INFO] [stdout] Couldn't compile the test.
[INFO] [stdout] ---- src/lib.rs - Spinner::info (line 172) stdout ----
[INFO] [stdout] error[E0432]: unresolved import `spinner_rs`
[INFO] [stdout]  --> src/lib.rs:173:5
[INFO] [stdout]   |
[INFO] [stdout] 3 | use spinner_rs::Spinner;
[INFO] [stdout]   |     ^^^^^^^^^^ use of undeclared crate or module `spinner_rs`
[INFO] [stdout] 
[INFO] [stdout] error: aborting due to 1 previous error
[INFO] [stdout] 
[INFO] [stdout] For more information about this error, try `rustc --explain E0432`.
[INFO] [stdout] Couldn't compile the test.
[INFO] [stdout] ---- src/lib.rs - Spinner::warning (line 220) stdout ----
[INFO] [stdout] error[E0432]: unresolved import `spinner_rs`
[INFO] [stdout]  --> src/lib.rs:221:5
[INFO] [stdout]   |
[INFO] [stdout] 3 | use spinner_rs::Spinner;
[INFO] [stdout]   |     ^^^^^^^^^^ use of undeclared crate or module `spinner_rs`
[INFO] [stdout] 
[INFO] [stdout] error: aborting due to 1 previous error
[INFO] [stdout] 
[INFO] [stdout] For more information about this error, try `rustc --explain E0432`.
[INFO] [stdout] Couldn't compile the test.
[INFO] [stdout] ---- src/lib.rs - Spinner::error (line 261) stdout ----
[INFO] [stdout] error[E0432]: unresolved import `spinner_rs`
[INFO] [stdout]  --> src/lib.rs:262:5
[INFO] [stdout]   |
[INFO] [stdout] 3 | use spinner_rs::Spinner;
[INFO] [stdout]   |     ^^^^^^^^^^ use of undeclared crate or module `spinner_rs`
[INFO] [stdout] 
[INFO] [stdout] error: aborting due to 1 previous error
[INFO] [stdout] 
[INFO] [stdout] For more information about this error, try `rustc --explain E0432`.
[INFO] [stdout] Couldn't compile the test.
[INFO] [stdout] ---- src/lib.rs - Spinner::error (line 250) stdout ----
[INFO] [stdout] error[E0432]: unresolved import `spinner_rs`
[INFO] [stdout]  --> src/lib.rs:251:5
[INFO] [stdout]   |
[INFO] [stdout] 3 | use spinner_rs::Spinner;
[INFO] [stdout]   |     ^^^^^^^^^^ use of undeclared crate or module `spinner_rs`
[INFO] [stdout] 
[INFO] [stdout] error: aborting due to 1 previous error
[INFO] [stdout] 
[INFO] [stdout] For more information about this error, try `rustc --explain E0432`.
[INFO] [stdout] Couldn't compile the test.
[INFO] [stdout] ---- src/lib.rs - Spinner::success (line 190) stdout ----
[INFO] [stdout] error[E0432]: unresolved import `spinner_rs`
[INFO] [stdout]  --> src/lib.rs:191:5
[INFO] [stdout]   |
[INFO] [stdout] 3 | use spinner_rs::Spinner;
[INFO] [stdout]   |     ^^^^^^^^^^ use of undeclared crate or module `spinner_rs`
[INFO] [stdout] 
[INFO] [stdout] error: aborting due to 1 previous error
[INFO] [stdout] 
[INFO] [stdout] For more information about this error, try `rustc --explain E0432`.
[INFO] [stdout] Couldn't compile the test.
[INFO] [stdout] ---- src/lib.rs - Spinner::warning (line 231) stdout ----
[INFO] [stdout] error[E0432]: unresolved import `spinner_rs`
[INFO] [stdout]  --> src/lib.rs:232:5
[INFO] [stdout]   |
[INFO] [stdout] 3 | use spinner_rs::Spinner;
[INFO] [stdout]   |     ^^^^^^^^^^ use of undeclared crate or module `spinner_rs`
[INFO] [stdout] 
[INFO] [stdout] error: aborting due to 1 previous error
[INFO] [stdout] 
[INFO] [stdout] For more information about this error, try `rustc --explain E0432`.
[INFO] [stdout] Couldn't compile the test.
[INFO] [stdout] ---- src/lib.rs - Spinner::start (line 71) stdout ----
[INFO] [stdout] error[E0432]: unresolved import `spinner_rs`
[INFO] [stdout]  --> src/lib.rs:72:5
[INFO] [stdout]   |
[INFO] [stdout] 3 | use spinner_rs::Spinner;
[INFO] [stdout]   |     ^^^^^^^^^^ use of undeclared crate or module `spinner_rs`
[INFO] [stdout] 
[INFO] [stdout] error: aborting due to 1 previous error
[INFO] [stdout] 
[INFO] [stdout] For more information about this error, try `rustc --explain E0432`.
[INFO] [stdout] Couldn't compile the test.
[INFO] [stdout] 
[INFO] [stdout] failures:
[INFO] [stdout]     src/lib.rs - Spinner::error (line 250)
[INFO] [stdout]     src/lib.rs - Spinner::error (line 261)
[INFO] [stdout]     src/lib.rs - Spinner::info (line 161)
[INFO] [stdout]     src/lib.rs - Spinner::info (line 172)
[INFO] [stdout]     src/lib.rs - Spinner::new (line 42)
[INFO] [stdout]     src/lib.rs - Spinner::start (line 71)
[INFO] [stdout]     src/lib.rs - Spinner::success (line 190)
[INFO] [stdout]     src/lib.rs - Spinner::success (line 201)
[INFO] [stdout]     src/lib.rs - Spinner::warning (line 220)
[INFO] [stdout]     src/lib.rs - Spinner::warning (line 231)
[INFO] [stdout] 
[INFO] [stdout] test result: FAILED. 0 passed; 10 failed; 0 ignored; 0 measured; 0 filtered out; finished in 0.37s
[INFO] [stdout] 
[INFO] [stderr] error: doctest failed, to rerun pass `--doc`
[INFO] running `Command { std: "docker" "inspect" "f5f4011258d9b641f1b061589f1f413da2a5694c276b1e6317eb5b5dcacdb689", kill_on_drop: false }`
[INFO] running `Command { std: "docker" "rm" "-f" "f5f4011258d9b641f1b061589f1f413da2a5694c276b1e6317eb5b5dcacdb689", kill_on_drop: false }`
[INFO] [stdout] f5f4011258d9b641f1b061589f1f413da2a5694c276b1e6317eb5b5dcacdb689
