[INFO] fetching crate rspc 0.3.1...
[INFO] testing rspc-0.3.1 against nightly-2025-01-18 for randomize-layout-2
[INFO] extracting crate rspc 0.3.1 into /workspace/builds/worker-0-tc1/source
[INFO] validating manifest of crates.io crate rspc 0.3.1 on toolchain nightly-2025-01-18
[INFO] running `Command { std: CARGO_HOME="/workspace/cargo-home" RUSTUP_HOME="/workspace/rustup-home" "/workspace/cargo-home/bin/cargo" "+nightly-2025-01-18" "metadata" "--manifest-path" "Cargo.toml" "--no-deps", kill_on_drop: false }`
[INFO] started tweaking crates.io crate rspc 0.3.1
[INFO] finished tweaking crates.io crate rspc 0.3.1
[INFO] tweaked toml for crates.io crate rspc 0.3.1 written to /workspace/builds/worker-0-tc1/source/Cargo.toml
[INFO] running `Command { std: CARGO_HOME="/workspace/cargo-home" RUSTUP_HOME="/workspace/rustup-home" "/workspace/cargo-home/bin/cargo" "+nightly-2025-01-18" "generate-lockfile" "--manifest-path" "Cargo.toml", kill_on_drop: false }`
[INFO] [stderr]     Updating crates.io index
[INFO] [stderr]      Locking 66 packages to latest compatible versions
[INFO] [stderr]       Adding specta v2.0.0-rc.20 (available: v2.0.0-rc.22)
[INFO] [stderr]       Adding specta-macros v2.0.0-rc.17 (available: v2.0.0-rc.18)
[INFO] [stderr]       Adding specta-typescript v0.0.7 (available: v0.0.9)
[INFO] [stderr]       Adding specta-util v0.0.7 (available: v0.0.9)
[INFO] running `Command { std: CARGO_HOME="/workspace/cargo-home" RUSTUP_HOME="/workspace/rustup-home" "/workspace/cargo-home/bin/cargo" "+nightly-2025-01-18" "fetch" "--manifest-path" "Cargo.toml", kill_on_drop: false }`
[INFO] [stderr]  Downloading crates ...
[INFO] [stderr]   Downloaded specta v2.0.0-rc.20
[INFO] [stderr]   Downloaded transient-derive v0.4.1
[INFO] [stderr]   Downloaded specta-macros v2.0.0-rc.17
[INFO] [stderr]   Downloaded transient v0.4.1
[INFO] [stderr]   Downloaded specta-serde v0.0.7
[INFO] [stderr]   Downloaded specta-typescript v0.0.7
[INFO] [stderr]   Downloaded specta-util v0.0.7
[INFO] running `Command { std: "docker" "create" "-v" "/var/lib/crater-agent-workspace/builds/worker-0-tc1/target:/opt/rustwide/target:rw,Z" "-v" "/var/lib/crater-agent-workspace/builds/worker-0-tc1/source:/opt/rustwide/workdir:ro,Z" "-v" "/var/lib/crater-agent-workspace/cargo-home:/opt/rustwide/cargo-home:ro,Z" "-v" "/var/lib/crater-agent-workspace/rustup-home:/opt/rustwide/rustup-home:ro,Z" "-e" "SOURCE_DIR=/opt/rustwide/workdir" "-e" "CARGO_TARGET_DIR=/opt/rustwide/target" "-e" "CARGO_HOME=/opt/rustwide/cargo-home" "-e" "RUSTUP_HOME=/opt/rustwide/rustup-home" "-w" "/opt/rustwide/workdir" "-m" "1610612736" "--user" "0:0" "--network" "none" "ghcr.io/rust-lang/crates-build-env/linux@sha256:819108c5571ea2e421544af4d832f968d213c87fbe3707a016657f43d2f853bc" "/opt/rustwide/cargo-home/bin/cargo" "+nightly-2025-01-18" "metadata" "--no-deps" "--format-version=1", kill_on_drop: false }`
[INFO] [stdout] 3ecd6fadff6bb1f55bdbb0c5be5ec8f863c4d561feb27e053a945e3c21c67f46
[INFO] running `Command { std: "docker" "start" "-a" "3ecd6fadff6bb1f55bdbb0c5be5ec8f863c4d561feb27e053a945e3c21c67f46", kill_on_drop: false }`
[INFO] running `Command { std: "docker" "inspect" "3ecd6fadff6bb1f55bdbb0c5be5ec8f863c4d561feb27e053a945e3c21c67f46", kill_on_drop: false }`
[INFO] running `Command { std: "docker" "rm" "-f" "3ecd6fadff6bb1f55bdbb0c5be5ec8f863c4d561feb27e053a945e3c21c67f46", kill_on_drop: false }`
[INFO] [stdout] 3ecd6fadff6bb1f55bdbb0c5be5ec8f863c4d561feb27e053a945e3c21c67f46
[INFO] running `Command { std: "docker" "create" "-v" "/var/lib/crater-agent-workspace/builds/worker-0-tc1/target:/opt/rustwide/target:rw,Z" "-v" "/var/lib/crater-agent-workspace/builds/worker-0-tc1/source:/opt/rustwide/workdir:ro,Z" "-v" "/var/lib/crater-agent-workspace/cargo-home:/opt/rustwide/cargo-home:ro,Z" "-v" "/var/lib/crater-agent-workspace/rustup-home:/opt/rustwide/rustup-home:ro,Z" "-e" "SOURCE_DIR=/opt/rustwide/workdir" "-e" "CARGO_TARGET_DIR=/opt/rustwide/target" "-e" "CARGO_INCREMENTAL=0" "-e" "RUST_BACKTRACE=full" "-e" "RUSTFLAGS=--cap-lints=forbid" "-e" "RUSTDOCFLAGS=--cap-lints=forbid" "-e" "CARGO_HOME=/opt/rustwide/cargo-home" "-e" "RUSTUP_HOME=/opt/rustwide/rustup-home" "-w" "/opt/rustwide/workdir" "-m" "1610612736" "--user" "0:0" "--network" "none" "ghcr.io/rust-lang/crates-build-env/linux@sha256:819108c5571ea2e421544af4d832f968d213c87fbe3707a016657f43d2f853bc" "/opt/rustwide/cargo-home/bin/cargo" "+nightly-2025-01-18" "build" "--frozen" "--message-format=json", kill_on_drop: false }`
[INFO] [stdout] ba4ef11e1e08c952bbd535caf0f04029e78a69aa92bea4dbccc58f32d17629ce
[INFO] running `Command { std: "docker" "start" "-a" "ba4ef11e1e08c952bbd535caf0f04029e78a69aa92bea4dbccc58f32d17629ce", kill_on_drop: false }`
[INFO] [stderr]    Compiling proc-macro2 v1.0.93
[INFO] [stderr]    Compiling unicode-ident v1.0.14
[INFO] [stderr]    Compiling autocfg v1.4.0
[INFO] [stderr]    Compiling serde v1.0.217
[INFO] [stderr]    Compiling thiserror v1.0.69
[INFO] [stderr]    Compiling memchr v2.7.4
[INFO] [stderr]    Compiling serde_json v1.0.137
[INFO] [stderr]    Compiling Inflector v0.11.4
[INFO] [stderr]    Compiling ryu v1.0.18
[INFO] [stderr]    Compiling itoa v1.0.14
[INFO] [stderr]    Compiling futures-sink v0.3.31
[INFO] [stderr]    Compiling futures-core v0.3.31
[INFO] [stderr]    Compiling pin-project-lite v0.2.16
[INFO] [stderr]    Compiling pin-utils v0.1.0
[INFO] [stderr]    Compiling futures-task v0.3.31
[INFO] [stderr]    Compiling futures-io v0.3.31
[INFO] [stderr]    Compiling typeid v1.0.2
[INFO] [stderr]    Compiling rustversion v1.0.19
[INFO] [stderr]    Compiling futures-channel v0.3.31
[INFO] [stderr]    Compiling thiserror v2.0.11
[INFO] [stderr]    Compiling better_any v0.2.0
[INFO] [stderr]    Compiling slab v0.4.9
[INFO] [stderr]    Compiling num-traits v0.2.19
[INFO] [stderr]    Compiling quote v1.0.38
[INFO] [stderr]    Compiling syn v2.0.96
[INFO] [stderr]    Compiling ordered-float v2.10.1
[INFO] [stderr]    Compiling serde_derive v1.0.217
[INFO] [stderr]    Compiling thiserror-impl v1.0.69
[INFO] [stderr]    Compiling specta-macros v2.0.0-rc.17
[INFO] [stderr]    Compiling futures-macro v0.3.31
[INFO] [stderr]    Compiling thiserror-impl v2.0.11
[INFO] [stderr]    Compiling tokio-macros v2.5.0
[INFO] [stderr]    Compiling tokio v1.43.0
[INFO] [stderr]    Compiling futures-util v0.3.31
[INFO] [stderr]    Compiling transient-derive v0.4.1
[INFO] [stderr]    Compiling transient v0.4.1
[INFO] [stderr]    Compiling futures-executor v0.3.31
[INFO] [stderr]    Compiling futures v0.3.31
[INFO] [stderr]    Compiling erased-serde v0.4.5
[INFO] [stderr]    Compiling serde-value v0.7.0
[INFO] [stderr]    Compiling specta v2.0.0-rc.20
[INFO] [stderr]    Compiling specta-serde v0.0.7
[INFO] [stderr]    Compiling specta-util v0.0.7
[INFO] [stderr]    Compiling specta-typescript v0.0.7
[INFO] [stderr]    Compiling rspc v0.3.1 (/opt/rustwide/workdir)
[INFO] [stdout] warning: unused import: `error`
[INFO] [stdout]  --> src/rewrite/procedure/stream.rs:2:5
[INFO] [stdout]   |
[INFO] [stdout] 2 |     error,
[INFO] [stdout]   |     ^^^^^
[INFO] [stdout]   |
[INFO] [stdout]   = note: `#[warn(unused_imports)]` on by default
[INFO] [stdout] 
[INFO] [stdout] 
[INFO] [stdout] warning: unused import: `Type`
[INFO] [stdout]  --> src/rewrite/router.rs:9:34
[INFO] [stdout]   |
[INFO] [stdout] 9 | use specta::{DataType, Language, Type, TypeMap};
[INFO] [stdout]   |                                  ^^^^
[INFO] [stdout] 
[INFO] [stdout] 
[INFO] [stdout] warning: trait `InputValueInner<'b>` is more private than the item `ProcedureExecInput::<'a, 'b, T>::new`
[INFO] [stdout]   --> src/rewrite/procedure/exec_input.rs:54:5
[INFO] [stdout]    |
[INFO] [stdout] 54 |     pub(crate) fn new(value: &'a mut dyn InputValueInner<'b>) -> Self {
[INFO] [stdout]    |     ^^^^^^^^^^^^^^^^^^^^^^^^^^^^^^^^^^^^^^^^^^^^^^^^^^^^^^^^^^^^^^^^^ associated function `ProcedureExecInput::<'a, 'b, T>::new` is reachable at visibility `pub(crate)`
[INFO] [stdout]    |
[INFO] [stdout] note: but trait `InputValueInner<'b>` is only usable at visibility `pub(procedure)`
[INFO] [stdout]   --> src/rewrite/procedure/exec_input.rs:10:1
[INFO] [stdout]    |
[INFO] [stdout] 10 | pub(super) trait InputValueInner<'de> {
[INFO] [stdout]    | ^^^^^^^^^^^^^^^^^^^^^^^^^^^^^^^^^^^^^
[INFO] [stdout]    = note: `#[warn(private_interfaces)]` on by default
[INFO] [stdout] 
[INFO] [stdout] 
[INFO] [stdout] warning: variant `Static` is never constructed
[INFO] [stdout]   --> src/rewrite/procedure/meta.rs:24:5
[INFO] [stdout]    |
[INFO] [stdout] 23 | enum ProcedureName {
[INFO] [stdout]    |      ------------- variant in this enum
[INFO] [stdout] 24 |     Static(&'static str),
[INFO] [stdout]    |     ^^^^^^
[INFO] [stdout]    |
[INFO] [stdout]    = note: `ProcedureName` has derived impls for the traits `Clone` and `Debug`, but these are intentionally ignored during dead code analysis
[INFO] [stdout]    = note: `#[warn(dead_code)]` on by default
[INFO] [stdout] 
[INFO] [stdout] 
[INFO] [stderr]     Finished `dev` profile [unoptimized + debuginfo] target(s) in 37.35s
[INFO] running `Command { std: "docker" "inspect" "ba4ef11e1e08c952bbd535caf0f04029e78a69aa92bea4dbccc58f32d17629ce", kill_on_drop: false }`
[INFO] running `Command { std: "docker" "rm" "-f" "ba4ef11e1e08c952bbd535caf0f04029e78a69aa92bea4dbccc58f32d17629ce", kill_on_drop: false }`
[INFO] [stdout] ba4ef11e1e08c952bbd535caf0f04029e78a69aa92bea4dbccc58f32d17629ce
[INFO] running `Command { std: "docker" "create" "-v" "/var/lib/crater-agent-workspace/builds/worker-0-tc1/target:/opt/rustwide/target:rw,Z" "-v" "/var/lib/crater-agent-workspace/builds/worker-0-tc1/source:/opt/rustwide/workdir:ro,Z" "-v" "/var/lib/crater-agent-workspace/cargo-home:/opt/rustwide/cargo-home:ro,Z" "-v" "/var/lib/crater-agent-workspace/rustup-home:/opt/rustwide/rustup-home:ro,Z" "-e" "SOURCE_DIR=/opt/rustwide/workdir" "-e" "CARGO_TARGET_DIR=/opt/rustwide/target" "-e" "CARGO_INCREMENTAL=0" "-e" "RUST_BACKTRACE=full" "-e" "RUSTFLAGS=--cap-lints=forbid" "-e" "RUSTDOCFLAGS=--cap-lints=forbid" "-e" "CARGO_HOME=/opt/rustwide/cargo-home" "-e" "RUSTUP_HOME=/opt/rustwide/rustup-home" "-w" "/opt/rustwide/workdir" "-m" "1610612736" "--user" "0:0" "--network" "none" "ghcr.io/rust-lang/crates-build-env/linux@sha256:819108c5571ea2e421544af4d832f968d213c87fbe3707a016657f43d2f853bc" "/opt/rustwide/cargo-home/bin/cargo" "+nightly-2025-01-18" "test" "--frozen" "--no-run" "--message-format=json", kill_on_drop: false }`
[INFO] [stdout] e5b842b5542e46a9faf82ca091479357f4e8d668e4cacf37c64d8d7e5921747c
[INFO] running `Command { std: "docker" "start" "-a" "e5b842b5542e46a9faf82ca091479357f4e8d668e4cacf37c64d8d7e5921747c", kill_on_drop: false }`
[INFO] [stderr]    Compiling rspc v0.3.1 (/opt/rustwide/workdir)
[INFO] [stdout] warning: unused import: `error`
[INFO] [stdout]  --> src/rewrite/procedure/stream.rs:2:5
[INFO] [stdout]   |
[INFO] [stdout] 2 |     error,
[INFO] [stdout]   |     ^^^^^
[INFO] [stdout]   |
[INFO] [stdout]   = note: `#[warn(unused_imports)]` on by default
[INFO] [stdout] 
[INFO] [stdout] 
[INFO] [stdout] warning: unused import: `Type`
[INFO] [stdout]  --> src/rewrite/router.rs:9:34
[INFO] [stdout]   |
[INFO] [stdout] 9 | use specta::{DataType, Language, Type, TypeMap};
[INFO] [stdout]   |                                  ^^^^
[INFO] [stdout] 
[INFO] [stdout] 
[INFO] [stdout] warning: trait `InputValueInner<'b>` is more private than the item `ProcedureExecInput::<'a, 'b, T>::new`
[INFO] [stdout]   --> src/rewrite/procedure/exec_input.rs:54:5
[INFO] [stdout]    |
[INFO] [stdout] 54 |     pub(crate) fn new(value: &'a mut dyn InputValueInner<'b>) -> Self {
[INFO] [stdout]    |     ^^^^^^^^^^^^^^^^^^^^^^^^^^^^^^^^^^^^^^^^^^^^^^^^^^^^^^^^^^^^^^^^^ associated function `ProcedureExecInput::<'a, 'b, T>::new` is reachable at visibility `pub(crate)`
[INFO] [stdout]    |
[INFO] [stdout] note: but trait `InputValueInner<'b>` is only usable at visibility `pub(procedure)`
[INFO] [stdout]   --> src/rewrite/procedure/exec_input.rs:10:1
[INFO] [stdout]    |
[INFO] [stdout] 10 | pub(super) trait InputValueInner<'de> {
[INFO] [stdout]    | ^^^^^^^^^^^^^^^^^^^^^^^^^^^^^^^^^^^^^
[INFO] [stdout]    = note: `#[warn(private_interfaces)]` on by default
[INFO] [stdout] 
[INFO] [stdout] 
[INFO] [stdout] warning: variant `Static` is never constructed
[INFO] [stdout]   --> src/rewrite/procedure/meta.rs:24:5
[INFO] [stdout]    |
[INFO] [stdout] 23 | enum ProcedureName {
[INFO] [stdout]    |      ------------- variant in this enum
[INFO] [stdout] 24 |     Static(&'static str),
[INFO] [stdout]    |     ^^^^^^
[INFO] [stdout]    |
[INFO] [stdout]    = note: `ProcedureName` has derived impls for the traits `Clone` and `Debug`, but these are intentionally ignored during dead code analysis
[INFO] [stdout]    = note: `#[warn(dead_code)]` on by default
[INFO] [stdout] 
[INFO] [stdout] 
[INFO] [stdout] warning: unused import: `error`
[INFO] [stdout]  --> src/rewrite/procedure/stream.rs:2:5
[INFO] [stdout]   |
[INFO] [stdout] 2 |     error,
[INFO] [stdout]   |     ^^^^^
[INFO] [stdout]   |
[INFO] [stdout]   = note: `#[warn(unused_imports)]` on by default
[INFO] [stdout] 
[INFO] [stdout] 
[INFO] [stdout] warning: unused import: `Type`
[INFO] [stdout]  --> src/rewrite/router.rs:9:34
[INFO] [stdout]   |
[INFO] [stdout] 9 | use specta::{DataType, Language, Type, TypeMap};
[INFO] [stdout]   |                                  ^^^^
[INFO] [stdout] 
[INFO] [stdout] 
[INFO] [stdout] warning: trait `InputValueInner<'b>` is more private than the item `ProcedureExecInput::<'a, 'b, T>::new`
[INFO] [stdout]   --> src/rewrite/procedure/exec_input.rs:54:5
[INFO] [stdout]    |
[INFO] [stdout] 54 |     pub(crate) fn new(value: &'a mut dyn InputValueInner<'b>) -> Self {
[INFO] [stdout]    |     ^^^^^^^^^^^^^^^^^^^^^^^^^^^^^^^^^^^^^^^^^^^^^^^^^^^^^^^^^^^^^^^^^ associated function `ProcedureExecInput::<'a, 'b, T>::new` is reachable at visibility `pub(crate)`
[INFO] [stdout]    |
[INFO] [stdout] note: but trait `InputValueInner<'b>` is only usable at visibility `pub(procedure)`
[INFO] [stdout]   --> src/rewrite/procedure/exec_input.rs:10:1
[INFO] [stdout]    |
[INFO] [stdout] 10 | pub(super) trait InputValueInner<'de> {
[INFO] [stdout]    | ^^^^^^^^^^^^^^^^^^^^^^^^^^^^^^^^^^^^^
[INFO] [stdout]    = note: `#[warn(private_interfaces)]` on by default
[INFO] [stdout] 
[INFO] [stdout] 
[INFO] [stdout] warning: variant `Static` is never constructed
[INFO] [stdout]   --> src/rewrite/procedure/meta.rs:24:5
[INFO] [stdout]    |
[INFO] [stdout] 23 | enum ProcedureName {
[INFO] [stdout]    |      ------------- variant in this enum
[INFO] [stdout] 24 |     Static(&'static str),
[INFO] [stdout]    |     ^^^^^^
[INFO] [stdout]    |
[INFO] [stdout]    = note: `ProcedureName` has derived impls for the traits `Clone` and `Debug`, but these are intentionally ignored during dead code analysis
[INFO] [stdout]    = note: `#[warn(dead_code)]` on by default
[INFO] [stdout] 
[INFO] [stdout] 
[INFO] [stderr]     Finished `test` profile [unoptimized + debuginfo] target(s) in 1.71s
[INFO] running `Command { std: "docker" "inspect" "e5b842b5542e46a9faf82ca091479357f4e8d668e4cacf37c64d8d7e5921747c", kill_on_drop: false }`
[INFO] running `Command { std: "docker" "rm" "-f" "e5b842b5542e46a9faf82ca091479357f4e8d668e4cacf37c64d8d7e5921747c", kill_on_drop: false }`
[INFO] [stdout] e5b842b5542e46a9faf82ca091479357f4e8d668e4cacf37c64d8d7e5921747c
[INFO] running `Command { std: "docker" "create" "-v" "/var/lib/crater-agent-workspace/builds/worker-0-tc1/target:/opt/rustwide/target:rw,Z" "-v" "/var/lib/crater-agent-workspace/builds/worker-0-tc1/source:/opt/rustwide/workdir:ro,Z" "-v" "/var/lib/crater-agent-workspace/cargo-home:/opt/rustwide/cargo-home:ro,Z" "-v" "/var/lib/crater-agent-workspace/rustup-home:/opt/rustwide/rustup-home:ro,Z" "-e" "SOURCE_DIR=/opt/rustwide/workdir" "-e" "CARGO_TARGET_DIR=/opt/rustwide/target" "-e" "CARGO_INCREMENTAL=0" "-e" "RUST_BACKTRACE=full" "-e" "RUSTFLAGS=--cap-lints=forbid" "-e" "RUSTDOCFLAGS=--cap-lints=forbid" "-e" "CARGO_HOME=/opt/rustwide/cargo-home" "-e" "RUSTUP_HOME=/opt/rustwide/rustup-home" "-w" "/opt/rustwide/workdir" "-m" "1610612736" "--user" "0:0" "--network" "none" "ghcr.io/rust-lang/crates-build-env/linux@sha256:819108c5571ea2e421544af4d832f968d213c87fbe3707a016657f43d2f853bc" "/opt/rustwide/cargo-home/bin/cargo" "+nightly-2025-01-18" "test" "--frozen", kill_on_drop: false }`
[INFO] [stdout] 6a122f63d5518887dcb446b67998de76b8524478cb1628d66b77620a1878f197
[INFO] running `Command { std: "docker" "start" "-a" "6a122f63d5518887dcb446b67998de76b8524478cb1628d66b77620a1878f197", kill_on_drop: false }`
[INFO] [stderr] warning: unused import: `error`
[INFO] [stderr]  --> src/rewrite/procedure/stream.rs:2:5
[INFO] [stderr]   |
[INFO] [stderr] 2 |     error,
[INFO] [stderr]   |     ^^^^^
[INFO] [stderr]   |
[INFO] [stderr]   = note: `#[warn(unused_imports)]` on by default
[INFO] [stderr] 
[INFO] [stderr] warning: unused import: `Type`
[INFO] [stderr]  --> src/rewrite/router.rs:9:34
[INFO] [stderr]   |
[INFO] [stderr] 9 | use specta::{DataType, Language, Type, TypeMap};
[INFO] [stderr]   |                                  ^^^^
[INFO] [stderr] 
[INFO] [stderr] warning: trait `InputValueInner<'b>` is more private than the item `ProcedureExecInput::<'a, 'b, T>::new`
[INFO] [stderr]   --> src/rewrite/procedure/exec_input.rs:54:5
[INFO] [stderr]    |
[INFO] [stderr] 54 |     pub(crate) fn new(value: &'a mut dyn InputValueInner<'b>) -> Self {
[INFO] [stderr]    |     ^^^^^^^^^^^^^^^^^^^^^^^^^^^^^^^^^^^^^^^^^^^^^^^^^^^^^^^^^^^^^^^^^ associated function `ProcedureExecInput::<'a, 'b, T>::new` is reachable at visibility `pub(crate)`
[INFO] [stderr]    |
[INFO] [stderr] note: but trait `InputValueInner<'b>` is only usable at visibility `pub(procedure)`
[INFO] [stderr]   --> src/rewrite/procedure/exec_input.rs:10:1
[INFO] [stderr]    |
[INFO] [stderr] 10 | pub(super) trait InputValueInner<'de> {
[INFO] [stderr]    | ^^^^^^^^^^^^^^^^^^^^^^^^^^^^^^^^^^^^^
[INFO] [stderr]    = note: `#[warn(private_interfaces)]` on by default
[INFO] [stderr] 
[INFO] [stderr] warning: variant `Static` is never constructed
[INFO] [stderr]   --> src/rewrite/procedure/meta.rs:24:5
[INFO] [stderr]    |
[INFO] [stderr] 23 | enum ProcedureName {
[INFO] [stderr]    |      ------------- variant in this enum
[INFO] [stderr] 24 |     Static(&'static str),
[INFO] [stderr]    |     ^^^^^^
[INFO] [stderr]    |
[INFO] [stderr]    = note: `ProcedureName` has derived impls for the traits `Clone` and `Debug`, but these are intentionally ignored during dead code analysis
[INFO] [stderr]    = note: `#[warn(dead_code)]` on by default
[INFO] [stderr] 
[INFO] [stderr] warning: `rspc` (lib) generated 4 warnings (run `cargo fix --lib -p rspc` to apply 2 suggestions)
[INFO] [stderr] warning: `rspc` (lib test) generated 4 warnings (4 duplicates)
[INFO] [stderr]     Finished `test` profile [unoptimized + debuginfo] target(s) in 0.08s
[INFO] [stderr]      Running unittests src/lib.rs (/opt/rustwide/target/debug/deps/rspc-e75132cc2c62a144)
[INFO] [stdout] 
[INFO] [stdout] running 1 test
[INFO] [stdout] test legacy::selection::tests::test_selection_macros ... ok
[INFO] [stdout] 
[INFO] [stdout] test result: ok. 1 passed; 0 failed; 0 ignored; 0 measured; 0 filtered out; finished in 0.00s
[INFO] [stdout] 
[INFO] [stderr]    Doc-tests rspc
[INFO] [stdout] 
[INFO] [stdout] running 7 tests
[INFO] [stdout] test src/rewrite/middleware/middleware.rs - rewrite::middleware::middleware::Middleware (line 59) ... FAILED
[INFO] [stdout] test src/rewrite/procedure/procedure.rs - rewrite::procedure::procedure::Procedure<TCtx>::ty (line 107) ... FAILED
[INFO] [stdout] test src/rewrite/procedure/input.rs - rewrite::procedure::input::ProcedureInput (line 21) ... FAILED
[INFO] [stdout] test src/rewrite/procedure/resolver_output.rs - rewrite::procedure::resolver_output::ResolverOutput (line 21) ... FAILED
[INFO] [stdout] test src/rewrite/procedure/resolver_input.rs - rewrite::procedure::resolver_input::ResolverInput (line 24) ... FAILED
[INFO] [stdout] test src/rewrite/procedure/procedure.rs - rewrite::procedure::procedure::Procedure<TCtx>::exec (line 120) ... FAILED
[INFO] [stdout] test src/rewrite/stream.rs - rewrite::stream::Stream (line 15) ... FAILED
[INFO] [stdout] 
[INFO] [stdout] failures:
[INFO] [stdout] 
[INFO] [stdout] ---- src/rewrite/middleware/middleware.rs - rewrite::middleware::middleware::Middleware (line 59) stdout ----
[INFO] [stdout] error: expected identifier, found `:`
[INFO] [stdout]  --> src/rewrite/middleware/middleware.rs:60:5
[INFO] [stdout]   |
[INFO] [stdout] 3 | TODO: Example to show where the generics line up.
[INFO] [stdout]   |     ^ expected identifier
[INFO] [stdout] 
[INFO] [stdout] error: aborting due to 1 previous error
[INFO] [stdout] 
[INFO] [stdout] Couldn't compile the test.
[INFO] [stdout] ---- src/rewrite/procedure/procedure.rs - rewrite::procedure::procedure::Procedure<TCtx>::ty (line 107) stdout ----
[INFO] [stdout] error: expected one of `!` or `[`, found `TODO`
[INFO] [stdout]  --> src/rewrite/procedure/procedure.rs:108:12
[INFO] [stdout]   |
[INFO] [stdout] 3 | todo!(); # TODO: Example
[INFO] [stdout]   |            ^^^^ expected one of `!` or `[`
[INFO] [stdout] 
[INFO] [stdout] error: aborting due to 1 previous error
[INFO] [stdout] 
[INFO] [stdout] Couldn't compile the test.
[INFO] [stdout] ---- src/rewrite/procedure/input.rs - rewrite::procedure::input::ProcedureInput (line 21) stdout ----
[INFO] [stdout] error[E0405]: cannot find trait `Argument` in this scope
[INFO] [stdout]  --> src/rewrite/procedure/input.rs:25:11
[INFO] [stdout]   |
[INFO] [stdout] 7 | impl<'de> Argument<'de> for MyCoolThing {
[INFO] [stdout]   |           ^^^^^^^^ not found in this scope
[INFO] [stdout] 
[INFO] [stdout] error[E0412]: cannot find type `Procedure` in this scope
[INFO] [stdout]   --> src/rewrite/procedure/input.rs:33:33
[INFO] [stdout]    |
[INFO] [stdout] 15 | fn usage_within_rspc(procedure: Procedure) {
[INFO] [stdout]    |                                 ^^^^^^^^^ not found in this scope
[INFO] [stdout] 
[INFO] [stdout] error: aborting due to 2 previous errors
[INFO] [stdout] 
[INFO] [stdout] Some errors have detailed explanations: E0405, E0412.
[INFO] [stdout] For more information about an error, try `rustc --explain E0405`.
[INFO] [stdout] Couldn't compile the test.
[INFO] [stdout] ---- src/rewrite/procedure/resolver_output.rs - rewrite::procedure::resolver_output::ResolverOutput (line 21) stdout ----
[INFO] [stdout] error[E0405]: cannot find trait `ResolverOutput` in this scope
[INFO] [stdout]  --> src/rewrite/procedure/resolver_output.rs:25:31
[INFO] [stdout]   |
[INFO] [stdout] 7 | impl<TErr: std::error::Error> ResolverOutput<Self, TErr> for MyCoolThing {
[INFO] [stdout]   |                               ^^^^^^^^^^^^^^ not found in this scope
[INFO] [stdout] 
[INFO] [stdout] error[E0412]: cannot find type `ProcedureOutput` in this scope
[INFO] [stdout]  --> src/rewrite/procedure/resolver_output.rs:26:46
[INFO] [stdout]   |
[INFO] [stdout] 8 |     fn into_procedure_result(self) -> Result<ProcedureOutput, TErr> {
[INFO] [stdout]   |                                              ^^^^^^^^^^^^^^^ not found in this scope
[INFO] [stdout] 
[INFO] [stdout] error[E0412]: cannot find type `Procedure` in this scope
[INFO] [stdout]   --> src/rewrite/procedure/resolver_output.rs:32:6
[INFO] [stdout]    |
[INFO] [stdout] 14 |     <Procedure>::builder().query(|_, _: ()| async move { MyCoolThing("Hello, World!".to_string()) });
[INFO] [stdout]    |      ^^^^^^^^^ not found in this scope
[INFO] [stdout] 
[INFO] [stdout] error: aborting due to 3 previous errors
[INFO] [stdout] 
[INFO] [stdout] Some errors have detailed explanations: E0405, E0412.
[INFO] [stdout] For more information about an error, try `rustc --explain E0405`.
[INFO] [stdout] Couldn't compile the test.
[INFO] [stdout] ---- src/rewrite/procedure/resolver_input.rs - rewrite::procedure::resolver_input::ResolverInput (line 24) stdout ----
[INFO] [stdout] error[E0405]: cannot find trait `ResolverInput` in this scope
[INFO] [stdout]  --> src/rewrite/procedure/resolver_input.rs:28:6
[INFO] [stdout]   |
[INFO] [stdout] 7 | impl ResolverInput for MyCoolThing {
[INFO] [stdout]   |      ^^^^^^^^^^^^^ not found in this scope
[INFO] [stdout] 
[INFO] [stdout] error[E0412]: cannot find type `ProcedureInput` in this scope
[INFO] [stdout]  --> src/rewrite/procedure/resolver_input.rs:29:26
[INFO] [stdout]   |
[INFO] [stdout] 8 |     fn from_value(value: ProcedureInput<Self>) -> Result<Self, InternalError> {
[INFO] [stdout]   |                          ^^^^^^^^^^^^^^ not found in this scope
[INFO] [stdout] 
[INFO] [stdout] error[E0412]: cannot find type `InternalError` in this scope
[INFO] [stdout]  --> src/rewrite/procedure/resolver_input.rs:29:64
[INFO] [stdout]   |
[INFO] [stdout] 8 |     fn from_value(value: ProcedureInput<Self>) -> Result<Self, InternalError> {
[INFO] [stdout]   |                                                                ^^^^^^^^^^^^^ not found in this scope
[INFO] [stdout] 
[INFO] [stdout] error[E0412]: cannot find type `Procedure` in this scope
[INFO] [stdout]   --> src/rewrite/procedure/resolver_input.rs:37:6
[INFO] [stdout]    |
[INFO] [stdout] 16 |     <Procedure>::builder().query(|_, _: MyCoolThing| async move { () });
[INFO] [stdout]    |      ^^^^^^^^^ not found in this scope
[INFO] [stdout] 
[INFO] [stdout] error: aborting due to 4 previous errors
[INFO] [stdout] 
[INFO] [stdout] Some errors have detailed explanations: E0405, E0412.
[INFO] [stdout] For more information about an error, try `rustc --explain E0405`.
[INFO] [stdout] Couldn't compile the test.
[INFO] [stdout] ---- src/rewrite/procedure/procedure.rs - rewrite::procedure::procedure::Procedure<TCtx>::exec (line 120) stdout ----
[INFO] [stdout] error[E0412]: cannot find type `Procedure` in this scope
[INFO] [stdout]  --> src/rewrite/procedure/procedure.rs:123:29
[INFO] [stdout]   |
[INFO] [stdout] 5 | fn run_procedure(procedure: Procedure) -> Vec<Value> {
[INFO] [stdout]   |                             ^^^^^^^^^ not found in this scope
[INFO] [stdout] 
[INFO] [stdout] error[E0728]: `await` is only allowed inside `async` functions and blocks
[INFO] [stdout]  --> src/rewrite/procedure/procedure.rs:127:10
[INFO] [stdout]   |
[INFO] [stdout] 5 | fn run_procedure(procedure: Procedure) -> Vec<Value> {
[INFO] [stdout]   | ---------------------------------------------------- this is not `async`
[INFO] [stdout] ...
[INFO] [stdout] 9 |         .await
[INFO] [stdout]   |          ^^^^^ only allowed inside `async` functions and blocks
[INFO] [stdout] 
[INFO] [stdout] error: aborting due to 2 previous errors
[INFO] [stdout] 
[INFO] [stdout] Some errors have detailed explanations: E0412, E0728.
[INFO] [stdout] For more information about an error, try `rustc --explain E0412`.
[INFO] [stdout] Couldn't compile the test.
[INFO] [stdout] ---- src/rewrite/stream.rs - rewrite::stream::Stream (line 15) stdout ----
[INFO] [stdout] error[E0412]: cannot find type `Procedure` in this scope
[INFO] [stdout]  --> src/rewrite/stream.rs:19:2
[INFO] [stdout]   |
[INFO] [stdout] 7 | <Procedure>::builder().query(|_, _: ()| async move { rspc::Stream(once(async move { 42 })) });
[INFO] [stdout]   |  ^^^^^^^^^ not found in this scope
[INFO] [stdout] 
[INFO] [stdout] error[E0425]: cannot find function, tuple struct or tuple variant `Stream` in crate `rspc`
[INFO] [stdout]  --> src/rewrite/stream.rs:19:60
[INFO] [stdout]   |
[INFO] [stdout] 7 | <Procedure>::builder().query(|_, _: ()| async move { rspc::Stream(once(async move { 42 })) });
[INFO] [stdout]   |                                                            ^^^^^^ not found in `rspc`
[INFO] [stdout] 
[INFO] [stdout] error: aborting due to 2 previous errors
[INFO] [stdout] 
[INFO] [stdout] Some errors have detailed explanations: E0412, E0425.
[INFO] [stdout] For more information about an error, try `rustc --explain E0412`.
[INFO] [stdout] Couldn't compile the test.
[INFO] [stdout] 
[INFO] [stdout] failures:
[INFO] [stdout]     src/rewrite/middleware/middleware.rs - rewrite::middleware::middleware::Middleware (line 59)
[INFO] [stdout]     src/rewrite/procedure/input.rs - rewrite::procedure::input::ProcedureInput (line 21)
[INFO] [stdout]     src/rewrite/procedure/procedure.rs - rewrite::procedure::procedure::Procedure<TCtx>::exec (line 120)
[INFO] [stdout]     src/rewrite/procedure/procedure.rs - rewrite::procedure::procedure::Procedure<TCtx>::ty (line 107)
[INFO] [stdout]     src/rewrite/procedure/resolver_input.rs - rewrite::procedure::resolver_input::ResolverInput (line 24)
[INFO] [stdout]     src/rewrite/procedure/resolver_output.rs - rewrite::procedure::resolver_output::ResolverOutput (line 21)
[INFO] [stdout]     src/rewrite/stream.rs - rewrite::stream::Stream (line 15)
[INFO] [stdout] 
[INFO] [stdout] test result: FAILED. 0 passed; 7 failed; 0 ignored; 0 measured; 0 filtered out; finished in 0.37s
[INFO] [stdout] 
[INFO] [stderr] error: doctest failed, to rerun pass `--doc`
[INFO] running `Command { std: "docker" "inspect" "6a122f63d5518887dcb446b67998de76b8524478cb1628d66b77620a1878f197", kill_on_drop: false }`
[INFO] running `Command { std: "docker" "rm" "-f" "6a122f63d5518887dcb446b67998de76b8524478cb1628d66b77620a1878f197", kill_on_drop: false }`
[INFO] [stdout] 6a122f63d5518887dcb446b67998de76b8524478cb1628d66b77620a1878f197
