[INFO] fetching crate rs_ws281x 0.5.1...
[INFO] testing rs_ws281x-0.5.1 against nightly-2025-01-18+rustflags=-Zrandomize-layout for randomize-layout-2
[INFO] extracting crate rs_ws281x 0.5.1 into /workspace/builds/worker-3-tc2/source
[INFO] validating manifest of crates.io crate rs_ws281x 0.5.1 on toolchain nightly-2025-01-18
[INFO] running `Command { std: CARGO_HOME="/workspace/cargo-home" RUSTUP_HOME="/workspace/rustup-home" "/workspace/cargo-home/bin/cargo" "+nightly-2025-01-18" "metadata" "--manifest-path" "Cargo.toml" "--no-deps", kill_on_drop: false }`
[INFO] removed /workspace/builds/worker-3-tc2/source/.cargo/config
[INFO] started tweaking crates.io crate rs_ws281x 0.5.1
[INFO] finished tweaking crates.io crate rs_ws281x 0.5.1
[INFO] tweaked toml for crates.io crate rs_ws281x 0.5.1 written to /workspace/builds/worker-3-tc2/source/Cargo.toml
[INFO] crate crates.io crate rs_ws281x 0.5.1 already has a lockfile, it will not be regenerated
[INFO] running `Command { std: CARGO_HOME="/workspace/cargo-home" RUSTUP_HOME="/workspace/rustup-home" "/workspace/cargo-home/bin/cargo" "+nightly-2025-01-18" "fetch" "--manifest-path" "Cargo.toml", kill_on_drop: false }`
[INFO] running `Command { std: "docker" "create" "-v" "/var/lib/crater-agent-workspace/builds/worker-3-tc2/target:/opt/rustwide/target:rw,Z" "-v" "/var/lib/crater-agent-workspace/builds/worker-3-tc2/source:/opt/rustwide/workdir:ro,Z" "-v" "/var/lib/crater-agent-workspace/cargo-home:/opt/rustwide/cargo-home:ro,Z" "-v" "/var/lib/crater-agent-workspace/rustup-home:/opt/rustwide/rustup-home:ro,Z" "-e" "SOURCE_DIR=/opt/rustwide/workdir" "-e" "CARGO_TARGET_DIR=/opt/rustwide/target" "-e" "CARGO_HOME=/opt/rustwide/cargo-home" "-e" "RUSTUP_HOME=/opt/rustwide/rustup-home" "-w" "/opt/rustwide/workdir" "-m" "1610612736" "--user" "0:0" "--network" "none" "ghcr.io/rust-lang/crates-build-env/linux@sha256:819108c5571ea2e421544af4d832f968d213c87fbe3707a016657f43d2f853bc" "/opt/rustwide/cargo-home/bin/cargo" "+nightly-2025-01-18" "metadata" "--no-deps" "--format-version=1", kill_on_drop: false }`
[INFO] [stdout] 234694517efb0709e887642c439eb69b6dd76923a65e588c8b9b4bac17cc0a39
[INFO] running `Command { std: "docker" "start" "-a" "234694517efb0709e887642c439eb69b6dd76923a65e588c8b9b4bac17cc0a39", kill_on_drop: false }`
[INFO] running `Command { std: "docker" "inspect" "234694517efb0709e887642c439eb69b6dd76923a65e588c8b9b4bac17cc0a39", kill_on_drop: false }`
[INFO] running `Command { std: "docker" "rm" "-f" "234694517efb0709e887642c439eb69b6dd76923a65e588c8b9b4bac17cc0a39", kill_on_drop: false }`
[INFO] [stdout] 234694517efb0709e887642c439eb69b6dd76923a65e588c8b9b4bac17cc0a39
[INFO] running `Command { std: "docker" "create" "-v" "/var/lib/crater-agent-workspace/builds/worker-3-tc2/target:/opt/rustwide/target:rw,Z" "-v" "/var/lib/crater-agent-workspace/builds/worker-3-tc2/source:/opt/rustwide/workdir:ro,Z" "-v" "/var/lib/crater-agent-workspace/cargo-home:/opt/rustwide/cargo-home:ro,Z" "-v" "/var/lib/crater-agent-workspace/rustup-home:/opt/rustwide/rustup-home:ro,Z" "-e" "SOURCE_DIR=/opt/rustwide/workdir" "-e" "CARGO_TARGET_DIR=/opt/rustwide/target" "-e" "CARGO_INCREMENTAL=0" "-e" "RUST_BACKTRACE=full" "-e" "RUSTFLAGS=--cap-lints=forbid -Zrandomize-layout" "-e" "RUSTDOCFLAGS=--cap-lints=forbid" "-e" "CARGO_HOME=/opt/rustwide/cargo-home" "-e" "RUSTUP_HOME=/opt/rustwide/rustup-home" "-w" "/opt/rustwide/workdir" "-m" "1610612736" "--user" "0:0" "--network" "none" "ghcr.io/rust-lang/crates-build-env/linux@sha256:819108c5571ea2e421544af4d832f968d213c87fbe3707a016657f43d2f853bc" "/opt/rustwide/cargo-home/bin/cargo" "+nightly-2025-01-18" "build" "--frozen" "--message-format=json", kill_on_drop: false }`
[INFO] [stdout] 51049aeacc37383c851a13ae535292f25ebe271ed6ab0ea11fff6c95622a9388
[INFO] running `Command { std: "docker" "start" "-a" "51049aeacc37383c851a13ae535292f25ebe271ed6ab0ea11fff6c95622a9388", kill_on_drop: false }`
[INFO] [stderr]    Compiling proc-macro2 v1.0.70
[INFO] [stderr]    Compiling libc v0.2.150
[INFO] [stderr]    Compiling glob v0.3.1
[INFO] [stderr]    Compiling unicode-ident v1.0.12
[INFO] [stderr]    Compiling minimal-lexical v0.2.1
[INFO] [stderr]    Compiling memchr v2.6.4
[INFO] [stderr]    Compiling regex-syntax v0.8.2
[INFO] [stderr]    Compiling bindgen v0.69.1
[INFO] [stderr]    Compiling lazycell v1.3.0
[INFO] [stderr]    Compiling shlex v1.2.0
[INFO] [stderr]    Compiling bitflags v2.4.1
[INFO] [stderr]    Compiling lazy_static v1.4.0
[INFO] [stderr]    Compiling rustc-hash v1.1.0
[INFO] [stderr]    Compiling peeking_take_while v0.1.2
[INFO] [stderr]    Compiling serde v1.0.193
[INFO] [stderr]    Compiling clang-sys v1.6.1
[INFO] [stderr]    Compiling nom v7.1.3
[INFO] [stderr]    Compiling cc v1.0.83
[INFO] [stderr]    Compiling quote v1.0.33
[INFO] [stderr]    Compiling syn v2.0.39
[INFO] [stderr]    Compiling cexpr v0.6.0
[INFO] [stderr]    Compiling regex-automata v0.4.3
[INFO] [stderr]    Compiling regex v1.10.2
[INFO] [stderr]    Compiling serde_derive v1.0.193
[INFO] [stderr]    Compiling rs_ws281x v0.5.1 (/opt/rustwide/workdir)
[INFO] [stderr]     Finished `dev` profile [unoptimized + debuginfo] target(s) in 12.15s
[INFO] running `Command { std: "docker" "inspect" "51049aeacc37383c851a13ae535292f25ebe271ed6ab0ea11fff6c95622a9388", kill_on_drop: false }`
[INFO] running `Command { std: "docker" "rm" "-f" "51049aeacc37383c851a13ae535292f25ebe271ed6ab0ea11fff6c95622a9388", kill_on_drop: false }`
[INFO] [stdout] 51049aeacc37383c851a13ae535292f25ebe271ed6ab0ea11fff6c95622a9388
[INFO] running `Command { std: "docker" "create" "-v" "/var/lib/crater-agent-workspace/builds/worker-3-tc2/target:/opt/rustwide/target:rw,Z" "-v" "/var/lib/crater-agent-workspace/builds/worker-3-tc2/source:/opt/rustwide/workdir:ro,Z" "-v" "/var/lib/crater-agent-workspace/cargo-home:/opt/rustwide/cargo-home:ro,Z" "-v" "/var/lib/crater-agent-workspace/rustup-home:/opt/rustwide/rustup-home:ro,Z" "-e" "SOURCE_DIR=/opt/rustwide/workdir" "-e" "CARGO_TARGET_DIR=/opt/rustwide/target" "-e" "CARGO_INCREMENTAL=0" "-e" "RUST_BACKTRACE=full" "-e" "RUSTFLAGS=--cap-lints=forbid -Zrandomize-layout" "-e" "RUSTDOCFLAGS=--cap-lints=forbid" "-e" "CARGO_HOME=/opt/rustwide/cargo-home" "-e" "RUSTUP_HOME=/opt/rustwide/rustup-home" "-w" "/opt/rustwide/workdir" "-m" "1610612736" "--user" "0:0" "--network" "none" "ghcr.io/rust-lang/crates-build-env/linux@sha256:819108c5571ea2e421544af4d832f968d213c87fbe3707a016657f43d2f853bc" "/opt/rustwide/cargo-home/bin/cargo" "+nightly-2025-01-18" "test" "--frozen" "--no-run" "--message-format=json", kill_on_drop: false }`
[INFO] [stdout] bba945512e3b61dc7876259110ac6082d2633259b767480cc566f49a875c0bdf
[INFO] running `Command { std: "docker" "start" "-a" "bba945512e3b61dc7876259110ac6082d2633259b767480cc566f49a875c0bdf", kill_on_drop: false }`
[INFO] [stderr]    Compiling rs_ws281x v0.5.1 (/opt/rustwide/workdir)
[INFO] [stderr]     Finished `test` profile [unoptimized + debuginfo] target(s) in 0.36s
[INFO] running `Command { std: "docker" "inspect" "bba945512e3b61dc7876259110ac6082d2633259b767480cc566f49a875c0bdf", kill_on_drop: false }`
[INFO] running `Command { std: "docker" "rm" "-f" "bba945512e3b61dc7876259110ac6082d2633259b767480cc566f49a875c0bdf", kill_on_drop: false }`
[INFO] [stdout] bba945512e3b61dc7876259110ac6082d2633259b767480cc566f49a875c0bdf
[INFO] running `Command { std: "docker" "create" "-v" "/var/lib/crater-agent-workspace/builds/worker-3-tc2/target:/opt/rustwide/target:rw,Z" "-v" "/var/lib/crater-agent-workspace/builds/worker-3-tc2/source:/opt/rustwide/workdir:ro,Z" "-v" "/var/lib/crater-agent-workspace/cargo-home:/opt/rustwide/cargo-home:ro,Z" "-v" "/var/lib/crater-agent-workspace/rustup-home:/opt/rustwide/rustup-home:ro,Z" "-e" "SOURCE_DIR=/opt/rustwide/workdir" "-e" "CARGO_TARGET_DIR=/opt/rustwide/target" "-e" "CARGO_INCREMENTAL=0" "-e" "RUST_BACKTRACE=full" "-e" "RUSTFLAGS=--cap-lints=forbid -Zrandomize-layout" "-e" "RUSTDOCFLAGS=--cap-lints=forbid" "-e" "CARGO_HOME=/opt/rustwide/cargo-home" "-e" "RUSTUP_HOME=/opt/rustwide/rustup-home" "-w" "/opt/rustwide/workdir" "-m" "1610612736" "--user" "0:0" "--network" "none" "ghcr.io/rust-lang/crates-build-env/linux@sha256:819108c5571ea2e421544af4d832f968d213c87fbe3707a016657f43d2f853bc" "/opt/rustwide/cargo-home/bin/cargo" "+nightly-2025-01-18" "test" "--frozen", kill_on_drop: false }`
[INFO] [stdout] 364e7e99f7e9aa11c1f43a8100bf2f3813ea52fd0fee0fc92047dda36ba9e2ab
[INFO] running `Command { std: "docker" "start" "-a" "364e7e99f7e9aa11c1f43a8100bf2f3813ea52fd0fee0fc92047dda36ba9e2ab", kill_on_drop: false }`
[INFO] [stderr]     Finished `test` profile [unoptimized + debuginfo] target(s) in 0.02s
[INFO] [stderr]      Running unittests src/lib.rs (/opt/rustwide/target/debug/deps/rs_ws281x-1b1fc8fe2f486df9)
[INFO] [stdout] 
[INFO] [stdout] running 8 tests
[INFO] [stdout] test bindings::bindgen_test_layout___fsid_t ... ok
[INFO] [stdout] test bindings::bindgen_test_layout_pwm_pin_tables_t ... ok
[INFO] [stdout] test bindings::bindgen_test_layout_pwm_pin_table_t ... ok
[INFO] [stdout] test bindings::bindgen_test_layout_pwm_t ... ok
[INFO] [stdout] test bindings::bindgen_test_layout_rpi_hw_t ... ok
[INFO] [stdout] test bindings::bindgen_test_layout_ws2811_channel_t ... ok
[INFO] [stdout] test bindings::bindgen_test_layout_ws2811_t ... ok
[INFO] [stdout] test util::raw_color::tests::test_size_compatible ... ok
[INFO] [stdout] 
[INFO] [stdout] test result: ok. 8 passed; 0 failed; 0 ignored; 0 measured; 0 filtered out; finished in 0.00s
[INFO] [stdout] 
[INFO] [stderr]    Doc-tests rs_ws281x
[INFO] [stdout] 
[INFO] [stdout] running 1 test
[INFO] [stdout] test src/controller/builder.rs - controller::builder::ControllerBuilder (line 15) ... FAILED
[INFO] [stdout] 
[INFO] [stdout] failures:
[INFO] [stdout] 
[INFO] [stdout] ---- src/controller/builder.rs - controller::builder::ControllerBuilder (line 15) stdout ----
[INFO] [stdout] error: expected `;`, found `controller`
[INFO] [stdout]   --> src/controller/builder.rs:37:29
[INFO] [stdout]    |
[INFO] [stdout] 24 | leds[0] = [255, 255, 255, 0]
[INFO] [stdout]    |                             ^ help: add `;` here
[INFO] [stdout] ...
[INFO] [stdout] 27 | controller.render();
[INFO] [stdout]    | ---------- unexpected token
[INFO] [stdout] 
[INFO] [stdout] error[E0433]: failed to resolve: use of undeclared type `ControllerBuilder`
[INFO] [stdout]  --> src/controller/builder.rs:18:18
[INFO] [stdout]   |
[INFO] [stdout] 5 | let controller = ControllerBuilder::new()
[INFO] [stdout]   |                  ^^^^^^^^^^^^^^^^^ use of undeclared type `ControllerBuilder`
[INFO] [stdout]   |
[INFO] [stdout] help: consider importing this struct
[INFO] [stdout]   |
[INFO] [stdout] 4 + use rs_ws281x::ControllerBuilder;
[INFO] [stdout]   |
[INFO] [stdout] 
[INFO] [stdout] error[E0433]: failed to resolve: use of undeclared type `ChannelBuilder`
[INFO] [stdout]   --> src/controller/builder.rs:24:9
[INFO] [stdout]    |
[INFO] [stdout] 11 |         ChannelBuilder::new()
[INFO] [stdout]    |         ^^^^^^^^^^^^^^ use of undeclared type `ChannelBuilder`
[INFO] [stdout]    |
[INFO] [stdout] help: consider importing this struct
[INFO] [stdout]    |
[INFO] [stdout] 4  + use rs_ws281x::ChannelBuilder;
[INFO] [stdout]    |
[INFO] [stdout] 
[INFO] [stdout] error[E0433]: failed to resolve: use of undeclared type `StripType`
[INFO] [stdout]   --> src/controller/builder.rs:27:25
[INFO] [stdout]    |
[INFO] [stdout] 14 |             .strip_type(StripType::Ws2811Rgb)
[INFO] [stdout]    |                         ^^^^^^^^^ use of undeclared type `StripType`
[INFO] [stdout]    |
[INFO] [stdout] help: consider importing this enum
[INFO] [stdout]    |
[INFO] [stdout] 4  + use rs_ws281x::StripType;
[INFO] [stdout]    |
[INFO] [stdout] 
[INFO] [stdout] error: aborting due to 4 previous errors
[INFO] [stdout] 
[INFO] [stdout] For more information about this error, try `rustc --explain E0433`.
[INFO] [stdout] Couldn't compile the test.
[INFO] [stdout] 
[INFO] [stdout] failures:
[INFO] [stdout]     src/controller/builder.rs - controller::builder::ControllerBuilder (line 15)
[INFO] [stdout] 
[INFO] [stdout] test result: FAILED. 0 passed; 1 failed; 0 ignored; 0 measured; 0 filtered out; finished in 0.05s
[INFO] [stdout] 
[INFO] [stderr] error: doctest failed, to rerun pass `--doc`
[INFO] running `Command { std: "docker" "inspect" "364e7e99f7e9aa11c1f43a8100bf2f3813ea52fd0fee0fc92047dda36ba9e2ab", kill_on_drop: false }`
[INFO] running `Command { std: "docker" "rm" "-f" "364e7e99f7e9aa11c1f43a8100bf2f3813ea52fd0fee0fc92047dda36ba9e2ab", kill_on_drop: false }`
[INFO] [stdout] 364e7e99f7e9aa11c1f43a8100bf2f3813ea52fd0fee0fc92047dda36ba9e2ab
