[INFO] fetching crate rpn_calc0000123 0.1.0...
[INFO] testing rpn_calc0000123-0.1.0 against nightly-2025-01-18 for randomize-layout-2
[INFO] extracting crate rpn_calc0000123 0.1.0 into /workspace/builds/worker-3-tc1/source
[INFO] validating manifest of crates.io crate rpn_calc0000123 0.1.0 on toolchain nightly-2025-01-18
[INFO] running `Command { std: CARGO_HOME="/workspace/cargo-home" RUSTUP_HOME="/workspace/rustup-home" "/workspace/cargo-home/bin/cargo" "+nightly-2025-01-18" "metadata" "--manifest-path" "Cargo.toml" "--no-deps", kill_on_drop: false }`
[INFO] started tweaking crates.io crate rpn_calc0000123 0.1.0
[INFO] finished tweaking crates.io crate rpn_calc0000123 0.1.0
[INFO] tweaked toml for crates.io crate rpn_calc0000123 0.1.0 written to /workspace/builds/worker-3-tc1/source/Cargo.toml
[INFO] running `Command { std: CARGO_HOME="/workspace/cargo-home" RUSTUP_HOME="/workspace/rustup-home" "/workspace/cargo-home/bin/cargo" "+nightly-2025-01-18" "generate-lockfile" "--manifest-path" "Cargo.toml", kill_on_drop: false }`
[INFO] running `Command { std: CARGO_HOME="/workspace/cargo-home" RUSTUP_HOME="/workspace/rustup-home" "/workspace/cargo-home/bin/cargo" "+nightly-2025-01-18" "fetch" "--manifest-path" "Cargo.toml", kill_on_drop: false }`
[INFO] running `Command { std: "docker" "create" "-v" "/var/lib/crater-agent-workspace/builds/worker-3-tc1/target:/opt/rustwide/target:rw,Z" "-v" "/var/lib/crater-agent-workspace/builds/worker-3-tc1/source:/opt/rustwide/workdir:ro,Z" "-v" "/var/lib/crater-agent-workspace/cargo-home:/opt/rustwide/cargo-home:ro,Z" "-v" "/var/lib/crater-agent-workspace/rustup-home:/opt/rustwide/rustup-home:ro,Z" "-e" "SOURCE_DIR=/opt/rustwide/workdir" "-e" "CARGO_TARGET_DIR=/opt/rustwide/target" "-e" "CARGO_HOME=/opt/rustwide/cargo-home" "-e" "RUSTUP_HOME=/opt/rustwide/rustup-home" "-w" "/opt/rustwide/workdir" "-m" "1610612736" "--user" "0:0" "--network" "none" "ghcr.io/rust-lang/crates-build-env/linux@sha256:819108c5571ea2e421544af4d832f968d213c87fbe3707a016657f43d2f853bc" "/opt/rustwide/cargo-home/bin/cargo" "+nightly-2025-01-18" "metadata" "--no-deps" "--format-version=1", kill_on_drop: false }`
[INFO] [stdout] 457b8f4db3ff2547c6433d8345a1c761892459d75fe369e6ddd10530f87d5144
[INFO] running `Command { std: "docker" "start" "-a" "457b8f4db3ff2547c6433d8345a1c761892459d75fe369e6ddd10530f87d5144", kill_on_drop: false }`
[INFO] running `Command { std: "docker" "inspect" "457b8f4db3ff2547c6433d8345a1c761892459d75fe369e6ddd10530f87d5144", kill_on_drop: false }`
[INFO] running `Command { std: "docker" "rm" "-f" "457b8f4db3ff2547c6433d8345a1c761892459d75fe369e6ddd10530f87d5144", kill_on_drop: false }`
[INFO] [stdout] 457b8f4db3ff2547c6433d8345a1c761892459d75fe369e6ddd10530f87d5144
[INFO] running `Command { std: "docker" "create" "-v" "/var/lib/crater-agent-workspace/builds/worker-3-tc1/target:/opt/rustwide/target:rw,Z" "-v" "/var/lib/crater-agent-workspace/builds/worker-3-tc1/source:/opt/rustwide/workdir:ro,Z" "-v" "/var/lib/crater-agent-workspace/cargo-home:/opt/rustwide/cargo-home:ro,Z" "-v" "/var/lib/crater-agent-workspace/rustup-home:/opt/rustwide/rustup-home:ro,Z" "-e" "SOURCE_DIR=/opt/rustwide/workdir" "-e" "CARGO_TARGET_DIR=/opt/rustwide/target" "-e" "CARGO_INCREMENTAL=0" "-e" "RUST_BACKTRACE=full" "-e" "RUSTFLAGS=--cap-lints=forbid" "-e" "RUSTDOCFLAGS=--cap-lints=forbid" "-e" "CARGO_HOME=/opt/rustwide/cargo-home" "-e" "RUSTUP_HOME=/opt/rustwide/rustup-home" "-w" "/opt/rustwide/workdir" "-m" "1610612736" "--user" "0:0" "--network" "none" "ghcr.io/rust-lang/crates-build-env/linux@sha256:819108c5571ea2e421544af4d832f968d213c87fbe3707a016657f43d2f853bc" "/opt/rustwide/cargo-home/bin/cargo" "+nightly-2025-01-18" "build" "--frozen" "--message-format=json", kill_on_drop: false }`
[INFO] [stdout] 88aa34af0c07f746b47b6404876e5f970c6264afb5084fd6a0b7b8063dbde946
[INFO] running `Command { std: "docker" "start" "-a" "88aa34af0c07f746b47b6404876e5f970c6264afb5084fd6a0b7b8063dbde946", kill_on_drop: false }`
[INFO] [stderr]    Compiling rpn_calc0000123 v0.1.0 (/opt/rustwide/workdir)
[INFO] [stderr]     Finished `dev` profile [unoptimized + debuginfo] target(s) in 0.23s
[INFO] running `Command { std: "docker" "inspect" "88aa34af0c07f746b47b6404876e5f970c6264afb5084fd6a0b7b8063dbde946", kill_on_drop: false }`
[INFO] running `Command { std: "docker" "rm" "-f" "88aa34af0c07f746b47b6404876e5f970c6264afb5084fd6a0b7b8063dbde946", kill_on_drop: false }`
[INFO] [stdout] 88aa34af0c07f746b47b6404876e5f970c6264afb5084fd6a0b7b8063dbde946
[INFO] running `Command { std: "docker" "create" "-v" "/var/lib/crater-agent-workspace/builds/worker-3-tc1/target:/opt/rustwide/target:rw,Z" "-v" "/var/lib/crater-agent-workspace/builds/worker-3-tc1/source:/opt/rustwide/workdir:ro,Z" "-v" "/var/lib/crater-agent-workspace/cargo-home:/opt/rustwide/cargo-home:ro,Z" "-v" "/var/lib/crater-agent-workspace/rustup-home:/opt/rustwide/rustup-home:ro,Z" "-e" "SOURCE_DIR=/opt/rustwide/workdir" "-e" "CARGO_TARGET_DIR=/opt/rustwide/target" "-e" "CARGO_INCREMENTAL=0" "-e" "RUST_BACKTRACE=full" "-e" "RUSTFLAGS=--cap-lints=forbid" "-e" "RUSTDOCFLAGS=--cap-lints=forbid" "-e" "CARGO_HOME=/opt/rustwide/cargo-home" "-e" "RUSTUP_HOME=/opt/rustwide/rustup-home" "-w" "/opt/rustwide/workdir" "-m" "1610612736" "--user" "0:0" "--network" "none" "ghcr.io/rust-lang/crates-build-env/linux@sha256:819108c5571ea2e421544af4d832f968d213c87fbe3707a016657f43d2f853bc" "/opt/rustwide/cargo-home/bin/cargo" "+nightly-2025-01-18" "test" "--frozen" "--no-run" "--message-format=json", kill_on_drop: false }`
[INFO] [stdout] 5bbfa983ed611e413cc929573dc6a24653835e85319050f5a7d11eee1ad58a00
[INFO] running `Command { std: "docker" "start" "-a" "5bbfa983ed611e413cc929573dc6a24653835e85319050f5a7d11eee1ad58a00", kill_on_drop: false }`
[INFO] [stderr]    Compiling rpn_calc0000123 v0.1.0 (/opt/rustwide/workdir)
[INFO] [stderr]     Finished `test` profile [unoptimized + debuginfo] target(s) in 0.32s
[INFO] running `Command { std: "docker" "inspect" "5bbfa983ed611e413cc929573dc6a24653835e85319050f5a7d11eee1ad58a00", kill_on_drop: false }`
[INFO] running `Command { std: "docker" "rm" "-f" "5bbfa983ed611e413cc929573dc6a24653835e85319050f5a7d11eee1ad58a00", kill_on_drop: false }`
[INFO] [stdout] 5bbfa983ed611e413cc929573dc6a24653835e85319050f5a7d11eee1ad58a00
[INFO] running `Command { std: "docker" "create" "-v" "/var/lib/crater-agent-workspace/builds/worker-3-tc1/target:/opt/rustwide/target:rw,Z" "-v" "/var/lib/crater-agent-workspace/builds/worker-3-tc1/source:/opt/rustwide/workdir:ro,Z" "-v" "/var/lib/crater-agent-workspace/cargo-home:/opt/rustwide/cargo-home:ro,Z" "-v" "/var/lib/crater-agent-workspace/rustup-home:/opt/rustwide/rustup-home:ro,Z" "-e" "SOURCE_DIR=/opt/rustwide/workdir" "-e" "CARGO_TARGET_DIR=/opt/rustwide/target" "-e" "CARGO_INCREMENTAL=0" "-e" "RUST_BACKTRACE=full" "-e" "RUSTFLAGS=--cap-lints=forbid" "-e" "RUSTDOCFLAGS=--cap-lints=forbid" "-e" "CARGO_HOME=/opt/rustwide/cargo-home" "-e" "RUSTUP_HOME=/opt/rustwide/rustup-home" "-w" "/opt/rustwide/workdir" "-m" "1610612736" "--user" "0:0" "--network" "none" "ghcr.io/rust-lang/crates-build-env/linux@sha256:819108c5571ea2e421544af4d832f968d213c87fbe3707a016657f43d2f853bc" "/opt/rustwide/cargo-home/bin/cargo" "+nightly-2025-01-18" "test" "--frozen", kill_on_drop: false }`
[INFO] [stdout] fad52d3237f998dda26b40c0fe1a3b0b4450ec7068824ebcfa5d228e9053a3d5
[INFO] running `Command { std: "docker" "start" "-a" "fad52d3237f998dda26b40c0fe1a3b0b4450ec7068824ebcfa5d228e9053a3d5", kill_on_drop: false }`
[INFO] [stderr]     Finished `test` profile [unoptimized + debuginfo] target(s) in 0.01s
[INFO] [stderr]      Running unittests src/lib.rs (/opt/rustwide/target/debug/deps/rpn_calc0000123-a8b461b537326060)
[INFO] [stdout] 
[INFO] [stdout] running 1 test
[INFO] [stdout] test tests::it_works ... ok
[INFO] [stderr]    Doc-tests rpn_calc0000123
[INFO] [stdout] 
[INFO] [stdout] test result: ok. 1 passed; 0 failed; 0 ignored; 0 measured; 0 filtered out; finished in 0.01s
[INFO] [stdout] 
[INFO] [stdout] 
[INFO] [stdout] running 1 test
[INFO] [stdout] test src/lib.rs - eval (line 2) ... FAILED
[INFO] [stdout] 
[INFO] [stdout] failures:
[INFO] [stdout] 
[INFO] [stdout] ---- src/lib.rs - eval (line 2) stdout ----
[INFO] [stdout] error[E0433]: failed to resolve: use of undeclared crate or module `rpc_calc`
[INFO] [stdout]  --> src/lib.rs:4:10
[INFO] [stdout]   |
[INFO] [stdout] 4 |  let a = rpc_calc::eval(src).unwrap();
[INFO] [stdout]   |          ^^^^^^^^ use of undeclared crate or module `rpc_calc`
[INFO] [stdout] 
[INFO] [stdout] error: aborting due to 1 previous error
[INFO] [stdout] 
[INFO] [stdout] For more information about this error, try `rustc --explain E0433`.
[INFO] [stdout] Couldn't compile the test.
[INFO] [stdout] 
[INFO] [stdout] failures:
[INFO] [stdout]     src/lib.rs - eval (line 2)
[INFO] [stdout] 
[INFO] [stdout] test result: FAILED. 0 passed; 1 failed; 0 ignored; 0 measured; 0 filtered out; finished in 0.08s
[INFO] [stdout] 
[INFO] [stderr] error: doctest failed, to rerun pass `--doc`
[INFO] running `Command { std: "docker" "inspect" "fad52d3237f998dda26b40c0fe1a3b0b4450ec7068824ebcfa5d228e9053a3d5", kill_on_drop: false }`
[INFO] running `Command { std: "docker" "rm" "-f" "fad52d3237f998dda26b40c0fe1a3b0b4450ec7068824ebcfa5d228e9053a3d5", kill_on_drop: false }`
[INFO] [stdout] fad52d3237f998dda26b40c0fe1a3b0b4450ec7068824ebcfa5d228e9053a3d5
