[INFO] fetching crate rotbl 0.1.2...
[INFO] testing rotbl-0.1.2 against nightly-2025-01-18 for randomize-layout-2
[INFO] extracting crate rotbl 0.1.2 into /workspace/builds/worker-1-tc1/source
[INFO] validating manifest of crates.io crate rotbl 0.1.2 on toolchain nightly-2025-01-18
[INFO] running `Command { std: CARGO_HOME="/workspace/cargo-home" RUSTUP_HOME="/workspace/rustup-home" "/workspace/cargo-home/bin/cargo" "+nightly-2025-01-18" "metadata" "--manifest-path" "Cargo.toml" "--no-deps", kill_on_drop: false }`
[INFO] started tweaking crates.io crate rotbl 0.1.2
[INFO] removed 0 missing tests
[INFO] finished tweaking crates.io crate rotbl 0.1.2
[INFO] tweaked toml for crates.io crate rotbl 0.1.2 written to /workspace/builds/worker-1-tc1/source/Cargo.toml
[INFO] crate crates.io crate rotbl 0.1.2 already has a lockfile, it will not be regenerated
[INFO] running `Command { std: CARGO_HOME="/workspace/cargo-home" RUSTUP_HOME="/workspace/rustup-home" "/workspace/cargo-home/bin/cargo" "+nightly-2025-01-18" "fetch" "--manifest-path" "Cargo.toml", kill_on_drop: false }`
[INFO] [stderr]     Updating crates.io index
[INFO] [stderr]  Downloading crates ...
[INFO] [stderr]   Downloaded futures-async-stream-macro v0.2.11
[INFO] [stderr]   Downloaded futures-async-stream v0.2.11
[INFO] [stderr]   Downloaded lru-cache-map v0.2.0
[INFO] running `Command { std: "docker" "create" "-v" "/var/lib/crater-agent-workspace/builds/worker-1-tc1/target:/opt/rustwide/target:rw,Z" "-v" "/var/lib/crater-agent-workspace/builds/worker-1-tc1/source:/opt/rustwide/workdir:ro,Z" "-v" "/var/lib/crater-agent-workspace/cargo-home:/opt/rustwide/cargo-home:ro,Z" "-v" "/var/lib/crater-agent-workspace/rustup-home:/opt/rustwide/rustup-home:ro,Z" "-e" "SOURCE_DIR=/opt/rustwide/workdir" "-e" "CARGO_TARGET_DIR=/opt/rustwide/target" "-e" "CARGO_HOME=/opt/rustwide/cargo-home" "-e" "RUSTUP_HOME=/opt/rustwide/rustup-home" "-w" "/opt/rustwide/workdir" "-m" "1610612736" "--user" "0:0" "--network" "none" "ghcr.io/rust-lang/crates-build-env/linux@sha256:819108c5571ea2e421544af4d832f968d213c87fbe3707a016657f43d2f853bc" "/opt/rustwide/cargo-home/bin/cargo" "+nightly-2025-01-18" "metadata" "--no-deps" "--format-version=1", kill_on_drop: false }`
[INFO] [stdout] 30e47333ae8c193d21ee9c3aa7c8ee5b05b6562e35b994d7e9f1d2fa83f1fbb7
[INFO] running `Command { std: "docker" "start" "-a" "30e47333ae8c193d21ee9c3aa7c8ee5b05b6562e35b994d7e9f1d2fa83f1fbb7", kill_on_drop: false }`
[INFO] running `Command { std: "docker" "inspect" "30e47333ae8c193d21ee9c3aa7c8ee5b05b6562e35b994d7e9f1d2fa83f1fbb7", kill_on_drop: false }`
[INFO] running `Command { std: "docker" "rm" "-f" "30e47333ae8c193d21ee9c3aa7c8ee5b05b6562e35b994d7e9f1d2fa83f1fbb7", kill_on_drop: false }`
[INFO] [stdout] 30e47333ae8c193d21ee9c3aa7c8ee5b05b6562e35b994d7e9f1d2fa83f1fbb7
[INFO] running `Command { std: "docker" "create" "-v" "/var/lib/crater-agent-workspace/builds/worker-1-tc1/target:/opt/rustwide/target:rw,Z" "-v" "/var/lib/crater-agent-workspace/builds/worker-1-tc1/source:/opt/rustwide/workdir:ro,Z" "-v" "/var/lib/crater-agent-workspace/cargo-home:/opt/rustwide/cargo-home:ro,Z" "-v" "/var/lib/crater-agent-workspace/rustup-home:/opt/rustwide/rustup-home:ro,Z" "-e" "SOURCE_DIR=/opt/rustwide/workdir" "-e" "CARGO_TARGET_DIR=/opt/rustwide/target" "-e" "CARGO_INCREMENTAL=0" "-e" "RUST_BACKTRACE=full" "-e" "RUSTFLAGS=--cap-lints=forbid" "-e" "RUSTDOCFLAGS=--cap-lints=forbid" "-e" "CARGO_HOME=/opt/rustwide/cargo-home" "-e" "RUSTUP_HOME=/opt/rustwide/rustup-home" "-w" "/opt/rustwide/workdir" "-m" "1610612736" "--user" "0:0" "--network" "none" "ghcr.io/rust-lang/crates-build-env/linux@sha256:819108c5571ea2e421544af4d832f968d213c87fbe3707a016657f43d2f853bc" "/opt/rustwide/cargo-home/bin/cargo" "+nightly-2025-01-18" "build" "--frozen" "--message-format=json", kill_on_drop: false }`
[INFO] [stdout] 66cfb086e00c196ebc8e11a5e50c649c65a860e1be3cd1017bda49f7c6d5f00f
[INFO] running `Command { std: "docker" "start" "-a" "66cfb086e00c196ebc8e11a5e50c649c65a860e1be3cd1017bda49f7c6d5f00f", kill_on_drop: false }`
[INFO] [stderr]    Compiling proc-macro2 v1.0.83
[INFO] [stderr]    Compiling unicode-ident v1.0.12
[INFO] [stderr]    Compiling autocfg v1.3.0
[INFO] [stderr]    Compiling version_check v0.9.4
[INFO] [stderr]    Compiling futures-core v0.3.30
[INFO] [stderr]    Compiling utf8parse v0.2.2
[INFO] [stderr]    Compiling serde v1.0.210
[INFO] [stderr]    Compiling pin-project-lite v0.2.14
[INFO] [stderr]    Compiling once_cell v1.19.0
[INFO] [stderr]    Compiling libc v0.2.155
[INFO] [stderr]    Compiling futures-sink v0.3.30
[INFO] [stderr]    Compiling zerocopy v0.7.34
[INFO] [stderr]    Compiling colorchoice v1.0.1
[INFO] [stderr]    Compiling pin-utils v0.1.0
[INFO] [stderr]    Compiling memchr v2.7.2
[INFO] [stderr]    Compiling is_terminal_polyfill v1.70.0
[INFO] [stderr]    Compiling anstyle v1.0.7
[INFO] [stderr]    Compiling futures-task v0.3.30
[INFO] [stderr]    Compiling allocator-api2 v0.2.18
[INFO] [stderr]    Compiling anstyle-parse v0.2.4
[INFO] [stderr]    Compiling futures-channel v0.3.30
[INFO] [stderr]    Compiling futures-io v0.3.30
[INFO] [stderr]    Compiling anstyle-query v1.1.0
[INFO] [stderr]    Compiling anyhow v1.0.89
[INFO] [stderr]    Compiling strsim v0.11.1
[INFO] [stderr]    Compiling virtue v0.0.13
[INFO] [stderr]    Compiling clap_lex v0.7.0
[INFO] [stderr]    Compiling serde_json v1.0.117
[INFO] [stderr]    Compiling itoa v1.0.11
[INFO] [stderr]    Compiling heck v0.5.0
[INFO] [stderr]    Compiling ryu v1.0.18
[INFO] [stderr]    Compiling arrayvec v0.7.4
[INFO] [stderr]    Compiling crc32fast v1.4.2
[INFO] [stderr]    Compiling anstream v0.6.14
[INFO] [stderr]    Compiling ahash v0.8.11
[INFO] [stderr]    Compiling byteorder v1.5.0
[INFO] [stderr]    Compiling slab v0.4.9
[INFO] [stderr]    Compiling bytes v1.6.0
[INFO] [stderr]    Compiling clap_builder v4.5.2
[INFO] [stderr]    Compiling num-format v0.4.4
[INFO] [stderr]    Compiling quote v1.0.36
[INFO] [stderr]    Compiling syn v2.0.65
[INFO] [stderr]    Compiling bincode_derive v2.0.0-rc.3
[INFO] [stderr]    Compiling hashbrown v0.14.5
[INFO] [stderr]    Compiling num_cpus v1.16.0
[INFO] [stderr]    Compiling hashlink v0.8.4
[INFO] [stderr]    Compiling lru-cache-map v0.2.0
[INFO] [stderr]    Compiling futures-macro v0.3.30
[INFO] [stderr]    Compiling serde_derive v1.0.210
[INFO] [stderr]    Compiling pin-project-internal v1.1.5
[INFO] [stderr]    Compiling futures-async-stream-macro v0.2.11
[INFO] [stderr]    Compiling tokio-macros v2.2.0
[INFO] [stderr]    Compiling clap_derive v4.5.4
[INFO] [stderr]    Compiling tokio v1.37.0
[INFO] [stderr]    Compiling futures-util v0.3.30
[INFO] [stderr]    Compiling pin-project v1.1.5
[INFO] [stderr]    Compiling futures-async-stream v0.2.11
[INFO] [stderr]    Compiling clap v4.5.4
[INFO] [stderr]    Compiling futures-executor v0.3.30
[INFO] [stderr]    Compiling futures v0.3.30
[INFO] [stderr]    Compiling bincode v2.0.0-rc.3
[INFO] [stderr]    Compiling rotbl v0.1.2 (/opt/rustwide/workdir)
[INFO] [stderr]     Finished `dev` profile [unoptimized + debuginfo] target(s) in 22.86s
[INFO] running `Command { std: "docker" "inspect" "66cfb086e00c196ebc8e11a5e50c649c65a860e1be3cd1017bda49f7c6d5f00f", kill_on_drop: false }`
[INFO] running `Command { std: "docker" "rm" "-f" "66cfb086e00c196ebc8e11a5e50c649c65a860e1be3cd1017bda49f7c6d5f00f", kill_on_drop: false }`
[INFO] [stdout] 66cfb086e00c196ebc8e11a5e50c649c65a860e1be3cd1017bda49f7c6d5f00f
[INFO] running `Command { std: "docker" "create" "-v" "/var/lib/crater-agent-workspace/builds/worker-1-tc1/target:/opt/rustwide/target:rw,Z" "-v" "/var/lib/crater-agent-workspace/builds/worker-1-tc1/source:/opt/rustwide/workdir:ro,Z" "-v" "/var/lib/crater-agent-workspace/cargo-home:/opt/rustwide/cargo-home:ro,Z" "-v" "/var/lib/crater-agent-workspace/rustup-home:/opt/rustwide/rustup-home:ro,Z" "-e" "SOURCE_DIR=/opt/rustwide/workdir" "-e" "CARGO_TARGET_DIR=/opt/rustwide/target" "-e" "CARGO_INCREMENTAL=0" "-e" "RUST_BACKTRACE=full" "-e" "RUSTFLAGS=--cap-lints=forbid" "-e" "RUSTDOCFLAGS=--cap-lints=forbid" "-e" "CARGO_HOME=/opt/rustwide/cargo-home" "-e" "RUSTUP_HOME=/opt/rustwide/rustup-home" "-w" "/opt/rustwide/workdir" "-m" "1610612736" "--user" "0:0" "--network" "none" "ghcr.io/rust-lang/crates-build-env/linux@sha256:819108c5571ea2e421544af4d832f968d213c87fbe3707a016657f43d2f853bc" "/opt/rustwide/cargo-home/bin/cargo" "+nightly-2025-01-18" "test" "--frozen" "--no-run" "--message-format=json", kill_on_drop: false }`
[INFO] [stdout] 3b4f5b826010a6fa1daa30d4ad122a6212b5c8c2267c9feb0b297e3ff28b1da6
[INFO] running `Command { std: "docker" "start" "-a" "3b4f5b826010a6fa1daa30d4ad122a6212b5c8c2267c9feb0b297e3ff28b1da6", kill_on_drop: false }`
[INFO] [stderr]    Compiling once_cell v1.19.0
[INFO] [stderr]    Compiling crossbeam-utils v0.8.20
[INFO] [stderr]    Compiling num-traits v0.2.19
[INFO] [stderr]    Compiling rayon-core v1.12.1
[INFO] [stderr]    Compiling either v1.12.0
[INFO] [stderr]    Compiling half v2.4.1
[INFO] [stderr]    Compiling regex-syntax v0.8.3
[INFO] [stderr]    Compiling ciborium-io v0.2.2
[INFO] [stderr]    Compiling plotters-backend v0.3.6
[INFO] [stderr]    Compiling rustix v0.38.34
[INFO] [stderr]    Compiling cast v0.3.0
[INFO] [stderr]    Compiling bitflags v2.5.0
[INFO] [stderr]    Compiling same-file v1.0.6
[INFO] [stderr]    Compiling linux-raw-sys v0.4.14
[INFO] [stderr]    Compiling tinytemplate v1.2.1
[INFO] [stderr]    Compiling is-terminal v0.4.12
[INFO] [stderr]    Compiling anes v0.1.6
[INFO] [stderr]    Compiling ciborium-ll v0.2.2
[INFO] [stderr]    Compiling itertools v0.10.5
[INFO] [stderr]    Compiling fastrand v2.1.0
[INFO] [stderr]    Compiling diff v0.1.13
[INFO] [stderr]    Compiling ahash v0.8.11
[INFO] [stderr]    Compiling walkdir v2.5.0
[INFO] [stderr]    Compiling plotters-svg v0.3.6
[INFO] [stderr]    Compiling ciborium v0.2.2
[INFO] [stderr]    Compiling yansi v0.5.1
[INFO] [stderr]    Compiling oorandom v11.1.3
[INFO] [stderr]    Compiling maplit v1.0.2
[INFO] [stderr]    Compiling hashbrown v0.14.5
[INFO] [stderr]    Compiling pretty_assertions v1.4.0
[INFO] [stderr]    Compiling crossbeam-epoch v0.9.18
[INFO] [stderr]    Compiling crossbeam-deque v0.8.5
[INFO] [stderr]    Compiling plotters v0.3.6
[INFO] [stderr]    Compiling hashlink v0.8.4
[INFO] [stderr]    Compiling lru-cache-map v0.2.0
[INFO] [stderr]    Compiling rotbl v0.1.2 (/opt/rustwide/workdir)
[INFO] [stderr]    Compiling criterion-plot v0.5.0
[INFO] [stderr]    Compiling rayon v1.10.0
[INFO] [stderr]    Compiling regex-automata v0.4.6
[INFO] [stderr]    Compiling tempfile v3.10.1
[INFO] [stderr]    Compiling regex v1.10.4
[INFO] [stderr]    Compiling criterion v0.5.1
[INFO] [stderr]     Finished `test` profile [unoptimized + debuginfo] target(s) in 19.60s
[INFO] running `Command { std: "docker" "inspect" "3b4f5b826010a6fa1daa30d4ad122a6212b5c8c2267c9feb0b297e3ff28b1da6", kill_on_drop: false }`
[INFO] running `Command { std: "docker" "rm" "-f" "3b4f5b826010a6fa1daa30d4ad122a6212b5c8c2267c9feb0b297e3ff28b1da6", kill_on_drop: false }`
[INFO] [stdout] 3b4f5b826010a6fa1daa30d4ad122a6212b5c8c2267c9feb0b297e3ff28b1da6
[INFO] running `Command { std: "docker" "create" "-v" "/var/lib/crater-agent-workspace/builds/worker-1-tc1/target:/opt/rustwide/target:rw,Z" "-v" "/var/lib/crater-agent-workspace/builds/worker-1-tc1/source:/opt/rustwide/workdir:ro,Z" "-v" "/var/lib/crater-agent-workspace/cargo-home:/opt/rustwide/cargo-home:ro,Z" "-v" "/var/lib/crater-agent-workspace/rustup-home:/opt/rustwide/rustup-home:ro,Z" "-e" "SOURCE_DIR=/opt/rustwide/workdir" "-e" "CARGO_TARGET_DIR=/opt/rustwide/target" "-e" "CARGO_INCREMENTAL=0" "-e" "RUST_BACKTRACE=full" "-e" "RUSTFLAGS=--cap-lints=forbid" "-e" "RUSTDOCFLAGS=--cap-lints=forbid" "-e" "CARGO_HOME=/opt/rustwide/cargo-home" "-e" "RUSTUP_HOME=/opt/rustwide/rustup-home" "-w" "/opt/rustwide/workdir" "-m" "1610612736" "--user" "0:0" "--network" "none" "ghcr.io/rust-lang/crates-build-env/linux@sha256:819108c5571ea2e421544af4d832f968d213c87fbe3707a016657f43d2f853bc" "/opt/rustwide/cargo-home/bin/cargo" "+nightly-2025-01-18" "test" "--frozen", kill_on_drop: false }`
[INFO] [stdout] 6ff2e3033c1e7225db00d13ec04c859f9474563fd3cb110aa488332d03080023
[INFO] running `Command { std: "docker" "start" "-a" "6ff2e3033c1e7225db00d13ec04c859f9474563fd3cb110aa488332d03080023", kill_on_drop: false }`
[INFO] [stderr]     Finished `test` profile [unoptimized + debuginfo] target(s) in 0.14s
[INFO] [stderr]      Running unittests src/lib.rs (/opt/rustwide/target/debug/deps/rotbl-f2ca792e6aa94003)
[INFO] [stdout] 
[INFO] [stdout] running 46 tests
[INFO] [stdout] test num::tests::test_format_num ... ok
[INFO] [stdout] test typ::typ::tests::test_type_codec ... ok
[INFO] [stdout] test codec::tests::test_u32_codec ... ok
[INFO] [stdout] test codec::tests::test_u64_codec ... ok
[INFO] [stdout] test v001::block::tests::test_block_get_range ... ok
[INFO] [stdout] test v001::block_index::tests::test_block_index_get_block_by_num ... ok
[INFO] [stdout] test v001::block::tests::test_block_codec ... ok
[INFO] [stdout] test v001::block_index::tests::test_block_index_lookup_range ... ok
[INFO] [stdout] test v001::block_encoding_meta::tests::test_block_meta_codec ... ok
[INFO] [stdout] test v001::header::tests::test_header_codec ... ok
[INFO] [stdout] test v001::checksum_writer::tests::test_checksum_writer ... ok
[INFO] [stdout] test v001::marked::tests::test_map ... ok
[INFO] [stdout] test v001::checksum_writer::tests::test_checksum_writer_finalize_to_inner ... ok
[INFO] [stdout] test v001::marked::tests::test_as_ref ... ok
[INFO] [stdout] test v001::rotbl::stat::tests::test_rotbl_stat_api ... ok
[INFO] [stdout] test v001::marked::tests::test_ord_operator ... ok
[INFO] [stdout] test v001::marked::tests::test_order_key ... ok
[INFO] [stdout] test v001::marked::tests::test_partial_ord ... ok
[INFO] [stdout] test v001::rotbl::stat::tests::test_rotbl_stat_display ... ok
[INFO] [stdout] test v001::checksum_reader::tests::test_checksum_reader ... ok
[INFO] [stdout] test v001::rotbl::stat::tests::test_rotbl_stat_codec ... ok
[INFO] [stdout] test typ::typ_test::test_codec ... ok
[INFO] [stdout] test v001::block_stream::tests::test_block_stream ... ok
[INFO] [stdout] test v001::block_index::tests::test_block_index_lookup ... ok
[INFO] [stdout] test v001::block_index::tests::test_block_index_codec ... ok
[INFO] [stdout] test v001::rotbl::dump::tests::test_dump ... ok
[INFO] [stdout] test v001::rotbl::tests::rotbl_test::test_rotbl_get_block ... ok
[INFO] [stdout] test v001::rotbl_meta::tests::test_rotbl_meta_codec ... ok
[INFO] [stdout] test v001::rotbl::tests::rotbl_test::test_rotbl_io_driver_run_range ... ok
[INFO] [stdout] test v001::rotbl::tests::rotbl_test::test_rotbl_io_driver_get_without_cache ... ok
[INFO] [stdout] test v001::rotbl::tests::rotbl_test::test_create_table ... ok
[INFO] [stdout] test v001::rotbl::tests::rotbl_test::test_rotbl_io_driver_get ... ok
[INFO] [stdout] test v001::rotbl::tests::rotbl_test::test_rotbl_io_driver_range ... ok
[INFO] [stdout] test v001::footer::tests::test_footer_codec ... ok
[INFO] [stdout] test v001::rotbl::tests::rotbl_test::test_open_table ... ok
[INFO] [stdout] test version::ver::tests::test_version_codec ... ok
[INFO] [stdout] test v00x::var_len_array::array_codec_test::test_build ... ok
[INFO] [stdout] test version::ver_tests::codec ... ok
[INFO] [stdout] test v001::rotbl::tests::rotbl_test::test_rotbl_load_block ... ok
[INFO] [stdout] test v001::segment::tests::test_segment_codec ... ok
[INFO] [stdout] test v001::with_checksum::tests::test_with_checksum_codec ... ok
[INFO] [stdout] test v00x::var_len_array::builder_test::test_build ... ok
[INFO] [stdout] test v001::rotbl::tests::rotbl_async_test::test_rotbl_async_get ... ok
[INFO] [stdout] test v001::rotbl::tests::rotbl_cache_test::test_rotbl_cache_cap_limit ... ok
[INFO] [stdout] test v001::rotbl::tests::rotbl_cache_test::test_rotbl_cache_item_limit ... ok
[INFO] [stdout] test v001::rotbl::tests::rotbl_async_test::test_rotbl_async_range ... ok
[INFO] [stdout] 
[INFO] [stdout] test result: ok. 46 passed; 0 failed; 0 ignored; 0 measured; 0 filtered out; finished in 0.07s
[INFO] [stdout] 
[INFO] [stderr]      Running unittests src/v001/bin/dump.rs (/opt/rustwide/target/debug/deps/dump_v001-4a97203217440303)
[INFO] [stdout] 
[INFO] [stdout] running 0 tests
[INFO] [stdout] 
[INFO] [stdout] test result: ok. 0 passed; 0 failed; 0 ignored; 0 measured; 0 filtered out; finished in 0.00s
[INFO] [stdout] 
[INFO] [stderr]      Running tests/test_bincode_compat.rs (/opt/rustwide/target/debug/deps/test_bincode_compat-638b9d0a2a1ad429)
[INFO] [stdout] 
[INFO] [stdout] running 1 test
[INFO] [stdout] test test_add_field ... ignored
[INFO] [stdout] 
[INFO] [stdout] test result: ok. 0 passed; 0 failed; 1 ignored; 0 measured; 0 filtered out; finished in 0.00s
[INFO] [stdout] 
[INFO] [stderr]    Doc-tests rotbl
[INFO] [stdout] 
[INFO] [stdout] running 2 tests
[INFO] [stdout] test src/v001/rotbl/io_driver.rs - v001::rotbl::io_driver::IODriver<'a>::run (line 120) ... ignored
[INFO] [stdout] test src/lib.rs - (line 3) ... FAILED
[INFO] [stdout] 
[INFO] [stdout] failures:
[INFO] [stdout] 
[INFO] [stdout] ---- src/lib.rs - (line 3) stdout ----
[INFO] [stdout] Test executable failed (exit status: 101).
[INFO] [stdout] 
[INFO] [stdout] stderr:
[INFO] [stdout] 
[INFO] [stdout] thread 'main' panicked at src/lib.rs:14:47:
[INFO] [stdout] called `Result::unwrap()` on an `Err` value: Os { code: 30, kind: ReadOnlyFilesystem, message: "Read-only file system" }
[INFO] [stdout] stack backtrace:
[INFO] [stdout]    0:     0x63342e7e824a - std::backtrace_rs::backtrace::libunwind::trace::hb059275cfc8d6126
[INFO] [stdout]                                at /rustc/6067b36314ab5eb2eb47cecc464545ba58e1ad24/library/std/src/../../backtrace/src/backtrace/libunwind.rs:116:5
[INFO] [stdout]    1:     0x63342e7e824a - std::backtrace_rs::backtrace::trace_unsynchronized::h2da071e4327ce3ee
[INFO] [stdout]                                at /rustc/6067b36314ab5eb2eb47cecc464545ba58e1ad24/library/std/src/../../backtrace/src/backtrace/mod.rs:66:5
[INFO] [stdout]    2:     0x63342e7e824a - std::sys::backtrace::_print_fmt::h842a1474e6f8d23f
[INFO] [stdout]                                at /rustc/6067b36314ab5eb2eb47cecc464545ba58e1ad24/library/std/src/sys/backtrace.rs:66:9
[INFO] [stdout]    3:     0x63342e7e824a - <std::sys::backtrace::BacktraceLock::print::DisplayBacktrace as core::fmt::Display>::fmt::h71a62eb3b9696b12
[INFO] [stdout]                                at /rustc/6067b36314ab5eb2eb47cecc464545ba58e1ad24/library/std/src/sys/backtrace.rs:39:26
[INFO] [stdout]    4:     0x63342e8073d3 - core::fmt::rt::Argument::fmt::hdb6b616786b41dc1
[INFO] [stdout]                                at /rustc/6067b36314ab5eb2eb47cecc464545ba58e1ad24/library/core/src/fmt/rt.rs:177:76
[INFO] [stdout]    5:     0x63342e8073d3 - core::fmt::write::h2cc1698af7e2d686
[INFO] [stdout]                                at /rustc/6067b36314ab5eb2eb47cecc464545ba58e1ad24/library/core/src/fmt/mod.rs:1440:21
[INFO] [stdout]    6:     0x63342e7e5253 - std::io::Write::write_fmt::h00c8700df393f328
[INFO] [stdout]                                at /rustc/6067b36314ab5eb2eb47cecc464545ba58e1ad24/library/std/src/io/mod.rs:1887:15
[INFO] [stdout]    7:     0x63342e7e8092 - std::sys::backtrace::BacktraceLock::print::h147fe35b4ea13b08
[INFO] [stdout]                                at /rustc/6067b36314ab5eb2eb47cecc464545ba58e1ad24/library/std/src/sys/backtrace.rs:42:9
[INFO] [stdout]    8:     0x63342e7e8fdf - std::panicking::default_hook::{{closure}}::hbd44223dbdc0d208
[INFO] [stdout]                                at /rustc/6067b36314ab5eb2eb47cecc464545ba58e1ad24/library/std/src/panicking.rs:298:22
[INFO] [stdout]    9:     0x63342e7e8e4a - std::panicking::default_hook::h20f81eb0576efcec
[INFO] [stdout]                                at /rustc/6067b36314ab5eb2eb47cecc464545ba58e1ad24/library/std/src/panicking.rs:325:9
[INFO] [stdout]   10:     0x63342e7e98f2 - std::panicking::rust_panic_with_hook::h625eea43051b2edc
[INFO] [stdout]                                at /rustc/6067b36314ab5eb2eb47cecc464545ba58e1ad24/library/std/src/panicking.rs:831:13
[INFO] [stdout]   11:     0x63342e7e978a - std::panicking::begin_panic_handler::{{closure}}::h4f9159cfbc3f6bd3
[INFO] [stdout]                                at /rustc/6067b36314ab5eb2eb47cecc464545ba58e1ad24/library/std/src/panicking.rs:704:13
[INFO] [stdout]   12:     0x63342e7e8749 - std::sys::backtrace::__rust_end_short_backtrace::h0390abce48353151
[INFO] [stdout]                                at /rustc/6067b36314ab5eb2eb47cecc464545ba58e1ad24/library/std/src/sys/backtrace.rs:168:18
[INFO] [stdout]   13:     0x63342e7e941d - rust_begin_unwind
[INFO] [stdout]                                at /rustc/6067b36314ab5eb2eb47cecc464545ba58e1ad24/library/std/src/panicking.rs:695:5
[INFO] [stdout]   14:     0x63342e806420 - core::panicking::panic_fmt::h9e7c637e9e5f29c9
[INFO] [stdout]                                at /rustc/6067b36314ab5eb2eb47cecc464545ba58e1ad24/library/core/src/panicking.rs:75:14
[INFO] [stdout]   15:     0x63342e8068f6 - core::result::unwrap_failed::h7979f09313fe1849
[INFO] [stdout]                                at /rustc/6067b36314ab5eb2eb47cecc464545ba58e1ad24/library/core/src/result.rs:1704:5
[INFO] [stdout]   16:     0x63342e71d67e - rust_out::main::{{closure}}::h5b39ac0ba21052fe
[INFO] [stdout]   17:     0x63342e714e65 - tokio::runtime::park::CachedParkThread::block_on::{{closure}}::h7c6be26515c1195d
[INFO] [stdout]   18:     0x63342e714cce - tokio::runtime::park::CachedParkThread::block_on::h8c761d8cc91bd7e9
[INFO] [stdout]   19:     0x63342e718b2e - tokio::runtime::context::blocking::BlockingRegionGuard::block_on::h450a8cfd207447a9
[INFO] [stdout]   20:     0x63342e71975d - tokio::runtime::scheduler::multi_thread::MultiThread::block_on::{{closure}}::h2ea3b867aa37d302
[INFO] [stdout]   21:     0x63342e71849e - tokio::runtime::context::runtime::enter_runtime::h52198df4be2dc0e9
[INFO] [stdout]   22:     0x63342e71971e - tokio::runtime::scheduler::multi_thread::MultiThread::block_on::hb5ef78743022f787
[INFO] [stdout]   23:     0x63342e718d26 - tokio::runtime::runtime::Runtime::block_on::h60c1c5bf9c30a0fc
[INFO] [stdout]   24:     0x63342e71d365 - rust_out::main::he88f0b9b281d54e0
[INFO] [stdout]   25:     0x63342e70f873 - core::ops::function::FnOnce::call_once::hcf3829d8b58d0254
[INFO] [stdout]   26:     0x63342e70df46 - std::sys::backtrace::__rust_begin_short_backtrace::h5e1527399e8d5bd4
[INFO] [stdout]   27:     0x63342e70df29 - std::rt::lang_start::{{closure}}::h2c234101ed7b1b74
[INFO] [stdout]   28:     0x63342e7e18c0 - core::ops::function::impls::<impl core::ops::function::FnOnce<A> for &F>::call_once::h1b085b6c1d2518b2
[INFO] [stdout]                                at /rustc/6067b36314ab5eb2eb47cecc464545ba58e1ad24/library/core/src/ops/function.rs:284:13
[INFO] [stdout]   29:     0x63342e7e18c0 - std::panicking::try::do_call::h382f964a5a23b565
[INFO] [stdout]                                at /rustc/6067b36314ab5eb2eb47cecc464545ba58e1ad24/library/std/src/panicking.rs:587:40
[INFO] [stdout]   30:     0x63342e7e18c0 - std::panicking::try::h57f991055eb622f9
[INFO] [stdout]                                at /rustc/6067b36314ab5eb2eb47cecc464545ba58e1ad24/library/std/src/panicking.rs:550:19
[INFO] [stdout]   31:     0x63342e7e18c0 - std::panic::catch_unwind::h4d9a74ef04456343
[INFO] [stdout]                                at /rustc/6067b36314ab5eb2eb47cecc464545ba58e1ad24/library/std/src/panic.rs:358:14
[INFO] [stdout]   32:     0x63342e7e18c0 - std::rt::lang_start_internal::{{closure}}::h2faa8ae84a93f314
[INFO] [stdout]                                at /rustc/6067b36314ab5eb2eb47cecc464545ba58e1ad24/library/std/src/rt.rs:163:24
[INFO] [stdout]   33:     0x63342e7e18c0 - std::panicking::try::do_call::h0f8932bf638a9bf5
[INFO] [stdout]                                at /rustc/6067b36314ab5eb2eb47cecc464545ba58e1ad24/library/std/src/panicking.rs:587:40
[INFO] [stdout]   34:     0x63342e7e18c0 - std::panicking::try::h683416ea756b175d
[INFO] [stdout]                                at /rustc/6067b36314ab5eb2eb47cecc464545ba58e1ad24/library/std/src/panicking.rs:550:19
[INFO] [stdout]   35:     0x63342e7e18c0 - std::panic::catch_unwind::h56189fac8994979f
[INFO] [stdout]                                at /rustc/6067b36314ab5eb2eb47cecc464545ba58e1ad24/library/std/src/panic.rs:358:14
[INFO] [stdout]   36:     0x63342e7e18c0 - std::rt::lang_start_internal::h8bbc1061691274fe
[INFO] [stdout]                                at /rustc/6067b36314ab5eb2eb47cecc464545ba58e1ad24/library/std/src/rt.rs:159:5
[INFO] [stdout]   37:     0x63342e70df11 - std::rt::lang_start::h601b10a269c70ef7
[INFO] [stdout]   38:     0x63342e71e6c5 - main
[INFO] [stdout]   39:     0x78f3dead8d90 - <unknown>
[INFO] [stdout]   40:     0x78f3dead8e40 - __libc_start_main
[INFO] [stdout]   41:     0x63342e70ceb5 - _start
[INFO] [stdout]   42:                0x0 - <unknown>
[INFO] [stdout] 
[INFO] [stdout] 
[INFO] [stdout] 
[INFO] [stdout] failures:
[INFO] [stdout]     src/lib.rs - (line 3)
[INFO] [stdout] 
[INFO] [stdout] test result: FAILED. 0 passed; 1 failed; 1 ignored; 0 measured; 0 filtered out; finished in 1.14s
[INFO] [stdout] 
[INFO] [stderr] error: doctest failed, to rerun pass `--doc`
[INFO] running `Command { std: "docker" "inspect" "6ff2e3033c1e7225db00d13ec04c859f9474563fd3cb110aa488332d03080023", kill_on_drop: false }`
[INFO] running `Command { std: "docker" "rm" "-f" "6ff2e3033c1e7225db00d13ec04c859f9474563fd3cb110aa488332d03080023", kill_on_drop: false }`
[INFO] [stdout] 6ff2e3033c1e7225db00d13ec04c859f9474563fd3cb110aa488332d03080023
