[INFO] fetching crate rocket-autodocu 0.9.1...
[INFO] testing rocket-autodocu-0.9.1 against nightly-2025-01-18+rustflags=-Zrandomize-layout for randomize-layout-2
[INFO] extracting crate rocket-autodocu 0.9.1 into /workspace/builds/worker-2-tc2/source
[INFO] validating manifest of crates.io crate rocket-autodocu 0.9.1 on toolchain nightly-2025-01-18
[INFO] running `Command { std: CARGO_HOME="/workspace/cargo-home" RUSTUP_HOME="/workspace/rustup-home" "/workspace/cargo-home/bin/cargo" "+nightly-2025-01-18" "metadata" "--manifest-path" "Cargo.toml" "--no-deps", kill_on_drop: false }`
[INFO] started tweaking crates.io crate rocket-autodocu 0.9.1
[INFO] finished tweaking crates.io crate rocket-autodocu 0.9.1
[INFO] tweaked toml for crates.io crate rocket-autodocu 0.9.1 written to /workspace/builds/worker-2-tc2/source/Cargo.toml
[INFO] running `Command { std: CARGO_HOME="/workspace/cargo-home" RUSTUP_HOME="/workspace/rustup-home" "/workspace/cargo-home/bin/cargo" "+nightly-2025-01-18" "generate-lockfile" "--manifest-path" "Cargo.toml", kill_on_drop: false }`
[INFO] [stderr]     Updating crates.io index
[INFO] [stderr]      Locking 212 packages to latest compatible versions
[INFO] running `Command { std: CARGO_HOME="/workspace/cargo-home" RUSTUP_HOME="/workspace/rustup-home" "/workspace/cargo-home/bin/cargo" "+nightly-2025-01-18" "fetch" "--manifest-path" "Cargo.toml", kill_on_drop: false }`
[INFO] running `Command { std: "docker" "create" "-v" "/var/lib/crater-agent-workspace/builds/worker-2-tc2/target:/opt/rustwide/target:rw,Z" "-v" "/var/lib/crater-agent-workspace/builds/worker-2-tc2/source:/opt/rustwide/workdir:ro,Z" "-v" "/var/lib/crater-agent-workspace/cargo-home:/opt/rustwide/cargo-home:ro,Z" "-v" "/var/lib/crater-agent-workspace/rustup-home:/opt/rustwide/rustup-home:ro,Z" "-e" "SOURCE_DIR=/opt/rustwide/workdir" "-e" "CARGO_TARGET_DIR=/opt/rustwide/target" "-e" "CARGO_HOME=/opt/rustwide/cargo-home" "-e" "RUSTUP_HOME=/opt/rustwide/rustup-home" "-w" "/opt/rustwide/workdir" "-m" "1610612736" "--user" "0:0" "--network" "none" "ghcr.io/rust-lang/crates-build-env/linux@sha256:819108c5571ea2e421544af4d832f968d213c87fbe3707a016657f43d2f853bc" "/opt/rustwide/cargo-home/bin/cargo" "+nightly-2025-01-18" "metadata" "--no-deps" "--format-version=1", kill_on_drop: false }`
[INFO] [stdout] 905390e4ed27f7e1a3c1f4881f989e133ed5d756692b04d3e333ac8b58ca2556
[INFO] running `Command { std: "docker" "start" "-a" "905390e4ed27f7e1a3c1f4881f989e133ed5d756692b04d3e333ac8b58ca2556", kill_on_drop: false }`
[INFO] running `Command { std: "docker" "inspect" "905390e4ed27f7e1a3c1f4881f989e133ed5d756692b04d3e333ac8b58ca2556", kill_on_drop: false }`
[INFO] running `Command { std: "docker" "rm" "-f" "905390e4ed27f7e1a3c1f4881f989e133ed5d756692b04d3e333ac8b58ca2556", kill_on_drop: false }`
[INFO] [stdout] 905390e4ed27f7e1a3c1f4881f989e133ed5d756692b04d3e333ac8b58ca2556
[INFO] running `Command { std: "docker" "create" "-v" "/var/lib/crater-agent-workspace/builds/worker-2-tc2/target:/opt/rustwide/target:rw,Z" "-v" "/var/lib/crater-agent-workspace/builds/worker-2-tc2/source:/opt/rustwide/workdir:ro,Z" "-v" "/var/lib/crater-agent-workspace/cargo-home:/opt/rustwide/cargo-home:ro,Z" "-v" "/var/lib/crater-agent-workspace/rustup-home:/opt/rustwide/rustup-home:ro,Z" "-e" "SOURCE_DIR=/opt/rustwide/workdir" "-e" "CARGO_TARGET_DIR=/opt/rustwide/target" "-e" "CARGO_INCREMENTAL=0" "-e" "RUST_BACKTRACE=full" "-e" "RUSTFLAGS=--cap-lints=forbid -Zrandomize-layout" "-e" "RUSTDOCFLAGS=--cap-lints=forbid" "-e" "CARGO_HOME=/opt/rustwide/cargo-home" "-e" "RUSTUP_HOME=/opt/rustwide/rustup-home" "-w" "/opt/rustwide/workdir" "-m" "1610612736" "--user" "0:0" "--network" "none" "ghcr.io/rust-lang/crates-build-env/linux@sha256:819108c5571ea2e421544af4d832f968d213c87fbe3707a016657f43d2f853bc" "/opt/rustwide/cargo-home/bin/cargo" "+nightly-2025-01-18" "build" "--frozen" "--message-format=json", kill_on_drop: false }`
[INFO] [stdout] 1712e576232991c4ebc4c0efc0cf5bbbf1d46f7586af3e2cc7d859f013f35058
[INFO] running `Command { std: "docker" "start" "-a" "1712e576232991c4ebc4c0efc0cf5bbbf1d46f7586af3e2cc7d859f013f35058", kill_on_drop: false }`
[INFO] [stderr]    Compiling libc v0.2.169
[INFO] [stderr]    Compiling version_check v0.9.5
[INFO] [stderr]    Compiling serde v1.0.217
[INFO] [stderr]    Compiling num-conv v0.1.0
[INFO] [stderr]    Compiling bitflags v2.8.0
[INFO] [stderr]    Compiling time-core v0.1.2
[INFO] [stderr]    Compiling powerfmt v0.2.0
[INFO] [stderr]    Compiling http v0.2.12
[INFO] [stderr]    Compiling tracing-core v0.1.33
[INFO] [stderr]    Compiling ref-cast v1.0.23
[INFO] [stderr]    Compiling inlinable_string v0.1.15
[INFO] [stderr]    Compiling syn v2.0.96
[INFO] [stderr]    Compiling syn v1.0.109
[INFO] [stderr]    Compiling futures-util v0.3.31
[INFO] [stderr]    Compiling log v0.4.25
[INFO] [stderr]    Compiling byteorder v1.5.0
[INFO] [stderr]    Compiling indexmap v1.9.3
[INFO] [stderr]    Compiling time-macros v0.2.19
[INFO] [stderr]    Compiling stable-pattern v0.1.0
[INFO] [stderr]    Compiling deranged v0.3.11
[INFO] [stderr]    Compiling lock_api v0.4.12
[INFO] [stderr]    Compiling state v0.6.0
[INFO] [stderr]    Compiling ident_case v1.0.1
[INFO] [stderr]    Compiling either v1.13.0
[INFO] [stderr]    Compiling parking_lot_core v0.9.10
[INFO] [stderr]    Compiling strsim v0.10.0
[INFO] [stderr]    Compiling rustix v0.38.43
[INFO] [stderr]    Compiling winnow v0.6.24
[INFO] [stderr]    Compiling proc-macro2-diagnostics v0.10.1
[INFO] [stderr]    Compiling uncased v0.9.10
[INFO] [stderr]    Compiling cookie v0.18.1
[INFO] [stderr]    Compiling figment v0.10.19
[INFO] [stderr]    Compiling multer v3.1.0
[INFO] [stderr]    Compiling scopeguard v1.2.0
[INFO] [stderr]    Compiling hashbrown v0.12.3
[INFO] [stderr]    Compiling linux-raw-sys v0.4.15
[INFO] [stderr]    Compiling schemars v0.8.21
[INFO] [stderr]    Compiling rocket v0.5.1
[INFO] [stderr]    Compiling encoding_rs v0.8.35
[INFO] [stderr]    Compiling unicode-xid v0.2.6
[INFO] [stderr]    Compiling dyn-clone v1.0.17
[INFO] [stderr]    Compiling spin v0.9.8
[INFO] [stderr]    Compiling fastrand v2.3.0
[INFO] [stderr]    Compiling binascii v0.1.4
[INFO] [stderr]    Compiling atomic v0.5.3
[INFO] [stderr]    Compiling http-body v0.4.6
[INFO] [stderr]    Compiling time v0.3.37
[INFO] [stderr]    Compiling is-terminal v0.4.13
[INFO] [stderr]    Compiling mio v1.0.3
[INFO] [stderr]    Compiling signal-hook-registry v1.4.2
[INFO] [stderr]    Compiling socket2 v0.5.8
[INFO] [stderr]    Compiling getrandom v0.2.15
[INFO] [stderr]    Compiling num_cpus v1.16.0
[INFO] [stderr]    Compiling yansi v1.0.1
[INFO] [stderr]    Compiling rand_core v0.6.4
[INFO] [stderr]    Compiling parking_lot v0.12.3
[INFO] [stderr]    Compiling tempfile v3.15.0
[INFO] [stderr]    Compiling darling_core v0.13.4
[INFO] [stderr]    Compiling futures v0.3.31
[INFO] [stderr]    Compiling darling_macro v0.13.4
[INFO] [stderr]    Compiling serde_derive_internals v0.29.1
[INFO] [stderr]    Compiling darling v0.13.4
[INFO] [stderr]    Compiling devise_core v0.4.2
[INFO] [stderr]    Compiling serde_derive v1.0.217
[INFO] [stderr]    Compiling tokio-macros v2.5.0
[INFO] [stderr]    Compiling tracing-attributes v0.1.28
[INFO] [stderr]    Compiling pear_codegen v0.2.9
[INFO] [stderr]    Compiling zerocopy-derive v0.7.35
[INFO] [stderr]    Compiling ref-cast-impl v1.0.23
[INFO] [stderr]    Compiling async-stream-impl v0.3.6
[INFO] [stderr]    Compiling async-trait v0.1.85
[INFO] [stderr]    Compiling schemars_derive v0.8.21
[INFO] [stderr]    Compiling async-stream v0.3.6
[INFO] [stderr]    Compiling tokio v1.43.0
[INFO] [stderr]    Compiling zerocopy v0.7.35
[INFO] [stderr]    Compiling pear v0.2.9
[INFO] [stderr]    Compiling devise_codegen v0.4.2
[INFO] [stderr]    Compiling devise v0.4.2
[INFO] [stderr]    Compiling tracing v0.1.41
[INFO] [stderr]    Compiling ppv-lite86 v0.2.20
[INFO] [stderr]    Compiling rand_chacha v0.3.1
[INFO] [stderr]    Compiling rand v0.8.5
[INFO] [stderr]    Compiling indexmap v2.7.1
[INFO] [stderr]    Compiling toml_datetime v0.6.8
[INFO] [stderr]    Compiling serde_spanned v0.6.8
[INFO] [stderr]    Compiling serde_json v1.0.137
[INFO] [stderr]    Compiling ubyte v0.10.4
[INFO] [stderr]    Compiling hyper v0.14.32
[INFO] [stderr]    Compiling tokio-util v0.7.13
[INFO] [stderr]    Compiling tokio-stream v0.1.17
[INFO] [stderr]    Compiling toml_edit v0.22.22
[INFO] [stderr]    Compiling autodocu v0.9.1
[INFO] [stderr]    Compiling rocket_http v0.5.1
[INFO] [stderr]    Compiling toml v0.8.19
[INFO] [stderr]    Compiling rocket_codegen v0.5.1
[INFO] [stderr]    Compiling rocket-autodocu-codegen v0.9.1
[INFO] [stderr]    Compiling rocket-autodocu v0.9.1 (/opt/rustwide/workdir)
[INFO] [stdout] warning: field `settings` is never read
[INFO] [stdout]   --> src/gen.rs:14:5
[INFO] [stdout]    |
[INFO] [stdout] 13 | pub struct OpenApiGenerator {
[INFO] [stdout]    |            ---------------- field in this struct
[INFO] [stdout] 14 |     settings: OpenApiSettings,
[INFO] [stdout]    |     ^^^^^^^^
[INFO] [stdout]    |
[INFO] [stdout]    = note: `OpenApiGenerator` has derived impls for the traits `Clone` and `Debug`, but these are intentionally ignored during dead code analysis
[INFO] [stdout]    = note: `#[warn(dead_code)]` on by default
[INFO] [stdout] 
[INFO] [stdout] 
[INFO] [stderr]     Finished `dev` profile [unoptimized + debuginfo] target(s) in 57.99s
[INFO] running `Command { std: "docker" "inspect" "1712e576232991c4ebc4c0efc0cf5bbbf1d46f7586af3e2cc7d859f013f35058", kill_on_drop: false }`
[INFO] running `Command { std: "docker" "rm" "-f" "1712e576232991c4ebc4c0efc0cf5bbbf1d46f7586af3e2cc7d859f013f35058", kill_on_drop: false }`
[INFO] [stdout] 1712e576232991c4ebc4c0efc0cf5bbbf1d46f7586af3e2cc7d859f013f35058
[INFO] running `Command { std: "docker" "create" "-v" "/var/lib/crater-agent-workspace/builds/worker-2-tc2/target:/opt/rustwide/target:rw,Z" "-v" "/var/lib/crater-agent-workspace/builds/worker-2-tc2/source:/opt/rustwide/workdir:ro,Z" "-v" "/var/lib/crater-agent-workspace/cargo-home:/opt/rustwide/cargo-home:ro,Z" "-v" "/var/lib/crater-agent-workspace/rustup-home:/opt/rustwide/rustup-home:ro,Z" "-e" "SOURCE_DIR=/opt/rustwide/workdir" "-e" "CARGO_TARGET_DIR=/opt/rustwide/target" "-e" "CARGO_INCREMENTAL=0" "-e" "RUST_BACKTRACE=full" "-e" "RUSTFLAGS=--cap-lints=forbid -Zrandomize-layout" "-e" "RUSTDOCFLAGS=--cap-lints=forbid" "-e" "CARGO_HOME=/opt/rustwide/cargo-home" "-e" "RUSTUP_HOME=/opt/rustwide/rustup-home" "-w" "/opt/rustwide/workdir" "-m" "1610612736" "--user" "0:0" "--network" "none" "ghcr.io/rust-lang/crates-build-env/linux@sha256:819108c5571ea2e421544af4d832f968d213c87fbe3707a016657f43d2f853bc" "/opt/rustwide/cargo-home/bin/cargo" "+nightly-2025-01-18" "test" "--frozen" "--no-run" "--message-format=json", kill_on_drop: false }`
[INFO] [stdout] 41f1c0fe4c28a8d122ec5e78e57885aeb446dd5c7045d6405c8a37b0cd12ebb8
[INFO] running `Command { std: "docker" "start" "-a" "41f1c0fe4c28a8d122ec5e78e57885aeb446dd5c7045d6405c8a37b0cd12ebb8", kill_on_drop: false }`
[INFO] [stdout] warning: field `settings` is never read
[INFO] [stdout]   --> src/gen.rs:14:5
[INFO] [stdout]    |
[INFO] [stdout] 13 | pub struct OpenApiGenerator {
[INFO] [stdout]    |            ---------------- field in this struct
[INFO] [stdout] 14 |     settings: OpenApiSettings,
[INFO] [stdout]    |     ^^^^^^^^
[INFO] [stdout]    |
[INFO] [stdout]    = note: `OpenApiGenerator` has derived impls for the traits `Clone` and `Debug`, but these are intentionally ignored during dead code analysis
[INFO] [stdout]    = note: `#[warn(dead_code)]` on by default
[INFO] [stdout] 
[INFO] [stdout] 
[INFO] [stderr]    Compiling rocket-autodocu v0.9.1 (/opt/rustwide/workdir)
[INFO] [stdout] warning: field `settings` is never read
[INFO] [stdout]   --> src/gen.rs:14:5
[INFO] [stdout]    |
[INFO] [stdout] 13 | pub struct OpenApiGenerator {
[INFO] [stdout]    |            ---------------- field in this struct
[INFO] [stdout] 14 |     settings: OpenApiSettings,
[INFO] [stdout]    |     ^^^^^^^^
[INFO] [stdout]    |
[INFO] [stdout]    = note: `OpenApiGenerator` has derived impls for the traits `Clone` and `Debug`, but these are intentionally ignored during dead code analysis
[INFO] [stdout]    = note: `#[warn(dead_code)]` on by default
[INFO] [stdout] 
[INFO] [stdout] 
[INFO] [stderr]     Finished `test` profile [unoptimized + debuginfo] target(s) in 0.94s
[INFO] running `Command { std: "docker" "inspect" "41f1c0fe4c28a8d122ec5e78e57885aeb446dd5c7045d6405c8a37b0cd12ebb8", kill_on_drop: false }`
[INFO] running `Command { std: "docker" "rm" "-f" "41f1c0fe4c28a8d122ec5e78e57885aeb446dd5c7045d6405c8a37b0cd12ebb8", kill_on_drop: false }`
[INFO] [stdout] 41f1c0fe4c28a8d122ec5e78e57885aeb446dd5c7045d6405c8a37b0cd12ebb8
[INFO] running `Command { std: "docker" "create" "-v" "/var/lib/crater-agent-workspace/builds/worker-2-tc2/target:/opt/rustwide/target:rw,Z" "-v" "/var/lib/crater-agent-workspace/builds/worker-2-tc2/source:/opt/rustwide/workdir:ro,Z" "-v" "/var/lib/crater-agent-workspace/cargo-home:/opt/rustwide/cargo-home:ro,Z" "-v" "/var/lib/crater-agent-workspace/rustup-home:/opt/rustwide/rustup-home:ro,Z" "-e" "SOURCE_DIR=/opt/rustwide/workdir" "-e" "CARGO_TARGET_DIR=/opt/rustwide/target" "-e" "CARGO_INCREMENTAL=0" "-e" "RUST_BACKTRACE=full" "-e" "RUSTFLAGS=--cap-lints=forbid -Zrandomize-layout" "-e" "RUSTDOCFLAGS=--cap-lints=forbid" "-e" "CARGO_HOME=/opt/rustwide/cargo-home" "-e" "RUSTUP_HOME=/opt/rustwide/rustup-home" "-w" "/opt/rustwide/workdir" "-m" "1610612736" "--user" "0:0" "--network" "none" "ghcr.io/rust-lang/crates-build-env/linux@sha256:819108c5571ea2e421544af4d832f968d213c87fbe3707a016657f43d2f853bc" "/opt/rustwide/cargo-home/bin/cargo" "+nightly-2025-01-18" "test" "--frozen", kill_on_drop: false }`
[INFO] [stdout] 4d27bad56c89083ff534671c5ca8fa8f8596b50da107141c275e0402a6e271a8
[INFO] running `Command { std: "docker" "start" "-a" "4d27bad56c89083ff534671c5ca8fa8f8596b50da107141c275e0402a6e271a8", kill_on_drop: false }`
[INFO] [stderr] warning: field `settings` is never read
[INFO] [stderr]   --> src/gen.rs:14:5
[INFO] [stderr]    |
[INFO] [stderr] 13 | pub struct OpenApiGenerator {
[INFO] [stderr]    |            ---------------- field in this struct
[INFO] [stderr] 14 |     settings: OpenApiSettings,
[INFO] [stderr]    |     ^^^^^^^^
[INFO] [stderr]    |
[INFO] [stderr]    = note: `OpenApiGenerator` has derived impls for the traits `Clone` and `Debug`, but these are intentionally ignored during dead code analysis
[INFO] [stderr]    = note: `#[warn(dead_code)]` on by default
[INFO] [stderr] 
[INFO] [stderr] warning: `rocket-autodocu` (lib) generated 1 warning
[INFO] [stderr] warning: `rocket-autodocu` (lib test) generated 1 warning (1 duplicate)
[INFO] [stderr]     Finished `test` profile [unoptimized + debuginfo] target(s) in 0.20s
[INFO] [stderr]      Running unittests src/lib.rs (/opt/rustwide/target/debug/deps/rocket_autodocu-1a8199d08e943428)
[INFO] [stdout] 
[INFO] [stdout] running 0 tests
[INFO] [stdout] 
[INFO] [stdout] test result: ok. 0 passed; 0 failed; 0 ignored; 0 measured; 0 filtered out; finished in 0.00s
[INFO] [stdout] 
[INFO] [stderr]    Doc-tests rocket_autodocu
[INFO] [stdout] 
[INFO] [stdout] running 9 tests
[INFO] [stdout] test src/lib.rs - mount_endpoints_and_merged_docs (line 143) ... ignored
[INFO] [stdout] test src/lib.rs - openapi_get_routes (line 188) ... ignored
[INFO] [stdout] test src/lib.rs - openapi_get_routes (line 195) ... ignored
[INFO] [stdout] test src/lib.rs - openapi_get_routes_spec (line 227) ... ignored
[INFO] [stdout] test src/lib.rs - openapi_get_routes_spec (line 234) ... ignored
[INFO] [stdout] test src/lib.rs - openapi_get_spec (line 262) ... ignored
[INFO] [stdout] test src/lib.rs - openapi_get_spec (line 268) ... ignored
[INFO] [stdout] test src/request/mod.rs - request::OpenApiFromRequest (line 97) ... ignored
[INFO] [stdout] test src/lib.rs - (line 25) - compile ... FAILED
[INFO] [stdout] 
[INFO] [stdout] failures:
[INFO] [stdout] 
[INFO] [stdout] ---- src/lib.rs - (line 25) stdout ----
[INFO] [stdout] error[E0432]: unresolved import `rocket_autodocu::swagger_ui`
[INFO] [stdout]   --> src/lib.rs:30:22
[INFO] [stdout]    |
[INFO] [stdout] 7  | use rocket_autodocu::swagger_ui::{make_swagger_ui, SwaggerUIConfig};
[INFO] [stdout]    |                      ^^^^^^^^^^ could not find `swagger_ui` in `rocket_autodocu`
[INFO] [stdout]    |
[INFO] [stdout] note: found an item that was configured out
[INFO] [stdout]   --> /opt/rustwide/workdir/src/lib.rs:96:9
[INFO] [stdout]    |
[INFO] [stdout] 96 | pub mod swagger_ui;
[INFO] [stdout]    |         ^^^^^^^^^^
[INFO] [stdout] note: the item is gated behind the `swagger` feature
[INFO] [stdout]   --> /opt/rustwide/workdir/src/lib.rs:95:7
[INFO] [stdout]    |
[INFO] [stdout] 95 | #[cfg(feature = "swagger")]
[INFO] [stdout]    |       ^^^^^^^^^^^^^^^^^^^
[INFO] [stdout] 
[INFO] [stdout] error: aborting due to 1 previous error
[INFO] [stdout] 
[INFO] [stdout] For more information about this error, try `rustc --explain E0432`.
[INFO] [stdout] Couldn't compile the test.
[INFO] [stdout] 
[INFO] [stdout] failures:
[INFO] [stdout]     src/lib.rs - (line 25)
[INFO] [stdout] 
[INFO] [stdout] test result: FAILED. 0 passed; 1 failed; 8 ignored; 0 measured; 0 filtered out; finished in 0.17s
[INFO] [stdout] 
[INFO] [stderr] error: doctest failed, to rerun pass `--doc`
[INFO] running `Command { std: "docker" "inspect" "4d27bad56c89083ff534671c5ca8fa8f8596b50da107141c275e0402a6e271a8", kill_on_drop: false }`
[INFO] running `Command { std: "docker" "rm" "-f" "4d27bad56c89083ff534671c5ca8fa8f8596b50da107141c275e0402a6e271a8", kill_on_drop: false }`
[INFO] [stdout] 4d27bad56c89083ff534671c5ca8fa8f8596b50da107141c275e0402a6e271a8
