[INFO] fetching crate robuild 0.0.33...
[INFO] testing robuild-0.0.33 against nightly-2025-01-18+rustflags=-Zrandomize-layout for randomize-layout-2
[INFO] extracting crate robuild 0.0.33 into /workspace/builds/worker-3-tc2/source
[INFO] validating manifest of crates.io crate robuild 0.0.33 on toolchain nightly-2025-01-18
[INFO] running `Command { std: CARGO_HOME="/workspace/cargo-home" RUSTUP_HOME="/workspace/rustup-home" "/workspace/cargo-home/bin/cargo" "+nightly-2025-01-18" "metadata" "--manifest-path" "Cargo.toml" "--no-deps", kill_on_drop: false }`
[INFO] started tweaking crates.io crate robuild 0.0.33
[INFO] finished tweaking crates.io crate robuild 0.0.33
[INFO] tweaked toml for crates.io crate robuild 0.0.33 written to /workspace/builds/worker-3-tc2/source/Cargo.toml
[INFO] crate crates.io crate robuild 0.0.33 already has a lockfile, it will not be regenerated
[INFO] running `Command { std: CARGO_HOME="/workspace/cargo-home" RUSTUP_HOME="/workspace/rustup-home" "/workspace/cargo-home/bin/cargo" "+nightly-2025-01-18" "fetch" "--manifest-path" "Cargo.toml", kill_on_drop: false }`
[INFO] [stderr]     Blocking waiting for file lock on package cache
[INFO] [stderr]     Blocking waiting for file lock on package cache
[INFO] running `Command { std: "docker" "create" "-v" "/var/lib/crater-agent-workspace/builds/worker-3-tc2/target:/opt/rustwide/target:rw,Z" "-v" "/var/lib/crater-agent-workspace/builds/worker-3-tc2/source:/opt/rustwide/workdir:ro,Z" "-v" "/var/lib/crater-agent-workspace/cargo-home:/opt/rustwide/cargo-home:ro,Z" "-v" "/var/lib/crater-agent-workspace/rustup-home:/opt/rustwide/rustup-home:ro,Z" "-e" "SOURCE_DIR=/opt/rustwide/workdir" "-e" "CARGO_TARGET_DIR=/opt/rustwide/target" "-e" "CARGO_HOME=/opt/rustwide/cargo-home" "-e" "RUSTUP_HOME=/opt/rustwide/rustup-home" "-w" "/opt/rustwide/workdir" "-m" "1610612736" "--user" "0:0" "--network" "none" "ghcr.io/rust-lang/crates-build-env/linux@sha256:819108c5571ea2e421544af4d832f968d213c87fbe3707a016657f43d2f853bc" "/opt/rustwide/cargo-home/bin/cargo" "+nightly-2025-01-18" "metadata" "--no-deps" "--format-version=1", kill_on_drop: false }`
[INFO] [stdout] 5b54cd070fdce56cf9e30d67c9696213d7d9dbe6ed9c6216a4d46f1de95fde00
[INFO] running `Command { std: "docker" "start" "-a" "5b54cd070fdce56cf9e30d67c9696213d7d9dbe6ed9c6216a4d46f1de95fde00", kill_on_drop: false }`
[INFO] running `Command { std: "docker" "inspect" "5b54cd070fdce56cf9e30d67c9696213d7d9dbe6ed9c6216a4d46f1de95fde00", kill_on_drop: false }`
[INFO] running `Command { std: "docker" "rm" "-f" "5b54cd070fdce56cf9e30d67c9696213d7d9dbe6ed9c6216a4d46f1de95fde00", kill_on_drop: false }`
[INFO] [stdout] 5b54cd070fdce56cf9e30d67c9696213d7d9dbe6ed9c6216a4d46f1de95fde00
[INFO] running `Command { std: "docker" "create" "-v" "/var/lib/crater-agent-workspace/builds/worker-3-tc2/target:/opt/rustwide/target:rw,Z" "-v" "/var/lib/crater-agent-workspace/builds/worker-3-tc2/source:/opt/rustwide/workdir:ro,Z" "-v" "/var/lib/crater-agent-workspace/cargo-home:/opt/rustwide/cargo-home:ro,Z" "-v" "/var/lib/crater-agent-workspace/rustup-home:/opt/rustwide/rustup-home:ro,Z" "-e" "SOURCE_DIR=/opt/rustwide/workdir" "-e" "CARGO_TARGET_DIR=/opt/rustwide/target" "-e" "CARGO_INCREMENTAL=0" "-e" "RUST_BACKTRACE=full" "-e" "RUSTFLAGS=--cap-lints=forbid -Zrandomize-layout" "-e" "RUSTDOCFLAGS=--cap-lints=forbid" "-e" "CARGO_HOME=/opt/rustwide/cargo-home" "-e" "RUSTUP_HOME=/opt/rustwide/rustup-home" "-w" "/opt/rustwide/workdir" "-m" "1610612736" "--user" "0:0" "--network" "none" "ghcr.io/rust-lang/crates-build-env/linux@sha256:819108c5571ea2e421544af4d832f968d213c87fbe3707a016657f43d2f853bc" "/opt/rustwide/cargo-home/bin/cargo" "+nightly-2025-01-18" "build" "--frozen" "--message-format=json", kill_on_drop: false }`
[INFO] [stdout] ab9a09e45c6a65e3b44088f655e638dc8eea3982c499846672da3eea39ea80f3
[INFO] running `Command { std: "docker" "start" "-a" "ab9a09e45c6a65e3b44088f655e638dc8eea3982c499846672da3eea39ea80f3", kill_on_drop: false }`
[INFO] [stderr]    Compiling robuild v0.0.33 (/opt/rustwide/workdir)
[INFO] [stderr]     Finished `dev` profile [unoptimized + debuginfo] target(s) in 0.61s
[INFO] running `Command { std: "docker" "inspect" "ab9a09e45c6a65e3b44088f655e638dc8eea3982c499846672da3eea39ea80f3", kill_on_drop: false }`
[INFO] running `Command { std: "docker" "rm" "-f" "ab9a09e45c6a65e3b44088f655e638dc8eea3982c499846672da3eea39ea80f3", kill_on_drop: false }`
[INFO] [stdout] ab9a09e45c6a65e3b44088f655e638dc8eea3982c499846672da3eea39ea80f3
[INFO] running `Command { std: "docker" "create" "-v" "/var/lib/crater-agent-workspace/builds/worker-3-tc2/target:/opt/rustwide/target:rw,Z" "-v" "/var/lib/crater-agent-workspace/builds/worker-3-tc2/source:/opt/rustwide/workdir:ro,Z" "-v" "/var/lib/crater-agent-workspace/cargo-home:/opt/rustwide/cargo-home:ro,Z" "-v" "/var/lib/crater-agent-workspace/rustup-home:/opt/rustwide/rustup-home:ro,Z" "-e" "SOURCE_DIR=/opt/rustwide/workdir" "-e" "CARGO_TARGET_DIR=/opt/rustwide/target" "-e" "CARGO_INCREMENTAL=0" "-e" "RUST_BACKTRACE=full" "-e" "RUSTFLAGS=--cap-lints=forbid -Zrandomize-layout" "-e" "RUSTDOCFLAGS=--cap-lints=forbid" "-e" "CARGO_HOME=/opt/rustwide/cargo-home" "-e" "RUSTUP_HOME=/opt/rustwide/rustup-home" "-w" "/opt/rustwide/workdir" "-m" "1610612736" "--user" "0:0" "--network" "none" "ghcr.io/rust-lang/crates-build-env/linux@sha256:819108c5571ea2e421544af4d832f968d213c87fbe3707a016657f43d2f853bc" "/opt/rustwide/cargo-home/bin/cargo" "+nightly-2025-01-18" "test" "--frozen" "--no-run" "--message-format=json", kill_on_drop: false }`
[INFO] [stdout] 84ac3776a7d27952a978878b48cc83e63775f0de635e884b8a884dd7924e112d
[INFO] running `Command { std: "docker" "start" "-a" "84ac3776a7d27952a978878b48cc83e63775f0de635e884b8a884dd7924e112d", kill_on_drop: false }`
[INFO] [stderr]    Compiling robuild v0.0.33 (/opt/rustwide/workdir)
[INFO] [stderr]     Finished `test` profile [unoptimized + debuginfo] target(s) in 0.49s
[INFO] running `Command { std: "docker" "inspect" "84ac3776a7d27952a978878b48cc83e63775f0de635e884b8a884dd7924e112d", kill_on_drop: false }`
[INFO] running `Command { std: "docker" "rm" "-f" "84ac3776a7d27952a978878b48cc83e63775f0de635e884b8a884dd7924e112d", kill_on_drop: false }`
[INFO] [stdout] 84ac3776a7d27952a978878b48cc83e63775f0de635e884b8a884dd7924e112d
[INFO] running `Command { std: "docker" "create" "-v" "/var/lib/crater-agent-workspace/builds/worker-3-tc2/target:/opt/rustwide/target:rw,Z" "-v" "/var/lib/crater-agent-workspace/builds/worker-3-tc2/source:/opt/rustwide/workdir:ro,Z" "-v" "/var/lib/crater-agent-workspace/cargo-home:/opt/rustwide/cargo-home:ro,Z" "-v" "/var/lib/crater-agent-workspace/rustup-home:/opt/rustwide/rustup-home:ro,Z" "-e" "SOURCE_DIR=/opt/rustwide/workdir" "-e" "CARGO_TARGET_DIR=/opt/rustwide/target" "-e" "CARGO_INCREMENTAL=0" "-e" "RUST_BACKTRACE=full" "-e" "RUSTFLAGS=--cap-lints=forbid -Zrandomize-layout" "-e" "RUSTDOCFLAGS=--cap-lints=forbid" "-e" "CARGO_HOME=/opt/rustwide/cargo-home" "-e" "RUSTUP_HOME=/opt/rustwide/rustup-home" "-w" "/opt/rustwide/workdir" "-m" "1610612736" "--user" "0:0" "--network" "none" "ghcr.io/rust-lang/crates-build-env/linux@sha256:819108c5571ea2e421544af4d832f968d213c87fbe3707a016657f43d2f853bc" "/opt/rustwide/cargo-home/bin/cargo" "+nightly-2025-01-18" "test" "--frozen", kill_on_drop: false }`
[INFO] [stdout] 9d9ab0886fb6fa841c2961d2175b6df62c90903a8d072ed06011900274b808ca
[INFO] running `Command { std: "docker" "start" "-a" "9d9ab0886fb6fa841c2961d2175b6df62c90903a8d072ed06011900274b808ca", kill_on_drop: false }`
[INFO] [stderr]     Finished `test` profile [unoptimized + debuginfo] target(s) in 0.04s
[INFO] [stderr]      Running unittests robuild.rs (/opt/rustwide/target/debug/deps/robuild-669df4d9cb8f9a58)
[INFO] [stdout] 
[INFO] [stdout] running 0 tests
[INFO] [stdout] 
[INFO] [stdout] test result: ok. 0 passed; 0 failed; 0 ignored; 0 measured; 0 filtered out; finished in 0.00s
[INFO] [stdout] 
[INFO] [stderr]    Doc-tests robuild
[INFO] [stdout] 
[INFO] [stdout] running 8 tests
[INFO] [stdout] test robuild.rs - RobCommand::append (line 287) ... FAILED
[INFO] [stdout] test robuild.rs - mkdirs (line 104) ... FAILED
[INFO] [stdout] test robuild.rs - Rob::go_rebuild_yourself (line 826) ... FAILED
[INFO] [stdout] test robuild.rs - log (line 64) ... FAILED
[INFO] [stdout] test robuild.rs - RobCommand::output (line 451) ... FAILED
[INFO] [stdout] test robuild.rs - log (line 69) ... FAILED
[INFO] [stdout] test robuild.rs - RobCommand::append (line 280) ... FAILED
[INFO] [stdout] test robuild.rs - RobCommand::output (line 433) ... FAILED
[INFO] [stdout] 
[INFO] [stdout] failures:
[INFO] [stdout] 
[INFO] [stdout] ---- robuild.rs - RobCommand::append (line 287) stdout ----
[INFO] [stdout] error: expected one of `.`, `;`, `?`, `}`, or an operator, found `clang`
[INFO] [stdout]  --> robuild.rs:288:7
[INFO] [stdout]   |
[INFO] [stdout] 3 | [CMD] clang++ -o output test/test1/test.cpp
[INFO] [stdout]   |       ^^^^^ expected one of `.`, `;`, `?`, `}`, or an operator
[INFO] [stdout] 
[INFO] [stdout] error: aborting due to 1 previous error
[INFO] [stdout] 
[INFO] [stdout] Couldn't compile the test.
[INFO] [stdout] ---- robuild.rs - mkdirs (line 104) stdout ----
[INFO] [stdout] error: cannot find macro `mkdirs` in this scope
[INFO] [stdout]  --> robuild.rs:105:1
[INFO] [stdout]   |
[INFO] [stdout] 3 | mkdirs!("just", "for", "example");
[INFO] [stdout]   | ^^^^^^
[INFO] [stdout]   |
[INFO] [stdout] help: consider importing this macro
[INFO] [stdout]   |
[INFO] [stdout] 2 + use robuild::mkdirs;
[INFO] [stdout]   |
[INFO] [stdout] 
[INFO] [stdout] error: aborting due to 1 previous error
[INFO] [stdout] 
[INFO] [stdout] Couldn't compile the test.
[INFO] [stdout] ---- robuild.rs - Rob::go_rebuild_yourself (line 826) stdout ----
[INFO] [stdout] error: cannot find macro `go_rebuild_yourself` in this scope
[INFO] [stdout]  --> robuild.rs:828:5
[INFO] [stdout]   |
[INFO] [stdout] 3 |     go_rebuild_yourself!();
[INFO] [stdout]   |     ^^^^^^^^^^^^^^^^^^^
[INFO] [stdout]   |
[INFO] [stdout] help: consider importing this macro
[INFO] [stdout]   |
[INFO] [stdout] 2 + use robuild::go_rebuild_yourself;
[INFO] [stdout]   |
[INFO] [stdout] 
[INFO] [stdout] error: aborting due to 1 previous error
[INFO] [stdout] 
[INFO] [stdout] Couldn't compile the test.
[INFO] [stdout] ---- robuild.rs - log (line 64) stdout ----
[INFO] [stdout] error: cannot find macro `log` in this scope
[INFO] [stdout]  --> robuild.rs:66:1
[INFO] [stdout]   |
[INFO] [stdout] 4 | log!(INFO, "This is how you can do {what}");
[INFO] [stdout]   | ^^^
[INFO] [stdout]   |
[INFO] [stdout] help: consider importing this macro
[INFO] [stdout]   |
[INFO] [stdout] 2 + use robuild::log;
[INFO] [stdout]   |
[INFO] [stdout] 
[INFO] [stdout] error: aborting due to 1 previous error
[INFO] [stdout] 
[INFO] [stdout] Couldn't compile the test.
[INFO] [stdout] ---- robuild.rs - RobCommand::output (line 451) stdout ----
[INFO] [stdout] error: expected one of `.`, `;`, `?`, `}`, or an operator, found `echo`
[INFO] [stdout]  --> robuild.rs:452:7
[INFO] [stdout]   |
[INFO] [stdout] 3 | [CMD] echo hello
[INFO] [stdout]   |       ^^^^ expected one of `.`, `;`, `?`, `}`, or an operator
[INFO] [stdout] 
[INFO] [stdout] error: aborting due to 1 previous error
[INFO] [stdout] 
[INFO] [stdout] Couldn't compile the test.
[INFO] [stdout] ---- robuild.rs - log (line 69) stdout ----
[INFO] [stdout] error: expected one of `.`, `;`, `?`, `}`, or an operator, found `This`
[INFO] [stdout]  --> robuild.rs:70:8
[INFO] [stdout]   |
[INFO] [stdout] 3 | [INFO] This is how you can do logging
[INFO] [stdout]   |        ^^^^ expected one of `.`, `;`, `?`, `}`, or an operator
[INFO] [stdout] 
[INFO] [stdout] error: aborting due to 1 previous error
[INFO] [stdout] 
[INFO] [stdout] Couldn't compile the test.
[INFO] [stdout] ---- robuild.rs - RobCommand::append (line 280) stdout ----
[INFO] [stdout] error: cannot find macro `pathbuf` in this scope
[INFO] [stdout]  --> robuild.rs:281:9
[INFO] [stdout]   |
[INFO] [stdout] 3 | let p = pathbuf!["dummy", "rakivo", "dummy.cpp"];
[INFO] [stdout]   |         ^^^^^^^
[INFO] [stdout]   |
[INFO] [stdout] help: consider importing this macro
[INFO] [stdout]   |
[INFO] [stdout] 2 + use robuild::pathbuf;
[INFO] [stdout]   |
[INFO] [stdout] 
[INFO] [stdout] error[E0433]: failed to resolve: use of undeclared type `Rob`
[INFO] [stdout]  --> robuild.rs:282:1
[INFO] [stdout]   |
[INFO] [stdout] 4 | Rob::new()
[INFO] [stdout]   | ^^^ use of undeclared type `Rob`
[INFO] [stdout]   |
[INFO] [stdout] help: consider importing this struct
[INFO] [stdout]   |
[INFO] [stdout] 2 + use robuild::Rob;
[INFO] [stdout]   |
[INFO] [stdout] 
[INFO] [stdout] error: aborting due to 2 previous errors
[INFO] [stdout] 
[INFO] [stdout] For more information about this error, try `rustc --explain E0433`.
[INFO] [stdout] Couldn't compile the test.
[INFO] [stdout] ---- robuild.rs - RobCommand::output (line 433) stdout ----
[INFO] [stdout] error[E0433]: failed to resolve: use of undeclared type `Rob`
[INFO] [stdout]  --> robuild.rs:434:15
[INFO] [stdout]   |
[INFO] [stdout] 3 | let mut rob = Rob::new();
[INFO] [stdout]   |               ^^^ use of undeclared type `Rob`
[INFO] [stdout]   |
[INFO] [stdout] help: consider importing this struct
[INFO] [stdout]   |
[INFO] [stdout] 2 + use robuild::Rob;
[INFO] [stdout]   |
[INFO] [stdout] 
[INFO] [stdout] error[E0425]: cannot find value `CC` in this scope
[INFO] [stdout]  --> robuild.rs:439:15
[INFO] [stdout]   |
[INFO] [stdout] 8 |     .append(&[CC, "-o build/output", "./test/main.c"])
[INFO] [stdout]   |               ^^ not found in this scope
[INFO] [stdout]   |
[INFO] [stdout] help: consider importing this constant
[INFO] [stdout]   |
[INFO] [stdout] 2 + use robuild::CC;
[INFO] [stdout]   |
[INFO] [stdout] 
[INFO] [stdout] error[E0425]: cannot find value `CXXC` in this scope
[INFO] [stdout]   --> robuild.rs:441:15
[INFO] [stdout]    |
[INFO] [stdout] 10 |     .append(&[CXXC, "-o build/outputpp", "./test/main.cpp"])
[INFO] [stdout]    |               ^^^^ not found in this scope
[INFO] [stdout]    |
[INFO] [stdout] help: consider importing this constant
[INFO] [stdout]    |
[INFO] [stdout] 2  + use robuild::CXXC;
[INFO] [stdout]    |
[INFO] [stdout] 
[INFO] [stdout] error: aborting due to 3 previous errors
[INFO] [stdout] 
[INFO] [stdout] Some errors have detailed explanations: E0425, E0433.
[INFO] [stdout] For more information about an error, try `rustc --explain E0425`.
[INFO] [stdout] Couldn't compile the test.
[INFO] [stdout] 
[INFO] [stdout] failures:
[INFO] [stdout]     robuild.rs - Rob::go_rebuild_yourself (line 826)
[INFO] [stdout]     robuild.rs - RobCommand::append (line 280)
[INFO] [stdout]     robuild.rs - RobCommand::append (line 287)
[INFO] [stdout]     robuild.rs - RobCommand::output (line 433)
[INFO] [stdout]     robuild.rs - RobCommand::output (line 451)
[INFO] [stdout]     robuild.rs - log (line 64)
[INFO] [stdout]     robuild.rs - log (line 69)
[INFO] [stdout]     robuild.rs - mkdirs (line 104)
[INFO] [stdout] 
[INFO] [stdout] test result: FAILED. 0 passed; 8 failed; 0 ignored; 0 measured; 0 filtered out; finished in 0.23s
[INFO] [stdout] 
[INFO] [stderr] error: doctest failed, to rerun pass `--doc`
[INFO] running `Command { std: "docker" "inspect" "9d9ab0886fb6fa841c2961d2175b6df62c90903a8d072ed06011900274b808ca", kill_on_drop: false }`
[INFO] running `Command { std: "docker" "rm" "-f" "9d9ab0886fb6fa841c2961d2175b6df62c90903a8d072ed06011900274b808ca", kill_on_drop: false }`
[INFO] [stdout] 9d9ab0886fb6fa841c2961d2175b6df62c90903a8d072ed06011900274b808ca
