[INFO] fetching crate robloxapi 0.0.14...
[INFO] testing robloxapi-0.0.14 against nightly-2025-01-18+rustflags=-Zrandomize-layout for randomize-layout-2
[INFO] extracting crate robloxapi 0.0.14 into /workspace/builds/worker-5-tc2/source
[INFO] validating manifest of crates.io crate robloxapi 0.0.14 on toolchain nightly-2025-01-18
[INFO] running `Command { std: CARGO_HOME="/workspace/cargo-home" RUSTUP_HOME="/workspace/rustup-home" "/workspace/cargo-home/bin/cargo" "+nightly-2025-01-18" "metadata" "--manifest-path" "Cargo.toml" "--no-deps", kill_on_drop: false }`
[INFO] started tweaking crates.io crate robloxapi 0.0.14
[INFO] finished tweaking crates.io crate robloxapi 0.0.14
[INFO] tweaked toml for crates.io crate robloxapi 0.0.14 written to /workspace/builds/worker-5-tc2/source/Cargo.toml
[INFO] running `Command { std: CARGO_HOME="/workspace/cargo-home" RUSTUP_HOME="/workspace/rustup-home" "/workspace/cargo-home/bin/cargo" "+nightly-2025-01-18" "generate-lockfile" "--manifest-path" "Cargo.toml", kill_on_drop: false }`
[INFO] [stderr]     Updating crates.io index
[INFO] [stderr]      Locking 169 packages to latest compatible versions
[INFO] [stderr]       Adding reqwest v0.11.27 (available: v0.12.12)
[INFO] [stderr]       Adding thiserror v1.0.69 (available: v2.0.11)
[INFO] running `Command { std: CARGO_HOME="/workspace/cargo-home" RUSTUP_HOME="/workspace/rustup-home" "/workspace/cargo-home/bin/cargo" "+nightly-2025-01-18" "fetch" "--manifest-path" "Cargo.toml", kill_on_drop: false }`
[INFO] running `Command { std: "docker" "create" "-v" "/var/lib/crater-agent-workspace/builds/worker-5-tc2/target:/opt/rustwide/target:rw,Z" "-v" "/var/lib/crater-agent-workspace/builds/worker-5-tc2/source:/opt/rustwide/workdir:ro,Z" "-v" "/var/lib/crater-agent-workspace/cargo-home:/opt/rustwide/cargo-home:ro,Z" "-v" "/var/lib/crater-agent-workspace/rustup-home:/opt/rustwide/rustup-home:ro,Z" "-e" "SOURCE_DIR=/opt/rustwide/workdir" "-e" "CARGO_TARGET_DIR=/opt/rustwide/target" "-e" "CARGO_HOME=/opt/rustwide/cargo-home" "-e" "RUSTUP_HOME=/opt/rustwide/rustup-home" "-w" "/opt/rustwide/workdir" "-m" "1610612736" "--user" "0:0" "--network" "none" "ghcr.io/rust-lang/crates-build-env/linux@sha256:819108c5571ea2e421544af4d832f968d213c87fbe3707a016657f43d2f853bc" "/opt/rustwide/cargo-home/bin/cargo" "+nightly-2025-01-18" "metadata" "--no-deps" "--format-version=1", kill_on_drop: false }`
[INFO] [stdout] 3c045242d593fe743f47e765ac030a8c87c32ca6d04a6b3b4ec38965cc4681fe
[INFO] running `Command { std: "docker" "start" "-a" "3c045242d593fe743f47e765ac030a8c87c32ca6d04a6b3b4ec38965cc4681fe", kill_on_drop: false }`
[INFO] running `Command { std: "docker" "inspect" "3c045242d593fe743f47e765ac030a8c87c32ca6d04a6b3b4ec38965cc4681fe", kill_on_drop: false }`
[INFO] running `Command { std: "docker" "rm" "-f" "3c045242d593fe743f47e765ac030a8c87c32ca6d04a6b3b4ec38965cc4681fe", kill_on_drop: false }`
[INFO] [stdout] 3c045242d593fe743f47e765ac030a8c87c32ca6d04a6b3b4ec38965cc4681fe
[INFO] running `Command { std: "docker" "create" "-v" "/var/lib/crater-agent-workspace/builds/worker-5-tc2/target:/opt/rustwide/target:rw,Z" "-v" "/var/lib/crater-agent-workspace/builds/worker-5-tc2/source:/opt/rustwide/workdir:ro,Z" "-v" "/var/lib/crater-agent-workspace/cargo-home:/opt/rustwide/cargo-home:ro,Z" "-v" "/var/lib/crater-agent-workspace/rustup-home:/opt/rustwide/rustup-home:ro,Z" "-e" "SOURCE_DIR=/opt/rustwide/workdir" "-e" "CARGO_TARGET_DIR=/opt/rustwide/target" "-e" "CARGO_INCREMENTAL=0" "-e" "RUST_BACKTRACE=full" "-e" "RUSTFLAGS=--cap-lints=forbid -Zrandomize-layout" "-e" "RUSTDOCFLAGS=--cap-lints=forbid" "-e" "CARGO_HOME=/opt/rustwide/cargo-home" "-e" "RUSTUP_HOME=/opt/rustwide/rustup-home" "-w" "/opt/rustwide/workdir" "-m" "1610612736" "--user" "0:0" "--network" "none" "ghcr.io/rust-lang/crates-build-env/linux@sha256:819108c5571ea2e421544af4d832f968d213c87fbe3707a016657f43d2f853bc" "/opt/rustwide/cargo-home/bin/cargo" "+nightly-2025-01-18" "build" "--frozen" "--message-format=json", kill_on_drop: false }`
[INFO] [stdout] 1d1db09527c2022b15cf0abe31b3e8e7c3329c778898869e4dcb4bbde053551a
[INFO] running `Command { std: "docker" "start" "-a" "1d1db09527c2022b15cf0abe31b3e8e7c3329c778898869e4dcb4bbde053551a", kill_on_drop: false }`
[INFO] [stderr]    Compiling proc-macro2 v1.0.93
[INFO] [stderr]    Compiling unicode-ident v1.0.14
[INFO] [stderr]    Compiling stable_deref_trait v1.2.0
[INFO] [stderr]    Compiling libc v0.2.169
[INFO] [stderr]    Compiling itoa v1.0.14
[INFO] [stderr]    Compiling writeable v0.5.5
[INFO] [stderr]    Compiling litemap v0.7.4
[INFO] [stderr]    Compiling shlex v1.3.0
[INFO] [stderr]    Compiling vcpkg v0.2.15
[INFO] [stderr]    Compiling pkg-config v0.3.31
[INFO] [stderr]    Compiling pin-project-lite v0.2.16
[INFO] [stderr]    Compiling cc v1.2.10
[INFO] [stderr]    Compiling icu_locid_transform_data v1.5.0
[INFO] [stderr]    Compiling once_cell v1.20.2
[INFO] [stderr]    Compiling bytes v1.9.0
[INFO] [stderr]    Compiling icu_properties_data v1.5.0
[INFO] [stderr]    Compiling icu_normalizer_data v1.5.0
[INFO] [stderr]    Compiling smallvec v1.13.2
[INFO] [stderr]    Compiling utf8_iter v1.0.4
[INFO] [stderr]    Compiling write16 v1.0.0
[INFO] [stderr]    Compiling utf16_iter v1.0.5
[INFO] [stderr]    Compiling futures-core v0.3.31
[INFO] [stderr]    Compiling autocfg v1.4.0
[INFO] [stderr]    Compiling fnv v1.0.7
[INFO] [stderr]    Compiling cfg-if v1.0.0
[INFO] [stderr]    Compiling percent-encoding v2.3.1
[INFO] [stderr]    Compiling quote v1.0.38
[INFO] [stderr]    Compiling syn v2.0.96
[INFO] [stderr]    Compiling foreign-types-shared v0.1.1
[INFO] [stderr]    Compiling serde v1.0.217
[INFO] [stderr]    Compiling openssl v0.10.68
[INFO] [stderr]    Compiling foreign-types v0.3.2
[INFO] [stderr]    Compiling http v0.2.12
[INFO] [stderr]    Compiling tracing-core v0.1.33
[INFO] [stderr]    Compiling num-conv v0.1.0
[INFO] [stderr]    Compiling futures-sink v0.3.31
[INFO] [stderr]    Compiling slab v0.4.9
[INFO] [stderr]    Compiling hashbrown v0.15.2
[INFO] [stderr]    Compiling powerfmt v0.2.0
[INFO] [stderr]    Compiling version_check v0.9.5
[INFO] [stderr]    Compiling socket2 v0.5.8
[INFO] [stderr]    Compiling mio v1.0.3
[INFO] [stderr]    Compiling equivalent v1.0.1
[INFO] [stderr]    Compiling httparse v1.9.5
[INFO] [stderr]    Compiling openssl-sys v0.9.104
[INFO] [stderr]    Compiling time-core v0.1.2
[INFO] [stderr]    Compiling native-tls v0.2.12
[INFO] [stderr]    Compiling bitflags v2.8.0
[INFO] [stderr]    Compiling futures-task v0.3.31
[INFO] [stderr]    Compiling tinyvec_macros v0.1.1
[INFO] [stderr]    Compiling log v0.4.25
[INFO] [stderr]    Compiling pin-utils v0.1.0
[INFO] [stderr]    Compiling futures-util v0.3.31
[INFO] [stderr]    Compiling tinyvec v1.8.1
[INFO] [stderr]    Compiling indexmap v2.7.1
[INFO] [stderr]    Compiling time-macros v0.2.19
[INFO] [stderr]    Compiling cookie v0.17.0
[INFO] [stderr]    Compiling deranged v0.3.11
[INFO] [stderr]    Compiling tracing v0.1.41
[INFO] [stderr]    Compiling form_urlencoded v1.2.1
[INFO] [stderr]    Compiling ryu v1.0.18
[INFO] [stderr]    Compiling serde_json v1.0.137
[INFO] [stderr]    Compiling openssl-probe v0.1.5
[INFO] [stderr]    Compiling try-lock v0.2.5
[INFO] [stderr]    Compiling want v0.3.1
[INFO] [stderr]    Compiling http-body v0.4.6
[INFO] [stderr]    Compiling futures-channel v0.3.31
[INFO] [stderr]    Compiling tower-service v0.3.3
[INFO] [stderr]    Compiling unicode-normalization v0.1.24
[INFO] [stderr]    Compiling memchr v2.7.4
[INFO] [stderr]    Compiling httpdate v1.0.3
[INFO] [stderr]    Compiling time v0.3.37
[INFO] [stderr]    Compiling psl-types v2.0.11
[INFO] [stderr]    Compiling unicode-bidi v0.3.18
[INFO] [stderr]    Compiling base64 v0.21.7
[INFO] [stderr]    Compiling thiserror v1.0.69
[INFO] [stderr]    Compiling encoding_rs v0.8.35
[INFO] [stderr]    Compiling rustls-pemfile v1.0.4
[INFO] [stderr]    Compiling mime v0.3.17
[INFO] [stderr]    Compiling sync_wrapper v0.1.2
[INFO] [stderr]    Compiling ipnet v2.11.0
[INFO] [stderr]    Compiling idna v0.3.0
[INFO] [stderr]    Compiling synstructure v0.13.1
[INFO] [stderr]    Compiling zerofrom-derive v0.1.5
[INFO] [stderr]    Compiling yoke-derive v0.7.5
[INFO] [stderr]    Compiling zerovec-derive v0.10.3
[INFO] [stderr]    Compiling displaydoc v0.2.5
[INFO] [stderr]    Compiling icu_provider_macros v1.5.0
[INFO] [stderr]    Compiling tokio-macros v2.5.0
[INFO] [stderr]    Compiling openssl-macros v0.1.1
[INFO] [stderr]    Compiling serde_derive v1.0.217
[INFO] [stderr]    Compiling thiserror-impl v1.0.69
[INFO] [stderr]    Compiling tokio v1.43.0
[INFO] [stderr]    Compiling async-trait v0.1.85
[INFO] [stderr]    Compiling zerofrom v0.1.5
[INFO] [stderr]    Compiling yoke v0.7.5
[INFO] [stderr]    Compiling zerovec v0.10.4
[INFO] [stderr]    Compiling tinystr v0.7.6
[INFO] [stderr]    Compiling icu_collections v1.5.0
[INFO] [stderr]    Compiling icu_locid v1.5.0
[INFO] [stderr]    Compiling icu_provider v1.5.0
[INFO] [stderr]    Compiling icu_locid_transform v1.5.0
[INFO] [stderr]    Compiling tokio-util v0.7.13
[INFO] [stderr]    Compiling icu_properties v1.5.1
[INFO] [stderr]    Compiling h2 v0.3.26
[INFO] [stderr]    Compiling tokio-native-tls v0.3.1
[INFO] [stderr]    Compiling serde_urlencoded v0.7.1
[INFO] [stderr]    Compiling icu_normalizer v1.5.0
[INFO] [stderr]    Compiling idna_adapter v1.2.0
[INFO] [stderr]    Compiling idna v1.0.3
[INFO] [stderr]    Compiling hyper v0.14.32
[INFO] [stderr]    Compiling url v2.5.4
[INFO] [stderr]    Compiling publicsuffix v2.3.0
[INFO] [stderr]    Compiling cookie_store v0.20.0
[INFO] [stderr]    Compiling hyper-tls v0.5.0
[INFO] [stderr]    Compiling reqwest v0.11.27
[INFO] [stderr]    Compiling robloxapi v0.0.14 (/opt/rustwide/workdir)
[INFO] [stderr]     Finished `dev` profile [unoptimized + debuginfo] target(s) in 1m 14s
[INFO] running `Command { std: "docker" "inspect" "1d1db09527c2022b15cf0abe31b3e8e7c3329c778898869e4dcb4bbde053551a", kill_on_drop: false }`
[INFO] running `Command { std: "docker" "rm" "-f" "1d1db09527c2022b15cf0abe31b3e8e7c3329c778898869e4dcb4bbde053551a", kill_on_drop: false }`
[INFO] [stdout] 1d1db09527c2022b15cf0abe31b3e8e7c3329c778898869e4dcb4bbde053551a
[INFO] running `Command { std: "docker" "create" "-v" "/var/lib/crater-agent-workspace/builds/worker-5-tc2/target:/opt/rustwide/target:rw,Z" "-v" "/var/lib/crater-agent-workspace/builds/worker-5-tc2/source:/opt/rustwide/workdir:ro,Z" "-v" "/var/lib/crater-agent-workspace/cargo-home:/opt/rustwide/cargo-home:ro,Z" "-v" "/var/lib/crater-agent-workspace/rustup-home:/opt/rustwide/rustup-home:ro,Z" "-e" "SOURCE_DIR=/opt/rustwide/workdir" "-e" "CARGO_TARGET_DIR=/opt/rustwide/target" "-e" "CARGO_INCREMENTAL=0" "-e" "RUST_BACKTRACE=full" "-e" "RUSTFLAGS=--cap-lints=forbid -Zrandomize-layout" "-e" "RUSTDOCFLAGS=--cap-lints=forbid" "-e" "CARGO_HOME=/opt/rustwide/cargo-home" "-e" "RUSTUP_HOME=/opt/rustwide/rustup-home" "-w" "/opt/rustwide/workdir" "-m" "1610612736" "--user" "0:0" "--network" "none" "ghcr.io/rust-lang/crates-build-env/linux@sha256:819108c5571ea2e421544af4d832f968d213c87fbe3707a016657f43d2f853bc" "/opt/rustwide/cargo-home/bin/cargo" "+nightly-2025-01-18" "test" "--frozen" "--no-run" "--message-format=json", kill_on_drop: false }`
[INFO] [stdout] fb5fdc6f52fc9923c33a85546bfe7fe1f1b48fb697cbda5039de16dcf1665243
[INFO] running `Command { std: "docker" "start" "-a" "fb5fdc6f52fc9923c33a85546bfe7fe1f1b48fb697cbda5039de16dcf1665243", kill_on_drop: false }`
[INFO] [stderr]    Compiling robloxapi v0.0.14 (/opt/rustwide/workdir)
[INFO] [stderr]     Finished `test` profile [unoptimized + debuginfo] target(s) in 1.52s
[INFO] running `Command { std: "docker" "inspect" "fb5fdc6f52fc9923c33a85546bfe7fe1f1b48fb697cbda5039de16dcf1665243", kill_on_drop: false }`
[INFO] running `Command { std: "docker" "rm" "-f" "fb5fdc6f52fc9923c33a85546bfe7fe1f1b48fb697cbda5039de16dcf1665243", kill_on_drop: false }`
[INFO] [stdout] fb5fdc6f52fc9923c33a85546bfe7fe1f1b48fb697cbda5039de16dcf1665243
[INFO] running `Command { std: "docker" "create" "-v" "/var/lib/crater-agent-workspace/builds/worker-5-tc2/target:/opt/rustwide/target:rw,Z" "-v" "/var/lib/crater-agent-workspace/builds/worker-5-tc2/source:/opt/rustwide/workdir:ro,Z" "-v" "/var/lib/crater-agent-workspace/cargo-home:/opt/rustwide/cargo-home:ro,Z" "-v" "/var/lib/crater-agent-workspace/rustup-home:/opt/rustwide/rustup-home:ro,Z" "-e" "SOURCE_DIR=/opt/rustwide/workdir" "-e" "CARGO_TARGET_DIR=/opt/rustwide/target" "-e" "CARGO_INCREMENTAL=0" "-e" "RUST_BACKTRACE=full" "-e" "RUSTFLAGS=--cap-lints=forbid -Zrandomize-layout" "-e" "RUSTDOCFLAGS=--cap-lints=forbid" "-e" "CARGO_HOME=/opt/rustwide/cargo-home" "-e" "RUSTUP_HOME=/opt/rustwide/rustup-home" "-w" "/opt/rustwide/workdir" "-m" "1610612736" "--user" "0:0" "--network" "none" "ghcr.io/rust-lang/crates-build-env/linux@sha256:819108c5571ea2e421544af4d832f968d213c87fbe3707a016657f43d2f853bc" "/opt/rustwide/cargo-home/bin/cargo" "+nightly-2025-01-18" "test" "--frozen", kill_on_drop: false }`
[INFO] [stdout] 80c8ba5a39e6c8494d784cbb00be1faa9cbacd4b5ad9f5b86bb1ed1458a42fb2
[INFO] running `Command { std: "docker" "start" "-a" "80c8ba5a39e6c8494d784cbb00be1faa9cbacd4b5ad9f5b86bb1ed1458a42fb2", kill_on_drop: false }`
[INFO] [stderr]     Finished `test` profile [unoptimized + debuginfo] target(s) in 0.20s
[INFO] [stderr]      Running unittests src/lib.rs (/opt/rustwide/target/debug/deps/robloxapi-f286d0291ae2dcc3)
[INFO] [stdout] 
[INFO] [stderr]      Running tests/main.rs (/opt/rustwide/target/debug/deps/main-ae56911d7f35d970)
[INFO] [stdout] running 0 tests
[INFO] [stdout] 
[INFO] [stdout] test result: ok. 0 passed; 0 failed; 0 ignored; 0 measured; 0 filtered out; finished in 0.00s
[INFO] [stdout] 
[INFO] [stdout] 
[INFO] [stdout] running 0 tests
[INFO] [stdout] 
[INFO] [stdout] test result: ok. 0 passed; 0 failed; 0 ignored; 0 measured; 0 filtered out; finished in 0.00s
[INFO] [stdout] 
[INFO] [stderr]    Doc-tests robloxapi
[INFO] [stdout] 
[INFO] [stdout] running 6 tests
[INFO] [stdout] test src/games/mod.rs - games::Game::servers (line 62) ... FAILED
[INFO] [stdout] test src/https.rs - https::Client::set_cookie (line 21) ... FAILED
[INFO] [stdout] test src/games/mod.rs - games::Game::create_dev_product (line 154) ... FAILED
[INFO] [stdout] test src/lib.rs - Client::game (line 93) ... FAILED
[INFO] [stdout] test src/lib.rs - Client::user (line 57) ... FAILED
[INFO] [stdout] test src/lib.rs - Client::current_user (line 71) ... FAILED
[INFO] [stdout] 
[INFO] [stdout] failures:
[INFO] [stdout] 
[INFO] [stdout] ---- src/games/mod.rs - games::Game::servers (line 62) stdout ----
[INFO] [stdout] error[E0716]: temporary value dropped while borrowed
[INFO] [stdout]   --> src/games/mod.rs:72:19
[INFO] [stdout]    |
[INFO] [stdout] 12 |       let servers = client.game(game_id)
[INFO] [stdout]    |  ___________________^
[INFO] [stdout] 13 | |         .await
[INFO] [stdout] 14 | |         .unwrap()
[INFO] [stdout]    | |_________________^ creates a temporary value which is freed while still in use
[INFO] [stdout] 15 |           .servers();
[INFO] [stdout]    |                     - temporary value is freed at the end of this statement
[INFO] [stdout] 16 |   }
[INFO] [stdout]    |   - borrow might be used here, when `servers` is dropped and runs the destructor for type `impl Future<Output = Vec<Server>>`
[INFO] [stdout]    |
[INFO] [stdout] help: consider using a `let` binding to create a longer lived value
[INFO] [stdout]    |
[INFO] [stdout] 12 ~     let binding = client.game(game_id)
[INFO] [stdout] 13 +         .await
[INFO] [stdout] 14 +         .unwrap();
[INFO] [stdout] 15 ~     let servers = binding
[INFO] [stdout]    |
[INFO] [stdout] 
[INFO] [stdout] error: aborting due to 1 previous error
[INFO] [stdout] 
[INFO] [stdout] For more information about this error, try `rustc --explain E0716`.
[INFO] [stdout] Couldn't compile the test.
[INFO] [stdout] ---- src/https.rs - https::Client::set_cookie (line 21) stdout ----
[INFO] [stdout] error[E0434]: can't capture dynamic environment in a fn item
[INFO] [stdout]   --> src/https.rs:29:23
[INFO] [stdout]    |
[INFO] [stdout] 11 |     client.set_cookie(COOKIE).await;
[INFO] [stdout]    |                       ^^^^^^
[INFO] [stdout]    |
[INFO] [stdout]    = help: use the `|| { ... }` closure form instead
[INFO] [stdout] 
[INFO] [stdout] error[E0423]: expected function, tuple struct or tuple variant, found struct `robloxapi::Client`
[INFO] [stdout]   --> src/https.rs:28:22
[INFO] [stdout]    |
[INFO] [stdout] 10 |     let mut client = robloxapi::Client();
[INFO] [stdout]    |                      ^^^^^^^^^^^^^^^^^^^
[INFO] [stdout]    |
[INFO] [stdout]   ::: /opt/rustwide/workdir/src/lib.rs:37:1
[INFO] [stdout]    |
[INFO] [stdout] 37 | pub struct Client {
[INFO] [stdout]    | ----------------- `robloxapi::Client` defined here
[INFO] [stdout]    |
[INFO] [stdout] help: use struct literal syntax instead
[INFO] [stdout]    |
[INFO] [stdout] 10 |     let mut client = robloxapi::Client { session: val };
[INFO] [stdout]    |                      ~~~~~~~~~~~~~~~~~~~~~~~~~~~~~~~~~~
[INFO] [stdout] help: you might have meant to use the `new` associated function
[INFO] [stdout]    |
[INFO] [stdout] 10 |     let mut client = robloxapi::Client::new();
[INFO] [stdout]    |                                       +++++
[INFO] [stdout] help: consider using the `Default` trait
[INFO] [stdout]    |
[INFO] [stdout] 10 |     let mut client = <robloxapi::Client as std::default::Default>::default();
[INFO] [stdout]    |                      +                  ~~~~~~~~~~~~~~~~~~~~~~~~~~~~~~~~~~~~
[INFO] [stdout] 
[INFO] [stdout] error: aborting due to 2 previous errors
[INFO] [stdout] 
[INFO] [stdout] Some errors have detailed explanations: E0423, E0434.
[INFO] [stdout] For more information about an error, try `rustc --explain E0423`.
[INFO] [stdout] Couldn't compile the test.
[INFO] [stdout] ---- src/games/mod.rs - games::Game::create_dev_product (line 154) stdout ----
[INFO] [stdout] error[E0425]: cannot find value `COOKIE` in this scope
[INFO] [stdout]  --> src/games/mod.rs:159:23
[INFO] [stdout]   |
[INFO] [stdout] 7 |     client.set_cookie(COOKIE).await;
[INFO] [stdout]   |                       ^^^^^^ not found in this scope
[INFO] [stdout]   |
[INFO] [stdout] help: consider importing this constant
[INFO] [stdout]   |
[INFO] [stdout] 2 + use reqwest::header::COOKIE;
[INFO] [stdout]   |
[INFO] [stdout] 
[INFO] [stdout] error: aborting due to 1 previous error
[INFO] [stdout] 
[INFO] [stdout] For more information about this error, try `rustc --explain E0425`.
[INFO] [stdout] Couldn't compile the test.
[INFO] [stdout] ---- src/lib.rs - Client::game (line 93) stdout ----
[INFO] [stdout] Test executable failed (exit status: 101).
[INFO] [stdout] 
[INFO] [stdout] stdout:
[INFO] [stdout] https://games.roblox.com/v1/games/multiget-place-details?placeIds=7415484311
[INFO] [stdout] 
[INFO] [stdout] stderr:
[INFO] [stdout] 
[INFO] [stdout] thread 'main' panicked at src/https.rs:115:14:
[INFO] [stdout] Request failed: reqwest::Error { kind: Request, url: Url { scheme: "https", cannot_be_a_base: false, username: "", password: None, host: Some(Domain("games.roblox.com")), port: None, path: "/v1/games/multiget-place-details", query: Some("placeIds=7415484311"), fragment: None }, source: hyper::Error(Connect, ConnectError("dns error", Custom { kind: Uncategorized, error: "failed to lookup address information: Temporary failure in name resolution" })) }
[INFO] [stdout] stack backtrace:
[INFO] [stdout]    0:     0x621384cfd85a - std::backtrace_rs::backtrace::libunwind::trace::hb059275cfc8d6126
[INFO] [stdout]                                at /rustc/6067b36314ab5eb2eb47cecc464545ba58e1ad24/library/std/src/../../backtrace/src/backtrace/libunwind.rs:116:5
[INFO] [stdout]    1:     0x621384cfd85a - std::backtrace_rs::backtrace::trace_unsynchronized::h2da071e4327ce3ee
[INFO] [stdout]                                at /rustc/6067b36314ab5eb2eb47cecc464545ba58e1ad24/library/std/src/../../backtrace/src/backtrace/mod.rs:66:5
[INFO] [stdout]    2:     0x621384cfd85a - std::sys::backtrace::_print_fmt::h842a1474e6f8d23f
[INFO] [stdout]                                at /rustc/6067b36314ab5eb2eb47cecc464545ba58e1ad24/library/std/src/sys/backtrace.rs:66:9
[INFO] [stdout]    3:     0x621384cfd85a - <std::sys::backtrace::BacktraceLock::print::DisplayBacktrace as core::fmt::Display>::fmt::h71a62eb3b9696b12
[INFO] [stdout]                                at /rustc/6067b36314ab5eb2eb47cecc464545ba58e1ad24/library/std/src/sys/backtrace.rs:39:26
[INFO] [stdout]    4:     0x621384d24723 - core::fmt::rt::Argument::fmt::hdb6b616786b41dc1
[INFO] [stdout]                                at /rustc/6067b36314ab5eb2eb47cecc464545ba58e1ad24/library/core/src/fmt/rt.rs:177:76
[INFO] [stdout]    5:     0x621384d24723 - core::fmt::write::h2cc1698af7e2d686
[INFO] [stdout]                                at /rustc/6067b36314ab5eb2eb47cecc464545ba58e1ad24/library/core/src/fmt/mod.rs:1440:21
[INFO] [stdout]    6:     0x621384cf9b83 - std::io::Write::write_fmt::h00c8700df393f328
[INFO] [stdout]                                at /rustc/6067b36314ab5eb2eb47cecc464545ba58e1ad24/library/std/src/io/mod.rs:1887:15
[INFO] [stdout]    7:     0x621384cfd6a2 - std::sys::backtrace::BacktraceLock::print::h147fe35b4ea13b08
[INFO] [stdout]                                at /rustc/6067b36314ab5eb2eb47cecc464545ba58e1ad24/library/std/src/sys/backtrace.rs:42:9
[INFO] [stdout]    8:     0x621384cfe73f - std::panicking::default_hook::{{closure}}::hbd44223dbdc0d208
[INFO] [stdout]                                at /rustc/6067b36314ab5eb2eb47cecc464545ba58e1ad24/library/std/src/panicking.rs:298:22
[INFO] [stdout]    9:     0x621384cfe5aa - std::panicking::default_hook::h20f81eb0576efcec
[INFO] [stdout]                                at /rustc/6067b36314ab5eb2eb47cecc464545ba58e1ad24/library/std/src/panicking.rs:325:9
[INFO] [stdout]   10:     0x621384cff162 - std::panicking::rust_panic_with_hook::h625eea43051b2edc
[INFO] [stdout]                                at /rustc/6067b36314ab5eb2eb47cecc464545ba58e1ad24/library/std/src/panicking.rs:831:13
[INFO] [stdout]   11:     0x621384cfeeea - std::panicking::begin_panic_handler::{{closure}}::h4f9159cfbc3f6bd3
[INFO] [stdout]                                at /rustc/6067b36314ab5eb2eb47cecc464545ba58e1ad24/library/std/src/panicking.rs:704:13
[INFO] [stdout]   12:     0x621384cfdd59 - std::sys::backtrace::__rust_end_short_backtrace::h0390abce48353151
[INFO] [stdout]                                at /rustc/6067b36314ab5eb2eb47cecc464545ba58e1ad24/library/std/src/sys/backtrace.rs:168:18
[INFO] [stdout]   13:     0x621384cfeb7d - rust_begin_unwind
[INFO] [stdout]                                at /rustc/6067b36314ab5eb2eb47cecc464545ba58e1ad24/library/std/src/panicking.rs:695:5
[INFO] [stdout]   14:     0x621384d22c40 - core::panicking::panic_fmt::h9e7c637e9e5f29c9
[INFO] [stdout]                                at /rustc/6067b36314ab5eb2eb47cecc464545ba58e1ad24/library/core/src/panicking.rs:75:14
[INFO] [stdout]   15:     0x621384d23116 - core::result::unwrap_failed::h7979f09313fe1849
[INFO] [stdout]                                at /rustc/6067b36314ab5eb2eb47cecc464545ba58e1ad24/library/core/src/result.rs:1704:5
[INFO] [stdout]   16:     0x62138485c1af - core::result::Result<T,E>::expect::hd0ea62f5618d3e7e
[INFO] [stdout]                                at /rustc/6067b36314ab5eb2eb47cecc464545ba58e1ad24/library/core/src/result.rs:1061:23
[INFO] [stdout]   17:     0x621384869c35 - robloxapi::https::Https::request::{{closure}}::ha2a78827ea76b167
[INFO] [stdout]                                at /opt/rustwide/workdir/src/https.rs:110:24
[INFO] [stdout]   18:     0x62138486a30b - <u64 as robloxapi::games::GameBuilder>::new::{{closure}}::hcf9c17aa09c57309
[INFO] [stdout]                                at /opt/rustwide/workdir/src/games/mod.rs:26:14
[INFO] [stdout]   19:     0x621384859238 - <core::pin::Pin<P> as core::future::future::Future>::poll::h0ce15c56d295e673
[INFO] [stdout]   20:     0x6213848594d8 - robloxapi::Client::game::{{closure}}::h59c3c8046489e271
[INFO] [stdout]   21:     0x621384859903 - rust_out::main::{{closure}}::h5b39ac0ba21052fe
[INFO] [stdout]   22:     0x621384853b05 - tokio::runtime::park::CachedParkThread::block_on::{{closure}}::h19554c640ac734da
[INFO] [stdout]   23:     0x621384853244 - tokio::runtime::park::CachedParkThread::block_on::h586877729867bea4
[INFO] [stdout]   24:     0x621384854ff3 - tokio::runtime::context::blocking::BlockingRegionGuard::block_on::h8b44d46f54e7d239
[INFO] [stdout]   25:     0x6213848556fb - tokio::runtime::scheduler::multi_thread::MultiThread::block_on::{{closure}}::ha78fd9805c052172
[INFO] [stdout]   26:     0x6213848547d6 - tokio::runtime::context::runtime::enter_runtime::hdb6510016bd07072
[INFO] [stdout]   27:     0x6213848556a0 - tokio::runtime::scheduler::multi_thread::MultiThread::block_on::h5cdc4c717ca95f58
[INFO] [stdout]   28:     0x62138485524e - tokio::runtime::runtime::Runtime::block_on_inner::h86f8d0f253f173c2
[INFO] [stdout]   29:     0x62138485558f - tokio::runtime::runtime::Runtime::block_on::h43ca6948ede50379
[INFO] [stdout]   30:     0x6213848596dd - rust_out::main::he88f0b9b281d54e0
[INFO] [stdout]   31:     0x621384851f53 - core::ops::function::FnOnce::call_once::hcf3829d8b58d0254
[INFO] [stdout]   32:     0x621384851086 - std::sys::backtrace::__rust_begin_short_backtrace::h5e1527399e8d5bd4
[INFO] [stdout]   33:     0x621384851069 - std::rt::lang_start::{{closure}}::h2c234101ed7b1b74
[INFO] [stdout]   34:     0x621384cf3e50 - core::ops::function::impls::<impl core::ops::function::FnOnce<A> for &F>::call_once::h1b085b6c1d2518b2
[INFO] [stdout]                                at /rustc/6067b36314ab5eb2eb47cecc464545ba58e1ad24/library/core/src/ops/function.rs:284:13
[INFO] [stdout]   35:     0x621384cf3e50 - std::panicking::try::do_call::h382f964a5a23b565
[INFO] [stdout]                                at /rustc/6067b36314ab5eb2eb47cecc464545ba58e1ad24/library/std/src/panicking.rs:587:40
[INFO] [stdout]   36:     0x621384cf3e50 - std::panicking::try::h57f991055eb622f9
[INFO] [stdout]                                at /rustc/6067b36314ab5eb2eb47cecc464545ba58e1ad24/library/std/src/panicking.rs:550:19
[INFO] [stdout]   37:     0x621384cf3e50 - std::panic::catch_unwind::h4d9a74ef04456343
[INFO] [stdout]                                at /rustc/6067b36314ab5eb2eb47cecc464545ba58e1ad24/library/std/src/panic.rs:358:14
[INFO] [stdout]   38:     0x621384cf3e50 - std::rt::lang_start_internal::{{closure}}::h2faa8ae84a93f314
[INFO] [stdout]                                at /rustc/6067b36314ab5eb2eb47cecc464545ba58e1ad24/library/std/src/rt.rs:163:24
[INFO] [stdout]   39:     0x621384cf3e50 - std::panicking::try::do_call::h0f8932bf638a9bf5
[INFO] [stdout]                                at /rustc/6067b36314ab5eb2eb47cecc464545ba58e1ad24/library/std/src/panicking.rs:587:40
[INFO] [stdout]   40:     0x621384cf3e50 - std::panicking::try::h683416ea756b175d
[INFO] [stdout]                                at /rustc/6067b36314ab5eb2eb47cecc464545ba58e1ad24/library/std/src/panicking.rs:550:19
[INFO] [stdout]   41:     0x621384cf3e50 - std::panic::catch_unwind::h56189fac8994979f
[INFO] [stdout]                                at /rustc/6067b36314ab5eb2eb47cecc464545ba58e1ad24/library/std/src/panic.rs:358:14
[INFO] [stdout]   42:     0x621384cf3e50 - std::rt::lang_start_internal::h8bbc1061691274fe
[INFO] [stdout]                                at /rustc/6067b36314ab5eb2eb47cecc464545ba58e1ad24/library/std/src/rt.rs:159:5
[INFO] [stdout]   43:     0x621384851051 - std::rt::lang_start::h601b10a269c70ef7
[INFO] [stdout]   44:     0x6213848599e5 - main
[INFO] [stdout]   45:     0x7ac652ad4d90 - <unknown>
[INFO] [stdout]   46:     0x7ac652ad4e40 - __libc_start_main
[INFO] [stdout]   47:     0x621384850f45 - _start
[INFO] [stdout]   48:                0x0 - <unknown>
[INFO] [stdout] 
[INFO] [stdout] 
[INFO] [stdout] ---- src/lib.rs - Client::user (line 57) stdout ----
[INFO] [stdout] Test executable failed (exit status: 101).
[INFO] [stdout] 
[INFO] [stdout] stderr:
[INFO] [stdout] 
[INFO] [stdout] thread 'main' panicked at src/users/mod.rs:55:14:
[INFO] [stdout] Failed to get user info from base: reqwest::Error { kind: Request, url: Url { scheme: "https", cannot_be_a_base: false, username: "", password: None, host: Some(Domain("api.roblox.com")), port: None, path: "/users/242872495", query: None, fragment: None }, source: hyper::Error(Connect, ConnectError("dns error", Custom { kind: Uncategorized, error: "failed to lookup address information: Temporary failure in name resolution" })) }
[INFO] [stdout] stack backtrace:
[INFO] [stdout]    0:     0x5e60a464e51a - std::backtrace_rs::backtrace::libunwind::trace::hb059275cfc8d6126
[INFO] [stdout]                                at /rustc/6067b36314ab5eb2eb47cecc464545ba58e1ad24/library/std/src/../../backtrace/src/backtrace/libunwind.rs:116:5
[INFO] [stdout]    1:     0x5e60a464e51a - std::backtrace_rs::backtrace::trace_unsynchronized::h2da071e4327ce3ee
[INFO] [stdout]                                at /rustc/6067b36314ab5eb2eb47cecc464545ba58e1ad24/library/std/src/../../backtrace/src/backtrace/mod.rs:66:5
[INFO] [stdout]    2:     0x5e60a464e51a - std::sys::backtrace::_print_fmt::h842a1474e6f8d23f
[INFO] [stdout]                                at /rustc/6067b36314ab5eb2eb47cecc464545ba58e1ad24/library/std/src/sys/backtrace.rs:66:9
[INFO] [stdout]    3:     0x5e60a464e51a - <std::sys::backtrace::BacktraceLock::print::DisplayBacktrace as core::fmt::Display>::fmt::h71a62eb3b9696b12
[INFO] [stdout]                                at /rustc/6067b36314ab5eb2eb47cecc464545ba58e1ad24/library/std/src/sys/backtrace.rs:39:26
[INFO] [stdout]    4:     0x5e60a46753e3 - core::fmt::rt::Argument::fmt::hdb6b616786b41dc1
[INFO] [stdout]                                at /rustc/6067b36314ab5eb2eb47cecc464545ba58e1ad24/library/core/src/fmt/rt.rs:177:76
[INFO] [stdout]    5:     0x5e60a46753e3 - core::fmt::write::h2cc1698af7e2d686
[INFO] [stdout]                                at /rustc/6067b36314ab5eb2eb47cecc464545ba58e1ad24/library/core/src/fmt/mod.rs:1440:21
[INFO] [stdout]    6:     0x5e60a464a983 - std::io::Write::write_fmt::h00c8700df393f328
[INFO] [stdout]                                at /rustc/6067b36314ab5eb2eb47cecc464545ba58e1ad24/library/std/src/io/mod.rs:1887:15
[INFO] [stdout]    7:     0x5e60a464e362 - std::sys::backtrace::BacktraceLock::print::h147fe35b4ea13b08
[INFO] [stdout]                                at /rustc/6067b36314ab5eb2eb47cecc464545ba58e1ad24/library/std/src/sys/backtrace.rs:42:9
[INFO] [stdout]    8:     0x5e60a464f3ff - std::panicking::default_hook::{{closure}}::hbd44223dbdc0d208
[INFO] [stdout]                                at /rustc/6067b36314ab5eb2eb47cecc464545ba58e1ad24/library/std/src/panicking.rs:298:22
[INFO] [stdout]    9:     0x5e60a464f26a - std::panicking::default_hook::h20f81eb0576efcec
[INFO] [stdout]                                at /rustc/6067b36314ab5eb2eb47cecc464545ba58e1ad24/library/std/src/panicking.rs:325:9
[INFO] [stdout]   10:     0x5e60a464fe22 - std::panicking::rust_panic_with_hook::h625eea43051b2edc
[INFO] [stdout]                                at /rustc/6067b36314ab5eb2eb47cecc464545ba58e1ad24/library/std/src/panicking.rs:831:13
[INFO] [stdout]   11:     0x5e60a464fbaa - std::panicking::begin_panic_handler::{{closure}}::h4f9159cfbc3f6bd3
[INFO] [stdout]                                at /rustc/6067b36314ab5eb2eb47cecc464545ba58e1ad24/library/std/src/panicking.rs:704:13
[INFO] [stdout]   12:     0x5e60a464ea19 - std::sys::backtrace::__rust_end_short_backtrace::h0390abce48353151
[INFO] [stdout]                                at /rustc/6067b36314ab5eb2eb47cecc464545ba58e1ad24/library/std/src/sys/backtrace.rs:168:18
[INFO] [stdout]   13:     0x5e60a464f83d - rust_begin_unwind
[INFO] [stdout]                                at /rustc/6067b36314ab5eb2eb47cecc464545ba58e1ad24/library/std/src/panicking.rs:695:5
[INFO] [stdout]   14:     0x5e60a4673900 - core::panicking::panic_fmt::h9e7c637e9e5f29c9
[INFO] [stdout]                                at /rustc/6067b36314ab5eb2eb47cecc464545ba58e1ad24/library/core/src/panicking.rs:75:14
[INFO] [stdout]   15:     0x5e60a4673dd6 - core::result::unwrap_failed::h7979f09313fe1849
[INFO] [stdout]                                at /rustc/6067b36314ab5eb2eb47cecc464545ba58e1ad24/library/core/src/result.rs:1704:5
[INFO] [stdout]   16:     0x5e60a41cdc9f - core::result::Result<T,E>::expect::hd0ea62f5618d3e7e
[INFO] [stdout]                                at /rustc/6067b36314ab5eb2eb47cecc464545ba58e1ad24/library/core/src/result.rs:1061:23
[INFO] [stdout]   17:     0x5e60a41d4dea - <u64 as robloxapi::users::UserBuilder>::new::{{closure}}::h9986f9966aa67451
[INFO] [stdout]                                at /opt/rustwide/workdir/src/users/mod.rs:50:26
[INFO] [stdout]   18:     0x5e60a41d0da0 - <core::pin::Pin<P> as core::future::future::Future>::poll::h40bde73146a0476b
[INFO] [stdout]                                at /rustc/6067b36314ab5eb2eb47cecc464545ba58e1ad24/library/core/src/future/future.rs:124:9
[INFO] [stdout]   19:     0x5e60a41cce1b - robloxapi::Client::user::{{closure}}::hf3150772ab98992b
[INFO] [stdout]   20:     0x5e60a41cd20e - rust_out::main::{{closure}}::h5b39ac0ba21052fe
[INFO] [stdout]   21:     0x5e60a41c75b5 - tokio::runtime::park::CachedParkThread::block_on::{{closure}}::h19554c640ac734da
[INFO] [stdout]   22:     0x5e60a41c6cee - tokio::runtime::park::CachedParkThread::block_on::h586877729867bea4
[INFO] [stdout]   23:     0x5e60a41c8aa3 - tokio::runtime::context::blocking::BlockingRegionGuard::block_on::h8b44d46f54e7d239
[INFO] [stdout]   24:     0x5e60a41c91ad - tokio::runtime::scheduler::multi_thread::MultiThread::block_on::{{closure}}::ha78fd9805c052172
[INFO] [stdout]   25:     0x5e60a41c8286 - tokio::runtime::context::runtime::enter_runtime::hdb6510016bd07072
[INFO] [stdout]   26:     0x5e60a41c914e - tokio::runtime::scheduler::multi_thread::MultiThread::block_on::h5cdc4c717ca95f58
[INFO] [stdout]   27:     0x5e60a41c8cfe - tokio::runtime::runtime::Runtime::block_on_inner::h86f8d0f253f173c2
[INFO] [stdout]   28:     0x5e60a41c903f - tokio::runtime::runtime::Runtime::block_on::h43ca6948ede50379
[INFO] [stdout]   29:     0x5e60a41ccfeb - rust_out::main::he88f0b9b281d54e0
[INFO] [stdout]   30:     0x5e60a41c5ac3 - core::ops::function::FnOnce::call_once::hcf3829d8b58d0254
[INFO] [stdout]   31:     0x5e60a41c4bf6 - std::sys::backtrace::__rust_begin_short_backtrace::h5e1527399e8d5bd4
[INFO] [stdout]   32:     0x5e60a41c4bd9 - std::rt::lang_start::{{closure}}::h2c234101ed7b1b74
[INFO] [stdout]   33:     0x5e60a4645380 - core::ops::function::impls::<impl core::ops::function::FnOnce<A> for &F>::call_once::h1b085b6c1d2518b2
[INFO] [stdout]                                at /rustc/6067b36314ab5eb2eb47cecc464545ba58e1ad24/library/core/src/ops/function.rs:284:13
[INFO] [stdout]   34:     0x5e60a4645380 - std::panicking::try::do_call::h382f964a5a23b565
[INFO] [stdout]                                at /rustc/6067b36314ab5eb2eb47cecc464545ba58e1ad24/library/std/src/panicking.rs:587:40
[INFO] [stdout]   35:     0x5e60a4645380 - std::panicking::try::h57f991055eb622f9
[INFO] [stdout]                                at /rustc/6067b36314ab5eb2eb47cecc464545ba58e1ad24/library/std/src/panicking.rs:550:19
[INFO] [stdout]   36:     0x5e60a4645380 - std::panic::catch_unwind::h4d9a74ef04456343
[INFO] [stdout]                                at /rustc/6067b36314ab5eb2eb47cecc464545ba58e1ad24/library/std/src/panic.rs:358:14
[INFO] [stdout]   37:     0x5e60a4645380 - std::rt::lang_start_internal::{{closure}}::h2faa8ae84a93f314
[INFO] [stdout]                                at /rustc/6067b36314ab5eb2eb47cecc464545ba58e1ad24/library/std/src/rt.rs:163:24
[INFO] [stdout]   38:     0x5e60a4645380 - std::panicking::try::do_call::h0f8932bf638a9bf5
[INFO] [stdout]                                at /rustc/6067b36314ab5eb2eb47cecc464545ba58e1ad24/library/std/src/panicking.rs:587:40
[INFO] [stdout]   39:     0x5e60a4645380 - std::panicking::try::h683416ea756b175d
[INFO] [stdout]                                at /rustc/6067b36314ab5eb2eb47cecc464545ba58e1ad24/library/std/src/panicking.rs:550:19
[INFO] [stdout]   40:     0x5e60a4645380 - std::panic::catch_unwind::h56189fac8994979f
[INFO] [stdout]                                at /rustc/6067b36314ab5eb2eb47cecc464545ba58e1ad24/library/std/src/panic.rs:358:14
[INFO] [stdout]   41:     0x5e60a4645380 - std::rt::lang_start_internal::h8bbc1061691274fe
[INFO] [stdout]                                at /rustc/6067b36314ab5eb2eb47cecc464545ba58e1ad24/library/std/src/rt.rs:159:5
[INFO] [stdout]   42:     0x5e60a41c4bc1 - std::rt::lang_start::h601b10a269c70ef7
[INFO] [stdout]   43:     0x5e60a41cd2f5 - main
[INFO] [stdout]   44:     0x73574c210d90 - <unknown>
[INFO] [stdout]   45:     0x73574c210e40 - __libc_start_main
[INFO] [stdout]   46:     0x5e60a41c4ab5 - _start
[INFO] [stdout]   47:                0x0 - <unknown>
[INFO] [stdout] 
[INFO] [stdout] 
[INFO] [stdout] ---- src/lib.rs - Client::current_user (line 71) stdout ----
[INFO] [stdout] warning: variable `COOKIE` should have a snake case name
[INFO] [stdout]  --> src/lib.rs:75:9
[INFO] [stdout]   |
[INFO] [stdout] 6 |     let COOKIE: &str = "";
[INFO] [stdout]   |         ^^^^^^ help: convert the identifier to snake case: `cookie`
[INFO] [stdout]   |
[INFO] [stdout]   = note: `#[warn(non_snake_case)]` on by default
[INFO] [stdout] 
[INFO] [stdout] warning: 1 warning emitted
[INFO] [stdout] 
[INFO] [stdout] Test executable failed (exit status: 101).
[INFO] [stdout] 
[INFO] [stdout] stderr:
[INFO] [stdout] 
[INFO] [stdout] thread 'main' panicked at /opt/rustwide/workdir/src/https.rs:53:22:
[INFO] [stdout] Failed to get X-CSRF-TOKEN: reqwest::Error { kind: Request, url: Url { scheme: "https", cannot_be_a_base: false, username: "", password: None, host: Some(Domain("auth.roblox.com")), port: None, path: "/v2/logout", query: None, fragment: None }, source: hyper::Error(Connect, ConnectError("dns error", Custom { kind: Uncategorized, error: "failed to lookup address information: Temporary failure in name resolution" })) }
[INFO] [stdout] stack backtrace:
[INFO] [stdout]    0:     0x5fc1ca61608a - std::backtrace_rs::backtrace::libunwind::trace::hb059275cfc8d6126
[INFO] [stdout]                                at /rustc/6067b36314ab5eb2eb47cecc464545ba58e1ad24/library/std/src/../../backtrace/src/backtrace/libunwind.rs:116:5
[INFO] [stdout]    1:     0x5fc1ca61608a - std::backtrace_rs::backtrace::trace_unsynchronized::h2da071e4327ce3ee
[INFO] [stdout]                                at /rustc/6067b36314ab5eb2eb47cecc464545ba58e1ad24/library/std/src/../../backtrace/src/backtrace/mod.rs:66:5
[INFO] [stdout]    2:     0x5fc1ca61608a - std::sys::backtrace::_print_fmt::h842a1474e6f8d23f
[INFO] [stdout]                                at /rustc/6067b36314ab5eb2eb47cecc464545ba58e1ad24/library/std/src/sys/backtrace.rs:66:9
[INFO] [stdout]    3:     0x5fc1ca61608a - <std::sys::backtrace::BacktraceLock::print::DisplayBacktrace as core::fmt::Display>::fmt::h71a62eb3b9696b12
[INFO] [stdout]                                at /rustc/6067b36314ab5eb2eb47cecc464545ba58e1ad24/library/std/src/sys/backtrace.rs:39:26
[INFO] [stdout]    4:     0x5fc1ca63cf53 - core::fmt::rt::Argument::fmt::hdb6b616786b41dc1
[INFO] [stdout]                                at /rustc/6067b36314ab5eb2eb47cecc464545ba58e1ad24/library/core/src/fmt/rt.rs:177:76
[INFO] [stdout]    5:     0x5fc1ca63cf53 - core::fmt::write::h2cc1698af7e2d686
[INFO] [stdout]                                at /rustc/6067b36314ab5eb2eb47cecc464545ba58e1ad24/library/core/src/fmt/mod.rs:1440:21
[INFO] [stdout]    6:     0x5fc1ca6123b3 - std::io::Write::write_fmt::h00c8700df393f328
[INFO] [stdout]                                at /rustc/6067b36314ab5eb2eb47cecc464545ba58e1ad24/library/std/src/io/mod.rs:1887:15
[INFO] [stdout]    7:     0x5fc1ca615ed2 - std::sys::backtrace::BacktraceLock::print::h147fe35b4ea13b08
[INFO] [stdout]                                at /rustc/6067b36314ab5eb2eb47cecc464545ba58e1ad24/library/std/src/sys/backtrace.rs:42:9
[INFO] [stdout]    8:     0x5fc1ca616f6f - std::panicking::default_hook::{{closure}}::hbd44223dbdc0d208
[INFO] [stdout]                                at /rustc/6067b36314ab5eb2eb47cecc464545ba58e1ad24/library/std/src/panicking.rs:298:22
[INFO] [stdout]    9:     0x5fc1ca616dda - std::panicking::default_hook::h20f81eb0576efcec
[INFO] [stdout]                                at /rustc/6067b36314ab5eb2eb47cecc464545ba58e1ad24/library/std/src/panicking.rs:325:9
[INFO] [stdout]   10:     0x5fc1ca617992 - std::panicking::rust_panic_with_hook::h625eea43051b2edc
[INFO] [stdout]                                at /rustc/6067b36314ab5eb2eb47cecc464545ba58e1ad24/library/std/src/panicking.rs:831:13
[INFO] [stdout]   11:     0x5fc1ca61771a - std::panicking::begin_panic_handler::{{closure}}::h4f9159cfbc3f6bd3
[INFO] [stdout]                                at /rustc/6067b36314ab5eb2eb47cecc464545ba58e1ad24/library/std/src/panicking.rs:704:13
[INFO] [stdout]   12:     0x5fc1ca616589 - std::sys::backtrace::__rust_end_short_backtrace::h0390abce48353151
[INFO] [stdout]                                at /rustc/6067b36314ab5eb2eb47cecc464545ba58e1ad24/library/std/src/sys/backtrace.rs:168:18
[INFO] [stdout]   13:     0x5fc1ca6173ad - rust_begin_unwind
[INFO] [stdout]                                at /rustc/6067b36314ab5eb2eb47cecc464545ba58e1ad24/library/std/src/panicking.rs:695:5
[INFO] [stdout]   14:     0x5fc1ca63b470 - core::panicking::panic_fmt::h9e7c637e9e5f29c9
[INFO] [stdout]                                at /rustc/6067b36314ab5eb2eb47cecc464545ba58e1ad24/library/core/src/panicking.rs:75:14
[INFO] [stdout]   15:     0x5fc1ca63b946 - core::result::unwrap_failed::h7979f09313fe1849
[INFO] [stdout]                                at /rustc/6067b36314ab5eb2eb47cecc464545ba58e1ad24/library/core/src/result.rs:1704:5
[INFO] [stdout]   16:     0x5fc1ca1837ef - core::result::Result<T,E>::expect::hd0ea62f5618d3e7e
[INFO] [stdout]                                at /rustc/6067b36314ab5eb2eb47cecc464545ba58e1ad24/library/core/src/result.rs:1061:23
[INFO] [stdout]   17:     0x5fc1ca17d2eb - robloxapi::https::<impl robloxapi::Client>::set_cookie::{{closure}}::h08e492de4d0ee35d
[INFO] [stdout]   18:     0x5fc1ca17e544 - rust_out::main::{{closure}}::h5b39ac0ba21052fe
[INFO] [stdout]   19:     0x5fc1ca1769c5 - tokio::runtime::park::CachedParkThread::block_on::{{closure}}::h19554c640ac734da
[INFO] [stdout]   20:     0x5fc1ca1760fe - tokio::runtime::park::CachedParkThread::block_on::h586877729867bea4
[INFO] [stdout]   21:     0x5fc1ca177ead - tokio::runtime::context::blocking::BlockingRegionGuard::block_on::h8b44d46f54e7d239
[INFO] [stdout]   22:     0x5fc1ca1785a0 - tokio::runtime::scheduler::multi_thread::MultiThread::block_on::{{closure}}::ha78fd9805c052172
[INFO] [stdout]   23:     0x5fc1ca177683 - tokio::runtime::context::runtime::enter_runtime::hdb6510016bd07072
[INFO] [stdout]   24:     0x5fc1ca178541 - tokio::runtime::scheduler::multi_thread::MultiThread::block_on::h5cdc4c717ca95f58
[INFO] [stdout]   25:     0x5fc1ca178114 - tokio::runtime::runtime::Runtime::block_on_inner::h86f8d0f253f173c2
[INFO] [stdout]   26:     0x5fc1ca178430 - tokio::runtime::runtime::Runtime::block_on::h43ca6948ede50379
[INFO] [stdout]   27:     0x5fc1ca17e30a - rust_out::main::he88f0b9b281d54e0
[INFO] [stdout]   28:     0x5fc1ca1746a3 - core::ops::function::FnOnce::call_once::hcf3829d8b58d0254
[INFO] [stdout]   29:     0x5fc1ca1737d6 - std::sys::backtrace::__rust_begin_short_backtrace::h5e1527399e8d5bd4
[INFO] [stdout]   30:     0x5fc1ca1737b9 - std::rt::lang_start::{{closure}}::h2c234101ed7b1b74
[INFO] [stdout]   31:     0x5fc1ca60c680 - core::ops::function::impls::<impl core::ops::function::FnOnce<A> for &F>::call_once::h1b085b6c1d2518b2
[INFO] [stdout]                                at /rustc/6067b36314ab5eb2eb47cecc464545ba58e1ad24/library/core/src/ops/function.rs:284:13
[INFO] [stdout]   32:     0x5fc1ca60c680 - std::panicking::try::do_call::h382f964a5a23b565
[INFO] [stdout]                                at /rustc/6067b36314ab5eb2eb47cecc464545ba58e1ad24/library/std/src/panicking.rs:587:40
[INFO] [stdout]   33:     0x5fc1ca60c680 - std::panicking::try::h57f991055eb622f9
[INFO] [stdout]                                at /rustc/6067b36314ab5eb2eb47cecc464545ba58e1ad24/library/std/src/panicking.rs:550:19
[INFO] [stdout]   34:     0x5fc1ca60c680 - std::panic::catch_unwind::h4d9a74ef04456343
[INFO] [stdout]                                at /rustc/6067b36314ab5eb2eb47cecc464545ba58e1ad24/library/std/src/panic.rs:358:14
[INFO] [stdout]   35:     0x5fc1ca60c680 - std::rt::lang_start_internal::{{closure}}::h2faa8ae84a93f314
[INFO] [stdout]                                at /rustc/6067b36314ab5eb2eb47cecc464545ba58e1ad24/library/std/src/rt.rs:163:24
[INFO] [stdout]   36:     0x5fc1ca60c680 - std::panicking::try::do_call::h0f8932bf638a9bf5
[INFO] [stdout]                                at /rustc/6067b36314ab5eb2eb47cecc464545ba58e1ad24/library/std/src/panicking.rs:587:40
[INFO] [stdout]   37:     0x5fc1ca60c680 - std::panicking::try::h683416ea756b175d
[INFO] [stdout]                                at /rustc/6067b36314ab5eb2eb47cecc464545ba58e1ad24/library/std/src/panicking.rs:550:19
[INFO] [stdout]   38:     0x5fc1ca60c680 - std::panic::catch_unwind::h56189fac8994979f
[INFO] [stdout]                                at /rustc/6067b36314ab5eb2eb47cecc464545ba58e1ad24/library/std/src/panic.rs:358:14
[INFO] [stdout]   39:     0x5fc1ca60c680 - std::rt::lang_start_internal::h8bbc1061691274fe
[INFO] [stdout]                                at /rustc/6067b36314ab5eb2eb47cecc464545ba58e1ad24/library/std/src/rt.rs:159:5
[INFO] [stdout]   40:     0x5fc1ca1737a1 - std::rt::lang_start::h601b10a269c70ef7
[INFO] [stdout]   41:     0x5fc1ca17e725 - main
[INFO] [stdout]   42:     0x70e629e26d90 - <unknown>
[INFO] [stdout]   43:     0x70e629e26e40 - __libc_start_main
[INFO] [stdout]   44:     0x5fc1ca173675 - _start
[INFO] [stdout]   45:                0x0 - <unknown>
[INFO] [stdout] 
[INFO] [stdout] 
[INFO] [stdout] 
[INFO] [stdout] failures:
[INFO] [stdout]     src/games/mod.rs - games::Game::create_dev_product (line 154)
[INFO] [stdout]     src/games/mod.rs - games::Game::servers (line 62)
[INFO] [stdout]     src/https.rs - https::Client::set_cookie (line 21)
[INFO] [stdout]     src/lib.rs - Client::current_user (line 71)
[INFO] [stdout]     src/lib.rs - Client::game (line 93)
[INFO] [stdout]     src/lib.rs - Client::user (line 57)
[INFO] [stdout] 
[INFO] [stdout] test result: FAILED. 0 passed; 6 failed; 0 ignored; 0 measured; 0 filtered out; finished in 2.73s
[INFO] [stdout] 
[INFO] [stderr] error: doctest failed, to rerun pass `--doc`
[INFO] running `Command { std: "docker" "inspect" "80c8ba5a39e6c8494d784cbb00be1faa9cbacd4b5ad9f5b86bb1ed1458a42fb2", kill_on_drop: false }`
[INFO] running `Command { std: "docker" "rm" "-f" "80c8ba5a39e6c8494d784cbb00be1faa9cbacd4b5ad9f5b86bb1ed1458a42fb2", kill_on_drop: false }`
[INFO] [stdout] 80c8ba5a39e6c8494d784cbb00be1faa9cbacd4b5ad9f5b86bb1ed1458a42fb2
