[INFO] fetching crate robius-directories 5.0.1...
[INFO] testing robius-directories-5.0.1 against nightly-2025-01-18 for randomize-layout-2
[INFO] extracting crate robius-directories 5.0.1 into /workspace/builds/worker-4-tc1/source
[INFO] validating manifest of crates.io crate robius-directories 5.0.1 on toolchain nightly-2025-01-18
[INFO] running `Command { std: CARGO_HOME="/workspace/cargo-home" RUSTUP_HOME="/workspace/rustup-home" "/workspace/cargo-home/bin/cargo" "+nightly-2025-01-18" "metadata" "--manifest-path" "Cargo.toml" "--no-deps", kill_on_drop: false }`
[INFO] started tweaking crates.io crate robius-directories 5.0.1
[INFO] finished tweaking crates.io crate robius-directories 5.0.1
[INFO] tweaked toml for crates.io crate robius-directories 5.0.1 written to /workspace/builds/worker-4-tc1/source/Cargo.toml
[INFO] running `Command { std: CARGO_HOME="/workspace/cargo-home" RUSTUP_HOME="/workspace/rustup-home" "/workspace/cargo-home/bin/cargo" "+nightly-2025-01-18" "generate-lockfile" "--manifest-path" "Cargo.toml", kill_on_drop: false }`
[INFO] [stderr]     Updating crates.io index
[INFO] [stderr]      Locking 56 packages to latest compatible versions
[INFO] [stderr]       Adding dirs-sys v0.4.1 (available: v0.5.0)
[INFO] running `Command { std: CARGO_HOME="/workspace/cargo-home" RUSTUP_HOME="/workspace/rustup-home" "/workspace/cargo-home/bin/cargo" "+nightly-2025-01-18" "fetch" "--manifest-path" "Cargo.toml", kill_on_drop: false }`
[INFO] [stderr] warning: no edition set: defaulting to the 2015 edition while the latest is 2024
[INFO] [stderr]  Downloading crates ...
[INFO] [stderr]   Downloaded robius-android-env v0.2.0
[INFO] running `Command { std: "docker" "create" "-v" "/var/lib/crater-agent-workspace/builds/worker-4-tc1/target:/opt/rustwide/target:rw,Z" "-v" "/var/lib/crater-agent-workspace/builds/worker-4-tc1/source:/opt/rustwide/workdir:ro,Z" "-v" "/var/lib/crater-agent-workspace/cargo-home:/opt/rustwide/cargo-home:ro,Z" "-v" "/var/lib/crater-agent-workspace/rustup-home:/opt/rustwide/rustup-home:ro,Z" "-e" "SOURCE_DIR=/opt/rustwide/workdir" "-e" "CARGO_TARGET_DIR=/opt/rustwide/target" "-e" "CARGO_HOME=/opt/rustwide/cargo-home" "-e" "RUSTUP_HOME=/opt/rustwide/rustup-home" "-w" "/opt/rustwide/workdir" "-m" "1610612736" "--user" "0:0" "--network" "none" "ghcr.io/rust-lang/crates-build-env/linux@sha256:819108c5571ea2e421544af4d832f968d213c87fbe3707a016657f43d2f853bc" "/opt/rustwide/cargo-home/bin/cargo" "+nightly-2025-01-18" "metadata" "--no-deps" "--format-version=1", kill_on_drop: false }`
[INFO] [stdout] cc2291ff705c6fd62b52a5a223bc621c3f90ba7824f04e0a411646ccbacdb621
[INFO] running `Command { std: "docker" "start" "-a" "cc2291ff705c6fd62b52a5a223bc621c3f90ba7824f04e0a411646ccbacdb621", kill_on_drop: false }`
[INFO] running `Command { std: "docker" "inspect" "cc2291ff705c6fd62b52a5a223bc621c3f90ba7824f04e0a411646ccbacdb621", kill_on_drop: false }`
[INFO] running `Command { std: "docker" "rm" "-f" "cc2291ff705c6fd62b52a5a223bc621c3f90ba7824f04e0a411646ccbacdb621", kill_on_drop: false }`
[INFO] [stdout] cc2291ff705c6fd62b52a5a223bc621c3f90ba7824f04e0a411646ccbacdb621
[INFO] running `Command { std: "docker" "create" "-v" "/var/lib/crater-agent-workspace/builds/worker-4-tc1/target:/opt/rustwide/target:rw,Z" "-v" "/var/lib/crater-agent-workspace/builds/worker-4-tc1/source:/opt/rustwide/workdir:ro,Z" "-v" "/var/lib/crater-agent-workspace/cargo-home:/opt/rustwide/cargo-home:ro,Z" "-v" "/var/lib/crater-agent-workspace/rustup-home:/opt/rustwide/rustup-home:ro,Z" "-e" "SOURCE_DIR=/opt/rustwide/workdir" "-e" "CARGO_TARGET_DIR=/opt/rustwide/target" "-e" "CARGO_INCREMENTAL=0" "-e" "RUST_BACKTRACE=full" "-e" "RUSTFLAGS=--cap-lints=forbid" "-e" "RUSTDOCFLAGS=--cap-lints=forbid" "-e" "CARGO_HOME=/opt/rustwide/cargo-home" "-e" "RUSTUP_HOME=/opt/rustwide/rustup-home" "-w" "/opt/rustwide/workdir" "-m" "1610612736" "--user" "0:0" "--network" "none" "ghcr.io/rust-lang/crates-build-env/linux@sha256:819108c5571ea2e421544af4d832f968d213c87fbe3707a016657f43d2f853bc" "/opt/rustwide/cargo-home/bin/cargo" "+nightly-2025-01-18" "build" "--frozen" "--message-format=json", kill_on_drop: false }`
[INFO] [stdout] 005a23d2990889b552949c243d34e908e2755ed3d14aced41157e71e66b4d830
[INFO] running `Command { std: "docker" "start" "-a" "005a23d2990889b552949c243d34e908e2755ed3d14aced41157e71e66b4d830", kill_on_drop: false }`
[INFO] [stderr] warning: no edition set: defaulting to the 2015 edition while the latest is 2024
[INFO] [stderr]    Compiling libc v0.2.169
[INFO] [stderr]    Compiling option-ext v0.2.0
[INFO] [stderr]    Compiling dirs-sys v0.4.1
[INFO] [stderr]    Compiling robius-directories v5.0.1 (/opt/rustwide/workdir)
[INFO] [stderr]     Finished `dev` profile [unoptimized + debuginfo] target(s) in 1.70s
[INFO] running `Command { std: "docker" "inspect" "005a23d2990889b552949c243d34e908e2755ed3d14aced41157e71e66b4d830", kill_on_drop: false }`
[INFO] running `Command { std: "docker" "rm" "-f" "005a23d2990889b552949c243d34e908e2755ed3d14aced41157e71e66b4d830", kill_on_drop: false }`
[INFO] [stdout] 005a23d2990889b552949c243d34e908e2755ed3d14aced41157e71e66b4d830
[INFO] running `Command { std: "docker" "create" "-v" "/var/lib/crater-agent-workspace/builds/worker-4-tc1/target:/opt/rustwide/target:rw,Z" "-v" "/var/lib/crater-agent-workspace/builds/worker-4-tc1/source:/opt/rustwide/workdir:ro,Z" "-v" "/var/lib/crater-agent-workspace/cargo-home:/opt/rustwide/cargo-home:ro,Z" "-v" "/var/lib/crater-agent-workspace/rustup-home:/opt/rustwide/rustup-home:ro,Z" "-e" "SOURCE_DIR=/opt/rustwide/workdir" "-e" "CARGO_TARGET_DIR=/opt/rustwide/target" "-e" "CARGO_INCREMENTAL=0" "-e" "RUST_BACKTRACE=full" "-e" "RUSTFLAGS=--cap-lints=forbid" "-e" "RUSTDOCFLAGS=--cap-lints=forbid" "-e" "CARGO_HOME=/opt/rustwide/cargo-home" "-e" "RUSTUP_HOME=/opt/rustwide/rustup-home" "-w" "/opt/rustwide/workdir" "-m" "1610612736" "--user" "0:0" "--network" "none" "ghcr.io/rust-lang/crates-build-env/linux@sha256:819108c5571ea2e421544af4d832f968d213c87fbe3707a016657f43d2f853bc" "/opt/rustwide/cargo-home/bin/cargo" "+nightly-2025-01-18" "test" "--frozen" "--no-run" "--message-format=json", kill_on_drop: false }`
[INFO] [stdout] 9609ee0a8eea5b5be05b9045283445ff393eb8a3b9670712a2673bb3ed9cbebf
[INFO] running `Command { std: "docker" "start" "-a" "9609ee0a8eea5b5be05b9045283445ff393eb8a3b9670712a2673bb3ed9cbebf", kill_on_drop: false }`
[INFO] [stderr] warning: no edition set: defaulting to the 2015 edition while the latest is 2024
[INFO] [stderr]    Compiling bencher v0.1.5
[INFO] [stderr]    Compiling robius-directories v5.0.1 (/opt/rustwide/workdir)
[INFO] [stderr]     Finished `test` profile [unoptimized + debuginfo] target(s) in 1.06s
[INFO] running `Command { std: "docker" "inspect" "9609ee0a8eea5b5be05b9045283445ff393eb8a3b9670712a2673bb3ed9cbebf", kill_on_drop: false }`
[INFO] running `Command { std: "docker" "rm" "-f" "9609ee0a8eea5b5be05b9045283445ff393eb8a3b9670712a2673bb3ed9cbebf", kill_on_drop: false }`
[INFO] [stdout] 9609ee0a8eea5b5be05b9045283445ff393eb8a3b9670712a2673bb3ed9cbebf
[INFO] running `Command { std: "docker" "create" "-v" "/var/lib/crater-agent-workspace/builds/worker-4-tc1/target:/opt/rustwide/target:rw,Z" "-v" "/var/lib/crater-agent-workspace/builds/worker-4-tc1/source:/opt/rustwide/workdir:ro,Z" "-v" "/var/lib/crater-agent-workspace/cargo-home:/opt/rustwide/cargo-home:ro,Z" "-v" "/var/lib/crater-agent-workspace/rustup-home:/opt/rustwide/rustup-home:ro,Z" "-e" "SOURCE_DIR=/opt/rustwide/workdir" "-e" "CARGO_TARGET_DIR=/opt/rustwide/target" "-e" "CARGO_INCREMENTAL=0" "-e" "RUST_BACKTRACE=full" "-e" "RUSTFLAGS=--cap-lints=forbid" "-e" "RUSTDOCFLAGS=--cap-lints=forbid" "-e" "CARGO_HOME=/opt/rustwide/cargo-home" "-e" "RUSTUP_HOME=/opt/rustwide/rustup-home" "-w" "/opt/rustwide/workdir" "-m" "1610612736" "--user" "0:0" "--network" "none" "ghcr.io/rust-lang/crates-build-env/linux@sha256:819108c5571ea2e421544af4d832f968d213c87fbe3707a016657f43d2f853bc" "/opt/rustwide/cargo-home/bin/cargo" "+nightly-2025-01-18" "test" "--frozen", kill_on_drop: false }`
[INFO] [stdout] 194e1d2535bc898f16fc36087e50ee577f227dd831b0d81df95658ac30041df6
[INFO] running `Command { std: "docker" "start" "-a" "194e1d2535bc898f16fc36087e50ee577f227dd831b0d81df95658ac30041df6", kill_on_drop: false }`
[INFO] [stderr] warning: no edition set: defaulting to the 2015 edition while the latest is 2024
[INFO] [stderr]     Finished `test` profile [unoptimized + debuginfo] target(s) in 0.05s
[INFO] [stderr]      Running unittests src/lib.rs (/opt/rustwide/target/debug/deps/robius_directories-293133d2dc913b81)
[INFO] [stdout] 
[INFO] [stdout] running 5 tests
[INFO] [stdout] test lin::tests::test_file_user_dirs_exists ... ok
[INFO] [stdout] test tests::test_project_dirs ... ok
[INFO] [stdout] test tests::test_user_dirs ... ok
[INFO] [stdout] test lin::tests::test_trim_and_lowercase_then_replace_spaces ... ok
[INFO] [stdout] test tests::test_base_dirs ... ok
[INFO] [stdout] 
[INFO] [stdout] test result: ok. 5 passed; 0 failed; 0 ignored; 0 measured; 0 filtered out; finished in 0.01s
[INFO] [stdout] 
[INFO] [stderr]    Doc-tests robius_directories
[INFO] [stdout] 
[INFO] [stdout] running 3 tests
[INFO] [stdout] test src/lib.rs - ProjectDirs (line 129) ... FAILED
[INFO] [stdout] test src/lib.rs - UserDirs (line 94) ... FAILED
[INFO] [stdout] test src/lib.rs - BaseDirs (line 62) ... FAILED
[INFO] [stdout] 
[INFO] [stdout] failures:
[INFO] [stdout] 
[INFO] [stdout] ---- src/lib.rs - ProjectDirs (line 129) stdout ----
[INFO] [stdout] error: expected one of `::`, `;`, or `as`, found `-`
[INFO] [stdout]  --> src/lib.rs:130:11
[INFO] [stdout]   |
[INFO] [stdout] 3 | use robius-directories::ProjectDirs;
[INFO] [stdout]   |           ^ expected one of `::`, `;`, or `as`
[INFO] [stdout] 
[INFO] [stdout] error: aborting due to 1 previous error
[INFO] [stdout] 
[INFO] [stdout] Couldn't compile the test.
[INFO] [stdout] ---- src/lib.rs - UserDirs (line 94) stdout ----
[INFO] [stdout] error: expected one of `::`, `;`, or `as`, found `-`
[INFO] [stdout]  --> src/lib.rs:95:11
[INFO] [stdout]   |
[INFO] [stdout] 3 | use robius-directories::UserDirs;
[INFO] [stdout]   |           ^ expected one of `::`, `;`, or `as`
[INFO] [stdout] 
[INFO] [stdout] error: aborting due to 1 previous error
[INFO] [stdout] 
[INFO] [stdout] Couldn't compile the test.
[INFO] [stdout] ---- src/lib.rs - BaseDirs (line 62) stdout ----
[INFO] [stdout] error: expected one of `::`, `;`, or `as`, found `-`
[INFO] [stdout]  --> src/lib.rs:63:11
[INFO] [stdout]   |
[INFO] [stdout] 3 | use robius-directories::BaseDirs;
[INFO] [stdout]   |           ^ expected one of `::`, `;`, or `as`
[INFO] [stdout] 
[INFO] [stdout] error: aborting due to 1 previous error
[INFO] [stdout] 
[INFO] [stdout] Couldn't compile the test.
[INFO] [stdout] 
[INFO] [stdout] failures:
[INFO] [stdout]     src/lib.rs - BaseDirs (line 62)
[INFO] [stdout]     src/lib.rs - ProjectDirs (line 129)
[INFO] [stdout]     src/lib.rs - UserDirs (line 94)
[INFO] [stdout] 
[INFO] [stdout] test result: FAILED. 0 passed; 3 failed; 0 ignored; 0 measured; 0 filtered out; finished in 0.10s
[INFO] [stdout] 
[INFO] [stderr] error: doctest failed, to rerun pass `--doc`
[INFO] running `Command { std: "docker" "inspect" "194e1d2535bc898f16fc36087e50ee577f227dd831b0d81df95658ac30041df6", kill_on_drop: false }`
[INFO] running `Command { std: "docker" "rm" "-f" "194e1d2535bc898f16fc36087e50ee577f227dd831b0d81df95658ac30041df6", kill_on_drop: false }`
[INFO] [stdout] 194e1d2535bc898f16fc36087e50ee577f227dd831b0d81df95658ac30041df6
