[INFO] fetching crate roadster 0.7.0-alpha.1...
[INFO] testing roadster-0.7.0-alpha.1 against nightly-2025-01-18 for randomize-layout-2
[INFO] extracting crate roadster 0.7.0-alpha.1 into /workspace/builds/worker-4-tc1/source
[INFO] validating manifest of crates.io crate roadster 0.7.0-alpha.1 on toolchain nightly-2025-01-18
[INFO] running `Command { std: CARGO_HOME="/workspace/cargo-home" RUSTUP_HOME="/workspace/rustup-home" "/workspace/cargo-home/bin/cargo" "+nightly-2025-01-18" "metadata" "--manifest-path" "Cargo.toml" "--no-deps", kill_on_drop: false }`
[INFO] started tweaking crates.io crate roadster 0.7.0-alpha.1
[INFO] finished tweaking crates.io crate roadster 0.7.0-alpha.1
[INFO] tweaked toml for crates.io crate roadster 0.7.0-alpha.1 written to /workspace/builds/worker-4-tc1/source/Cargo.toml
[INFO] crate crates.io crate roadster 0.7.0-alpha.1 already has a lockfile, it will not be regenerated
[INFO] running `Command { std: CARGO_HOME="/workspace/cargo-home" RUSTUP_HOME="/workspace/rustup-home" "/workspace/cargo-home/bin/cargo" "+nightly-2025-01-18" "fetch" "--manifest-path" "Cargo.toml", kill_on_drop: false }`
[INFO] [stderr]     Updating crates.io index
[INFO] [stderr]  Downloading crates ...
[INFO] [stderr]   Downloaded sendgrid v0.23.0
[INFO] [stderr]   Downloaded sea-orm-migration v1.1.4
[INFO] [stderr]   Downloaded bb8 v0.9.0
[INFO] [stderr]   Downloaded parse-display-derive v0.9.1
[INFO] [stderr]   Downloaded aide-macros v0.8.0
[INFO] [stderr]   Downloaded convert_case v0.7.1
[INFO] [stderr]   Downloaded sea-orm-cli v1.1.4
[INFO] [stderr]   Downloaded cron_clock v0.8.0
[INFO] [stderr]   Downloaded mockall_derive v0.13.1
[INFO] [stderr]   Downloaded axum-extra v0.10.0
[INFO] [stderr]   Downloaded config v0.15.6
[INFO] [stderr]   Downloaded testcontainers v0.23.1
[INFO] [stderr]   Downloaded yaml-rust2 v0.9.0
[INFO] [stderr]   Downloaded testcontainers-modules v0.11.5
[INFO] [stderr]   Downloaded mockall v0.13.1
[INFO] [stderr]   Downloaded rusty-sidekiq v0.13.1
[INFO] [stderr]   Downloaded redis v0.28.1
[INFO] [stderr]   Downloaded parse-display v0.9.1
[INFO] [stderr]   Downloaded email_address v0.2.9
[INFO] [stderr]   Downloaded aide v0.14.0
[INFO] running `Command { std: "docker" "create" "-v" "/var/lib/crater-agent-workspace/builds/worker-4-tc1/target:/opt/rustwide/target:rw,Z" "-v" "/var/lib/crater-agent-workspace/builds/worker-4-tc1/source:/opt/rustwide/workdir:ro,Z" "-v" "/var/lib/crater-agent-workspace/cargo-home:/opt/rustwide/cargo-home:ro,Z" "-v" "/var/lib/crater-agent-workspace/rustup-home:/opt/rustwide/rustup-home:ro,Z" "-e" "SOURCE_DIR=/opt/rustwide/workdir" "-e" "CARGO_TARGET_DIR=/opt/rustwide/target" "-e" "CARGO_HOME=/opt/rustwide/cargo-home" "-e" "RUSTUP_HOME=/opt/rustwide/rustup-home" "-w" "/opt/rustwide/workdir" "-m" "1610612736" "--user" "0:0" "--network" "none" "ghcr.io/rust-lang/crates-build-env/linux@sha256:819108c5571ea2e421544af4d832f968d213c87fbe3707a016657f43d2f853bc" "/opt/rustwide/cargo-home/bin/cargo" "+nightly-2025-01-18" "metadata" "--no-deps" "--format-version=1", kill_on_drop: false }`
[INFO] [stdout] a01a7f4c039a6154550178293022ac60c28f3a4492ad34b161928427bd57dcb4
[INFO] running `Command { std: "docker" "start" "-a" "a01a7f4c039a6154550178293022ac60c28f3a4492ad34b161928427bd57dcb4", kill_on_drop: false }`
[INFO] running `Command { std: "docker" "inspect" "a01a7f4c039a6154550178293022ac60c28f3a4492ad34b161928427bd57dcb4", kill_on_drop: false }`
[INFO] running `Command { std: "docker" "rm" "-f" "a01a7f4c039a6154550178293022ac60c28f3a4492ad34b161928427bd57dcb4", kill_on_drop: false }`
[INFO] [stdout] a01a7f4c039a6154550178293022ac60c28f3a4492ad34b161928427bd57dcb4
[INFO] running `Command { std: "docker" "create" "-v" "/var/lib/crater-agent-workspace/builds/worker-4-tc1/target:/opt/rustwide/target:rw,Z" "-v" "/var/lib/crater-agent-workspace/builds/worker-4-tc1/source:/opt/rustwide/workdir:ro,Z" "-v" "/var/lib/crater-agent-workspace/cargo-home:/opt/rustwide/cargo-home:ro,Z" "-v" "/var/lib/crater-agent-workspace/rustup-home:/opt/rustwide/rustup-home:ro,Z" "-e" "SOURCE_DIR=/opt/rustwide/workdir" "-e" "CARGO_TARGET_DIR=/opt/rustwide/target" "-e" "CARGO_INCREMENTAL=0" "-e" "RUST_BACKTRACE=full" "-e" "RUSTFLAGS=--cap-lints=forbid" "-e" "RUSTDOCFLAGS=--cap-lints=forbid" "-e" "CARGO_HOME=/opt/rustwide/cargo-home" "-e" "RUSTUP_HOME=/opt/rustwide/rustup-home" "-w" "/opt/rustwide/workdir" "-m" "1610612736" "--user" "0:0" "--network" "none" "ghcr.io/rust-lang/crates-build-env/linux@sha256:819108c5571ea2e421544af4d832f968d213c87fbe3707a016657f43d2f853bc" "/opt/rustwide/cargo-home/bin/cargo" "+nightly-2025-01-18" "build" "--frozen" "--message-format=json", kill_on_drop: false }`
[INFO] [stdout] ba6b7a9168d6f763af458505724c43a823432da83678470c4c8043be2b4ee2e7
[INFO] running `Command { std: "docker" "start" "-a" "ba6b7a9168d6f763af458505724c43a823432da83678470c4c8043be2b4ee2e7", kill_on_drop: false }`
[INFO] [stderr]    Compiling proc-macro2 v1.0.93
[INFO] [stderr]    Compiling serde v1.0.217
[INFO] [stderr]    Compiling futures-core v0.3.31
[INFO] [stderr]    Compiling once_cell v1.20.2
[INFO] [stderr]    Compiling futures-sink v0.3.31
[INFO] [stderr]    Compiling fnv v1.0.7
[INFO] [stderr]    Compiling futures-io v0.3.31
[INFO] [stderr]    Compiling log v0.4.25
[INFO] [stderr]    Compiling shlex v1.3.0
[INFO] [stderr]    Compiling allocator-api2 v0.2.21
[INFO] [stderr]    Compiling ryu v1.0.18
[INFO] [stderr]    Compiling mio v1.0.3
[INFO] [stderr]    Compiling jobserver v0.1.32
[INFO] [stderr]    Compiling foldhash v0.1.4
[INFO] [stderr]    Compiling percent-encoding v2.3.1
[INFO] [stderr]    Compiling serde_json v1.0.135
[INFO] [stderr]    Compiling stable_deref_trait v1.2.0
[INFO] [stderr]    Compiling futures-channel v0.3.31
[INFO] [stderr]    Compiling http v1.2.0
[INFO] [stderr]    Compiling writeable v0.5.5
[INFO] [stderr]    Compiling litemap v0.7.4
[INFO] [stderr]    Compiling tracing-core v0.1.33
[INFO] [stderr]    Compiling pkg-config v0.3.31
[INFO] [stderr]    Compiling icu_locid_transform_data v1.5.0
[INFO] [stderr]    Compiling time-macros v0.2.19
[INFO] [stderr]    Compiling form_urlencoded v1.2.1
[INFO] [stderr]    Compiling tower-service v0.3.3
[INFO] [stderr]    Compiling byteorder v1.5.0
[INFO] [stderr]    Compiling cc v1.2.10
[INFO] [stderr]    Compiling icu_properties_data v1.5.0
[INFO] [stderr]    Compiling subtle v2.6.1
[INFO] [stderr]    Compiling write16 v1.0.0
[INFO] [stderr]    Compiling icu_normalizer_data v1.5.0
[INFO] [stderr]    Compiling hashbrown v0.15.2
[INFO] [stderr]    Compiling utf16_iter v1.0.5
[INFO] [stderr]    Compiling utf8_iter v1.0.4
[INFO] [stderr]    Compiling num-bigint v0.4.6
[INFO] [stderr]    Compiling digest v0.10.7
[INFO] [stderr]    Compiling bitflags v2.8.0
[INFO] [stderr]    Compiling httparse v1.9.5
[INFO] [stderr]    Compiling tower-layer v0.3.3
[INFO] [stderr]    Compiling iana-time-zone v0.1.61
[INFO] [stderr]    Compiling sync_wrapper v1.0.2
[INFO] [stderr]    Compiling rust_decimal v1.36.0
[INFO] [stderr]    Compiling libm v0.2.11
[INFO] [stderr]    Compiling thiserror v2.0.11
[INFO] [stderr]    Compiling httpdate v1.0.3
[INFO] [stderr]    Compiling heck v0.4.1
[INFO] [stderr]    Compiling try-lock v0.2.5
[INFO] [stderr]    Compiling quote v1.0.38
[INFO] [stderr]    Compiling atomic-waker v1.1.2
[INFO] [stderr]    Compiling rustversion v1.0.19
[INFO] [stderr]    Compiling want v0.3.1
[INFO] [stderr]    Compiling bigdecimal v0.4.7
[INFO] [stderr]    Compiling crossbeam-utils v0.8.21
[INFO] [stderr]    Compiling rustls-pki-types v1.10.1
[INFO] [stderr]    Compiling http-body v1.0.1
[INFO] [stderr]    Compiling arrayvec v0.7.6
[INFO] [stderr]    Compiling base64 v0.22.1
[INFO] [stderr]    Compiling syn v2.0.96
[INFO] [stderr]    Compiling untrusted v0.9.0
[INFO] [stderr]    Compiling spin v0.9.8
[INFO] [stderr]    Compiling vcpkg v0.2.15
[INFO] [stderr]    Compiling rustls v0.23.21
[INFO] [stderr]    Compiling tinyvec_macros v0.1.1
[INFO] [stderr]    Compiling regex-syntax v0.8.5
[INFO] [stderr]    Compiling tinyvec v1.8.1
[INFO] [stderr]    Compiling proc-macro-error-attr2 v2.0.0
[INFO] [stderr]    Compiling sha2 v0.10.8
[INFO] [stderr]    Compiling rustls-pemfile v2.2.0
[INFO] [stderr]    Compiling parking v2.2.1
[INFO] [stderr]    Compiling zeroize v1.8.1
[INFO] [stderr]    Compiling crc-catalog v2.4.0
[INFO] [stderr]    Compiling regex-syntax v0.6.29
[INFO] [stderr]    Compiling concurrent-queue v2.5.0
[INFO] [stderr]    Compiling crc v3.2.1
[INFO] [stderr]    Compiling crossbeam-queue v0.3.12
[INFO] [stderr]    Compiling webpki-roots v0.26.7
[INFO] [stderr]    Compiling event-listener v5.4.0
[INFO] [stderr]    Compiling hashlink v0.10.0
[INFO] [stderr]    Compiling hmac v0.12.1
[INFO] [stderr]    Compiling thread_local v1.1.8
[INFO] [stderr]    Compiling ordered-float v3.9.2
[INFO] [stderr]    Compiling proc-macro2-diagnostics v0.10.1
[INFO] [stderr]    Compiling indexmap v1.9.3
[INFO] [stderr]    Compiling dotenvy v0.15.7
[INFO] [stderr]    Compiling openssl v0.10.68
[INFO] [stderr]    Compiling hex v0.4.3
[INFO] [stderr]    Compiling unicode-normalization v0.1.24
[INFO] [stderr]    Compiling unicode-bidi v0.3.18
[INFO] [stderr]    Compiling glob v0.3.2
[INFO] [stderr]    Compiling unicode-properties v0.1.3
[INFO] [stderr]    Compiling overload v0.1.1
[INFO] [stderr]    Compiling foreign-types-shared v0.1.1
[INFO] [stderr]    Compiling either v1.13.0
[INFO] [stderr]    Compiling ring v0.17.8
[INFO] [stderr]    Compiling openssl-sys v0.9.104
[INFO] [stderr]    Compiling zstd-sys v2.0.13+zstd.1.5.6
[INFO] [stderr]    Compiling nu-ansi-term v0.46.0
[INFO] [stderr]    Compiling itertools v0.13.0
[INFO] [stderr]    Compiling foreign-types v0.3.2
[INFO] [stderr]    Compiling sharded-slab v0.1.7
[INFO] [stderr]    Compiling stringprep v0.1.5
[INFO] [stderr]    Compiling hkdf v0.12.4
[INFO] [stderr]    Compiling md-5 v0.10.6
[INFO] [stderr]    Compiling tracing-log v0.2.0
[INFO] [stderr]    Compiling atoi v2.0.0
[INFO] [stderr]    Compiling yansi v1.0.1
[INFO] [stderr]    Compiling whoami v1.5.2
[INFO] [stderr]    Compiling regex-automata v0.4.9
[INFO] [stderr]    Compiling alloc-no-stdlib v2.0.4
[INFO] [stderr]    Compiling semver v1.0.24
[INFO] [stderr]    Compiling native-tls v0.2.12
[INFO] [stderr]    Compiling regex-automata v0.1.10
[INFO] [stderr]    Compiling zstd-safe v7.2.1
[INFO] [stderr]    Compiling hashbrown v0.12.3
[INFO] [stderr]    Compiling home v0.5.11
[INFO] [stderr]    Compiling alloc-stdlib v0.2.2
[INFO] [stderr]    Compiling dirs-sys-next v0.1.2
[INFO] [stderr]    Compiling openssl-probe v0.1.5
[INFO] [stderr]    Compiling matchit v0.7.3
[INFO] [stderr]    Compiling slog v2.7.0
[INFO] [stderr]    Compiling rustix v0.38.43
[INFO] [stderr]    Compiling dirs-next v2.0.0
[INFO] [stderr]    Compiling clap_builder v4.5.26
[INFO] [stderr]    Compiling miniz_oxide v0.8.3
[INFO] [stderr]    Compiling brotli-decompressor v4.0.1
[INFO] [stderr]    Compiling cookie v0.18.1
[INFO] [stderr]    Compiling static_assertions v1.1.0
[INFO] [stderr]    Compiling winnow v0.6.24
[INFO] [stderr]    Compiling minimal-lexical v0.2.1
[INFO] [stderr]    Compiling linux-raw-sys v0.4.15
[INFO] [stderr]    Compiling matchers v0.1.0
[INFO] [stderr]    Compiling sdd v3.0.5
[INFO] [stderr]    Compiling regex v1.11.1
[INFO] [stderr]    Compiling aliasable v0.1.3
[INFO] [stderr]    Compiling synstructure v0.13.1
[INFO] [stderr]    Compiling darling_core v0.20.10
[INFO] [stderr]    Compiling proc-macro-error2 v2.0.1
[INFO] [stderr]    Compiling serde_derive_internals v0.29.1
[INFO] [stderr]    Compiling matchit v0.8.4
[INFO] [stderr]    Compiling schemars v0.8.21
[INFO] [stderr]    Compiling base64 v0.21.7
[INFO] [stderr]    Compiling brotli v7.0.0
[INFO] [stderr]    Compiling scc v2.3.0
[INFO] [stderr]    Compiling flate2 v1.0.35
[INFO] [stderr]    Compiling nom v7.1.3
[INFO] [stderr]    Compiling rustc_version v0.4.1
[INFO] [stderr]    Compiling term v0.7.0
[INFO] [stderr]    Compiling headers-core v0.3.0
[INFO] [stderr]    Compiling sha1 v0.10.6
[INFO] [stderr]    Compiling is-terminal v0.4.13
[INFO] [stderr]    Compiling unicode-xid v0.2.6
[INFO] [stderr]    Compiling dyn-clone v1.0.17
[INFO] [stderr]    Compiling sha1_smol v1.0.1
[INFO] [stderr]    Compiling arc-swap v1.7.1
[INFO] [stderr]    Compiling strum v0.26.3
[INFO] [stderr]    Compiling headers v0.4.0
[INFO] [stderr]    Compiling const_format_proc_macros v0.2.34
[INFO] [stderr]    Compiling roadster v0.7.0-alpha.1 (/opt/rustwide/workdir)
[INFO] [stderr]    Compiling gethostname v0.5.0
[INFO] [stderr]    Compiling convert_case v0.7.1
[INFO] [stderr]    Compiling convert_case v0.6.0
[INFO] [stderr]    Compiling pem v3.0.4
[INFO] [stderr]    Compiling num_cpus v1.16.0
[INFO] [stderr]    Compiling encoding_rs v0.8.35
[INFO] [stderr]    Compiling pathdiff v0.2.3
[INFO] [stderr]    Compiling ipnet v2.10.1
[INFO] [stderr]    Compiling utf8-width v0.1.7
[INFO] [stderr]    Compiling opentelemetry-semantic-conventions v0.27.0
[INFO] [stderr]    Compiling serde_derive v1.0.217
[INFO] [stderr]    Compiling futures-macro v0.3.31
[INFO] [stderr]    Compiling tokio-macros v2.5.0
[INFO] [stderr]    Compiling tracing-attributes v0.1.28
[INFO] [stderr]    Compiling zerofrom-derive v0.1.5
[INFO] [stderr]    Compiling yoke-derive v0.7.5
[INFO] [stderr]    Compiling zerovec-derive v0.10.3
[INFO] [stderr]    Compiling displaydoc v0.2.5
[INFO] [stderr]    Compiling icu_provider_macros v1.5.0
[INFO] [stderr]    Compiling zerocopy-derive v0.7.35
[INFO] [stderr]    Compiling darling_macro v0.20.10
[INFO] [stderr]    Compiling thiserror-impl v1.0.69
[INFO] [stderr]    Compiling futures-util v0.3.31
[INFO] [stderr]    Compiling thiserror-impl v2.0.11
[INFO] [stderr]    Compiling darling v0.20.10
[INFO] [stderr]    Compiling async-trait v0.1.85
[INFO] [stderr]    Compiling async-stream-impl v0.3.6
[INFO] [stderr]    Compiling inherent v1.0.11
[INFO] [stderr]    Compiling openssl-macros v0.1.1
[INFO] [stderr]    Compiling tracing v0.1.41
[INFO] [stderr]    Compiling pin-project-internal v1.1.8
[INFO] [stderr]    Compiling zerocopy v0.7.35
[INFO] [stderr]    Compiling prost-derive v0.13.4
[INFO] [stderr]    Compiling clap_derive v4.5.24
[INFO] [stderr]    Compiling async-stream v0.3.6
[INFO] [stderr]    Compiling zerofrom v0.1.5
[INFO] [stderr]    Compiling yoke v0.7.5
[INFO] [stderr]    Compiling rustls-webpki v0.102.8
[INFO] [stderr]    Compiling axum-macros v0.5.0
[INFO] [stderr]    Compiling sea-bae v0.2.1
[INFO] [stderr]    Compiling thiserror v1.0.69
[INFO] [stderr]    Compiling zerovec v0.10.4
[INFO] [stderr]    Compiling sea-query-derive v0.4.2
[INFO] [stderr]    Compiling opentelemetry v0.27.1
[INFO] [stderr]    Compiling ppv-lite86 v0.2.20
[INFO] [stderr]    Compiling ouroboros_macro v0.18.5
[INFO] [stderr]    Compiling sea-schema-derive v0.3.0
[INFO] [stderr]    Compiling pin-project v1.1.8
[INFO] [stderr]    Compiling sea-orm-macros v1.1.4
[INFO] [stderr]    Compiling serial_test_derive v3.2.0
[INFO] [stderr]    Compiling schemars_derive v0.8.21
[INFO] [stderr]    Compiling tinystr v0.7.6
[INFO] [stderr]    Compiling icu_collections v1.5.0
[INFO] [stderr]    Compiling icu_locid v1.5.0
[INFO] [stderr]    Compiling rand_chacha v0.3.1
[INFO] [stderr]    Compiling aide-macros v0.8.0
[INFO] [stderr]    Compiling rand v0.8.5
[INFO] [stderr]    Compiling clap v4.5.26
[INFO] [stderr]    Compiling serde_with_macros v3.12.0
[INFO] [stderr]    Compiling prost v0.13.4
[INFO] [stderr]    Compiling icu_provider v1.5.0
[INFO] [stderr]    Compiling ouroboros v0.18.5
[INFO] [stderr]    Compiling validator_derive v0.19.0
[INFO] [stderr]    Compiling typed-builder-macro v0.20.0
[INFO] [stderr]    Compiling const_format v0.2.34
[INFO] [stderr]    Compiling strum_macros v0.26.4
[INFO] [stderr]    Compiling icu_locid_transform v1.5.0
[INFO] [stderr]    Compiling http-body-util v0.1.2
[INFO] [stderr]    Compiling futures-executor v0.3.31
[INFO] [stderr]    Compiling typed-builder v0.20.0
[INFO] [stderr]    Compiling futures v0.3.31
[INFO] [stderr]    Compiling axum-core v0.4.5
[INFO] [stderr]    Compiling axum-core v0.5.0
[INFO] [stderr]    Compiling icu_properties v1.5.1
[INFO] [stderr]    Compiling zstd v0.13.2
[INFO] [stderr]    Compiling smallvec v1.13.2
[INFO] [stderr]    Compiling indexmap v2.7.0
[INFO] [stderr]    Compiling deranged v0.3.11
[INFO] [stderr]    Compiling chrono v0.4.39
[INFO] [stderr]    Compiling uuid v1.12.0
[INFO] [stderr]    Compiling tracing-serde v0.2.0
[INFO] [stderr]    Compiling serde_urlencoded v0.7.1
[INFO] [stderr]    Compiling toml_datetime v0.6.8
[INFO] [stderr]    Compiling parking_lot_core v0.9.10
[INFO] [stderr]    Compiling serde_spanned v0.6.8
[INFO] [stderr]    Compiling serde_path_to_error v0.1.16
[INFO] [stderr]    Compiling itertools v0.14.0
[INFO] [stderr]    Compiling parking_lot v0.12.3
[INFO] [stderr]    Compiling toml_edit v0.22.22
[INFO] [stderr]    Compiling byte-unit v5.1.6
[INFO] [stderr]    Compiling tokio v1.43.0
[INFO] [stderr]    Compiling futures-intrusive v0.5.0
[INFO] [stderr]    Compiling serial_test v3.2.0
[INFO] [stderr]    Compiling time v0.3.37
[INFO] [stderr]    Compiling icu_normalizer v1.5.0
[INFO] [stderr]    Compiling cron_clock v0.8.0
[INFO] [stderr]    Compiling serde_with v3.12.0
[INFO] [stderr]    Compiling tracing-subscriber v0.3.19
[INFO] [stderr]    Compiling idna_adapter v1.2.0
[INFO] [stderr]    Compiling idna v1.0.3
[INFO] [stderr]    Compiling url v2.5.4
[INFO] [stderr]    Compiling validator v0.19.0
[INFO] [stderr]    Compiling sea-query v0.32.1
[INFO] [stderr]    Compiling slog-term v2.9.1
[INFO] [stderr]    Compiling simple_asn1 v0.6.3
[INFO] [stderr]    Compiling toml v0.8.19
[INFO] [stderr]    Compiling jsonwebtoken v9.3.0
[INFO] [stderr]    Compiling config v0.15.6
[INFO] [stderr]    Compiling sea-schema v0.16.1
[INFO] [stderr]    Compiling tokio-util v0.7.13
[INFO] [stderr]    Compiling tokio-stream v0.1.17
[INFO] [stderr]    Compiling tower v0.5.2
[INFO] [stderr]    Compiling tokio-native-tls v0.3.1
[INFO] [stderr]    Compiling bb8 v0.9.0
[INFO] [stderr]    Compiling async-compression v0.4.18
[INFO] [stderr]    Compiling sqlx-core v0.8.3
[INFO] [stderr]    Compiling opentelemetry_sdk v0.27.1
[INFO] [stderr]    Compiling axum v0.7.9
[INFO] [stderr]    Compiling h2 v0.4.7
[INFO] [stderr]    Compiling tower v0.4.13
[INFO] [stderr]    Compiling combine v4.6.7
[INFO] [stderr]    Compiling sea-orm-cli v1.1.4
[INFO] [stderr]    Compiling tower-http v0.6.2
[INFO] [stderr]    Compiling sqlx-postgres v0.8.3
[INFO] [stderr]    Compiling tracing-opentelemetry v0.28.0
[INFO] [stderr]    Compiling hyper v1.5.2
[INFO] [stderr]    Compiling redis v0.28.1
[INFO] [stderr]    Compiling sqlx v0.8.3
[INFO] [stderr]    Compiling sea-query-binder v0.7.0
[INFO] [stderr]    Compiling hyper-util v0.1.10
[INFO] [stderr]    Compiling sea-orm v1.1.4
[INFO] [stderr]    Compiling hyper-timeout v0.5.2
[INFO] [stderr]    Compiling axum v0.8.1
[INFO] [stderr]    Compiling hyper-tls v0.6.0
[INFO] [stderr]    Compiling reqwest v0.12.12
[INFO] [stderr]    Compiling tonic v0.12.3
[INFO] [stderr]    Compiling opentelemetry-proto v0.27.0
[INFO] [stderr]    Compiling opentelemetry-otlp v0.27.0
[INFO] [stderr]    Compiling axum-extra v0.10.0
[INFO] [stderr]    Compiling aide v0.14.0
[INFO] [stderr]    Compiling sea-orm-migration v1.1.4
[INFO] [stderr]    Compiling rusty-sidekiq v0.13.1
[INFO] [stderr]     Finished `dev` profile [unoptimized + debuginfo] target(s) in 2m 06s
[INFO] running `Command { std: "docker" "inspect" "ba6b7a9168d6f763af458505724c43a823432da83678470c4c8043be2b4ee2e7", kill_on_drop: false }`
[INFO] running `Command { std: "docker" "rm" "-f" "ba6b7a9168d6f763af458505724c43a823432da83678470c4c8043be2b4ee2e7", kill_on_drop: false }`
[INFO] [stdout] ba6b7a9168d6f763af458505724c43a823432da83678470c4c8043be2b4ee2e7
[INFO] running `Command { std: "docker" "create" "-v" "/var/lib/crater-agent-workspace/builds/worker-4-tc1/target:/opt/rustwide/target:rw,Z" "-v" "/var/lib/crater-agent-workspace/builds/worker-4-tc1/source:/opt/rustwide/workdir:ro,Z" "-v" "/var/lib/crater-agent-workspace/cargo-home:/opt/rustwide/cargo-home:ro,Z" "-v" "/var/lib/crater-agent-workspace/rustup-home:/opt/rustwide/rustup-home:ro,Z" "-e" "SOURCE_DIR=/opt/rustwide/workdir" "-e" "CARGO_TARGET_DIR=/opt/rustwide/target" "-e" "CARGO_INCREMENTAL=0" "-e" "RUST_BACKTRACE=full" "-e" "RUSTFLAGS=--cap-lints=forbid" "-e" "RUSTDOCFLAGS=--cap-lints=forbid" "-e" "CARGO_HOME=/opt/rustwide/cargo-home" "-e" "RUSTUP_HOME=/opt/rustwide/rustup-home" "-w" "/opt/rustwide/workdir" "-m" "1610612736" "--user" "0:0" "--network" "none" "ghcr.io/rust-lang/crates-build-env/linux@sha256:819108c5571ea2e421544af4d832f968d213c87fbe3707a016657f43d2f853bc" "/opt/rustwide/cargo-home/bin/cargo" "+nightly-2025-01-18" "test" "--frozen" "--no-run" "--message-format=json", kill_on_drop: false }`
[INFO] [stdout] 784953d2ab4edb948172e5e088a3d4d7f000b7561e595797e8d5769e2c1066e6
[INFO] running `Command { std: "docker" "start" "-a" "784953d2ab4edb948172e5e088a3d4d7f000b7561e595797e8d5769e2c1066e6", kill_on_drop: false }`
[INFO] [stderr]    Compiling regex-syntax v0.8.5
[INFO] [stderr]    Compiling memchr v2.7.4
[INFO] [stderr]    Compiling rstest_macros v0.24.0
[INFO] [stderr]    Compiling mockall_derive v0.13.1
[INFO] [stderr]    Compiling predicates-core v1.0.9
[INFO] [stderr]    Compiling relative-path v1.9.3
[INFO] [stderr]    Compiling cargo-husky v1.5.0
[INFO] [stderr]    Compiling termtree v0.5.1
[INFO] [stderr]    Compiling toml v0.5.11
[INFO] [stderr]    Compiling console v0.15.10
[INFO] [stderr]    Compiling fragile v2.0.0
[INFO] [stderr]    Compiling similar v2.6.0
[INFO] [stderr]    Compiling linked-hash-map v0.5.6
[INFO] [stderr]    Compiling downcast v0.11.0
[INFO] [stderr]    Compiling mockall_double v0.3.1
[INFO] [stderr]    Compiling predicates-tree v1.0.12
[INFO] [stderr]    Compiling predicates v3.1.3
[INFO] [stderr]    Compiling aho-corasick v1.1.3
[INFO] [stderr]    Compiling regex-automata v0.4.9
[INFO] [stderr]    Compiling mockall v0.13.1
[INFO] [stderr]    Compiling regex v1.11.1
[INFO] [stderr]    Compiling tracing-subscriber v0.3.19
[INFO] [stderr]    Compiling validator v0.19.0
[INFO] [stderr]    Compiling insta v1.42.0
[INFO] [stderr]    Compiling sea-orm-cli v1.1.4
[INFO] [stderr]    Compiling rusty-sidekiq v0.13.1
[INFO] [stderr]    Compiling tracing-opentelemetry v0.28.0
[INFO] [stderr]    Compiling sea-orm-migration v1.1.4
[INFO] [stderr]    Compiling rstest v0.24.0
[INFO] [stderr]    Compiling roadster v0.7.0-alpha.1 (/opt/rustwide/workdir)
[INFO] [stderr]     Finished `test` profile [unoptimized + debuginfo] target(s) in 52.84s
[INFO] running `Command { std: "docker" "inspect" "784953d2ab4edb948172e5e088a3d4d7f000b7561e595797e8d5769e2c1066e6", kill_on_drop: false }`
[INFO] running `Command { std: "docker" "rm" "-f" "784953d2ab4edb948172e5e088a3d4d7f000b7561e595797e8d5769e2c1066e6", kill_on_drop: false }`
[INFO] [stdout] 784953d2ab4edb948172e5e088a3d4d7f000b7561e595797e8d5769e2c1066e6
[INFO] running `Command { std: "docker" "create" "-v" "/var/lib/crater-agent-workspace/builds/worker-4-tc1/target:/opt/rustwide/target:rw,Z" "-v" "/var/lib/crater-agent-workspace/builds/worker-4-tc1/source:/opt/rustwide/workdir:ro,Z" "-v" "/var/lib/crater-agent-workspace/cargo-home:/opt/rustwide/cargo-home:ro,Z" "-v" "/var/lib/crater-agent-workspace/rustup-home:/opt/rustwide/rustup-home:ro,Z" "-e" "SOURCE_DIR=/opt/rustwide/workdir" "-e" "CARGO_TARGET_DIR=/opt/rustwide/target" "-e" "CARGO_INCREMENTAL=0" "-e" "RUST_BACKTRACE=full" "-e" "RUSTFLAGS=--cap-lints=forbid" "-e" "RUSTDOCFLAGS=--cap-lints=forbid" "-e" "CARGO_HOME=/opt/rustwide/cargo-home" "-e" "RUSTUP_HOME=/opt/rustwide/rustup-home" "-w" "/opt/rustwide/workdir" "-m" "1610612736" "--user" "0:0" "--network" "none" "ghcr.io/rust-lang/crates-build-env/linux@sha256:819108c5571ea2e421544af4d832f968d213c87fbe3707a016657f43d2f853bc" "/opt/rustwide/cargo-home/bin/cargo" "+nightly-2025-01-18" "test" "--frozen", kill_on_drop: false }`
[INFO] [stdout] f882859033f836014cfb40cf76d4cde0548ec59c5beed42d854e6489bf18f028
[INFO] running `Command { std: "docker" "start" "-a" "f882859033f836014cfb40cf76d4cde0548ec59c5beed42d854e6489bf18f028", kill_on_drop: false }`
[INFO] [stderr]     Finished `test` profile [unoptimized + debuginfo] target(s) in 1.78s
[INFO] [stderr]      Running unittests src/lib.rs (/opt/rustwide/target/debug/deps/roadster-03b5093f579e7694)
[INFO] [stdout] 
[INFO] [stdout] running 371 tests
[INFO] [stdout] test api::http::docs::tests::api_schema::case_3 ... ok
[INFO] [stdout] test api::http::docs::tests::redoc::case_1 ... ok
[INFO] [stdout] test api::http::docs::tests::redoc::case_2 ... ok
[INFO] [stdout] test api::http::docs::tests::redoc::case_3 ... ok
[INFO] [stdout] test api::http::docs::tests::redoc::case_4 ... ok
[INFO] [stdout] test api::http::docs::tests::api_schema::case_2 ... ok
[INFO] [stdout] test api::http::docs::tests::api_schema::case_1 ... ok
[INFO] [stdout] test api::http::docs::tests::api_schema::case_4 ... ok
[INFO] [stdout] test api::http::docs::tests::scalar::case_2 ... ok
[INFO] [stdout] test api::http::docs::tests::scalar::case_1 ... ok
[INFO] [stdout] test api::http::docs::tests::scalar::case_3 ... ok
[INFO] [stdout] test api::http::health::tests::health::case_1 ... ok
[INFO] [stdout] test api::http::docs::tests::scalar::case_4 ... ok
[INFO] [stdout] test api::http::health::tests::health::case_2 ... ok
[INFO] [stdout] test api::http::health::tests::health::case_3 ... ok
[INFO] [stdout] test api::http::ping::tests::ping::case_1 ... ok
[INFO] [stdout] test api::http::health::tests::health::case_4 ... ok
[INFO] [stdout] test api::http::ping::tests::ping::case_3 ... ok
[INFO] [stdout] test api::http::ping::tests::ping::case_2 ... ok
[INFO] [stdout] test api::http::ping::tests::ping::case_4 ... ok
[INFO] [stdout] test api::cli::tests::parse_cli::case_2 ... ok
[INFO] [stdout] test api::cli::tests::parse_cli::case_8_migrate ... ok
[INFO] [stdout] test config::auth::tests::auth::case_3 ... ok
[INFO] [stdout] test api::cli::tests::parse_cli::case_3 ... ok
[INFO] [stdout] test config::database::tests::serialization::case_2 ... ok
[INFO] [stdout] test config::auth::tests::auth::case_5 ... ok
[INFO] [stdout] test api::cli::tests::parse_cli::case_7_open_api ... ok
[INFO] [stdout] test config::environment::tests::environment_from_str::case_01 ... ok
[INFO] [stdout] test config::environment::tests::environment_from_str::case_02 ... ok
[INFO] [stdout] test api::cli::tests::parse_cli::case_4 ... ok
[INFO] [stdout] test config::database::tests::db_config_to_connect_options ... ok
[INFO] [stdout] test config::auth::tests::auth::case_4 ... ok
[INFO] [stdout] test config::auth::tests::auth::case_2 ... ok
[INFO] [stdout] test api::cli::tests::parse_cli::case_1 ... ok
[INFO] [stdout] test api::cli::tests::parse_cli::case_5_list_routes ... ok
[INFO] [stdout] test config::database::tests::serialization::case_1 ... ok
[INFO] [stdout] test config::auth::tests::auth::case_1 ... ok
[INFO] [stdout] test config::environment::tests::environment_from_str::case_05 ... ok
[INFO] [stdout] test config::environment::tests::environment_serialize_json::case_1 ... ok
[INFO] [stdout] test config::environment::tests::environment_from_str::case_03 ... ok
[INFO] [stdout] test config::environment::tests::environment_serialize_json::case_4 ... ok
[INFO] [stdout] test config::environment::tests::environment_from_str::case_04 ... ok
[INFO] [stdout] test config::environment::tests::environment_serialize_json::case_2 ... ok
[INFO] [stdout] test config::environment::tests::environment_to_static_str::case_2 ... ok
[INFO] [stdout] test config::environment::tests::environment_from_str::case_08 ... ok
[INFO] [stdout] test config::environment::tests::environment_serialize_toml::case_1 ... ok
[INFO] [stdout] test config::environment::tests::environment_serialize_json::case_3 ... ok
[INFO] [stdout] test config::environment::tests::environment_from_str::case_09 ... ok
[INFO] [stdout] test config::environment::tests::environment_from_str::case_07 ... ok
[INFO] [stdout] test config::environment::tests::environment_from_str::case_06 ... ok
[INFO] [stdout] test config::environment::tests::environment_serialize_toml::case_3 ... ok
[INFO] [stdout] test config::environment::tests::environment_to_static_str::case_1 ... ok
[INFO] [stdout] test config::environment::tests::environment_to_string::case_3 ... ok
[INFO] [stdout] test config::health_check::tests::common_config_enabled::case_2 ... ok
[INFO] [stdout] test config::environment::tests::environment_serialize_toml::case_4 ... ok
[INFO] [stdout] test config::health_check::tests::common_config_enabled::case_1 ... ok
[INFO] [stdout] test config::environment::tests::environment_from_str::case_10 ... ok
[INFO] [stdout] test config::health_check::tests::common_config_enabled::case_3 ... ok
[INFO] [stdout] test config::health_check::tests::common_config_enabled::case_4 ... ok
[INFO] [stdout] test config::environment::tests::environment_to_static_str::case_3 ... ok
[INFO] [stdout] test config::environment::tests::environment_to_string::case_1 ... ok
[INFO] [stdout] test config::lifecycle::tests::common_config_enabled::case_5 ... ok
[INFO] [stdout] test config::health_check::tests::common_config_enabled::case_6 ... ok
[INFO] [stdout] test config::lifecycle::tests::common_config_enabled::case_2 ... ok
[INFO] [stdout] test config::health_check::tests::common_config_enabled::case_5 ... ok
[INFO] [stdout] test config::lifecycle::tests::common_config_enabled::case_4 ... ok
[INFO] [stdout] test config::environment::tests::environment_to_string::case_2 ... ok
[INFO] [stdout] test config::lifecycle::tests::common_config_enabled::case_1 ... ok
[INFO] [stdout] test config::environment::tests::environment_serialize_toml::case_2 ... ok
[INFO] [stdout] test config::environment::tests::environment_to_string::case_4 ... ok
[INFO] [stdout] test config::service::http::default_routes::tests::validate_default_routes::case_1 ... ok
[INFO] [stdout] test config::service::http::default_routes::tests::validate_default_routes::case_2 ... ok
[INFO] [stdout] test config::service::http::default_routes::tests::validate_default_routes::case_4 ... ok
[INFO] [stdout] test config::lifecycle::tests::common_config_enabled::case_3 ... ok
[INFO] [stdout] test config::service::http::default_routes::tests::validate_default_routes::case_5 ... ok
[INFO] [stdout] test config::service::http::default_routes::tests::validate_default_routes::case_3 ... ok
[INFO] [stdout] test config::service::http::default_routes::tests::validate_default_routes::case_6 ... ok
[INFO] [stdout] test config::service::common::address::tests::url_with_scheme::case_2 ... ok
[INFO] [stdout] test config::lifecycle::tests::common_config_enabled::case_6 ... ok
[INFO] [stdout] test config::service::http::middleware::tests::common_config_enabled::case_3 ... ok
[INFO] [stdout] test config::service::http::middleware::tests::common_config_enabled::case_5 ... ok
[INFO] [stdout] test config::service::http::middleware::tests::common_config_enabled::case_2 ... ok
[INFO] [stdout] test config::service::http::middleware::tests::common_config_enabled::case_1 ... ok
[INFO] [stdout] test config::service::http::middleware::tests::common_config_enabled::case_6 ... ok
[INFO] [stdout] test config::service::worker::sidekiq::deserialize_tests::sidekiq::case_2 ... ok
[INFO] [stdout] test config::service::http::middleware::tests::common_config_enabled::case_4 ... ok
[INFO] [stdout] test config::service::worker::sidekiq::deserialize_tests::sidekiq::case_7 ... ok
[INFO] [stdout] test config::service::common::address::tests::url_with_scheme::case_1 ... ok
[INFO] [stdout] test config::service::worker::sidekiq::deserialize_tests::sidekiq::case_5 ... ok
[INFO] [stdout] test config::service::worker::sidekiq::deserialize_tests::sidekiq::case_1 ... ok
[INFO] [stdout] test config::service::worker::sidekiq::deserialize_tests::sidekiq::case_4 ... ok
[INFO] [stdout] test health_check::registry::tests::register_check::case_1 ... ok
[INFO] [stdout] test config::tracing::deserialize_tests::tracing::case_4 ... ok
[INFO] [stdout] test config::service::worker::sidekiq::deserialize_tests::sidekiq::case_8 ... ok
[INFO] [stdout] test health_check::sidekiq_enqueue::tests::enabled::case_2 ... ok
[INFO] [stdout] test health_check::sidekiq_enqueue::tests::enabled::case_1 ... ok
[INFO] [stdout] test health_check::registry::tests::register_check::case_2 ... ok
[INFO] [stdout] test health_check::database::tests::enabled::case_2 ... ok
[INFO] [stdout] test health_check::database::tests::enabled::case_1 ... ok
[INFO] [stdout] test health_check::sidekiq_fetch::tests::enabled::case_1 ... ok
[INFO] [stdout] test middleware::http::auth::jwt::ietf::tests::decode_token ... ok
[INFO] [stdout] test health_check::sidekiq_fetch::tests::enabled::case_2 ... ok
[INFO] [stdout] test middleware::http::auth::jwt::ietf::tests::decode_token_expired ... ok
[INFO] [stdout] test lifecycle::db_migration::tests::enabled::case_1 ... ok
[INFO] [stdout] test config::tracing::deserialize_tests::tracing::case_2 ... ok
[INFO] [stdout] test middleware::http::auth::jwt::ietf::tests::deserialize_audience_as_vec ... ok
[INFO] [stdout] test middleware::http::auth::jwt::ietf::tests::deserialize_claims ... ok
[INFO] [stdout] test middleware::http::auth::jwt::tests::deserialize_subject_as_int ... ok
[INFO] [stdout] test middleware::http::auth::jwt::tests::deserialize_subject_as_string ... ok
[INFO] [stdout] test middleware::http::auth::jwt::tests::deserialize_subject_as_uri ... ok
[INFO] [stdout] test middleware::http::auth::jwt::tests::serialize_subject_int_as_string ... ok
[INFO] [stdout] test middleware::http::auth::jwt::tests::deserialize_subject_as_uuid ... ok
[INFO] [stdout] test middleware::http::auth::jwt::ietf::tests::decode_token_wrong_audience ... ok
[INFO] [stdout] test config::service::worker::sidekiq::deserialize_tests::sidekiq::case_9 ... ok
[INFO] [stdout] test config::tracing::deserialize_tests::tracing::case_3 ... ok
[INFO] [stdout] test config::service::worker::sidekiq::deserialize_tests::sidekiq::case_6 ... ok
[INFO] [stdout] test health_check::sidekiq_fetch::tests::enabled::case_3 ... ok
[INFO] [stdout] test lifecycle::db_migration::tests::priority::case_1 ... ok
[INFO] [stdout] test lifecycle::db_migration::tests::enabled::case_2 ... ok
[INFO] [stdout] test middleware::http::auth::jwt::tests::subject_from_uri ... ok
[INFO] [stdout] test lifecycle::db_migration::tests::priority::case_2 ... ok
[INFO] [stdout] test config::tracing::deserialize_tests::tracing::case_1 ... ok
[INFO] [stdout] test middleware::http::auth::jwt::tests::token_from_cookies::case_1_valid_token ... ok
[INFO] [stdout] test config::service::worker::sidekiq::deserialize_tests::sidekiq::case_3 ... ok
[INFO] [stdout] test middleware::http::auth::jwt::tests::subject_from_u8 ... ok
[INFO] [stdout] test middleware::http::auth::jwt::tests::subject_from_string::case_4 ... ok
[INFO] [stdout] test middleware::http::auth::jwt::tests::subject_from_u16 ... ok
[INFO] [stdout] test middleware::http::auth::jwt::tests::subject_from_string::case_3 ... ok
[INFO] [stdout] test middleware::http::auth::jwt::tests::subject_from_u64 ... ok
[INFO] [stdout] test migration::collation::tests::create_case_insensitive_collation_for_db_backend::case_1 ... ok
[INFO] [stdout] test migration::check::tests::str_not_empty ... ok
[INFO] [stdout] test middleware::http::auth::jwt::tests::subject_from_string::case_1 ... ok
[INFO] [stdout] test migration::check::tests::str_len_gte ... ok
[INFO] [stdout] test middleware::http::auth::jwt::tests::subject_from_uuid ... ok
[INFO] [stdout] test migration::check::tests::str_len_gt ... ok
[INFO] [stdout] test middleware::http::auth::jwt::tests::subject_from_u32 ... ok
[INFO] [stdout] test middleware::http::auth::jwt::tests::subject_from_string::case_2 ... ok
[INFO] [stdout] test migration::collation::tests::drop_case_insensitive_collation_for_db_backend::case_1 ... ok
[INFO] [stdout] test migration::collation::tests::create_case_insensitive_collation_for_db_backend::case_3 ... ok
[INFO] [stdout] test migration::schema::tests::pk_bigint_identity ... ok
[INFO] [stdout] test migration::schema::tests::pk_bigint_identity_options::case_1 ... ok
[INFO] [stdout] test migration::collation::tests::create_case_insensitive_collation_for_db_backend::case_2 ... ok
[INFO] [stdout] test migration::schema::tests::table ... ok
[INFO] [stdout] test migration::schema::tests::pk_bigint ... ok
[INFO] [stdout] test migration::collation::tests::drop_case_insensitive_collation_for_db_backend::case_3 ... ok
[INFO] [stdout] test migration::schema::tests::pk_bigint_identity_options::case_3 ... ok
[INFO] [stdout] test migration::schema::tests::pk_bigint_identity_options::case_2 ... ok
[INFO] [stdout] test migration::collation::tests::drop_case_insensitive_collation_for_db_backend::case_2 ... ok
[INFO] [stdout] test migration::schema::tests::pk_bigint_auto ... ok
[INFO] [stdout] test migration::schema::tests::pk_bigint_identity_options::case_4 ... ok
[INFO] [stdout] test migration::schema::tests::pk_uuid ... ok
[INFO] [stdout] test migration::schema::tests::pk_uuid_default ... ok
[INFO] [stdout] test migration::schema::tests::uuid_v7 ... ok
[INFO] [stdout] test migration::schema::tests::uuid_v4 ... ok
[INFO] [stdout] test migration::schema::tests::pk_uuid_v4 ... ok
[INFO] [stdout] test migration::schema::tests::timestamps ... ok
[INFO] [stdout] test migration::timestamp::tests::add_update_timestamp_trigger::case_2 ... ok
[INFO] [stdout] test migration::timestamp::tests::add_update_timestamp_function::case_1 ... ok
[INFO] [stdout] test migration::timestamp::tests::add_update_timestamp_function::case_3 ... ok
[INFO] [stdout] test migration::schema::tests::pk_uuid_v7 ... ok
[INFO] [stdout] test migration::timestamp::tests::add_update_timestamp_trigger::case_3 ... ok
[INFO] [stdout] test migration::schema::tests::uuid_default ... ok
[INFO] [stdout] test migration::timestamp::tests::add_update_timestamp_function::case_2 ... ok
[INFO] [stdout] test migration::timestamp::tests::add_update_timestamp_function_dep_column::case_3 ... ok
[INFO] [stdout] test migration::timestamp::tests::drop_update_timestamp_function::case_1 ... ok
[INFO] [stdout] test migration::timestamp::tests::drop_update_timestamp_trigger::case_2 ... ok
[INFO] [stdout] test migration::timestamp::tests::drop_update_timestamp_function::case_3 ... ok
[INFO] [stdout] test migration::timestamp::tests::add_update_timestamp_function_dep_column::case_1 ... ok
[INFO] [stdout] test migration::timestamp::tests::drop_update_timestamp_trigger::case_3 ... ok
[INFO] [stdout] test migration::timestamp::tests::fn_query_strings ... ok
[INFO] [stdout] test migration::user::create_and_drop_table::tests::drop_table ... ok
[INFO] [stdout] test migration::timestamp::tests::trigger_query_strings ... ok
[INFO] [stdout] test migration::user::create_and_drop_table::tests::create_table_uuid_pk ... ok
[INFO] [stdout] test migration::user::create_and_drop_table::tests::create_table_int_pk ... ok
[INFO] [stdout] test migration::user::m20240729_000812_password_updated_at::tests::add_column ... ok
[INFO] [stdout] test migration::timestamp::tests::add_update_timestamp_function_dep_column::case_2 ... ok
[INFO] [stdout] test migration::user::m20240723_070533_add_user_account_management_fields::tests::alter_table_add_columns ... ok
[INFO] [stdout] test migration::user::m20240723_070533_add_user_account_management_fields::tests::alter_table_drop_columns ... ok
[INFO] [stdout] test migration::timestamp::tests::add_update_timestamp_trigger::case_1 ... ok
[INFO] [stdout] test migration::user::m20241226_203420_email_change_validation_timestamps::tests::alter_table_add_columns ... ok
[INFO] [stdout] test migration::user::m20240729_000812_password_updated_at::tests::drop_column ... ok
[INFO] [stdout] test migration::user::m20241226_080735_pending_email::tests::alter_table_add_columns ... ok
[INFO] [stdout] test migration::user::m20241226_203420_email_change_validation_timestamps::tests::alter_table_drop_columns ... ok
[INFO] [stdout] test migration::uuid::tests::create_uuid_ossp_extension ... ok
[INFO] [stdout] test migration::uuid::tests::drop_uuid_ossp_extension ... ok
[INFO] [stdout] test migration::user::tests::user_migrator_migrations_no_int_pk ... ok
[INFO] [stdout] test migration::timestamp::tests::drop_update_timestamp_function::case_2 ... ok
[INFO] [stdout] test service::http::builder::tests::initializer ... ok
[INFO] [stdout] test migration::user::tests::user_migrator_migrations ... ok
[INFO] [stdout] test migration::user::m20241226_080735_pending_email::tests::alter_table_drop_columns ... ok
[INFO] [stdout] test service::http::builder::tests::middleware ... ok
[INFO] [stdout] test config::environment::tests::environment_to_static_str::case_4 ... ok
[INFO] [stdout] test service::http::builder::tests::initializer_not_enabled ... ok
[INFO] [stdout] test service::http::builder::tests::middleware_not_enabled ... ok
[INFO] [stdout] test migration::user::m20241022_072216_case_insensitive_username_email::tests::up_statements::case_2 ... ok
[INFO] [stdout] test migration::timestamp::tests::drop_update_timestamp_trigger::case_1 ... ok
[INFO] [stdout] test service::http::middleware::cache_control::tests::enabled::case_1 ... ok
[INFO] [stdout] test service::http::middleware::cache_control::tests::enabled::case_3 ... ok
[INFO] [stdout] test migration::user::m20241022_072216_case_insensitive_username_email::tests::up_statements::case_1 ... ok
[INFO] [stdout] test service::http::middleware::cache_control::tests::enabled::case_2 ... ok
[INFO] [stdout] test service::http::builder::tests::initializer_already_registered - should panic ... ok
[INFO] [stdout] test service::http::middleware::cache_control::tests::priority::case_1 ... ok
[INFO] [stdout] test service::http::middleware::catch_panic::tests::enabled::case_1 ... ok
[INFO] [stdout] test service::http::initializer::default::tests::default_initializers::case_1 ... ok
[INFO] [stdout] test service::http::middleware::cache_control::tests::enabled::case_4 ... ok
[INFO] [stdout] test service::http::middleware::catch_panic::tests::priority::case_1 ... ok
[INFO] [stdout] test service::http::builder::tests::middleware_already_registered - should panic ... ok
[INFO] [stdout] test service::http::middleware::compression::tests::request_decompression_priority::case_1 ... ok
[INFO] [stdout] test service::http::middleware::compression::tests::response_compression_priority::case_2 ... ok
[INFO] [stdout] test service::http::middleware::compression::tests::response_compression_enabled::case_2 ... ok
[INFO] [stdout] test service::http::middleware::cache_control::tests::priority::case_2 ... ok
[INFO] [stdout] test service::http::middleware::compression::tests::request_decompression_enabled::case_2 ... ok
[INFO] [stdout] test service::http::middleware::compression::tests::response_compression_priority::case_1 ... ok
[INFO] [stdout] test service::http::initializer::default::tests::default_initializers::case_2 ... ok
[INFO] [stdout] test service::http::middleware::catch_panic::tests::priority::case_2 ... ok
[INFO] [stdout] test migration::user::m20241022_072216_case_insensitive_username_email::tests::up_statements::case_3 ... ok
[INFO] [stdout] test service::http::middleware::compression::tests::response_compression_enabled::case_1 ... ok
[INFO] [stdout] test migration::user::m20241022_072216_case_insensitive_username_email::tests::down_statements::case_1 ... ok
[INFO] [stdout] test service::http::middleware::compression::tests::request_decompression_priority::case_2 ... ok
[INFO] [stdout] test service::http::middleware::compression::tests::request_decompression_enabled::case_1 ... ok
[INFO] [stdout] test service::http::middleware::cors::tests::cors_enabled::case_1 ... ok
[INFO] [stdout] test migration::user::m20241022_072216_case_insensitive_username_email::tests::down_statements::case_2 ... ok
[INFO] [stdout] test migration::user::m20241022_072216_case_insensitive_username_email::tests::down_statements::case_3 ... ok
[INFO] [stdout] test service::http::middleware::catch_panic::tests::enabled::case_2 ... ok
[INFO] [stdout] test service::http::middleware::cors::tests::cors_enabled::case_2 ... ok
[INFO] [stdout] test service::http::middleware::cors::tests::cors_priority::case_2 ... ok
[INFO] [stdout] test service::http::middleware::cors::tests::cors_priority::case_1 ... ok
[INFO] [stdout] test service::http::middleware::cors::tests::deserialize_cors_allow_methods::case_1 ... ok
[INFO] [stdout] test service::http::middleware::cors::tests::deserialize_cors_allow_headers::case_1 ... ok
[INFO] [stdout] test service::http::middleware::cors::tests::deserialize_cors_allow_methods::case_3 ... ok
[INFO] [stdout] test service::http::middleware::cors::tests::deserialize_cors_allow_methods::case_2 ... ok
[INFO] [stdout] test service::http::middleware::cors::tests::deserialize_cors_allow_origins::case_4 ... ok
[INFO] [stdout] test service::http::middleware::cors::tests::deserialize_cors_allow_origins::case_3 ... ok
[INFO] [stdout] test service::http::middleware::cors::tests::deserialize_cors_allow_headers::case_3 ... ok
[INFO] [stdout] test service::http::middleware::cors::tests::deserialize_cors_expose_headers::case_2 ... ok
[INFO] [stdout] test service::http::middleware::cors::tests::deserialize_cors_allow_headers::case_2 ... ok
[INFO] [stdout] test service::http::middleware::etag::tests::enabled::case_1 ... ok
[INFO] [stdout] test service::http::middleware::cors::tests::deserialize_cors_allow_methods::case_4 ... ok
[INFO] [stdout] test service::http::middleware::cors::tests::deserialize_cors_allow_origins::case_1 ... ok
[INFO] [stdout] test service::http::middleware::etag::tests::enabled::case_2 ... ok
[INFO] [stdout] test service::http::middleware::cors::tests::deserialize_cors_expose_headers::case_1 ... ok
[INFO] [stdout] test service::http::middleware::request_id::tests::propagate_request_id_priority::case_2 ... ok
[INFO] [stdout] test service::http::middleware::request_id::tests::propagate_request_id_priority::case_1 ... ok
[INFO] [stdout] test service::http::middleware::request_id::tests::set_request_id_priority::case_1 ... ok
[INFO] [stdout] test service::http::middleware::etag::tests::priority::case_1 ... ok
[INFO] [stdout] test service::http::middleware::request_id::tests::propagate_request_id_enabled::case_1 ... ok
[INFO] [stdout] test service::http::middleware::request_id::tests::propagate_request_id_enabled::case_2 ... ok
[INFO] [stdout] test service::http::middleware::request_id::tests::set_request_id_enabled::case_2 ... ok
[INFO] [stdout] test service::http::middleware::request_id::tests::set_request_id_priority::case_2 ... ok
[INFO] [stdout] test service::http::middleware::etag::tests::priority::case_2 ... ok
[INFO] [stdout] test service::http::middleware::request_id::tests::set_request_id_enabled::case_1 ... ok
[INFO] [stdout] test service::http::middleware::size_limit::tests::size_limit_priority::case_1 ... ok
[INFO] [stdout] test service::http::middleware::cors::tests::deserialize_cors_allow_origins::case_2 ... ok
[INFO] [stdout] test service::http::middleware::sensitive_headers::tests::sensitive_request_headers_priority::case_2 ... ok
[INFO] [stdout] test service::http::middleware::sensitive_headers::tests::sensitive_response_headers_enabled::case_2 ... ok
[INFO] [stdout] test service::http::middleware::sensitive_headers::tests::sensitive_response_headers_enabled::case_1 ... ok
[INFO] [stdout] test service::http::middleware::sensitive_headers::tests::sensitive_request_headers_enabled::case_2 ... ok
[INFO] [stdout] test service::http::middleware::sensitive_headers::tests::sensitive_response_headers_priority::case_2 ... ok
[INFO] [stdout] test service::http::middleware::sensitive_headers::tests::sensitive_response_headers_priority::case_1 ... ok
[INFO] [stdout] test service::http::middleware::sensitive_headers::tests::sensitive_request_headers_enabled::case_1 ... ok
[INFO] [stdout] test service::http::middleware::sensitive_headers::tests::sensitive_request_headers_priority::case_1 ... ok
[INFO] [stdout] test service::http::middleware::tracing::req_res_logging::tests::should_log_content_type::case_01 ... ok
[INFO] [stdout] test service::http::middleware::size_limit::tests::size_limit_enabled::case_1 ... ok
[INFO] [stdout] test service::http::middleware::tracing::req_res_logging::tests::should_log_content_type::case_02 ... ok
[INFO] [stdout] test service::http::middleware::tracing::req_res_logging::tests::should_log_content_type::case_04 ... ok
[INFO] [stdout] test service::http::middleware::tracing::req_res_logging::tests::should_log_content_type::case_03 ... ok
[INFO] [stdout] test service::http::middleware::size_limit::tests::size_limit_enabled::case_2 ... ok
[INFO] [stdout] test service::http::middleware::tracing::req_res_logging::tests::should_log_content_type::case_07 ... ok
[INFO] [stdout] test service::http::middleware::tracing::req_res_logging::tests::should_log_content_type::case_05 ... ok
[INFO] [stdout] test service::http::middleware::tracing::req_res_logging::tests::should_log_content_type::case_08 ... ok
[INFO] [stdout] test service::http::middleware::tracing::req_res_logging::tests::should_log_content_type::case_09 ... ok
[INFO] [stdout] test service::http::middleware::tracing::req_res_logging::tests::should_log_content_type::case_10 ... ok
[INFO] [stdout] test service::http::middleware::tracing::req_res_logging::tests::should_log_content_type::case_11 ... ok
[INFO] [stdout] test service::http::middleware::tracing::req_res_logging::tests::should_log_content_type::case_12 ... ok
[INFO] [stdout] test service::http::middleware::tracing::req_res_logging::tests::should_log_content_type::case_13 ... ok
[INFO] [stdout] test service::http::middleware::tracing::req_res_logging::tests::should_log_content_type::case_06 ... ok
[INFO] [stdout] test service::http::middleware::size_limit::tests::size_limit_priority::case_2 ... ok
[INFO] [stdout] test service::http::middleware::tracing::req_res_logging::tests::should_log_content_type::case_14 ... ok
[INFO] [stdout] test service::http::middleware::tracing::req_res_logging::tests::should_log_content_type::case_17 ... ok
[INFO] [stdout] test service::http::middleware::tracing::req_res_logging::tests::should_log_content_type::case_15 ... ok
[INFO] [stdout] test service::http::middleware::timeout::tests::timeout_enabled::case_2 ... ok
[INFO] [stdout] test service::http::middleware::tracing::req_res_logging::tests::should_log_content_type::case_16 ... ok
[INFO] [stdout] test service::http::service::tests::list_routes ... ok
[INFO] [stdout] test service::http::middleware::timeout::tests::timeout_priority::case_2 ... ok
[INFO] [stdout] test service::http::middleware::tracing::req_res_logging::tests::enabled::case_2 ... ok
[INFO] [stdout] test service::http::middleware::tracing::req_res_logging::tests::priority::case_2 ... ok
[INFO] [stdout] test service::http::middleware::tracing::req_res_logging::tests::priority::case_1 ... ok
[INFO] [stdout] test service::http::middleware::default::tests::default_middleware::case_2 ... ok
[INFO] [stdout] test service::http::middleware::timeout::tests::timeout_priority::case_1 ... ok
[INFO] [stdout] test service::http::middleware::default::tests::default_middleware::case_1 ... ok
[INFO] [stdout] test service::registry::tests::register_service::case_2 ... ok
[INFO] [stdout] test service::registry::tests::register_builder::case_3 ... ok
[INFO] [stdout] test service::registry::tests::register_builder::case_2 ... ok
[INFO] [stdout] test service::http::middleware::timeout::tests::timeout_enabled::case_1 ... ok
[INFO] [stdout] test service::http::middleware::tracing::tests::tracing_priority::case_2 ... ok
[INFO] [stdout] test service::http::middleware::tracing::tests::tracing_enabled::case_2 ... ok
[INFO] [stdout] test service::http::middleware::tracing::tests::tracing_priority::case_1 ... ok
[INFO] [stdout] test service::registry::tests::register_builder::case_4 ... ok
[INFO] [stdout] test service::registry::tests::register_service::case_1 ... ok
[INFO] [stdout] test service::http::middleware::tracing::tests::tracing_enabled::case_1 ... ok
[INFO] [stdout] test service::http::middleware::tracing::req_res_logging::tests::enabled::case_1 ... ok
[INFO] [stdout] test service::registry::tests::register_builder::case_1 ... ok
[INFO] [stdout] test service::worker::sidekiq::service::tests::enabled::case_1 ... ok
[INFO] [stdout] test service::worker::sidekiq::builder::tests::register_app_worker::case_1 ... ok
[INFO] [stdout] test service::worker::sidekiq::builder::tests::clean_up_periodic_jobs_already_registered::case_1 ... ok
[INFO] [stdout] test service::worker::sidekiq::builder::tests::register_periodic_app_worker::case_1 ... ok
[INFO] [stdout] test service::worker::sidekiq::builder::tests::register_periodic_app_worker::case_2 ... ok
[INFO] [stdout] test service::worker::sidekiq::builder::tests::register_app_worker::case_2 ... ok
[INFO] [stdout] test service::worker::sidekiq::builder::tests::clean_up_periodic_jobs_already_registered::case_2 ... ok
[INFO] [stdout] test service::worker::sidekiq::app_worker::deserialize_tests::app_worker::case_7 ... ok
[INFO] [stdout] test service::worker::sidekiq::app_worker::deserialize_tests::app_worker::case_1 ... ok
[INFO] [stdout] test service::worker::sidekiq::app_worker::deserialize_tests::app_worker::case_4 ... ok
[INFO] [stdout] test service::worker::sidekiq::app_worker::deserialize_tests::app_worker::case_6 ... ok
[INFO] [stdout] test service::worker::sidekiq::app_worker::deserialize_tests::app_worker::case_5 ... ok
[INFO] [stdout] test service::worker::sidekiq::app_worker::deserialize_tests::app_worker::case_2 ... ok
[INFO] [stdout] test service::worker::sidekiq::service::tests::enabled::case_3 ... ok
[INFO] [stdout] test service::worker::sidekiq::app_worker::deserialize_tests::app_worker::case_3 ... ok
[INFO] [stdout] test service::worker::sidekiq::service::tests::remove_stale_periodic_jobs::case_3 ... ok
[INFO] [stdout] test service::worker::sidekiq::service::tests::remove_stale_periodic_jobs::case_1 ... ok
[INFO] [stdout] test service::worker::sidekiq::service::tests::enabled::case_2 ... ok
[INFO] [stdout] test service::worker::sidekiq::service::tests::enabled::case_4 ... ok
[INFO] [stdout] test service::worker::sidekiq::service::tests::enabled::case_6 ... ok
[INFO] [stdout] test service::worker::sidekiq::service::tests::enabled::case_5 ... ok
[INFO] [stdout] test service::worker::sidekiq::service::tests::remove_stale_periodic_jobs::case_2 ... ok
[INFO] [stdout] test service::worker::sidekiq::service::tests::enabled::case_7 ... ok
[INFO] [stdout] test service::worker::sidekiq::service::tests::remove_stale_periodic_jobs::case_4 ... ok
[INFO] [stdout] test service::worker::sidekiq::service::tests::remove_stale_periodic_jobs::case_6 ... ok
[INFO] [stdout] test testing::snapshot::tests::bearer_token::case_4 ... ok
[INFO] [stdout] test service::worker::sidekiq::service::tests::remove_stale_periodic_jobs::case_5 ... ok
[INFO] [stdout] test testing::snapshot::tests::description::case_2_rstest_description ... ok
[INFO] [stdout] test testing::snapshot::tests::bearer_token::case_2 ... ok
[INFO] [stdout] test testing::snapshot::tests::bearer_token::case_5 ... ok
[INFO] [stdout] test testing::snapshot::tests::bearer_token::case_3 ... ok
[INFO] [stdout] test service::worker::sidekiq::builder::tests::register_app_worker_register_twice - should panic ... ok
[INFO] [stdout] test testing::snapshot::tests::description_from_thread_name::case_4 ... ok
[INFO] [stdout] test testing::snapshot::tests::bind_scope::case_2 ... ok
[INFO] [stdout] test testing::snapshot::tests::description_from_thread_name::case_5 ... ok
[INFO] [stdout] test testing::snapshot::tests::postgres_uri::case_6 ... ok
[INFO] [stdout] test testing::snapshot::tests::bearer_token::case_1 ... ok
[INFO] [stdout] test testing::snapshot::tests::bind_scope::case_1 ... ok
[INFO] [stdout] test testing::snapshot::tests::redis_uri::case_1 ... ok
[INFO] [stdout] test testing::snapshot::tests::description::case_1 ... ok
[INFO] [stdout] test testing::snapshot::tests::redis_uri::case_3 ... ok
[INFO] [stdout] test testing::snapshot::tests::description::case_3 ... ok
[INFO] [stdout] test testing::snapshot::tests::description_from_thread_name::case_1 ... ok
[INFO] [stdout] test testing::snapshot::tests::bind_scope::case_3 ... ok
[INFO] [stdout] test testing::snapshot::tests::description_from_thread_name::case_3 ... ok
[INFO] [stdout] test testing::snapshot::tests::description_from_thread_name::case_2 ... ok
[INFO] [stdout] test testing::snapshot::tests::postgres_uri::case_3 ... ok
[INFO] [stdout] test testing::snapshot::tests::postgres_uri::case_2 ... ok
[INFO] [stdout] test testing::snapshot::tests::postgres_uri::case_4 ... ok
[INFO] [stdout] test testing::snapshot::tests::redis_uri::case_2 ... ok
[INFO] [stdout] test util::serde::tests::default_true_returns_true ... ok
[INFO] [stdout] test testing::snapshot::tests::postgres_uri::case_1 ... ok
[INFO] [stdout] test testing::snapshot::tests::smtp_uri::case_2 ... ok
[INFO] [stdout] test util::serde::tests::deserialize_uri_or_string_as_string ... ok
[INFO] [stdout] test testing::snapshot::tests::smtp_uri::case_1 ... ok
[INFO] [stdout] test testing::snapshot::tests::postgres_uri::case_5 ... ok
[INFO] [stdout] test util::serde::tests::deserialize_uri_or_string_as_uri ... ok
[INFO] [stdout] test util::serde::tests::uri_or_string_uri_variant_to_string ... ok
[INFO] [stdout] test testing::snapshot::tests::redis_uri::case_6 ... ok
[INFO] [stdout] test util::serde::tests::serialize_uri_as_string ... ok
[INFO] [stdout] test testing::snapshot::tests::smtp_uri::case_3 ... ok
[INFO] [stdout] test util::serde::tests::uri_or_string_string_variant_to_string ... ok
[INFO] [stdout] test testing::snapshot::tests::redis_uri::case_4 ... ok
[INFO] [stdout] test testing::snapshot::tests::smtp_uri::case_4 ... ok
[INFO] [stdout] test testing::snapshot::tests::uuid ... ok
[INFO] [stdout] test testing::snapshot::tests::redis_uri::case_5 ... ok
[INFO] [stdout] test testing::snapshot::tests::smtp_uri::case_5 ... ok
[INFO] [stdout] test testing::snapshot::tests::smtp_uri::case_6 ... ok
[INFO] [stdout] test api::cli::tests::parse_cli::case_6_list_routes ... FAILED
[INFO] [stdout] 
[INFO] [stdout] failures:
[INFO] [stdout] 
[INFO] [stdout] ---- api::cli::tests::parse_cli::case_6_list_routes stdout ----
[INFO] [stdout] ━━━━━━━━━━━━━━━━━━━━━━━━━━━━━━━ Snapshot Summary ━━━━━━━━━━━━━━━━━━━━━━━━━━━━━━━
[INFO] [stdout] Snapshot file: src/api/cli/snapshots/roadster__api__cli__tests__parse_cli@list_routes-2.snap
[INFO] [stdout] Snapshot: parse_cli@list_routes-2
[INFO] [stdout] Source: src/api/cli/mod.rs:205
[INFO] [stdout] ────────────────────────────────────────────────────────────────────────────────
[INFO] [stdout] Expression: roadster_cli
[INFO] [stdout] ────────────────────────────────────────────────────────────────────────────────
[INFO] [stdout] +new results
[INFO] [stdout] ────────────┬───────────────────────────────────────────────────────────────────
[INFO] [stdout]           0 │+skip_validate_config = false
[INFO] [stdout]           1 │+allow_dangerous = false
[INFO] [stdout]           2 │+
[INFO] [stdout]           3 │+[command]
[INFO] [stdout]           4 │+type = 'Roadster'
[INFO] [stdout]           5 │+
[INFO] [stdout]           6 │+[command.command]
[INFO] [stdout]           7 │+type = 'ListRoutes'
[INFO] [stdout] ────────────┴───────────────────────────────────────────────────────────────────
[INFO] [stdout] 
[INFO] [stdout] thread 'api::cli::tests::parse_cli::case_6_list_routes' panicked at src/api/cli/mod.rs:205:9:
[INFO] [stdout] called `Result::unwrap()` on an `Err` value: FileIo(Os { code: 30, kind: ReadOnlyFilesystem, message: "Read-only file system" }, "/opt/rustwide/workdir/src/api/cli/snapshots/roadster__api__cli__tests__parse_cli@list_routes-2.snap.new")
[INFO] [stdout] stack backtrace:
[INFO] [stdout]    0:     0x55f29f4a6f4a - std::backtrace_rs::backtrace::libunwind::trace::hb059275cfc8d6126
[INFO] [stdout]                                at /rustc/6067b36314ab5eb2eb47cecc464545ba58e1ad24/library/std/src/../../backtrace/src/backtrace/libunwind.rs:116:5
[INFO] [stdout]    1:     0x55f29f4a6f4a - std::backtrace_rs::backtrace::trace_unsynchronized::h2da071e4327ce3ee
[INFO] [stdout]                                at /rustc/6067b36314ab5eb2eb47cecc464545ba58e1ad24/library/std/src/../../backtrace/src/backtrace/mod.rs:66:5
[INFO] [stdout]    2:     0x55f29f4a6f4a - std::sys::backtrace::_print_fmt::h842a1474e6f8d23f
[INFO] [stdout]                                at /rustc/6067b36314ab5eb2eb47cecc464545ba58e1ad24/library/std/src/sys/backtrace.rs:66:9
[INFO] [stdout]    3:     0x55f29f4a6f4a - <std::sys::backtrace::BacktraceLock::print::DisplayBacktrace as core::fmt::Display>::fmt::h71a62eb3b9696b12
[INFO] [stdout]                                at /rustc/6067b36314ab5eb2eb47cecc464545ba58e1ad24/library/std/src/sys/backtrace.rs:39:26
[INFO] [stdout]    4:     0x55f29f4d5a23 - core::fmt::rt::Argument::fmt::hdb6b616786b41dc1
[INFO] [stdout]                                at /rustc/6067b36314ab5eb2eb47cecc464545ba58e1ad24/library/core/src/fmt/rt.rs:177:76
[INFO] [stdout]    5:     0x55f29f4d5a23 - core::fmt::write::h2cc1698af7e2d686
[INFO] [stdout]                                at /rustc/6067b36314ab5eb2eb47cecc464545ba58e1ad24/library/core/src/fmt/mod.rs:1440:21
[INFO] [stdout]    6:     0x55f29f4a1ba3 - std::io::Write::write_fmt::hab1b4cd059a79022
[INFO] [stdout]                                at /rustc/6067b36314ab5eb2eb47cecc464545ba58e1ad24/library/std/src/io/mod.rs:1887:15
[INFO] [stdout]    7:     0x55f29f4a6d92 - std::sys::backtrace::BacktraceLock::print::h147fe35b4ea13b08
[INFO] [stdout]                                at /rustc/6067b36314ab5eb2eb47cecc464545ba58e1ad24/library/std/src/sys/backtrace.rs:42:9
[INFO] [stdout]    8:     0x55f29f4a836f - std::panicking::default_hook::{{closure}}::hbd44223dbdc0d208
[INFO] [stdout]                                at /rustc/6067b36314ab5eb2eb47cecc464545ba58e1ad24/library/std/src/panicking.rs:298:22
[INFO] [stdout]    9:     0x55f29f4a8188 - std::panicking::default_hook::h20f81eb0576efcec
[INFO] [stdout]                                at /rustc/6067b36314ab5eb2eb47cecc464545ba58e1ad24/library/std/src/panicking.rs:322:9
[INFO] [stdout]   10:     0x55f29e6699e3 - <alloc::boxed::Box<F,A> as core::ops::function::Fn<Args>>::call::hdb53814c496a4d34
[INFO] [stdout]                                at /rustc/6067b36314ab5eb2eb47cecc464545ba58e1ad24/library/alloc/src/boxed.rs:2027:9
[INFO] [stdout]   11:     0x55f29e6699e3 - test::test_main::{{closure}}::hc0a4963c59427c24
[INFO] [stdout]                                at /rustc/6067b36314ab5eb2eb47cecc464545ba58e1ad24/library/test/src/lib.rs:134:21
[INFO] [stdout]   12:     0x55f29f4a8e63 - <alloc::boxed::Box<F,A> as core::ops::function::Fn<Args>>::call::h591b2225413a77e9
[INFO] [stdout]                                at /rustc/6067b36314ab5eb2eb47cecc464545ba58e1ad24/library/alloc/src/boxed.rs:2027:9
[INFO] [stdout]   13:     0x55f29f4a8e63 - std::panicking::rust_panic_with_hook::h625eea43051b2edc
[INFO] [stdout]                                at /rustc/6067b36314ab5eb2eb47cecc464545ba58e1ad24/library/std/src/panicking.rs:839:13
[INFO] [stdout]   14:     0x55f29f4a8b1a - std::panicking::begin_panic_handler::{{closure}}::h4f9159cfbc3f6bd3
[INFO] [stdout]                                at /rustc/6067b36314ab5eb2eb47cecc464545ba58e1ad24/library/std/src/panicking.rs:704:13
[INFO] [stdout]   15:     0x55f29f4a7449 - std::sys::backtrace::__rust_end_short_backtrace::h0390abce48353151
[INFO] [stdout]                                at /rustc/6067b36314ab5eb2eb47cecc464545ba58e1ad24/library/std/src/sys/backtrace.rs:168:18
[INFO] [stdout]   16:     0x55f29f4a87ad - rust_begin_unwind
[INFO] [stdout]                                at /rustc/6067b36314ab5eb2eb47cecc464545ba58e1ad24/library/std/src/panicking.rs:695:5
[INFO] [stdout]   17:     0x55f29f4d2a90 - core::panicking::panic_fmt::h9e7c637e9e5f29c9
[INFO] [stdout]                                at /rustc/6067b36314ab5eb2eb47cecc464545ba58e1ad24/library/core/src/panicking.rs:75:14
[INFO] [stdout]   18:     0x55f29f4d2f66 - core::result::unwrap_failed::h7979f09313fe1849
[INFO] [stdout]                                at /rustc/6067b36314ab5eb2eb47cecc464545ba58e1ad24/library/core/src/result.rs:1704:5
[INFO] [stdout]   19:     0x55f29e4fa606 - core::result::Result<T,E>::unwrap::h16dc425d25d8f6de
[INFO] [stdout]                                at /rustc/6067b36314ab5eb2eb47cecc464545ba58e1ad24/library/core/src/result.rs:1109:23
[INFO] [stdout]   20:     0x55f29e4fa606 - roadster::api::cli::tests::parse_cli::h9160ae9d45ec81fd
[INFO] [stdout]                                at /opt/rustwide/workdir/src/api/cli/mod.rs:205:9
[INFO] [stdout]   21:     0x55f29e205507 - roadster::api::cli::tests::parse_cli::case_6_list_routes::hf155b36866f4056e
[INFO] [stdout]                                at /opt/rustwide/workdir/src/api/cli/mod.rs:168:5
[INFO] [stdout]   22:     0x55f29e2054a7 - roadster::api::cli::tests::parse_cli::case_6_list_routes::{{closure}}::hd2117349cba931ee
[INFO] [stdout]                                at /opt/rustwide/workdir/src/api/cli/mod.rs:168:14
[INFO] [stdout]   23:     0x55f29e359206 - core::ops::function::FnOnce::call_once::h816fb16cc4bf45ae
[INFO] [stdout]                                at /rustc/6067b36314ab5eb2eb47cecc464545ba58e1ad24/library/core/src/ops/function.rs:250:5
[INFO] [stdout]   24:     0x55f29e66f13b - core::ops::function::FnOnce::call_once::he27718dfdd183f43
[INFO] [stdout]                                at /rustc/6067b36314ab5eb2eb47cecc464545ba58e1ad24/library/core/src/ops/function.rs:250:5
[INFO] [stdout]   25:     0x55f29e66f13b - test::__rust_begin_short_backtrace::h4e84902998457a5d
[INFO] [stdout]                                at /rustc/6067b36314ab5eb2eb47cecc464545ba58e1ad24/library/test/src/lib.rs:632:18
[INFO] [stdout]   26:     0x55f29e66e073 - test::run_test_in_process::{{closure}}::h7176fd18fc1feca0
[INFO] [stdout]                                at /rustc/6067b36314ab5eb2eb47cecc464545ba58e1ad24/library/test/src/lib.rs:655:60
[INFO] [stdout]   27:     0x55f29e66e073 - <core::panic::unwind_safe::AssertUnwindSafe<F> as core::ops::function::FnOnce<()>>::call_once::hf79cff2a624d8cf7
[INFO] [stdout]                                at /rustc/6067b36314ab5eb2eb47cecc464545ba58e1ad24/library/core/src/panic/unwind_safe.rs:272:9
[INFO] [stdout]   28:     0x55f29e66e073 - std::panicking::try::do_call::h3da0561d9ab99c25
[INFO] [stdout]                                at /rustc/6067b36314ab5eb2eb47cecc464545ba58e1ad24/library/std/src/panicking.rs:587:40
[INFO] [stdout]   29:     0x55f29e66e073 - std::panicking::try::h41c9fa508bc61df6
[INFO] [stdout]                                at /rustc/6067b36314ab5eb2eb47cecc464545ba58e1ad24/library/std/src/panicking.rs:550:19
[INFO] [stdout]   30:     0x55f29e66e073 - std::panic::catch_unwind::h6b3ff07bb5afad93
[INFO] [stdout]                                at /rustc/6067b36314ab5eb2eb47cecc464545ba58e1ad24/library/std/src/panic.rs:358:14
[INFO] [stdout]   31:     0x55f29e66e073 - test::run_test_in_process::hc7253dd11b39b9f4
[INFO] [stdout]                                at /rustc/6067b36314ab5eb2eb47cecc464545ba58e1ad24/library/test/src/lib.rs:655:27
[INFO] [stdout]   32:     0x55f29e66e073 - test::run_test::{{closure}}::hfb2007f8649c30bb
[INFO] [stdout]                                at /rustc/6067b36314ab5eb2eb47cecc464545ba58e1ad24/library/test/src/lib.rs:576:43
[INFO] [stdout]   33:     0x55f29e631155 - test::run_test::{{closure}}::h56a17aa7a282a9f4
[INFO] [stdout]                                at /rustc/6067b36314ab5eb2eb47cecc464545ba58e1ad24/library/test/src/lib.rs:606:41
[INFO] [stdout]   34:     0x55f29e631155 - std::sys::backtrace::__rust_begin_short_backtrace::hd2d2d2fb8e8c6aac
[INFO] [stdout]                                at /rustc/6067b36314ab5eb2eb47cecc464545ba58e1ad24/library/std/src/sys/backtrace.rs:152:18
[INFO] [stdout]   35:     0x55f29e634a3a - std::thread::Builder::spawn_unchecked_::{{closure}}::{{closure}}::h4faa3f9db6133423
[INFO] [stdout]                                at /rustc/6067b36314ab5eb2eb47cecc464545ba58e1ad24/library/std/src/thread/mod.rs:559:17
[INFO] [stdout]   36:     0x55f29e634a3a - <core::panic::unwind_safe::AssertUnwindSafe<F> as core::ops::function::FnOnce<()>>::call_once::hf2e855a36a4ea846
[INFO] [stdout]                                at /rustc/6067b36314ab5eb2eb47cecc464545ba58e1ad24/library/core/src/panic/unwind_safe.rs:272:9
[INFO] [stdout]   37:     0x55f29e634a3a - std::panicking::try::do_call::h2f73af3616c35465
[INFO] [stdout]                                at /rustc/6067b36314ab5eb2eb47cecc464545ba58e1ad24/library/std/src/panicking.rs:587:40
[INFO] [stdout]   38:     0x55f29e634a3a - std::panicking::try::hd1660ce9efadef5a
[INFO] [stdout]                                at /rustc/6067b36314ab5eb2eb47cecc464545ba58e1ad24/library/std/src/panicking.rs:550:19
[INFO] [stdout]   39:     0x55f29e634a3a - std::panic::catch_unwind::h5ee8d7823b8ca744
[INFO] [stdout]                                at /rustc/6067b36314ab5eb2eb47cecc464545ba58e1ad24/library/std/src/panic.rs:358:14
[INFO] [stdout]   40:     0x55f29e634a3a - std::thread::Builder::spawn_unchecked_::{{closure}}::h53c3a1894dce8407
[INFO] [stdout]                                at /rustc/6067b36314ab5eb2eb47cecc464545ba58e1ad24/library/std/src/thread/mod.rs:557:30
[INFO] [stdout]   41:     0x55f29e634a3a - core::ops::function::FnOnce::call_once{{vtable.shim}}::h048ce291ad4f62bf
[INFO] [stdout]                                at /rustc/6067b36314ab5eb2eb47cecc464545ba58e1ad24/library/core/src/ops/function.rs:250:5
[INFO] [stdout]   42:     0x55f29f4adb5b - <alloc::boxed::Box<F,A> as core::ops::function::FnOnce<Args>>::call_once::ha52bedf99a3b4981
[INFO] [stdout]                                at /rustc/6067b36314ab5eb2eb47cecc464545ba58e1ad24/library/alloc/src/boxed.rs:2013:9
[INFO] [stdout]   43:     0x55f29f4adb5b - <alloc::boxed::Box<F,A> as core::ops::function::FnOnce<Args>>::call_once::h567748934d80ccf8
[INFO] [stdout]                                at /rustc/6067b36314ab5eb2eb47cecc464545ba58e1ad24/library/alloc/src/boxed.rs:2013:9
[INFO] [stdout]   44:     0x55f29f4adb5b - std::sys::pal::unix::thread::Thread::new::thread_start::h2d970728ae887adc
[INFO] [stdout]                                at /rustc/6067b36314ab5eb2eb47cecc464545ba58e1ad24/library/std/src/sys/pal/unix/thread.rs:106:17
[INFO] [stdout]   45:     0x77d6e4a92ac3 - <unknown>
[INFO] [stdout]   46:     0x77d6e4b23a04 - clone
[INFO] [stdout]   47:                0x0 - <unknown>
[INFO] [stdout] 
[INFO] [stdout] 
[INFO] [stdout] failures:
[INFO] [stdout]     api::cli::tests::parse_cli::case_6_list_routes
[INFO] [stdout] 
[INFO] [stdout] test result: FAILED. 370 passed; 1 failed; 0 ignored; 0 measured; 0 filtered out; finished in 3.58s
[INFO] [stdout] 
[INFO] [stderr] error: test failed, to rerun pass `--lib`
[INFO] running `Command { std: "docker" "inspect" "f882859033f836014cfb40cf76d4cde0548ec59c5beed42d854e6489bf18f028", kill_on_drop: false }`
[INFO] running `Command { std: "docker" "rm" "-f" "f882859033f836014cfb40cf76d4cde0548ec59c5beed42d854e6489bf18f028", kill_on_drop: false }`
[INFO] [stdout] f882859033f836014cfb40cf76d4cde0548ec59c5beed42d854e6489bf18f028
