[INFO] fetching crate rmatrix_ks 0.5.5...
[INFO] testing rmatrix_ks-0.5.5 against nightly-2025-01-18 for randomize-layout-2
[INFO] extracting crate rmatrix_ks 0.5.5 into /workspace/builds/worker-2-tc1/source
[INFO] validating manifest of crates.io crate rmatrix_ks 0.5.5 on toolchain nightly-2025-01-18
[INFO] running `Command { std: CARGO_HOME="/workspace/cargo-home" RUSTUP_HOME="/workspace/rustup-home" "/workspace/cargo-home/bin/cargo" "+nightly-2025-01-18" "metadata" "--manifest-path" "Cargo.toml" "--no-deps", kill_on_drop: false }`
[INFO] started tweaking crates.io crate rmatrix_ks 0.5.5
[INFO] removed 0 missing examples
[INFO] finished tweaking crates.io crate rmatrix_ks 0.5.5
[INFO] tweaked toml for crates.io crate rmatrix_ks 0.5.5 written to /workspace/builds/worker-2-tc1/source/Cargo.toml
[INFO] crate crates.io crate rmatrix_ks 0.5.5 already has a lockfile, it will not be regenerated
[INFO] running `Command { std: CARGO_HOME="/workspace/cargo-home" RUSTUP_HOME="/workspace/rustup-home" "/workspace/cargo-home/bin/cargo" "+nightly-2025-01-18" "fetch" "--manifest-path" "Cargo.toml", kill_on_drop: false }`
[INFO] [stderr]     Blocking waiting for file lock on package cache
[INFO] running `Command { std: "docker" "create" "-v" "/var/lib/crater-agent-workspace/builds/worker-2-tc1/target:/opt/rustwide/target:rw,Z" "-v" "/var/lib/crater-agent-workspace/builds/worker-2-tc1/source:/opt/rustwide/workdir:ro,Z" "-v" "/var/lib/crater-agent-workspace/cargo-home:/opt/rustwide/cargo-home:ro,Z" "-v" "/var/lib/crater-agent-workspace/rustup-home:/opt/rustwide/rustup-home:ro,Z" "-e" "SOURCE_DIR=/opt/rustwide/workdir" "-e" "CARGO_TARGET_DIR=/opt/rustwide/target" "-e" "CARGO_HOME=/opt/rustwide/cargo-home" "-e" "RUSTUP_HOME=/opt/rustwide/rustup-home" "-w" "/opt/rustwide/workdir" "-m" "1610612736" "--user" "0:0" "--network" "none" "ghcr.io/rust-lang/crates-build-env/linux@sha256:819108c5571ea2e421544af4d832f968d213c87fbe3707a016657f43d2f853bc" "/opt/rustwide/cargo-home/bin/cargo" "+nightly-2025-01-18" "metadata" "--no-deps" "--format-version=1", kill_on_drop: false }`
[INFO] [stdout] d882ae377f68e126bbb09b536ee58f29711b86da0341597de6bdc4efc50256c1
[INFO] running `Command { std: "docker" "start" "-a" "d882ae377f68e126bbb09b536ee58f29711b86da0341597de6bdc4efc50256c1", kill_on_drop: false }`
[INFO] running `Command { std: "docker" "inspect" "d882ae377f68e126bbb09b536ee58f29711b86da0341597de6bdc4efc50256c1", kill_on_drop: false }`
[INFO] running `Command { std: "docker" "rm" "-f" "d882ae377f68e126bbb09b536ee58f29711b86da0341597de6bdc4efc50256c1", kill_on_drop: false }`
[INFO] [stdout] d882ae377f68e126bbb09b536ee58f29711b86da0341597de6bdc4efc50256c1
[INFO] running `Command { std: "docker" "create" "-v" "/var/lib/crater-agent-workspace/builds/worker-2-tc1/target:/opt/rustwide/target:rw,Z" "-v" "/var/lib/crater-agent-workspace/builds/worker-2-tc1/source:/opt/rustwide/workdir:ro,Z" "-v" "/var/lib/crater-agent-workspace/cargo-home:/opt/rustwide/cargo-home:ro,Z" "-v" "/var/lib/crater-agent-workspace/rustup-home:/opt/rustwide/rustup-home:ro,Z" "-e" "SOURCE_DIR=/opt/rustwide/workdir" "-e" "CARGO_TARGET_DIR=/opt/rustwide/target" "-e" "CARGO_INCREMENTAL=0" "-e" "RUST_BACKTRACE=full" "-e" "RUSTFLAGS=--cap-lints=forbid" "-e" "RUSTDOCFLAGS=--cap-lints=forbid" "-e" "CARGO_HOME=/opt/rustwide/cargo-home" "-e" "RUSTUP_HOME=/opt/rustwide/rustup-home" "-w" "/opt/rustwide/workdir" "-m" "1610612736" "--user" "0:0" "--network" "none" "ghcr.io/rust-lang/crates-build-env/linux@sha256:819108c5571ea2e421544af4d832f968d213c87fbe3707a016657f43d2f853bc" "/opt/rustwide/cargo-home/bin/cargo" "+nightly-2025-01-18" "build" "--frozen" "--message-format=json", kill_on_drop: false }`
[INFO] [stdout] 983c968b17e76254dfa23e9573c0c0a301375b0834b0923b4d3e1d8484e6ab72
[INFO] running `Command { std: "docker" "start" "-a" "983c968b17e76254dfa23e9573c0c0a301375b0834b0923b4d3e1d8484e6ab72", kill_on_drop: false }`
[INFO] [stderr]    Compiling crossbeam-utils v0.8.21
[INFO] [stderr]    Compiling libc v0.2.155
[INFO] [stderr]    Compiling cfg-if v1.0.0
[INFO] [stderr]    Compiling rayon-core v1.12.1
[INFO] [stderr]    Compiling memchr v2.7.4
[INFO] [stderr]    Compiling ppv-lite86 v0.2.17
[INFO] [stderr]    Compiling regex-syntax v0.8.5
[INFO] [stderr]    Compiling either v1.13.0
[INFO] [stderr]    Compiling aho-corasick v1.1.3
[INFO] [stderr]    Compiling crossbeam-epoch v0.9.18
[INFO] [stderr]    Compiling crossbeam-deque v0.8.6
[INFO] [stderr]    Compiling getrandom v0.2.15
[INFO] [stderr]    Compiling rand_core v0.6.4
[INFO] [stderr]    Compiling rand_chacha v0.3.1
[INFO] [stderr]    Compiling rayon v1.10.0
[INFO] [stderr]    Compiling rand v0.8.5
[INFO] [stderr]    Compiling regex-automata v0.4.8
[INFO] [stderr]    Compiling regex v1.11.1
[INFO] [stderr]    Compiling rmatrix_ks v0.5.5 (/opt/rustwide/workdir)
[INFO] [stderr]     Finished `dev` profile [unoptimized + debuginfo] target(s) in 17.33s
[INFO] running `Command { std: "docker" "inspect" "983c968b17e76254dfa23e9573c0c0a301375b0834b0923b4d3e1d8484e6ab72", kill_on_drop: false }`
[INFO] running `Command { std: "docker" "rm" "-f" "983c968b17e76254dfa23e9573c0c0a301375b0834b0923b4d3e1d8484e6ab72", kill_on_drop: false }`
[INFO] [stdout] 983c968b17e76254dfa23e9573c0c0a301375b0834b0923b4d3e1d8484e6ab72
[INFO] running `Command { std: "docker" "create" "-v" "/var/lib/crater-agent-workspace/builds/worker-2-tc1/target:/opt/rustwide/target:rw,Z" "-v" "/var/lib/crater-agent-workspace/builds/worker-2-tc1/source:/opt/rustwide/workdir:ro,Z" "-v" "/var/lib/crater-agent-workspace/cargo-home:/opt/rustwide/cargo-home:ro,Z" "-v" "/var/lib/crater-agent-workspace/rustup-home:/opt/rustwide/rustup-home:ro,Z" "-e" "SOURCE_DIR=/opt/rustwide/workdir" "-e" "CARGO_TARGET_DIR=/opt/rustwide/target" "-e" "CARGO_INCREMENTAL=0" "-e" "RUST_BACKTRACE=full" "-e" "RUSTFLAGS=--cap-lints=forbid" "-e" "RUSTDOCFLAGS=--cap-lints=forbid" "-e" "CARGO_HOME=/opt/rustwide/cargo-home" "-e" "RUSTUP_HOME=/opt/rustwide/rustup-home" "-w" "/opt/rustwide/workdir" "-m" "1610612736" "--user" "0:0" "--network" "none" "ghcr.io/rust-lang/crates-build-env/linux@sha256:819108c5571ea2e421544af4d832f968d213c87fbe3707a016657f43d2f853bc" "/opt/rustwide/cargo-home/bin/cargo" "+nightly-2025-01-18" "test" "--frozen" "--no-run" "--message-format=json", kill_on_drop: false }`
[INFO] [stdout] 6ac7e8c066a679bf3e6ae9a4fc80744927462c3c14fb5478fefbbe69efd0ad25
[INFO] running `Command { std: "docker" "start" "-a" "6ac7e8c066a679bf3e6ae9a4fc80744927462c3c14fb5478fefbbe69efd0ad25", kill_on_drop: false }`
[INFO] [stderr]    Compiling rmatrix_ks v0.5.5 (/opt/rustwide/workdir)
[INFO] [stderr]     Finished `test` profile [unoptimized + debuginfo] target(s) in 1.82s
[INFO] running `Command { std: "docker" "inspect" "6ac7e8c066a679bf3e6ae9a4fc80744927462c3c14fb5478fefbbe69efd0ad25", kill_on_drop: false }`
[INFO] running `Command { std: "docker" "rm" "-f" "6ac7e8c066a679bf3e6ae9a4fc80744927462c3c14fb5478fefbbe69efd0ad25", kill_on_drop: false }`
[INFO] [stdout] 6ac7e8c066a679bf3e6ae9a4fc80744927462c3c14fb5478fefbbe69efd0ad25
[INFO] running `Command { std: "docker" "create" "-v" "/var/lib/crater-agent-workspace/builds/worker-2-tc1/target:/opt/rustwide/target:rw,Z" "-v" "/var/lib/crater-agent-workspace/builds/worker-2-tc1/source:/opt/rustwide/workdir:ro,Z" "-v" "/var/lib/crater-agent-workspace/cargo-home:/opt/rustwide/cargo-home:ro,Z" "-v" "/var/lib/crater-agent-workspace/rustup-home:/opt/rustwide/rustup-home:ro,Z" "-e" "SOURCE_DIR=/opt/rustwide/workdir" "-e" "CARGO_TARGET_DIR=/opt/rustwide/target" "-e" "CARGO_INCREMENTAL=0" "-e" "RUST_BACKTRACE=full" "-e" "RUSTFLAGS=--cap-lints=forbid" "-e" "RUSTDOCFLAGS=--cap-lints=forbid" "-e" "CARGO_HOME=/opt/rustwide/cargo-home" "-e" "RUSTUP_HOME=/opt/rustwide/rustup-home" "-w" "/opt/rustwide/workdir" "-m" "1610612736" "--user" "0:0" "--network" "none" "ghcr.io/rust-lang/crates-build-env/linux@sha256:819108c5571ea2e421544af4d832f968d213c87fbe3707a016657f43d2f853bc" "/opt/rustwide/cargo-home/bin/cargo" "+nightly-2025-01-18" "test" "--frozen", kill_on_drop: false }`
[INFO] [stdout] 9148643e3cd83447833760f498bfbdc673e2fa6f1442c677dde13f561e3a20d6
[INFO] running `Command { std: "docker" "start" "-a" "9148643e3cd83447833760f498bfbdc673e2fa6f1442c677dde13f561e3a20d6", kill_on_drop: false }`
[INFO] [stderr]     Finished `test` profile [unoptimized + debuginfo] target(s) in 0.05s
[INFO] [stderr]      Running unittests src/lib.rs (/opt/rustwide/target/debug/deps/rmatrix_ks-59c22a9aa9ea7be0)
[INFO] [stdout] 
[INFO] [stdout] running 0 tests
[INFO] [stderr]    Doc-tests rmatrix_ks
[INFO] [stdout] 
[INFO] [stdout] test result: ok. 0 passed; 0 failed; 0 ignored; 0 measured; 0 filtered out; finished in 0.00s
[INFO] [stdout] 
[INFO] [stdout] 
[INFO] [stdout] running 181 tests
[INFO] [stdout] test src/matrix/complex.rs - matrix::complex::induced_l1_matrix_norm (line 630) ... ok
[INFO] [stdout] test src/matrix/complex.rs - matrix::complex::dot_product (line 266) ... ok
[INFO] [stdout] test src/matrix/complex.rs - matrix::complex::euclidean_norm (line 522) ... ok
[INFO] [stdout] test src/matrix/complex.rs - matrix::complex::givens_rotation_matrix (line 462) ... ok
[INFO] [stdout] test src/matrix/complex.rs - matrix::complex::conjugate_transpose (line 38) ... ok
[INFO] [stdout] test src/matrix/complex.rs - matrix::complex::is_anti_hermitian_matrix (line 222) ... ok
[INFO] [stdout] test src/matrix/complex.rs - matrix::complex::induced_l_inf_matrix_norm (line 680) ... ok
[INFO] [stdout] test src/matrix/complex.rs - matrix::complex::gram_schmidt_process (line 348) ... ok
[INFO] [stdout] test src/matrix/complex.rs - matrix::complex::hessenberg_decomposition (line 1050) ... ok
[INFO] [stdout] test src/matrix/complex.rs - matrix::complex::is_hermitian_matrix (line 174) ... ok
[INFO] [stdout] test src/matrix/complex.rs - matrix::complex::maximum_norm (line 594) ... ok
[INFO] [stdout] test src/matrix/complex.rs - matrix::complex::eigen_system_qr (line 1125) ... ok
[INFO] [stdout] test src/matrix/complex.rs - matrix::complex::is_unitary_matrix (line 76) ... ok
[INFO] [stdout] test src/matrix/complex.rs - matrix::complex::is_normal_matrix (line 129) ... ok
[INFO] [stdout] test src/matrix/complex.rs - matrix::complex::induced_l2_matrix_norm (line 1235) ... ok
[INFO] [stdout] test src/matrix/complex.rs - matrix::complex::normalize (line 557) ... ok
[INFO] [stdout] test src/matrix/complex.rs - matrix::complex::project_to (line 307) ... ok
[INFO] [stdout] test src/matrix/complex.rs - matrix::complex::qr_decomposition_gr (line 900) ... ok
[INFO] [stdout] test src/matrix/complex.rs - matrix::complex::qr_decomposition_es (line 962) ... ok
[INFO] [stdout] test src/matrix/complex.rs - matrix::complex::qr_decomposition_gs (line 729) ... ok
[INFO] [stdout] test src/matrix/complex.rs - matrix::complex::qr_decomposition_gs (line 774) ... ok
[INFO] [stdout] test src/matrix/complex.rs - matrix::complex::qr_decomposition_h (line 824) ... ok
[INFO] [stdout] test src/matrix/extra.rs - matrix::extra::kronecker_product (line 32) ... ok
[INFO] [stdout] test src/matrix/complex.rs - matrix::complex::singular_value_decomposition (line 1278) ... ok
[INFO] [stdout] test src/matrix/extra.rs - matrix::extra::eigen_system_qr (line 456) ... ok
[INFO] [stdout] test src/matrix/extra.rs - matrix::extra::induced_l2_matrix_norm (line 504) ... ok
[INFO] [stdout] test src/matrix/extra.rs - matrix::extra::linear_solve_w (line 409) ... ok
[INFO] [stdout] test src/matrix/extra.rs - matrix::extra::linear_solve_t (line 318) ... ok
[INFO] [stdout] test src/matrix/extra.rs - matrix::extra::linear_solve_w (line 380) ... ok
[INFO] [stdout] test src/matrix/extra.rs - matrix::extra::qr_decomposition_gr (line 176) ... ok
[INFO] [stdout] test src/matrix/extra.rs - matrix::extra::linear_solve_t (line 285) ... ok
[INFO] [stdout] test src/matrix/extra.rs - matrix::extra::qr_decomposition_es (line 216) ... ok
[INFO] [stdout] test src/matrix/complex.rs - matrix::complex::moore_penrose_inverse (line 1422) ... ok
[INFO] [stdout] test src/matrix/extra.rs - matrix::extra::qr_decomposition_gs (line 90) ... ok
[INFO] [stdout] test src/matrix/math.rs - matrix::math::determinant_l (line 713) ... ok
[INFO] [stdout] test src/matrix/math.rs - matrix::math::determinant (line 670) ... ok
[INFO] [stdout] test src/matrix/math.rs - matrix::math::frobenius_norm (line 423) ... ok
[INFO] [stdout] test src/matrix/math.rs - matrix::math::adjugate_matrix (line 764) ... ok
[INFO] [stdout] test src/matrix/math.rs - matrix::math::induced_l1_matrix_norm (line 334) ... ok
[INFO] [stdout] test src/matrix/math.rs - matrix::math::induced_l_inf_matrix_norm (line 379) ... ok
[INFO] [stdout] test src/matrix/extra.rs - matrix::extra::qr_decomposition_h (line 140) ... ok
[INFO] [stdout] test src/matrix/math.rs - matrix::math::is_diagonal_matrix (line 207) ... ok
[INFO] [stdout] test src/matrix/math.rs - matrix::math::is_lower_triangular_matrix (line 176) ... ok
[INFO] [stdout] test src/matrix/math.rs - matrix::math::is_anti_symmetric_matrix (line 103) ... ok
[INFO] [stdout] test src/matrix/math.rs - matrix::math::is_square_matrix (line 24) ... ok
[INFO] [stdout] test src/matrix/math.rs - matrix::math::is_identity_matrix (line 238) ... ok
[INFO] [stdout] test src/matrix/math.rs - matrix::math::inverse (line 633) ... ok
[INFO] [stdout] test src/matrix/math.rs - matrix::math::is_normal_matrix (line 274) ... ok
[INFO] [stdout] test src/matrix/math.rs - matrix::math::is_upper_triangular_matrix (line 145) ... ok
[INFO] [stdout] test src/matrix/math.rs - matrix::math::is_symmetric_matrix (line 51) ... ok
[INFO] [stdout] test src/matrix/matrix.rs - matrix::matrix::Matrix<N,R,C>::eyes (line 93) ... ok
[INFO] [stdout] test src/matrix/math.rs - matrix::math::row_eliminate (line 607) ... ok
[INFO] [stdout] test src/matrix/matrix.rs - matrix::matrix::Matrix<N,R,C>::get (line 379) ... ok
[INFO] [stdout] test src/matrix/math.rs - matrix::math::plu_decomposition (line 848) ... ok
[INFO] [stdout] test src/matrix/matrix.rs - matrix::matrix::Matrix<N,R,C>::diagonal (line 140) ... ok
[INFO] [stdout] test src/matrix/matrix.rs - matrix::matrix::Matrix<N,R,C>::fills (line 117) ... ok
[INFO] [stdout] test src/matrix/extra.rs - matrix::extra::singular_value_decomposition (line 532) ... ok
[INFO] [stdout] test src/matrix/matrix.rs - matrix::matrix::Matrix<N,R,C>::get_diagonal_length (line 38) ... ok
[INFO] [stdout] test src/matrix/matrix.rs - matrix::matrix::Matrix<N,R,C>::get_column (line 479) ... ok
[INFO] [stdout] test src/matrix/math.rs - matrix::math::row_reduce (line 461) ... ok
[INFO] [stdout] test src/matrix/matrix.rs - matrix::matrix::Matrix<N,R,C>::get_diagonal (line 524) ... ok
[INFO] [stdout] test src/matrix/math.rs - matrix::math::is_orthogonal_matrix (line 301) ... ok
[INFO] [stdout] test src/matrix/matrix.rs - matrix::matrix::Matrix<N,R,C>::linear_iter (line 364) ... ok
[INFO] [stdout] test src/matrix/matrix.rs - matrix::matrix::Matrix<N,R,C>::get_row (line 438) ... ok
[INFO] [stdout] test src/matrix/matrix.rs - matrix::matrix::Matrix<N,R,C>::shape (line 352) ... FAILED
[INFO] [stdout] test src/matrix/matrix.rs - matrix::matrix::Matrix<N,R,C>::p_add (line 288) ... FAILED
[INFO] [stdout] test src/matrix/matrix.rs - matrix::matrix::Matrix<N,R,C>::rand (line 316) ... FAILED
[INFO] [stdout] test src/matrix/matrix.rs - matrix::matrix::Matrix<N,R,C>::of (line 51) ... FAILED
[INFO] [stdout] test src/matrix/serde.rs - matrix::serde::from_stdin (line 102) - compile ... ok
[INFO] [stdout] test src/matrix/serde.rs - matrix::serde::from_file (line 56) ... ok
[INFO] [stdout] test src/matrix/matrix.rs - matrix::matrix::Matrix<N,R,C>::set (line 408) ... FAILED
[INFO] [stdout] test src/matrix/matrix.rs - matrix::matrix::Matrix<N,R,C>::submatrix (line 558) ... ok
[INFO] [stdout] test src/matrix/serde.rs - matrix::serde::to_file (line 18) ... FAILED
[INFO] [stdout] test src/matrix/matrix.rs - matrix::matrix::Matrix<N,R,C>::p_change (line 234) ... ok
[INFO] [stdout] test src/matrix/matrix.rs - matrix::matrix::Matrix<N,R,C>::vandermonde (line 184) ... ok
[INFO] [stdout] test src/matrix/matrix.rs - matrix::matrix::Matrix<N,R,C>::p_muls (line 262) ... ok
[INFO] [stdout] test src/matrix/utils.rs - matrix::utils::apply (line 92) ... ok
[INFO] [stdout] test src/matrix/utils.rs - matrix::utils::points_2d (line 20) ... ok
[INFO] [stdout] test src/matrix/utils.rs - matrix::utils::horizontal_concat (line 407) ... FAILED
[INFO] [stdout] test src/matrix/utils.rs - matrix::utils::givens_rotation_matrix (line 580) ... FAILED
[INFO] [stdout] test src/matrix/utils.rs - matrix::utils::row_space (line 364) ... FAILED
[INFO] [stdout] test src/matrix/utils.rs - matrix::utils::rank (line 183) ... FAILED
[INFO] [stdout] test src/matrix/extra.rs - matrix::extra::moore_penrose_inverse (line 658) ... FAILED
[INFO] [stdout] test src/matrix/utils.rs - matrix::utils::transpose (line 124) ... FAILED
[INFO] [stdout] test src/matrix/utils.rs - matrix::utils::null_space (line 225) ... FAILED
[INFO] [stdout] test src/matrix/utils.rs - matrix::utils::gram_schmidt_process (line 494) ... FAILED
[INFO] [stdout] test src/matrix/utils.rs - matrix::utils::vertical_concat (line 452) ... FAILED
[INFO] [stdout] test src/matrix/vector.rs - matrix::vector::angle_between (line 339) ... FAILED
[INFO] [stdout] test src/matrix/utils.rs - matrix::utils::hessenberg_decomposition (line 641) ... FAILED
[INFO] [stdout] test src/matrix/utils.rs - matrix::utils::trace (line 62) ... FAILED
[INFO] [stdout] test src/matrix/utils.rs - matrix::utils::column_space (line 298) ... ok
[INFO] [stdout] test src/matrix/vector.rs - matrix::vector::euclidean_norm (line 216) ... ok
[INFO] [stdout] test src/matrix/vector.rs - matrix::vector::cross_product (line 88) ... ok
[INFO] [stdout] test src/matrix/vector.rs - matrix::vector::convolution (line 172) ... ok
[INFO] [stdout] test src/matrix/vector.rs - matrix::vector::basis_vector (line 33) ... ok
[INFO] [stdout] test src/matrix/utils.rs - matrix::utils::project_matrix (line 155) ... ok
[INFO] [stdout] test src/matrix/vector.rs - matrix::vector::dot_product (line 59) ... ok
[INFO] [stdout] test src/matrix/vector.rs - matrix::vector::layer_product (line 124) ... ok
[INFO] [stdout] test src/matrix/vector.rs - matrix::vector::maximum_norm (line 277) ... ok
[INFO] [stdout] test src/number/instances/complex.rs - number::instances::complex::Complex<F>::add (line 271) ... ok
[INFO] [stdout] test src/number/instances/complex.rs - number::instances::complex::Complex<F>::absolute_value (line 388) ... ok
[INFO] [stdout] test src/matrix/vector.rs - matrix::vector::root_mean_square (line 305) ... ok
[INFO] [stdout] test src/number/instances/complex.rs - number::instances::complex::Complex<F>::conjugate (line 95) ... ok
[INFO] [stdout] test src/matrix/vector.rs - matrix::vector::project_to (line 386) ... ok
[INFO] [stdout] test src/number/instances/complex.rs - number::instances::complex::Complex<F>::div (line 357) ... ok
[INFO] [stdout] test src/number/instances/complex.rs - number::instances::complex::Complex<F>::is_one (line 213) ... ok
[INFO] [stdout] test src/matrix/vector.rs - matrix::vector::normalize (line 246) ... ok
[INFO] [stdout] test src/number/instances/complex.rs - number::instances::complex::Complex<F>::of (line 40) - compile ... ok
[INFO] [stdout] test src/number/instances/complex.rs - number::instances::complex::Complex<F>::from_integer (line 446) ... ok
[INFO] [stdout] test src/number/instances/complex.rs - number::instances::complex::Complex<F>::from_integer (line 465) ... ok
[INFO] [stdout] test src/number/instances/complex.rs - number::instances::complex::Complex<F>::is_zero (line 168) ... ok
[INFO] [stdout] test src/number/instances/complex.rs - number::instances::complex::Complex<F>::mul (line 327) ... ok
[INFO] [stdout] test src/number/instances/complex.rs - number::instances::complex::Complex<F>::neg (line 243) ... ok
[INFO] [stdout] test src/number/instances/complex.rs - number::instances::complex::Complex<F>::norm (line 115) ... ok
[INFO] [stdout] test src/number/instances/complex.rs - number::instances::complex::Complex<F>::one (line 189) ... ok
[INFO] [stdout] test src/number/instances/complex.rs - number::instances::complex::Complex<F>::of_str (line 54) ... ok
[INFO] [stdout] test src/number/instances/complex.rs - number::instances::complex::Complex<F>::sign_number (line 416) ... ok
[INFO] [stdout] test src/number/instances/complex.rs - number::instances::complex::Complex<F>::sub (line 300) ... ok
[INFO] [stdout] test src/number/instances/complex.rs - number::instances::complex::Complex<F>::partial_cmp (line 622) ... ok
[INFO] [stdout] test src/number/instances/complex.rs - number::instances::complex::Complex<F>::unit_i (line 71) ... ok
[INFO] [stdout] test src/number/instances/complex.rs - number::instances::complex::Complex<F>::zero (line 138) ... ok
[INFO] [stdout] test src/number/instances/double.rs - number::instances::double::Double::is_zero (line 71) ... ok
[INFO] [stdout] test src/number/instances/double.rs - number::instances::double::Double::of (line 38) ... ok
[INFO] [stdout] test src/number/instances/double.rs - number::instances::double::Double::from_integer (line 172) ... ok
[INFO] [stdout] test src/number/instances/double.rs - number::instances::double::Double::from_integer (line 193) ... ok
[INFO] [stdout] test src/number/instances/double.rs - number::instances::double::Double::to_rational (line 264) ... ok
[INFO] [stdout] test src/number/instances/double.rs - number::instances::double::Double::of_str (line 49) ... ok
[INFO] [stdout] test src/number/instances/float.rs - number::instances::float::Float::is_zero (line 70) ... ok
[INFO] [stdout] test src/number/instances/float.rs - number::instances::float::Float::of (line 37) ... ok
[INFO] [stdout] test src/number/instances/float.rs - number::instances::float::Float::from_integer (line 192) ... ok
[INFO] [stdout] test src/number/instances/float.rs - number::instances::float::Float::of_str (line 48) ... ok
[INFO] [stdout] test src/number/instances/float.rs - number::instances::float::Float::to_rational (line 257) ... ok
[INFO] [stdout] test src/number/instances/float.rs - number::instances::float::Float::from_integer (line 171) ... ok
[INFO] [stdout] test src/number/instances/int.rs - number::instances::int::Int::digits (line 54) ... ok
[INFO] [stdout] test src/number/instances/int.rs - number::instances::int::Int::from_integer (line 154) ... ok
[INFO] [stdout] test src/number/instances/int.rs - number::instances::int::Int::from_integer (line 173) ... ok
[INFO] [stdout] test src/number/instances/int8.rs - number::instances::int8::Int8::digits (line 54) ... ok
[INFO] [stdout] test src/number/instances/int8.rs - number::instances::int8::Int8::from_integer (line 153) ... ok
[INFO] [stdout] test src/number/instances/int8.rs - number::instances::int8::Int8::of (line 26) ... ok
[INFO] [stdout] test src/number/instances/int8.rs - number::instances::int8::Int8::from_integer (line 171) ... ok
[INFO] [stdout] test src/number/instances/int8.rs - number::instances::int8::Int8::of_str (line 37) ... ok
[INFO] [stdout] test src/number/instances/int.rs - number::instances::int::Int::of (line 26) ... ok
[INFO] [stdout] test src/number/instances/integer.rs - number::instances::integer::Integer::digits (line 103) ... ok
[INFO] [stdout] test src/number/instances/int.rs - number::instances::int::Int::of_str (line 37) ... ok
[INFO] [stdout] test src/number/instances/integer.rs - number::instances::integer::Integer::is_one (line 244) ... ok
[INFO] [stdout] test src/number/instances/integer.rs - number::instances::integer::Integer::is_zero (line 217) ... ok
[INFO] [stdout] test src/number/instances/integer.rs - number::instances::integer::Integer::of (line 43) ... ok
[INFO] [stdout] test src/number/instances/integer.rs - number::instances::integer::Integer::of_str (line 86) ... ok
[INFO] [stdout] test src/number/instances/integer.rs - number::instances::integer::Integer::partial_cmp (line 277) ... ok
[INFO] [stdout] test src/number/instances/integer.rs - number::instances::integer::Integer::of (line 24) ... ok
[INFO] [stdout] test src/number/instances/integer.rs - number::instances::integer::Integer::zero (line 195) ... ok
[INFO] [stdout] test src/number/instances/ratio.rs - number::instances::ratio::Ratio<I>::is_one (line 148) ... ok
[INFO] [stdout] test src/number/instances/ratio.rs - number::instances::ratio::Ratio<I>::refine (line 89) ... ok
[INFO] [stdout] test src/number/instances/ratio.rs - number::instances::ratio::Ratio<I>::of (line 46) ... ok
[INFO] [stdout] test src/number/instances/word.rs - number::instances::word::Word::from_integer (line 170) ... ok
[INFO] [stdout] test src/number/instances/ratio.rs - number::instances::ratio::Ratio<I>::of_str (line 71) ... ok
[INFO] [stdout] test src/number/instances/word.rs - number::instances::word::Word::of (line 26) ... ok
[INFO] [stdout] test src/number/instances/word.rs - number::instances::word::Word::from_integer (line 189) ... ok
[INFO] [stdout] test src/number/instances/word.rs - number::instances::word::Word::neg (line 102) ... ok
[INFO] [stdout] test src/number/instances/word.rs - number::instances::word::Word::digits (line 54) ... ok
[INFO] [stdout] test src/number/instances/word.rs - number::instances::word::Word::of_str (line 37) ... ok
[INFO] [stdout] test src/number/instances/word8.rs - number::instances::word8::Word8::digits (line 54) ... ok
[INFO] [stdout] test src/number/instances/word8.rs - number::instances::word8::Word8::of (line 26) ... ok
[INFO] [stdout] test src/number/instances/word8.rs - number::instances::word8::Word8::from_integer (line 169) ... ok
[INFO] [stdout] test src/number/instances/word8.rs - number::instances::word8::Word8::neg (line 101) ... ok
[INFO] [stdout] test src/number/instances/word8.rs - number::instances::word8::Word8::from_integer (line 187) ... ok
[INFO] [stdout] test src/number/instances/word8.rs - number::instances::word8::Word8::of_str (line 37) ... ok
[INFO] [stdout] test src/number/traits/integral.rs - number::traits::integral::Integral::div_mod (line 51) ... ok
[INFO] [stdout] test src/number/utils.rs - number::utils::clamp (line 191) ... ok
[INFO] [stdout] test src/number/traits/integral.rs - number::traits::integral::Integral::quot_rem (line 32) ... ok
[INFO] [stdout] test src/number/utils.rs - number::utils::gcd (line 231) ... ok
[INFO] [stdout] test src/number/utils.rs - number::utils::from_integral (line 274) ... ok
[INFO] [stdout] test src/number/traits/realfloat.rs - number::traits::realfloat::RealFloat::decode_float (line 36) ... ok
[INFO] [stdout] test src/number/utils.rs - number::utils::i8_div_mod (line 14) ... ok
[INFO] [stdout] test src/number/utils.rs - number::utils::inversion_count (line 81) ... ok
[INFO] [stdout] test src/number/utils.rs - number::utils::integral_power (line 206) ... ok
[INFO] [stdout] test src/number/utils.rs - number::utils::integral_to_binary (line 317) ... ok
[INFO] [stdout] test src/number/utils.rs - number::utils::lcm (line 255) ... ok
[INFO] [stdout] test src/number/utils.rs - number::utils::non_negative_integral_power (line 119) ... ok
[INFO] [stdout] test src/number/utils.rs - number::utils::permutation (line 37) ... ok
[INFO] [stdout] test src/number/utils.rs - number::utils::real_to_frac (line 292) ... ok
[INFO] [stdout] 
[INFO] [stdout] failures:
[INFO] [stdout] 
[INFO] [stdout] ---- src/matrix/matrix.rs - matrix::matrix::Matrix<N,R,C>::shape (line 352) stdout ----
[INFO] [stdout] rustc-LLVM ERROR: IO failure on output stream: No space left on device
[INFO] [stdout] Couldn't compile the test.
[INFO] [stdout] ---- src/matrix/matrix.rs - matrix::matrix::Matrix<N,R,C>::p_add (line 288) stdout ----
[INFO] [stdout] error: linking with `cc` failed: exit status: 1
[INFO] [stdout]   |
[INFO] [stdout]   = note: LC_ALL="C" PATH="/opt/rustwide/rustup-home/toolchains/nightly-2025-01-18-x86_64-unknown-linux-gnu/lib/rustlib/x86_64-unknown-linux-gnu/bin:/opt/rustwide/rustup-home/toolchains/nightly-2025-01-18-x86_64-unknown-linux-gnu/lib/rustlib/x86_64-unknown-linux-gnu/bin/self-contained:/opt/rustwide/cargo-home/bin:/usr/local/sbin:/usr/local/bin:/usr/sbin:/usr/bin:/sbin:/bin" VSLANG="1033" "cc" "-m64" "/tmp/rustctda6dh/symbols.o" "<2 object files omitted>" "-Wl,--as-needed" "-Wl,-Bstatic" "/opt/rustwide/target/debug/deps/{librmatrix_ks-c2c5250c7a647ad1.rlib,libregex-f96faa735beee927.rlib,libregex_automata-878559816a0bcdee.rlib,libaho_corasick-50150a17a2667fa6.rlib,libmemchr-4f0714dc45d95749.rlib,libregex_syntax-13fc688ae7f36982.rlib,librand-fd6c683065d05a7f.rlib,librand_chacha-1a9cc12cb16f4d3e.rlib,libppv_lite86-4250c766b4729968.rlib,librand_core-01b63a6b91633e50.rlib,libgetrandom-1c158220a04faccb.rlib,liblibc-b942f6529ea02afd.rlib,libcfg_if-33ef6c02a07f9fec.rlib,librayon-3402c2a2c95873a3.rlib,librayon_core-b1e101548e9c00e5.rlib,libcrossbeam_deque-01de7023bef04d73.rlib,libcrossbeam_epoch-830ad52e7d30f47e.rlib,libcrossbeam_utils-6947cd7c51cb69a0.rlib,libeither-05c06c46adc2ac96.rlib}" "/opt/rustwide/rustup-home/toolchains/nightly-2025-01-18-x86_64-unknown-linux-gnu/lib/rustlib/x86_64-unknown-linux-gnu/lib/{libstd-006123e2ce67e99d.rlib,libpanic_unwind-e1447e1efa6f1e57.rlib,libobject-f6963a4916fcf097.rlib,libmemchr-49a2d9af912f4524.rlib,libaddr2line-04d19aad3936869d.rlib,libgimli-483c235edb789db0.rlib,librustc_demangle-294281af50b8f748.rlib,libstd_detect-3b08295250aabc2a.rlib,libhashbrown-4472d1e05ba0dfaf.rlib,librustc_std_workspace_alloc-2ef099fac590e457.rlib,libminiz_oxide-8a51f5e848546c29.rlib,libadler2-3d3fa22b868db521.rlib,libunwind-0ffda8b08e22dbea.rlib,libcfg_if-b08f62458fdd43b9.rlib,liblibc-559675126e63b890.rlib,liballoc-fcf21c8d1c9c7b75.rlib,librustc_std_workspace_core-e0b0460135bcf21d.rlib,libcore-d4097fdcbddd3bc7.rlib,libcompiler_builtins-fea484ac1eed7881.rlib}" "-Wl,-Bdynamic" "-lc" "-lm" "-lrt" "-lpthread" "-lgcc_s" "-lutil" "-lrt" "-lpthread" "-lm" "-ldl" "-lc" "-B/opt/rustwide/rustup-home/toolchains/nightly-2025-01-18-x86_64-unknown-linux-gnu/lib/rustlib/x86_64-unknown-linux-gnu/bin/gcc-ld" "-fuse-ld=lld" "-Wl,--eh-frame-hdr" "-Wl,-z,noexecstack" "-L" "/opt/rustwide/rustup-home/toolchains/nightly-2025-01-18-x86_64-unknown-linux-gnu/lib/rustlib/x86_64-unknown-linux-gnu/lib" "-o" "/tmp/rustdoctestuIRAcu/rust_out" "-Wl,--gc-sections" "-pie" "-Wl,-z,relro,-z,now" "-nodefaultlibs"
[INFO] [stdout]   = note: some arguments are omitted. use `--verbose` to show all linker arguments
[INFO] [stdout]   = note: collect2: fatal error: ld terminated with signal 7 [Bus error], core dumped
[INFO] [stdout]           compilation terminated.
[INFO] [stdout]           
[INFO] [stdout] 
[INFO] [stdout] error: aborting due to 1 previous error
[INFO] [stdout] 
[INFO] [stdout] Couldn't compile the test.
[INFO] [stdout] ---- src/matrix/matrix.rs - matrix::matrix::Matrix<N,R,C>::rand (line 316) stdout ----
[INFO] [stdout] error: linking with `cc` failed: exit status: 1
[INFO] [stdout]   |
[INFO] [stdout]   = note: LC_ALL="C" PATH="/opt/rustwide/rustup-home/toolchains/nightly-2025-01-18-x86_64-unknown-linux-gnu/lib/rustlib/x86_64-unknown-linux-gnu/bin:/opt/rustwide/rustup-home/toolchains/nightly-2025-01-18-x86_64-unknown-linux-gnu/lib/rustlib/x86_64-unknown-linux-gnu/bin/self-contained:/opt/rustwide/cargo-home/bin:/usr/local/sbin:/usr/local/bin:/usr/sbin:/usr/bin:/sbin:/bin" VSLANG="1033" "cc" "-m64" "/tmp/rustc4gO4EJ/symbols.o" "<2 object files omitted>" "-Wl,--as-needed" "-Wl,-Bstatic" "/opt/rustwide/target/debug/deps/{librmatrix_ks-c2c5250c7a647ad1.rlib,libregex-f96faa735beee927.rlib,libregex_automata-878559816a0bcdee.rlib,libaho_corasick-50150a17a2667fa6.rlib,libmemchr-4f0714dc45d95749.rlib,libregex_syntax-13fc688ae7f36982.rlib,librand-fd6c683065d05a7f.rlib,librand_chacha-1a9cc12cb16f4d3e.rlib,libppv_lite86-4250c766b4729968.rlib,librand_core-01b63a6b91633e50.rlib,libgetrandom-1c158220a04faccb.rlib,liblibc-b942f6529ea02afd.rlib,libcfg_if-33ef6c02a07f9fec.rlib,librayon-3402c2a2c95873a3.rlib,librayon_core-b1e101548e9c00e5.rlib,libcrossbeam_deque-01de7023bef04d73.rlib,libcrossbeam_epoch-830ad52e7d30f47e.rlib,libcrossbeam_utils-6947cd7c51cb69a0.rlib,libeither-05c06c46adc2ac96.rlib}" "/opt/rustwide/rustup-home/toolchains/nightly-2025-01-18-x86_64-unknown-linux-gnu/lib/rustlib/x86_64-unknown-linux-gnu/lib/{libstd-006123e2ce67e99d.rlib,libpanic_unwind-e1447e1efa6f1e57.rlib,libobject-f6963a4916fcf097.rlib,libmemchr-49a2d9af912f4524.rlib,libaddr2line-04d19aad3936869d.rlib,libgimli-483c235edb789db0.rlib,librustc_demangle-294281af50b8f748.rlib,libstd_detect-3b08295250aabc2a.rlib,libhashbrown-4472d1e05ba0dfaf.rlib,librustc_std_workspace_alloc-2ef099fac590e457.rlib,libminiz_oxide-8a51f5e848546c29.rlib,libadler2-3d3fa22b868db521.rlib,libunwind-0ffda8b08e22dbea.rlib,libcfg_if-b08f62458fdd43b9.rlib,liblibc-559675126e63b890.rlib,liballoc-fcf21c8d1c9c7b75.rlib,librustc_std_workspace_core-e0b0460135bcf21d.rlib,libcore-d4097fdcbddd3bc7.rlib,libcompiler_builtins-fea484ac1eed7881.rlib}" "-Wl,-Bdynamic" "-lc" "-lm" "-lrt" "-lpthread" "-lgcc_s" "-lutil" "-lrt" "-lpthread" "-lm" "-ldl" "-lc" "-B/opt/rustwide/rustup-home/toolchains/nightly-2025-01-18-x86_64-unknown-linux-gnu/lib/rustlib/x86_64-unknown-linux-gnu/bin/gcc-ld" "-fuse-ld=lld" "-Wl,--eh-frame-hdr" "-Wl,-z,noexecstack" "-L" "/opt/rustwide/rustup-home/toolchains/nightly-2025-01-18-x86_64-unknown-linux-gnu/lib/rustlib/x86_64-unknown-linux-gnu/lib" "-o" "/tmp/rustdoctestQrS04O/rust_out" "-Wl,--gc-sections" "-pie" "-Wl,-z,relro,-z,now" "-nodefaultlibs"
[INFO] [stdout]   = note: some arguments are omitted. use `--verbose` to show all linker arguments
[INFO] [stdout]   = note: collect2: fatal error: ld terminated with signal 7 [Bus error], core dumped
[INFO] [stdout]           compilation terminated.
[INFO] [stdout]           
[INFO] [stdout] 
[INFO] [stdout] error: aborting due to 1 previous error
[INFO] [stdout] 
[INFO] [stdout] Couldn't compile the test.
[INFO] [stdout] ---- src/matrix/matrix.rs - matrix::matrix::Matrix<N,R,C>::of (line 51) stdout ----
[INFO] [stdout] error: linking with `cc` failed: exit status: 1
[INFO] [stdout]   |
[INFO] [stdout]   = note: LC_ALL="C" PATH="/opt/rustwide/rustup-home/toolchains/nightly-2025-01-18-x86_64-unknown-linux-gnu/lib/rustlib/x86_64-unknown-linux-gnu/bin:/opt/rustwide/rustup-home/toolchains/nightly-2025-01-18-x86_64-unknown-linux-gnu/lib/rustlib/x86_64-unknown-linux-gnu/bin/self-contained:/opt/rustwide/cargo-home/bin:/usr/local/sbin:/usr/local/bin:/usr/sbin:/usr/bin:/sbin:/bin" VSLANG="1033" "cc" "-m64" "/tmp/rustcaTVl83/symbols.o" "<2 object files omitted>" "-Wl,--as-needed" "-Wl,-Bstatic" "/opt/rustwide/target/debug/deps/{librmatrix_ks-c2c5250c7a647ad1.rlib,libregex-f96faa735beee927.rlib,libregex_automata-878559816a0bcdee.rlib,libaho_corasick-50150a17a2667fa6.rlib,libmemchr-4f0714dc45d95749.rlib,libregex_syntax-13fc688ae7f36982.rlib,librand-fd6c683065d05a7f.rlib,librand_chacha-1a9cc12cb16f4d3e.rlib,libppv_lite86-4250c766b4729968.rlib,librand_core-01b63a6b91633e50.rlib,libgetrandom-1c158220a04faccb.rlib,liblibc-b942f6529ea02afd.rlib,libcfg_if-33ef6c02a07f9fec.rlib,librayon-3402c2a2c95873a3.rlib,librayon_core-b1e101548e9c00e5.rlib,libcrossbeam_deque-01de7023bef04d73.rlib,libcrossbeam_epoch-830ad52e7d30f47e.rlib,libcrossbeam_utils-6947cd7c51cb69a0.rlib,libeither-05c06c46adc2ac96.rlib}" "/opt/rustwide/rustup-home/toolchains/nightly-2025-01-18-x86_64-unknown-linux-gnu/lib/rustlib/x86_64-unknown-linux-gnu/lib/{libstd-006123e2ce67e99d.rlib,libpanic_unwind-e1447e1efa6f1e57.rlib,libobject-f6963a4916fcf097.rlib,libmemchr-49a2d9af912f4524.rlib,libaddr2line-04d19aad3936869d.rlib,libgimli-483c235edb789db0.rlib,librustc_demangle-294281af50b8f748.rlib,libstd_detect-3b08295250aabc2a.rlib,libhashbrown-4472d1e05ba0dfaf.rlib,librustc_std_workspace_alloc-2ef099fac590e457.rlib,libminiz_oxide-8a51f5e848546c29.rlib,libadler2-3d3fa22b868db521.rlib,libunwind-0ffda8b08e22dbea.rlib,libcfg_if-b08f62458fdd43b9.rlib,liblibc-559675126e63b890.rlib,liballoc-fcf21c8d1c9c7b75.rlib,librustc_std_workspace_core-e0b0460135bcf21d.rlib,libcore-d4097fdcbddd3bc7.rlib,libcompiler_builtins-fea484ac1eed7881.rlib}" "-Wl,-Bdynamic" "-lc" "-lm" "-lrt" "-lpthread" "-lgcc_s" "-lutil" "-lrt" "-lpthread" "-lm" "-ldl" "-lc" "-B/opt/rustwide/rustup-home/toolchains/nightly-2025-01-18-x86_64-unknown-linux-gnu/lib/rustlib/x86_64-unknown-linux-gnu/bin/gcc-ld" "-fuse-ld=lld" "-Wl,--eh-frame-hdr" "-Wl,-z,noexecstack" "-L" "/opt/rustwide/rustup-home/toolchains/nightly-2025-01-18-x86_64-unknown-linux-gnu/lib/rustlib/x86_64-unknown-linux-gnu/lib" "-o" "/tmp/rustdoctestetRpAj/rust_out" "-Wl,--gc-sections" "-pie" "-Wl,-z,relro,-z,now" "-nodefaultlibs"
[INFO] [stdout]   = note: some arguments are omitted. use `--verbose` to show all linker arguments
[INFO] [stdout]   = note: PLEASE submit a bug report to https://github.com/llvm/llvm-project/issues/ and include the crash backtrace.
[INFO] [stdout]           collect2: fatal error: ld terminated with signal 7 [Bus error], core dumped
[INFO] [stdout]           compilation terminated.
[INFO] [stdout]           
[INFO] [stdout] 
[INFO] [stdout] error: aborting due to 1 previous error
[INFO] [stdout] 
[INFO] [stdout] Couldn't compile the test.
[INFO] [stdout] ---- src/matrix/matrix.rs - matrix::matrix::Matrix<N,R,C>::set (line 408) stdout ----
[INFO] [stdout] error: linking with `cc` failed: exit status: 1
[INFO] [stdout]   |
[INFO] [stdout]   = note: LC_ALL="C" PATH="/opt/rustwide/rustup-home/toolchains/nightly-2025-01-18-x86_64-unknown-linux-gnu/lib/rustlib/x86_64-unknown-linux-gnu/bin:/opt/rustwide/rustup-home/toolchains/nightly-2025-01-18-x86_64-unknown-linux-gnu/lib/rustlib/x86_64-unknown-linux-gnu/bin/self-contained:/opt/rustwide/cargo-home/bin:/usr/local/sbin:/usr/local/bin:/usr/sbin:/usr/bin:/sbin:/bin" VSLANG="1033" "cc" "-m64" "/tmp/rustcF0gsxM/symbols.o" "<2 object files omitted>" "-Wl,--as-needed" "-Wl,-Bstatic" "/opt/rustwide/target/debug/deps/{librmatrix_ks-c2c5250c7a647ad1.rlib,libregex-f96faa735beee927.rlib,libregex_automata-878559816a0bcdee.rlib,libaho_corasick-50150a17a2667fa6.rlib,libmemchr-4f0714dc45d95749.rlib,libregex_syntax-13fc688ae7f36982.rlib,librand-fd6c683065d05a7f.rlib,librand_chacha-1a9cc12cb16f4d3e.rlib,libppv_lite86-4250c766b4729968.rlib,librand_core-01b63a6b91633e50.rlib,libgetrandom-1c158220a04faccb.rlib,liblibc-b942f6529ea02afd.rlib,libcfg_if-33ef6c02a07f9fec.rlib,librayon-3402c2a2c95873a3.rlib,librayon_core-b1e101548e9c00e5.rlib,libcrossbeam_deque-01de7023bef04d73.rlib,libcrossbeam_epoch-830ad52e7d30f47e.rlib,libcrossbeam_utils-6947cd7c51cb69a0.rlib,libeither-05c06c46adc2ac96.rlib}" "/opt/rustwide/rustup-home/toolchains/nightly-2025-01-18-x86_64-unknown-linux-gnu/lib/rustlib/x86_64-unknown-linux-gnu/lib/{libstd-006123e2ce67e99d.rlib,libpanic_unwind-e1447e1efa6f1e57.rlib,libobject-f6963a4916fcf097.rlib,libmemchr-49a2d9af912f4524.rlib,libaddr2line-04d19aad3936869d.rlib,libgimli-483c235edb789db0.rlib,librustc_demangle-294281af50b8f748.rlib,libstd_detect-3b08295250aabc2a.rlib,libhashbrown-4472d1e05ba0dfaf.rlib,librustc_std_workspace_alloc-2ef099fac590e457.rlib,libminiz_oxide-8a51f5e848546c29.rlib,libadler2-3d3fa22b868db521.rlib,libunwind-0ffda8b08e22dbea.rlib,libcfg_if-b08f62458fdd43b9.rlib,liblibc-559675126e63b890.rlib,liballoc-fcf21c8d1c9c7b75.rlib,librustc_std_workspace_core-e0b0460135bcf21d.rlib,libcore-d4097fdcbddd3bc7.rlib,libcompiler_builtins-fea484ac1eed7881.rlib}" "-Wl,-Bdynamic" "-lc" "-lm" "-lrt" "-lpthread" "-lgcc_s" "-lutil" "-lrt" "-lpthread" "-lm" "-ldl" "-lc" "-B/opt/rustwide/rustup-home/toolchains/nightly-2025-01-18-x86_64-unknown-linux-gnu/lib/rustlib/x86_64-unknown-linux-gnu/bin/gcc-ld" "-fuse-ld=lld" "-Wl,--eh-frame-hdr" "-Wl,-z,noexecstack" "-L" "/opt/rustwide/rustup-home/toolchains/nightly-2025-01-18-x86_64-unknown-linux-gnu/lib/rustlib/x86_64-unknown-linux-gnu/lib" "-o" "/tmp/rustdoctestXmAc26/rust_out" "-Wl,--gc-sections" "-pie" "-Wl,-z,relro,-z,now" "-nodefaultlibs"
[INFO] [stdout]   = note: some arguments are omitted. use `--verbose` to show all linker arguments
[INFO] [stdout]   = note: PLEASE submit a bug report to https://github.com/llvm/llvm-project/issues/ and include the crash backtrace.
[INFO] [stdout]           Stack dump:
[INFO] [stdout]           0.    Program arguments: /opt/rustwide/rustup-home/toolchains/nightly-2025-01-18-x86_64-unknown-linux-gnu/lib/rustlib/x86_64-unknown-linux-gnu/bin/rust-lld -flavor gnu -plugin /usr/lib/gcc/x86_64-linux-gnu/11/liblto_plugin.so -plugin-opt=/usr/lib/gcc/x86_64-linux-gnu/11/lto-wrapper -plugin-opt=-fresolution=/tmp/ccAz37AI.res --build-id --eh-frame-hdr -m elf_x86_64 --hash-style=gnu --as-needed -dynamic-linker /lib64/ld-linux-x86-64.so.2 -pie -z now -z relro -o /tmp/rustdoctestXmAc26/rust_out /usr/lib/gcc/x86_64-linux-gnu/11/../../../x86_64-linux-gnu/Scrt1.o /usr/lib/gcc/x86_64-linux-gnu/11/../../../x86_64-linux-gnu/crti.o /usr/lib/gcc/x86_64-linux-gnu/11/crtbeginS.o -L/opt/rustwide/rustup-home/toolchains/nightly-2025-01-18-x86_64-unknown-linux-gnu/lib/rustlib/x86_64-unknown-linux-gnu/lib -L/opt/rustwide/rustup-home/toolchains/nightly-2025-01-18-x86_64-unknown-linux-gnu/lib/rustlib/x86_64-unknown-linux-gnu/bin/gcc-ld -L/usr/lib/gcc/x86_64-linux-gnu/11 -L/usr/lib/gcc/x86_64-linux-gnu/11/../../../x86_64-linux-gnu -L/usr/lib/gcc/x86_64-linux-gnu/11/../../../../lib -L/lib/x86_64-linux-gnu -L/lib/../lib -L/usr/lib/x86_64-linux-gnu -L/usr/lib/../lib -L/usr/lib/gcc/x86_64-linux-gnu/11/../../.. /tmp/rustcF0gsxM/symbols.o /tmp/rustdoctestXmAc26/rust_out.rust_out.6a3e3f7878aae58b-cgu.0.rcgu.o /tmp/rustdoctestXmAc26/rust_out.04lx7tfanwnzd5fu5mylfyri7.rcgu.o --as-needed -Bstatic /opt/rustwide/target/debug/deps/librmatrix_ks-c2c5250c7a647ad1.rlib /opt/rustwide/target/debug/deps/libregex-f96faa735beee927.rlib /opt/rustwide/target/debug/deps/libregex_automata-878559816a0bcdee.rlib /opt/rustwide/target/debug/deps/libaho_corasick-50150a17a2667fa6.rlib /opt/rustwide/target/debug/deps/libmemchr-4f0714dc45d95749.rlib /opt/rustwide/target/debug/deps/libregex_syntax-13fc688ae7f36982.rlib /opt/rustwide/target/debug/deps/librand-fd6c683065d05a7f.rlib /opt/rustwide/target/debug/deps/librand_chacha-1a9cc12cb16f4d3e.rlib /opt/rustwide/target/debug/deps/libppv_lite86-4250c766b4729968.rlib /opt/rustwide/target/debug/deps/librand_core-01b63a6b91633e50.rlib /opt/rustwide/target/debug/deps/libgetrandom-1c158220a04faccb.rlib /opt/rustwide/target/debug/deps/liblibc-b942f6529ea02afd.rlib /opt/rustwide/target/debug/deps/libcfg_if-33ef6c02a07f9fec.rlib /opt/rustwide/target/debug/deps/librayon-3402c2a2c95873a3.rlib /opt/rustwide/target/debug/deps/librayon_core-b1e101548e9c00e5.rlib /opt/rustwide/target/debug/deps/libcrossbeam_deque-01de7023bef04d73.rlib /opt/rustwide/target/debug/deps/libcrossbeam_epoch-830ad52e7d30f47e.rlib /opt/rustwide/target/debug/deps/libcrossbeam_utils-6947cd7c51cb69a0.rlib /opt/rustwide/target/debug/deps/libeither-05c06c46adc2ac96.rlib /opt/rustwide/rustup-home/toolchains/nightly-2025-01-18-x86_64-unknown-linux-gnu/lib/rustlib/x86_64-unknown-linux-gnu/lib/libstd-006123e2ce67e99d.rlib /opt/rustwide/rustup-home/toolchains/nightly-2025-01-18-x86_64-unknown-linux-gnu/lib/rustlib/x86_64-unknown-linux-gnu/lib/libpanic_unwind-e1447e1efa6f1e57.rlib /opt/rustwide/rustup-home/toolchains/nightly-2025-01-18-x86_64-unknown-linux-gnu/lib/rustlib/x86_64-unknown-linux-gnu/lib/libobject-f6963a4916fcf097.rlib /opt/rustwide/rustup-home/toolchains/nightly-2025-01-18-x86_64-unknown-linux-gnu/lib/rustlib/x86_64-unknown-linux-gnu/lib/libmemchr-49a2d9af912f4524.rlib /opt/rustwide/rustup-home/toolchains/nightly-2025-01-18-x86_64-unknown-linux-gnu/lib/rustlib/x86_64-unknown-linux-gnu/lib/libaddr2line-04d19aad3936869d.rlib /opt/rustwide/rustup-home/toolchains/nightly-2025-01-18-x86_64-unknown-linux-gnu/lib/rustlib/x86_64-unknown-linux-gnu/lib/libgimli-483c235edb789db0.rlib /opt/rustwide/rustup-home/toolchains/nightly-2025-01-18-x86_64-unknown-linux-gnu/lib/rustlib/x86_64-unknown-linux-gnu/lib/librustc_demangle-294281af50b8f748.rlib /opt/rustwide/rustup-home/toolchains/nightly-2025-01-18-x86_64-unknown-linux-gnu/lib/rustlib/x86_64-unknown-linux-gnu/lib/libstd_detect-3b08295250aabc2a.rlib /opt/rustwide/rustup-home/toolchains/nightly-2025-01-18-x86_64-unknown-linux-gnu/lib/rustlib/x86_64-unknown-linux-gnu/lib/libhashbrown-4472d1e05ba0dfaf.rlib /opt/rustwide/rustup-home/toolchains/nightly-2025-01-18-x86_64-unknown-linux-gnu/lib/rustlib/x86_64-unknown-linux-gnu/lib/librustc_std_workspace_alloc-2ef099fac590e457.rlib /opt/rustwide/rustup-home/toolchains/nightly-2025-01-18-x86_64-unknown-linux-gnu/lib/rustlib/x86_64-unknown-linux-gnu/lib/libminiz_oxide-8a51f5e848546c29.rlib /opt/rustwide/rustup-home/toolchains/nightly-2025-01-18-x86_64-unknown-linux-gnu/lib/rustlib/x86_64-unknown-linux-gnu/lib/libadler2-3d3fa22b868db521.rlib /opt/rustwide/rustup-home/toolchains/nightly-2025-01-18-x86_64-unknown-linux-gnu/lib/rustlib/x86_64-unknown-linux-gnu/lib/libunwind-0ffda8b08e22dbea.rlib /opt/rustwide/rustup-home/toolchains/nightly-2025-01-18-x86_64-unknown-linux-gnu/lib/rustlib/x86_64-unknown-linux-gnu/lib/libcfg_if-b08f62458fdd43b9.rlib /opt/rustwide/rustup-home/toolchains/nightly-2025-01-18-x86_64-unknown-linux-gnu/lib/rustlib/x86_64-unknown-linux-gnu/lib/liblibc-559675126e63b890.rlib /opt/rustwide/rustup-home/toolchains/nightly-2025-01-18-x86_64-unknown-linux-gnu/lib/rustlib/x86_64-unknown-linux-gnu/lib/liballoc-fcf21c8d1c9c7b75.rlib /opt/rustwide/rustup-home/toolchains/nightly-2025-01-18-x86_64-unknown-linux-gnu/lib/rustlib/x86_64-unknown-linux-gnu/lib/librustc_std_workspace_core-e0b0460135bcf21d.rlib /opt/rustwide/rustup-home/toolchains/nightly-2025-01-18-x86_64-unknown-linux-gnu/lib/rustlib/x86_64-unknown-linux-gnu/lib/libcore-d4097fdcbddd3bc7.rlib /opt/rustwide/rustup-home/toolchains/nightly-2025-01-18-x86_64-unknown-linux-gnu/lib/rustlib/x86_64-unknown-linux-gnu/lib/libcompiler_builtins-fea484ac1eed7881.rlib -Bdynamic -lc -lm -lrt -lpthread -lgcc_s -lutil -lrt -lpthread -lm -ldl -lc --eh-frame-hdr -z noexecstack --gc-sections -z relro -z now /usr/lib/gcc/x86_64-linux-gnu/11/crtendS.o /usr/lib/gcc/x86_64-linux-gnu/11/../../../x86_64-linux-gnu/crtn.o
[INFO] [stdout]            #0 0x00007ce69e75df67 llvm::sys::PrintStackTrace(llvm::raw_ostream&, int) (/opt/rustwide/rustup-home/toolchains/nightly-2025-01-18-x86_64-unknown-linux-gnu/lib/libLLVM.so.19.1-rust-1.86.0-nightly+0x3f5df67)
[INFO] [stdout]            #1 0x00007ce69e75e37c SignalHandler(int) (/opt/rustwide/rustup-home/toolchains/nightly-2025-01-18-x86_64-unknown-linux-gnu/lib/libLLVM.so.19.1-rust-1.86.0-nightly+0x3f5e37c)
[INFO] [stdout]            #2 0x00007ce6a27e1520 (/lib/x86_64-linux-gnu/libc.so.6+0x42520)
[INFO] [stdout]            #3 0x00006044e134fc73 void lld::elf::writeResult<llvm::object::ELFType<(llvm::endianness)1, true> >() (/opt/rustwide/rustup-home/toolchains/nightly-2025-01-18-x86_64-unknown-linux-gnu/lib/rustlib/x86_64-unknown-linux-gnu/bin/rust-lld+0x512c73)
[INFO] [stdout]            #4 0x00006044e1183b36 void lld::elf::LinkerDriver::link<llvm::object::ELFType<(llvm::endianness)1, true> >(llvm::opt::InputArgList&) Driver.cpp:0:0
[INFO] [stdout]            #5 0x00006044e11694ec lld::elf::link(llvm::ArrayRef<char const*>, llvm::raw_ostream&, llvm::raw_ostream&, bool, bool) (/opt/rustwide/rustup-home/toolchains/nightly-2025-01-18-x86_64-unknown-linux-gnu/lib/rustlib/x86_64-unknown-linux-gnu/bin/rust-lld+0x32c4ec)
[INFO] [stdout]            #6 0x00006044e109aae0 lld::unsafeLldMain(llvm::ArrayRef<char const*>, llvm::raw_ostream&, llvm::raw_ostream&, llvm::ArrayRef<lld::DriverDef>, bool) (/opt/rustwide/rustup-home/toolchains/nightly-2025-01-18-x86_64-unknown-linux-gnu/lib/rustlib/x86_64-unknown-linux-gnu/bin/rust-lld+0x25dae0)
[INFO] [stdout]            #7 0x00006044e1099b7d lld_main(int, char**, llvm::ToolContext const&) (/opt/rustwide/rustup-home/toolchains/nightly-2025-01-18-x86_64-unknown-linux-gnu/lib/rustlib/x86_64-unknown-linux-gnu/bin/rust-lld+0x25cb7d)
[INFO] [stdout]            #8 0x00006044e109a221 main (/opt/rustwide/rustup-home/toolchains/nightly-2025-01-18-x86_64-unknown-linux-gnu/lib/rustlib/x86_64-unknown-linux-gnu/bin/rust-lld+0x25d221)
[INFO] [stdout]            #9 0x00007ce6a27c8d90 (/lib/x86_64-linux-gnu/libc.so.6+0x29d90)
[INFO] [stdout]           #10 0x00007ce6a27c8e40 __libc_start_main (/lib/x86_64-linux-gnu/libc.so.6+0x29e40)
[INFO] [stdout]           #11 0x00006044e0f1c7e9 _start (/opt/rustwide/rustup-home/toolchains/nightly-2025-01-18-x86_64-unknown-linux-gnu/lib/rustlib/x86_64-unknown-linux-gnu/bin/rust-lld+0xdf7e9)
[INFO] [stdout]           rust-lld: error: failed to write output '/tmp/rustdoctestXmAc26/rust_out': No such file or directory
[INFO] [stdout]           collect2: error: ld returned 1 exit status
[INFO] [stdout]           
[INFO] [stdout] 
[INFO] [stdout] error: aborting due to 1 previous error
[INFO] [stdout] 
[INFO] [stdout] Couldn't compile the test.
[INFO] [stdout] ---- src/matrix/serde.rs - matrix::serde::to_file (line 18) stdout ----
[INFO] [stdout] Test executable failed (exit status: 101).
[INFO] [stdout] 
[INFO] [stdout] stderr:
[INFO] [stdout] 
[INFO] [stdout] thread 'main' panicked at /opt/rustwide/workdir/src/matrix/serde.rs:37:36:
[INFO] [stdout] Error[matrix::serde::to_file]: Failed to create file ("data/random.txt").: Os { code: 30, kind: ReadOnlyFilesystem, message: "Read-only file system" }
[INFO] [stdout] stack backtrace:
[INFO] [stdout]    0:     0x59e3bc51663a - std::backtrace_rs::backtrace::libunwind::trace::hb059275cfc8d6126
[INFO] [stdout]                                at /rustc/6067b36314ab5eb2eb47cecc464545ba58e1ad24/library/std/src/../../backtrace/src/backtrace/libunwind.rs:116:5
[INFO] [stdout]    1:     0x59e3bc51663a - std::backtrace_rs::backtrace::trace_unsynchronized::h2da071e4327ce3ee
[INFO] [stdout]                                at /rustc/6067b36314ab5eb2eb47cecc464545ba58e1ad24/library/std/src/../../backtrace/src/backtrace/mod.rs:66:5
[INFO] [stdout]    2:     0x59e3bc51663a - std::sys::backtrace::_print_fmt::h842a1474e6f8d23f
[INFO] [stdout]                                at /rustc/6067b36314ab5eb2eb47cecc464545ba58e1ad24/library/std/src/sys/backtrace.rs:66:9
[INFO] [stdout]    3:     0x59e3bc51663a - <std::sys::backtrace::BacktraceLock::print::DisplayBacktrace as core::fmt::Display>::fmt::h71a62eb3b9696b12
[INFO] [stdout]                                at /rustc/6067b36314ab5eb2eb47cecc464545ba58e1ad24/library/std/src/sys/backtrace.rs:39:26
[INFO] [stdout]    4:     0x59e3bc537c03 - core::fmt::rt::Argument::fmt::hdb6b616786b41dc1
[INFO] [stdout]                                at /rustc/6067b36314ab5eb2eb47cecc464545ba58e1ad24/library/core/src/fmt/rt.rs:177:76
[INFO] [stdout]    5:     0x59e3bc537c03 - core::fmt::write::h2cc1698af7e2d686
[INFO] [stdout]                                at /rustc/6067b36314ab5eb2eb47cecc464545ba58e1ad24/library/core/src/fmt/mod.rs:1440:21
[INFO] [stdout]    6:     0x59e3bc513ca3 - std::io::Write::write_fmt::h00c8700df393f328
[INFO] [stdout]                                at /rustc/6067b36314ab5eb2eb47cecc464545ba58e1ad24/library/std/src/io/mod.rs:1887:15
[INFO] [stdout]    7:     0x59e3bc516482 - std::sys::backtrace::BacktraceLock::print::h147fe35b4ea13b08
[INFO] [stdout]                                at /rustc/6067b36314ab5eb2eb47cecc464545ba58e1ad24/library/std/src/sys/backtrace.rs:42:9
[INFO] [stdout]    8:     0x59e3bc5173cf - std::panicking::default_hook::{{closure}}::hbd44223dbdc0d208
[INFO] [stdout]                                at /rustc/6067b36314ab5eb2eb47cecc464545ba58e1ad24/library/std/src/panicking.rs:298:22
[INFO] [stdout]    9:     0x59e3bc51723a - std::panicking::default_hook::h20f81eb0576efcec
[INFO] [stdout]                                at /rustc/6067b36314ab5eb2eb47cecc464545ba58e1ad24/library/std/src/panicking.rs:325:9
[INFO] [stdout]   10:     0x59e3bc517ca2 - std::panicking::rust_panic_with_hook::h625eea43051b2edc
[INFO] [stdout]                                at /rustc/6067b36314ab5eb2eb47cecc464545ba58e1ad24/library/std/src/panicking.rs:831:13
[INFO] [stdout]   11:     0x59e3bc517b3a - std::panicking::begin_panic_handler::{{closure}}::h4f9159cfbc3f6bd3
[INFO] [stdout]                                at /rustc/6067b36314ab5eb2eb47cecc464545ba58e1ad24/library/std/src/panicking.rs:704:13
[INFO] [stdout]   12:     0x59e3bc516b39 - std::sys::backtrace::__rust_end_short_backtrace::h0390abce48353151
[INFO] [stdout]                                at /rustc/6067b36314ab5eb2eb47cecc464545ba58e1ad24/library/std/src/sys/backtrace.rs:168:18
[INFO] [stdout]   13:     0x59e3bc5177cd - rust_begin_unwind
[INFO] [stdout]                                at /rustc/6067b36314ab5eb2eb47cecc464545ba58e1ad24/library/std/src/panicking.rs:695:5
[INFO] [stdout]   14:     0x59e3bc5366a0 - core::panicking::panic_fmt::h9e7c637e9e5f29c9
[INFO] [stdout]                                at /rustc/6067b36314ab5eb2eb47cecc464545ba58e1ad24/library/core/src/panicking.rs:75:14
[INFO] [stdout]   15:     0x59e3bc536b16 - core::result::unwrap_failed::h7979f09313fe1849
[INFO] [stdout]                                at /rustc/6067b36314ab5eb2eb47cecc464545ba58e1ad24/library/core/src/result.rs:1704:5
[INFO] [stdout]   16:     0x59e3bc4b6eac - core::result::Result<T,E>::expect::hc7e8206bd5278b93
[INFO] [stdout]   17:     0x59e3bc4b4e33 - rmatrix_ks::matrix::serde::to_file::h6bc0c24cca7aa1c6
[INFO] [stdout]   18:     0x59e3bc4b7a0d - rust_out::main::he88f0b9b281d54e0
[INFO] [stdout]   19:     0x59e3bc4b67f3 - core::ops::function::FnOnce::call_once::hcf3829d8b58d0254
[INFO] [stdout]   20:     0x59e3bc4b6356 - std::sys::backtrace::__rust_begin_short_backtrace::h5e1527399e8d5bd4
[INFO] [stdout]   21:     0x59e3bc4b6289 - std::rt::lang_start::{{closure}}::h2c234101ed7b1b74
[INFO] [stdout]   22:     0x59e3bc511910 - core::ops::function::impls::<impl core::ops::function::FnOnce<A> for &F>::call_once::h1b085b6c1d2518b2
[INFO] [stdout]                                at /rustc/6067b36314ab5eb2eb47cecc464545ba58e1ad24/library/core/src/ops/function.rs:284:13
[INFO] [stdout]   23:     0x59e3bc511910 - std::panicking::try::do_call::h382f964a5a23b565
[INFO] [stdout]                                at /rustc/6067b36314ab5eb2eb47cecc464545ba58e1ad24/library/std/src/panicking.rs:587:40
[INFO] [stdout]   24:     0x59e3bc511910 - std::panicking::try::h57f991055eb622f9
[INFO] [stdout]                                at /rustc/6067b36314ab5eb2eb47cecc464545ba58e1ad24/library/std/src/panicking.rs:550:19
[INFO] [stdout]   25:     0x59e3bc511910 - std::panic::catch_unwind::h4d9a74ef04456343
[INFO] [stdout]                                at /rustc/6067b36314ab5eb2eb47cecc464545ba58e1ad24/library/std/src/panic.rs:358:14
[INFO] [stdout]   26:     0x59e3bc511910 - std::rt::lang_start_internal::{{closure}}::h2faa8ae84a93f314
[INFO] [stdout]                                at /rustc/6067b36314ab5eb2eb47cecc464545ba58e1ad24/library/std/src/rt.rs:163:24
[INFO] [stdout]   27:     0x59e3bc511910 - std::panicking::try::do_call::h0f8932bf638a9bf5
[INFO] [stdout]                                at /rustc/6067b36314ab5eb2eb47cecc464545ba58e1ad24/library/std/src/panicking.rs:587:40
[INFO] [stdout]   28:     0x59e3bc511910 - std::panicking::try::h683416ea756b175d
[INFO] [stdout]                                at /rustc/6067b36314ab5eb2eb47cecc464545ba58e1ad24/library/std/src/panicking.rs:550:19
[INFO] [stdout]   29:     0x59e3bc511910 - std::panic::catch_unwind::h56189fac8994979f
[INFO] [stdout]                                at /rustc/6067b36314ab5eb2eb47cecc464545ba58e1ad24/library/std/src/panic.rs:358:14
[INFO] [stdout]   30:     0x59e3bc511910 - std::rt::lang_start_internal::h8bbc1061691274fe
[INFO] [stdout]                                at /rustc/6067b36314ab5eb2eb47cecc464545ba58e1ad24/library/std/src/rt.rs:159:5
[INFO] [stdout]   31:     0x59e3bc4b6271 - std::rt::lang_start::h601b10a269c70ef7
[INFO] [stdout]   32:     0x59e3bc4b7a65 - main
[INFO] [stdout]   33:     0x75234158ed90 - <unknown>
[INFO] [stdout]   34:     0x75234158ee40 - __libc_start_main
[INFO] [stdout]   35:     0x59e3bc4b4a25 - _start
[INFO] [stdout]   36:                0x0 - <unknown>
[INFO] [stdout] 
[INFO] [stdout] 
[INFO] [stdout] ---- src/matrix/utils.rs - matrix::utils::horizontal_concat (line 407) stdout ----
[INFO] [stdout] error: linking with `cc` failed: exit status: 1
[INFO] [stdout]   |
[INFO] [stdout]   = note: LC_ALL="C" PATH="/opt/rustwide/rustup-home/toolchains/nightly-2025-01-18-x86_64-unknown-linux-gnu/lib/rustlib/x86_64-unknown-linux-gnu/bin:/opt/rustwide/rustup-home/toolchains/nightly-2025-01-18-x86_64-unknown-linux-gnu/lib/rustlib/x86_64-unknown-linux-gnu/bin/self-contained:/opt/rustwide/cargo-home/bin:/usr/local/sbin:/usr/local/bin:/usr/sbin:/usr/bin:/sbin:/bin" VSLANG="1033" "cc" "-m64" "/tmp/rustcSlpKR0/symbols.o" "<2 object files omitted>" "-Wl,--as-needed" "-Wl,-Bstatic" "/opt/rustwide/target/debug/deps/{librmatrix_ks-c2c5250c7a647ad1.rlib,libregex-f96faa735beee927.rlib,libregex_automata-878559816a0bcdee.rlib,libaho_corasick-50150a17a2667fa6.rlib,libmemchr-4f0714dc45d95749.rlib,libregex_syntax-13fc688ae7f36982.rlib,librand-fd6c683065d05a7f.rlib,librand_chacha-1a9cc12cb16f4d3e.rlib,libppv_lite86-4250c766b4729968.rlib,librand_core-01b63a6b91633e50.rlib,libgetrandom-1c158220a04faccb.rlib,liblibc-b942f6529ea02afd.rlib,libcfg_if-33ef6c02a07f9fec.rlib,librayon-3402c2a2c95873a3.rlib,librayon_core-b1e101548e9c00e5.rlib,libcrossbeam_deque-01de7023bef04d73.rlib,libcrossbeam_epoch-830ad52e7d30f47e.rlib,libcrossbeam_utils-6947cd7c51cb69a0.rlib,libeither-05c06c46adc2ac96.rlib}" "/opt/rustwide/rustup-home/toolchains/nightly-2025-01-18-x86_64-unknown-linux-gnu/lib/rustlib/x86_64-unknown-linux-gnu/lib/{libstd-006123e2ce67e99d.rlib,libpanic_unwind-e1447e1efa6f1e57.rlib,libobject-f6963a4916fcf097.rlib,libmemchr-49a2d9af912f4524.rlib,libaddr2line-04d19aad3936869d.rlib,libgimli-483c235edb789db0.rlib,librustc_demangle-294281af50b8f748.rlib,libstd_detect-3b08295250aabc2a.rlib,libhashbrown-4472d1e05ba0dfaf.rlib,librustc_std_workspace_alloc-2ef099fac590e457.rlib,libminiz_oxide-8a51f5e848546c29.rlib,libadler2-3d3fa22b868db521.rlib,libunwind-0ffda8b08e22dbea.rlib,libcfg_if-b08f62458fdd43b9.rlib,liblibc-559675126e63b890.rlib,liballoc-fcf21c8d1c9c7b75.rlib,librustc_std_workspace_core-e0b0460135bcf21d.rlib,libcore-d4097fdcbddd3bc7.rlib,libcompiler_builtins-fea484ac1eed7881.rlib}" "-Wl,-Bdynamic" "-lc" "-lm" "-lrt" "-lpthread" "-lgcc_s" "-lutil" "-lrt" "-lpthread" "-lm" "-ldl" "-lc" "-B/opt/rustwide/rustup-home/toolchains/nightly-2025-01-18-x86_64-unknown-linux-gnu/lib/rustlib/x86_64-unknown-linux-gnu/bin/gcc-ld" "-fuse-ld=lld" "-Wl,--eh-frame-hdr" "-Wl,-z,noexecstack" "-L" "/opt/rustwide/rustup-home/toolchains/nightly-2025-01-18-x86_64-unknown-linux-gnu/lib/rustlib/x86_64-unknown-linux-gnu/lib" "-o" "/tmp/rustdoctest8bNxQA/rust_out" "-Wl,--gc-sections" "-pie" "-Wl,-z,relro,-z,now" "-nodefaultlibs"
[INFO] [stdout]   = note: some arguments are omitted. use `--verbose` to show all linker arguments
[INFO] [stdout]   = note: PLEASE submit a bug report to https://github.com/llvm/llvm-project/issues/ and include the crash backtrace.
[INFO] [stdout]           LLVM ERROR: IO failure on output stream: No space left on device
[INFO] [stdout]           collect2: fatal error: ld terminated with signal 7 [Bus error], core dumped
[INFO] [stdout]           compilation terminated.
[INFO] [stdout]           
[INFO] [stdout] 
[INFO] [stdout] error: aborting due to 1 previous error
[INFO] [stdout] 
[INFO] [stdout] Couldn't compile the test.
[INFO] [stdout] ---- src/matrix/utils.rs - matrix::utils::givens_rotation_matrix (line 580) stdout ----
[INFO] [stdout] error: linking with `cc` failed: exit status: 1
[INFO] [stdout]   |
[INFO] [stdout]   = note: LC_ALL="C" PATH="/opt/rustwide/rustup-home/toolchains/nightly-2025-01-18-x86_64-unknown-linux-gnu/lib/rustlib/x86_64-unknown-linux-gnu/bin:/opt/rustwide/rustup-home/toolchains/nightly-2025-01-18-x86_64-unknown-linux-gnu/lib/rustlib/x86_64-unknown-linux-gnu/bin/self-contained:/opt/rustwide/cargo-home/bin:/usr/local/sbin:/usr/local/bin:/usr/sbin:/usr/bin:/sbin:/bin" VSLANG="1033" "cc" "-m64" "/tmp/rustc9nBr1i/symbols.o" "<2 object files omitted>" "-Wl,--as-needed" "-Wl,-Bstatic" "/opt/rustwide/target/debug/deps/{librmatrix_ks-c2c5250c7a647ad1.rlib,libregex-f96faa735beee927.rlib,libregex_automata-878559816a0bcdee.rlib,libaho_corasick-50150a17a2667fa6.rlib,libmemchr-4f0714dc45d95749.rlib,libregex_syntax-13fc688ae7f36982.rlib,librand-fd6c683065d05a7f.rlib,librand_chacha-1a9cc12cb16f4d3e.rlib,libppv_lite86-4250c766b4729968.rlib,librand_core-01b63a6b91633e50.rlib,libgetrandom-1c158220a04faccb.rlib,liblibc-b942f6529ea02afd.rlib,libcfg_if-33ef6c02a07f9fec.rlib,librayon-3402c2a2c95873a3.rlib,librayon_core-b1e101548e9c00e5.rlib,libcrossbeam_deque-01de7023bef04d73.rlib,libcrossbeam_epoch-830ad52e7d30f47e.rlib,libcrossbeam_utils-6947cd7c51cb69a0.rlib,libeither-05c06c46adc2ac96.rlib}" "/opt/rustwide/rustup-home/toolchains/nightly-2025-01-18-x86_64-unknown-linux-gnu/lib/rustlib/x86_64-unknown-linux-gnu/lib/{libstd-006123e2ce67e99d.rlib,libpanic_unwind-e1447e1efa6f1e57.rlib,libobject-f6963a4916fcf097.rlib,libmemchr-49a2d9af912f4524.rlib,libaddr2line-04d19aad3936869d.rlib,libgimli-483c235edb789db0.rlib,librustc_demangle-294281af50b8f748.rlib,libstd_detect-3b08295250aabc2a.rlib,libhashbrown-4472d1e05ba0dfaf.rlib,librustc_std_workspace_alloc-2ef099fac590e457.rlib,libminiz_oxide-8a51f5e848546c29.rlib,libadler2-3d3fa22b868db521.rlib,libunwind-0ffda8b08e22dbea.rlib,libcfg_if-b08f62458fdd43b9.rlib,liblibc-559675126e63b890.rlib,liballoc-fcf21c8d1c9c7b75.rlib,librustc_std_workspace_core-e0b0460135bcf21d.rlib,libcore-d4097fdcbddd3bc7.rlib,libcompiler_builtins-fea484ac1eed7881.rlib}" "-Wl,-Bdynamic" "-lc" "-lm" "-lrt" "-lpthread" "-lgcc_s" "-lutil" "-lrt" "-lpthread" "-lm" "-ldl" "-lc" "-B/opt/rustwide/rustup-home/toolchains/nightly-2025-01-18-x86_64-unknown-linux-gnu/lib/rustlib/x86_64-unknown-linux-gnu/bin/gcc-ld" "-fuse-ld=lld" "-Wl,--eh-frame-hdr" "-Wl,-z,noexecstack" "-L" "/opt/rustwide/rustup-home/toolchains/nightly-2025-01-18-x86_64-unknown-linux-gnu/lib/rustlib/x86_64-unknown-linux-gnu/lib" "-o" "/tmp/rustdoctestofBHjV/rust_out" "-Wl,--gc-sections" "-pie" "-Wl,-z,relro,-z,now" "-nodefaultlibs"
[INFO] [stdout]   = note: some arguments are omitted. use `--verbose` to show all linker arguments
[INFO] [stdout]   = note: collect2: fatal error: ld terminated with signal 7 [Bus error], core dumped
[INFO] [stdout]           compilation terminated.
[INFO] [stdout]           
[INFO] [stdout] 
[INFO] [stdout] error: aborting due to 1 previous error
[INFO] [stdout] 
[INFO] [stdout] Couldn't compile the test.
[INFO] [stdout] ---- src/matrix/utils.rs - matrix::utils::row_space (line 364) stdout ----
[INFO] [stdout] error: couldn't create a temp dir: No space left on device (os error 28) at path "/tmp/rustdoctestnrb5lN/rmetashb3rI"
[INFO] [stdout] 
[INFO] [stdout] error: aborting due to 1 previous error
[INFO] [stdout] 
[INFO] [stdout] Couldn't compile the test.
[INFO] [stdout] ---- src/matrix/utils.rs - matrix::utils::rank (line 183) stdout ----
[INFO] [stdout] rustc-LLVM ERROR: IO failure on output stream: No space left on device
[INFO] [stdout] Couldn't compile the test.
[INFO] [stdout] ---- src/matrix/extra.rs - matrix::extra::moore_penrose_inverse (line 658) stdout ----
[INFO] [stdout] error: couldn't create a temp dir: No space left on device (os error 28) at path "/tmp/rustcnKYSn6"
[INFO] [stdout] 
[INFO] [stdout] error: aborting due to 1 previous error
[INFO] [stdout] 
[INFO] [stdout] Couldn't compile the test.
[INFO] [stdout] ---- src/matrix/utils.rs - matrix::utils::transpose (line 124) stdout ----
[INFO] [stdout] rustc-LLVM ERROR: IO failure on output stream: No space left on device
[INFO] [stdout] Couldn't compile the test.
[INFO] [stdout] ---- src/matrix/utils.rs - matrix::utils::null_space (line 225) stdout ----
[INFO] [stdout] rustc-LLVM ERROR: IO failure on output stream: No space left on device
[INFO] [stdout] Couldn't compile the test.
[INFO] [stdout] ---- src/matrix/utils.rs - matrix::utils::gram_schmidt_process (line 494) stdout ----
[INFO] [stdout] rustc-LLVM ERROR: IO failure on output stream: No space left on device
[INFO] [stdout] Couldn't compile the test.
[INFO] [stdout] ---- src/matrix/utils.rs - matrix::utils::vertical_concat (line 452) stdout ----
[INFO] [stdout] rustc-LLVM ERROR: IO failure on output stream: No space left on device
[INFO] [stdout] Couldn't compile the test.
[INFO] [stdout] ---- src/matrix/vector.rs - matrix::vector::angle_between (line 339) stdout ----
[INFO] [stdout] error: couldn't create a temp dir: No space left on device (os error 28) at path "/tmp/rustdoctestAVqaNt/rmetaZ4HwQ6"
[INFO] [stdout] 
[INFO] [stdout] error: aborting due to 1 previous error
[INFO] [stdout] 
[INFO] [stdout] Couldn't compile the test.
[INFO] [stdout] ---- src/matrix/utils.rs - matrix::utils::hessenberg_decomposition (line 641) stdout ----
[INFO] [stdout] error: linking with `cc` failed: exit status: 1
[INFO] [stdout]   |
[INFO] [stdout]   = note: LC_ALL="C" PATH="/opt/rustwide/rustup-home/toolchains/nightly-2025-01-18-x86_64-unknown-linux-gnu/lib/rustlib/x86_64-unknown-linux-gnu/bin:/opt/rustwide/rustup-home/toolchains/nightly-2025-01-18-x86_64-unknown-linux-gnu/lib/rustlib/x86_64-unknown-linux-gnu/bin/self-contained:/opt/rustwide/cargo-home/bin:/usr/local/sbin:/usr/local/bin:/usr/sbin:/usr/bin:/sbin:/bin" VSLANG="1033" "cc" "-m64" "/tmp/rustcSh1Gic/symbols.o" "<2 object files omitted>" "-Wl,--as-needed" "-Wl,-Bstatic" "/opt/rustwide/target/debug/deps/{librmatrix_ks-c2c5250c7a647ad1.rlib,libregex-f96faa735beee927.rlib,libregex_automata-878559816a0bcdee.rlib,libaho_corasick-50150a17a2667fa6.rlib,libmemchr-4f0714dc45d95749.rlib,libregex_syntax-13fc688ae7f36982.rlib,librand-fd6c683065d05a7f.rlib,librand_chacha-1a9cc12cb16f4d3e.rlib,libppv_lite86-4250c766b4729968.rlib,librand_core-01b63a6b91633e50.rlib,libgetrandom-1c158220a04faccb.rlib,liblibc-b942f6529ea02afd.rlib,libcfg_if-33ef6c02a07f9fec.rlib,librayon-3402c2a2c95873a3.rlib,librayon_core-b1e101548e9c00e5.rlib,libcrossbeam_deque-01de7023bef04d73.rlib,libcrossbeam_epoch-830ad52e7d30f47e.rlib,libcrossbeam_utils-6947cd7c51cb69a0.rlib,libeither-05c06c46adc2ac96.rlib}" "/opt/rustwide/rustup-home/toolchains/nightly-2025-01-18-x86_64-unknown-linux-gnu/lib/rustlib/x86_64-unknown-linux-gnu/lib/{libstd-006123e2ce67e99d.rlib,libpanic_unwind-e1447e1efa6f1e57.rlib,libobject-f6963a4916fcf097.rlib,libmemchr-49a2d9af912f4524.rlib,libaddr2line-04d19aad3936869d.rlib,libgimli-483c235edb789db0.rlib,librustc_demangle-294281af50b8f748.rlib,libstd_detect-3b08295250aabc2a.rlib,libhashbrown-4472d1e05ba0dfaf.rlib,librustc_std_workspace_alloc-2ef099fac590e457.rlib,libminiz_oxide-8a51f5e848546c29.rlib,libadler2-3d3fa22b868db521.rlib,libunwind-0ffda8b08e22dbea.rlib,libcfg_if-b08f62458fdd43b9.rlib,liblibc-559675126e63b890.rlib,liballoc-fcf21c8d1c9c7b75.rlib,librustc_std_workspace_core-e0b0460135bcf21d.rlib,libcore-d4097fdcbddd3bc7.rlib,libcompiler_builtins-fea484ac1eed7881.rlib}" "-Wl,-Bdynamic" "-lc" "-lm" "-lrt" "-lpthread" "-lgcc_s" "-lutil" "-lrt" "-lpthread" "-lm" "-ldl" "-lc" "-B/opt/rustwide/rustup-home/toolchains/nightly-2025-01-18-x86_64-unknown-linux-gnu/lib/rustlib/x86_64-unknown-linux-gnu/bin/gcc-ld" "-fuse-ld=lld" "-Wl,--eh-frame-hdr" "-Wl,-z,noexecstack" "-L" "/opt/rustwide/rustup-home/toolchains/nightly-2025-01-18-x86_64-unknown-linux-gnu/lib/rustlib/x86_64-unknown-linux-gnu/lib" "-o" "/tmp/rustdoctestbmVYR3/rust_out" "-Wl,--gc-sections" "-pie" "-Wl,-z,relro,-z,now" "-nodefaultlibs"
[INFO] [stdout]   = note: some arguments are omitted. use `--verbose` to show all linker arguments
[INFO] [stdout]   = note: collect2: fatal error: ld terminated with signal 7 [Bus error], core dumped
[INFO] [stdout]           compilation terminated.
[INFO] [stdout]           
[INFO] [stdout] 
[INFO] [stdout] error: aborting due to 1 previous error
[INFO] [stdout] 
[INFO] [stdout] Couldn't compile the test.
[INFO] [stdout] ---- src/matrix/utils.rs - matrix::utils::trace (line 62) stdout ----
[INFO] [stdout] error: linking with `cc` failed: exit status: 1
[INFO] [stdout]   |
[INFO] [stdout]   = note: LC_ALL="C" PATH="/opt/rustwide/rustup-home/toolchains/nightly-2025-01-18-x86_64-unknown-linux-gnu/lib/rustlib/x86_64-unknown-linux-gnu/bin:/opt/rustwide/rustup-home/toolchains/nightly-2025-01-18-x86_64-unknown-linux-gnu/lib/rustlib/x86_64-unknown-linux-gnu/bin/self-contained:/opt/rustwide/cargo-home/bin:/usr/local/sbin:/usr/local/bin:/usr/sbin:/usr/bin:/sbin:/bin" VSLANG="1033" "cc" "-m64" "/tmp/rustcjpY7iX/symbols.o" "<2 object files omitted>" "-Wl,--as-needed" "-Wl,-Bstatic" "/opt/rustwide/target/debug/deps/{librmatrix_ks-c2c5250c7a647ad1.rlib,libregex-f96faa735beee927.rlib,libregex_automata-878559816a0bcdee.rlib,libaho_corasick-50150a17a2667fa6.rlib,libmemchr-4f0714dc45d95749.rlib,libregex_syntax-13fc688ae7f36982.rlib,librand-fd6c683065d05a7f.rlib,librand_chacha-1a9cc12cb16f4d3e.rlib,libppv_lite86-4250c766b4729968.rlib,librand_core-01b63a6b91633e50.rlib,libgetrandom-1c158220a04faccb.rlib,liblibc-b942f6529ea02afd.rlib,libcfg_if-33ef6c02a07f9fec.rlib,librayon-3402c2a2c95873a3.rlib,librayon_core-b1e101548e9c00e5.rlib,libcrossbeam_deque-01de7023bef04d73.rlib,libcrossbeam_epoch-830ad52e7d30f47e.rlib,libcrossbeam_utils-6947cd7c51cb69a0.rlib,libeither-05c06c46adc2ac96.rlib}" "/opt/rustwide/rustup-home/toolchains/nightly-2025-01-18-x86_64-unknown-linux-gnu/lib/rustlib/x86_64-unknown-linux-gnu/lib/{libstd-006123e2ce67e99d.rlib,libpanic_unwind-e1447e1efa6f1e57.rlib,libobject-f6963a4916fcf097.rlib,libmemchr-49a2d9af912f4524.rlib,libaddr2line-04d19aad3936869d.rlib,libgimli-483c235edb789db0.rlib,librustc_demangle-294281af50b8f748.rlib,libstd_detect-3b08295250aabc2a.rlib,libhashbrown-4472d1e05ba0dfaf.rlib,librustc_std_workspace_alloc-2ef099fac590e457.rlib,libminiz_oxide-8a51f5e848546c29.rlib,libadler2-3d3fa22b868db521.rlib,libunwind-0ffda8b08e22dbea.rlib,libcfg_if-b08f62458fdd43b9.rlib,liblibc-559675126e63b890.rlib,liballoc-fcf21c8d1c9c7b75.rlib,librustc_std_workspace_core-e0b0460135bcf21d.rlib,libcore-d4097fdcbddd3bc7.rlib,libcompiler_builtins-fea484ac1eed7881.rlib}" "-Wl,-Bdynamic" "-lc" "-lm" "-lrt" "-lpthread" "-lgcc_s" "-lutil" "-lrt" "-lpthread" "-lm" "-ldl" "-lc" "-B/opt/rustwide/rustup-home/toolchains/nightly-2025-01-18-x86_64-unknown-linux-gnu/lib/rustlib/x86_64-unknown-linux-gnu/bin/gcc-ld" "-fuse-ld=lld" "-Wl,--eh-frame-hdr" "-Wl,-z,noexecstack" "-L" "/opt/rustwide/rustup-home/toolchains/nightly-2025-01-18-x86_64-unknown-linux-gnu/lib/rustlib/x86_64-unknown-linux-gnu/lib" "-o" "/tmp/rustdoctest1jGV3c/rust_out" "-Wl,--gc-sections" "-pie" "-Wl,-z,relro,-z,now" "-nodefaultlibs"
[INFO] [stdout]   = note: some arguments are omitted. use `--verbose` to show all linker arguments
[INFO] [stdout]   = note: PLEASE submit a bug report to https://github.com/llvm/llvm-project/issues/ and include the crash backtrace.
[INFO] [stdout]           LLVM ERROR: IO failure on output stream: No space left on device
[INFO] [stdout]           collect2: fatal error: ld terminated with signal 7 [Bus error], core dumped
[INFO] [stdout]           compilation terminated.
[INFO] [stdout]           
[INFO] [stdout] 
[INFO] [stdout] error: aborting due to 1 previous error
[INFO] [stdout] 
[INFO] [stdout] Couldn't compile the test.
[INFO] [stdout] 
[INFO] [stdout] failures:
[INFO] [stdout]     src/matrix/extra.rs - matrix::extra::moore_penrose_inverse (line 658)
[INFO] [stdout]     src/matrix/matrix.rs - matrix::matrix::Matrix<N,R,C>::of (line 51)
[INFO] [stdout]     src/matrix/matrix.rs - matrix::matrix::Matrix<N,R,C>::p_add (line 288)
[INFO] [stdout]     src/matrix/matrix.rs - matrix::matrix::Matrix<N,R,C>::rand (line 316)
[INFO] [stdout]     src/matrix/matrix.rs - matrix::matrix::Matrix<N,R,C>::set (line 408)
[INFO] [stdout]     src/matrix/matrix.rs - matrix::matrix::Matrix<N,R,C>::shape (line 352)
[INFO] [stdout]     src/matrix/serde.rs - matrix::serde::to_file (line 18)
[INFO] [stdout]     src/matrix/utils.rs - matrix::utils::givens_rotation_matrix (line 580)
[INFO] [stdout]     src/matrix/utils.rs - matrix::utils::gram_schmidt_process (line 494)
[INFO] [stdout]     src/matrix/utils.rs - matrix::utils::hessenberg_decomposition (line 641)
[INFO] [stdout]     src/matrix/utils.rs - matrix::utils::horizontal_concat (line 407)
[INFO] [stdout]     src/matrix/utils.rs - matrix::utils::null_space (line 225)
[INFO] [stdout]     src/matrix/utils.rs - matrix::utils::rank (line 183)
[INFO] [stdout]     src/matrix/utils.rs - matrix::utils::row_space (line 364)
[INFO] [stdout]     src/matrix/utils.rs - matrix::utils::trace (line 62)
[INFO] [stdout]     src/matrix/utils.rs - matrix::utils::transpose (line 124)
[INFO] [stdout]     src/matrix/utils.rs - matrix::utils::vertical_concat (line 452)
[INFO] [stdout]     src/matrix/vector.rs - matrix::vector::angle_between (line 339)
[INFO] [stdout] 
[INFO] [stdout] test result: FAILED. 163 passed; 18 failed; 0 ignored; 0 measured; 0 filtered out; finished in 62.66s
[INFO] [stdout] 
[INFO] [stderr] error: doctest failed, to rerun pass `--doc`
[INFO] running `Command { std: "docker" "inspect" "9148643e3cd83447833760f498bfbdc673e2fa6f1442c677dde13f561e3a20d6", kill_on_drop: false }`
[INFO] running `Command { std: "docker" "rm" "-f" "9148643e3cd83447833760f498bfbdc673e2fa6f1442c677dde13f561e3a20d6", kill_on_drop: false }`
[INFO] [stdout] 9148643e3cd83447833760f498bfbdc673e2fa6f1442c677dde13f561e3a20d6
