[INFO] fetching crate rlink-connector-kafka 0.6.6...
[INFO] testing rlink-connector-kafka-0.6.6 against nightly-2025-01-18 for randomize-layout-2
[INFO] extracting crate rlink-connector-kafka 0.6.6 into /workspace/builds/worker-0-tc1/source
[INFO] validating manifest of crates.io crate rlink-connector-kafka 0.6.6 on toolchain nightly-2025-01-18
[INFO] running `Command { std: CARGO_HOME="/workspace/cargo-home" RUSTUP_HOME="/workspace/rustup-home" "/workspace/cargo-home/bin/cargo" "+nightly-2025-01-18" "metadata" "--manifest-path" "Cargo.toml" "--no-deps", kill_on_drop: false }`
[INFO] started tweaking crates.io crate rlink-connector-kafka 0.6.6
[INFO] finished tweaking crates.io crate rlink-connector-kafka 0.6.6
[INFO] tweaked toml for crates.io crate rlink-connector-kafka 0.6.6 written to /workspace/builds/worker-0-tc1/source/Cargo.toml
[INFO] running `Command { std: CARGO_HOME="/workspace/cargo-home" RUSTUP_HOME="/workspace/rustup-home" "/workspace/cargo-home/bin/cargo" "+nightly-2025-01-18" "generate-lockfile" "--manifest-path" "Cargo.toml", kill_on_drop: false }`
[INFO] [stderr]     Updating crates.io index
[INFO] [stderr]     Blocking waiting for file lock on package cache
[INFO] [stderr]      Locking 322 packages to latest compatible versions
[INFO] [stderr]       Adding rdkafka v0.25.0 (available: v0.37.0)
[INFO] running `Command { std: CARGO_HOME="/workspace/cargo-home" RUSTUP_HOME="/workspace/rustup-home" "/workspace/cargo-home/bin/cargo" "+nightly-2025-01-18" "fetch" "--manifest-path" "Cargo.toml", kill_on_drop: false }`
[INFO] [stderr]     Blocking waiting for file lock on package cache
[INFO] [stderr]     Blocking waiting for file lock on package cache
[INFO] [stderr]  Downloading crates ...
[INFO] [stderr]   Downloaded serbuffer v1.3.3
[INFO] [stderr]   Downloaded serbuffer-gen v1.3.2
[INFO] [stderr]   Downloaded raw-cpuid v9.1.1
[INFO] [stderr]   Downloaded io-enum v0.2.6
[INFO] [stderr]   Downloaded metrics-util v0.6.2
[INFO] [stderr]   Downloaded rlink-derive v0.3.0
[INFO] [stderr]   Downloaded mysql v20.1.0
[INFO] [stderr]   Downloaded daggy v0.7.0
[INFO] [stderr]   Downloaded metrics v0.14.2
[INFO] [stderr]   Downloaded sysinfo v0.17.5
[INFO] [stderr]   Downloaded rdkafka v0.25.0
[INFO] [stderr]   Downloaded metrics-macros v0.2.0
[INFO] [stderr]   Downloaded mysql_common v0.24.1
[INFO] [stderr]   Downloaded rlink v0.6.16
[INFO] [stderr]   Downloaded rdkafka-sys v3.0.0+1.6.0
[INFO] [stderr]   Downloaded lexical v5.2.2
[INFO] running `Command { std: "docker" "create" "-v" "/var/lib/crater-agent-workspace/builds/worker-0-tc1/target:/opt/rustwide/target:rw,Z" "-v" "/var/lib/crater-agent-workspace/builds/worker-0-tc1/source:/opt/rustwide/workdir:ro,Z" "-v" "/var/lib/crater-agent-workspace/cargo-home:/opt/rustwide/cargo-home:ro,Z" "-v" "/var/lib/crater-agent-workspace/rustup-home:/opt/rustwide/rustup-home:ro,Z" "-e" "SOURCE_DIR=/opt/rustwide/workdir" "-e" "CARGO_TARGET_DIR=/opt/rustwide/target" "-e" "CARGO_HOME=/opt/rustwide/cargo-home" "-e" "RUSTUP_HOME=/opt/rustwide/rustup-home" "-w" "/opt/rustwide/workdir" "-m" "1610612736" "--user" "0:0" "--network" "none" "ghcr.io/rust-lang/crates-build-env/linux@sha256:819108c5571ea2e421544af4d832f968d213c87fbe3707a016657f43d2f853bc" "/opt/rustwide/cargo-home/bin/cargo" "+nightly-2025-01-18" "metadata" "--no-deps" "--format-version=1", kill_on_drop: false }`
[INFO] [stdout] b2740da0c0425d16c621cf5464f0166f2b105d03d7671b5422c5eceaadef29d1
[INFO] running `Command { std: "docker" "start" "-a" "b2740da0c0425d16c621cf5464f0166f2b105d03d7671b5422c5eceaadef29d1", kill_on_drop: false }`
[INFO] running `Command { std: "docker" "inspect" "b2740da0c0425d16c621cf5464f0166f2b105d03d7671b5422c5eceaadef29d1", kill_on_drop: false }`
[INFO] running `Command { std: "docker" "rm" "-f" "b2740da0c0425d16c621cf5464f0166f2b105d03d7671b5422c5eceaadef29d1", kill_on_drop: false }`
[INFO] [stdout] b2740da0c0425d16c621cf5464f0166f2b105d03d7671b5422c5eceaadef29d1
[INFO] running `Command { std: "docker" "create" "-v" "/var/lib/crater-agent-workspace/builds/worker-0-tc1/target:/opt/rustwide/target:rw,Z" "-v" "/var/lib/crater-agent-workspace/builds/worker-0-tc1/source:/opt/rustwide/workdir:ro,Z" "-v" "/var/lib/crater-agent-workspace/cargo-home:/opt/rustwide/cargo-home:ro,Z" "-v" "/var/lib/crater-agent-workspace/rustup-home:/opt/rustwide/rustup-home:ro,Z" "-e" "SOURCE_DIR=/opt/rustwide/workdir" "-e" "CARGO_TARGET_DIR=/opt/rustwide/target" "-e" "CARGO_INCREMENTAL=0" "-e" "RUST_BACKTRACE=full" "-e" "RUSTFLAGS=--cap-lints=forbid" "-e" "RUSTDOCFLAGS=--cap-lints=forbid" "-e" "CARGO_HOME=/opt/rustwide/cargo-home" "-e" "RUSTUP_HOME=/opt/rustwide/rustup-home" "-w" "/opt/rustwide/workdir" "-m" "1610612736" "--user" "0:0" "--network" "none" "ghcr.io/rust-lang/crates-build-env/linux@sha256:819108c5571ea2e421544af4d832f968d213c87fbe3707a016657f43d2f853bc" "/opt/rustwide/cargo-home/bin/cargo" "+nightly-2025-01-18" "build" "--frozen" "--message-format=json", kill_on_drop: false }`
[INFO] [stdout] dcf90097765dd544c3b487b112f5ca45ceb3a8c9f167a56e871791b2751b4fd3
[INFO] running `Command { std: "docker" "start" "-a" "dcf90097765dd544c3b487b112f5ca45ceb3a8c9f167a56e871791b2751b4fd3", kill_on_drop: false }`
[INFO] [stderr]    Compiling proc-macro2 v1.0.93
[INFO] [stderr]    Compiling libc v0.2.169
[INFO] [stderr]    Compiling autocfg v1.4.0
[INFO] [stderr]    Compiling cfg-if v1.0.0
[INFO] [stderr]    Compiling memchr v2.7.4
[INFO] [stderr]    Compiling once_cell v1.20.2
[INFO] [stderr]    Compiling syn v1.0.109
[INFO] [stderr]    Compiling pkg-config v0.3.31
[INFO] [stderr]    Compiling serde v1.0.217
[INFO] [stderr]    Compiling vcpkg v0.2.15
[INFO] [stderr]    Compiling version_check v0.9.5
[INFO] [stderr]    Compiling stable_deref_trait v1.2.0
[INFO] [stderr]    Compiling byteorder v1.5.0
[INFO] [stderr]    Compiling smallvec v1.13.2
[INFO] [stderr]    Compiling crossbeam-utils v0.8.21
[INFO] [stderr]    Compiling proc-macro-hack v0.5.20+deprecated
[INFO] [stderr]    Compiling equivalent v1.0.1
[INFO] [stderr]    Compiling writeable v0.5.5
[INFO] [stderr]    Compiling itoa v1.0.14
[INFO] [stderr]    Compiling ryu v1.0.18
[INFO] [stderr]    Compiling pin-project-lite v0.2.16
[INFO] [stderr]    Compiling litemap v0.7.4
[INFO] [stderr]    Compiling hashbrown v0.15.2
[INFO] [stderr]    Compiling regex-syntax v0.8.5
[INFO] [stderr]    Compiling bitflags v1.3.2
[INFO] [stderr]    Compiling typenum v1.17.0
[INFO] [stderr]    Compiling futures-sink v0.3.31
[INFO] [stderr]    Compiling icu_locid_transform_data v1.5.0
[INFO] [stderr]    Compiling bytes v1.9.0
[INFO] [stderr]    Compiling futures-core v0.3.31
[INFO] [stderr]    Compiling getrandom v0.1.16
[INFO] [stderr]    Compiling serde_json v1.0.137
[INFO] [stderr]    Compiling standback v0.2.17
[INFO] [stderr]    Compiling icu_properties_data v1.5.0
[INFO] [stderr]    Compiling futures-channel v0.3.31
[INFO] [stderr]    Compiling ahash v0.7.8
[INFO] [stderr]    Compiling num-traits v0.2.19
[INFO] [stderr]    Compiling slab v0.4.9
[INFO] [stderr]    Compiling aho-corasick v1.1.3
[INFO] [stderr]    Compiling crossbeam-epoch v0.9.18
[INFO] [stderr]    Compiling indexmap v1.9.3
[INFO] [stderr]    Compiling lock_api v0.4.12
[INFO] [stderr]    Compiling libz-sys v1.1.21
[INFO] [stderr]    Compiling quote v1.0.38
[INFO] [stderr]    Compiling openssl-sys v0.9.104
[INFO] [stderr]    Compiling num-bigint v0.2.6
[INFO] [stderr]    Compiling futures-task v0.3.31
[INFO] [stderr]    Compiling syn v2.0.96
[INFO] [stderr]    Compiling indexmap v2.7.1
[INFO] [stderr]    Compiling byte-tools v0.3.1
[INFO] [stderr]    Compiling hashbrown v0.12.3
[INFO] [stderr]    Compiling lexical-core v0.7.6
[INFO] [stderr]    Compiling pin-utils v0.1.0
[INFO] [stderr]    Compiling winnow v0.5.40
[INFO] [stderr]    Compiling static_assertions v1.1.0
[INFO] [stderr]    Compiling const_fn v0.4.11
[INFO] [stderr]    Compiling scopeguard v1.2.0
[INFO] [stderr]    Compiling toml_datetime v0.6.8
[INFO] [stderr]    Compiling utf16_iter v1.0.5
[INFO] [stderr]    Compiling futures-io v0.3.31
[INFO] [stderr]    Compiling getrandom v0.2.15
[INFO] [stderr]    Compiling utf8_iter v1.0.4
[INFO] [stderr]    Compiling write16 v1.0.0
[INFO] [stderr]    Compiling lazy_static v1.5.0
[INFO] [stderr]    Compiling icu_normalizer_data v1.5.0
[INFO] [stderr]    Compiling socket2 v0.5.8
[INFO] [stderr]    Compiling mio v1.0.3
[INFO] [stderr]    Compiling rand_core v0.6.4
[INFO] [stderr]    Compiling block-padding v0.1.5
[INFO] [stderr]    Compiling rand_core v0.5.1
[INFO] [stderr]    Compiling crossbeam-deque v0.8.6
[INFO] [stderr]    Compiling generic-array v0.12.4
[INFO] [stderr]    Compiling time v0.2.27
[INFO] [stderr]    Compiling openssl v0.10.68
[INFO] [stderr]    Compiling fnv v1.0.7
[INFO] [stderr]    Compiling arrayvec v0.5.2
[INFO] [stderr]    Compiling rayon-core v1.12.1
[INFO] [stderr]    Compiling foreign-types-shared v0.1.1
[INFO] [stderr]    Compiling parking_lot_core v0.9.10
[INFO] [stderr]    Compiling parking_lot_core v0.8.6
[INFO] [stderr]    Compiling iana-time-zone v0.1.61
[INFO] [stderr]    Compiling rust_decimal v1.36.0
[INFO] [stderr]    Compiling foreign-types v0.3.2
[INFO] [stderr]    Compiling digest v0.8.1
[INFO] [stderr]    Compiling num-integer v0.1.46
[INFO] [stderr]    Compiling ordered-float v2.10.1
[INFO] [stderr]    Compiling block-buffer v0.7.3
[INFO] [stderr]    Compiling io-enum v0.2.6
[INFO] [stderr]    Compiling instant v0.1.13
[INFO] [stderr]    Compiling crc32fast v1.4.2
[INFO] [stderr]    Compiling cmake v0.1.52
[INFO] [stderr]    Compiling destructure_traitobject v0.2.0
[INFO] [stderr]    Compiling percent-encoding v2.3.1
[INFO] [stderr]    Compiling object v0.36.7
[INFO] [stderr]    Compiling httparse v1.9.5
[INFO] [stderr]    Compiling sha1_smol v1.0.1
[INFO] [stderr]    Compiling fake-simd v0.1.2
[INFO] [stderr]    Compiling doc-comment v0.3.3
[INFO] [stderr]    Compiling anyhow v1.0.95
[INFO] [stderr]    Compiling bitflags v2.8.0
[INFO] [stderr]    Compiling regex-automata v0.4.9
[INFO] [stderr]    Compiling metrics v0.14.2
[INFO] [stderr]    Compiling native-tls v0.2.12
[INFO] [stderr]    Compiling opaque-debug v0.2.3
[INFO] [stderr]    Compiling thiserror v1.0.69
[INFO] [stderr]    Compiling arrayvec v0.7.6
[INFO] [stderr]    Compiling sha2 v0.8.2
[INFO] [stderr]    Compiling rdkafka-sys v3.0.0+1.6.0
[INFO] [stderr]    Compiling sha1 v0.6.1
[INFO] [stderr]    Compiling form_urlencoded v1.2.1
[INFO] [stderr]    Compiling hashbrown v0.11.2
[INFO] [stderr]    Compiling flate2 v1.0.35
[INFO] [stderr]    Compiling unsafe-any-ors v1.0.0
[INFO] [stderr]    Compiling http v0.2.12
[INFO] [stderr]    Compiling num_cpus v1.16.0
[INFO] [stderr]    Compiling raw-cpuid v9.1.1
[INFO] [stderr]    Compiling tracing-core v0.1.33
[INFO] [stderr]    Compiling lexical v5.2.2
[INFO] [stderr]    Compiling linked-hash-map v0.5.6
[INFO] [stderr]    Compiling uuid v0.8.2
[INFO] [stderr]    Compiling either v1.13.0
[INFO] [stderr]    Compiling toml_edit v0.19.15
[INFO] [stderr]    Compiling unsafe-libyaml v0.2.11
[INFO] [stderr]    Compiling adler2 v2.0.0
[INFO] [stderr]    Compiling sysinfo v0.17.5
[INFO] [stderr]    Compiling base64 v0.12.3
[INFO] [stderr]    Compiling fixedbitset v0.2.0
[INFO] [stderr]    Compiling gimli v0.31.1
[INFO] [stderr]    Compiling atomic-shim v0.1.0
[INFO] [stderr]    Compiling openssl-probe v0.1.5
[INFO] [stderr]    Compiling try-lock v0.2.5
[INFO] [stderr]    Compiling base64 v0.13.1
[INFO] [stderr]    Compiling bytes v0.5.6
[INFO] [stderr]    Compiling mysql v20.1.0
[INFO] [stderr]    Compiling want v0.3.1
[INFO] [stderr]    Compiling tracing v0.1.41
[INFO] [stderr]    Compiling http-body v0.4.6
[INFO] [stderr]    Compiling quanta v0.7.2
[INFO] [stderr]    Compiling petgraph v0.5.1
[INFO] [stderr]    Compiling rayon v1.10.0
[INFO] [stderr]    Compiling miniz_oxide v0.8.3
[INFO] [stderr]    Compiling yaml-rust v0.4.5
[INFO] [stderr]    Compiling lru v0.6.6
[INFO] [stderr]    Compiling parking_lot v0.12.3
[INFO] [stderr]    Compiling dashmap v4.0.2
[INFO] [stderr]    Compiling parking_lot v0.11.2
[INFO] [stderr]    Compiling typemap-ors v1.0.0
[INFO] [stderr]    Compiling thread-id v4.2.2
[INFO] [stderr]    Compiling socket2 v0.3.19
[INFO] [stderr]    Compiling socket2 v0.4.10
[INFO] [stderr]    Compiling nix v0.19.1
[INFO] [stderr]    Compiling crossbeam-channel v0.5.14
[INFO] [stderr]    Compiling synstructure v0.13.1
[INFO] [stderr]    Compiling proc-macro-crate v1.3.1
[INFO] [stderr]    Compiling derive_utils v0.11.2
[INFO] [stderr]    Compiling crossbeam-queue v0.3.12
[INFO] [stderr]    Compiling aho-corasick v0.7.20
[INFO] [stderr]    Compiling log-mdc v0.1.0
[INFO] [stderr]    Compiling regex v1.11.1
[INFO] [stderr]    Compiling rustc-demangle v0.1.24
[INFO] [stderr]    Compiling sketches-ddsketch v0.1.3
[INFO] [stderr]    Compiling serbuffer-gen v1.3.2
[INFO] [stderr]    Compiling bufstream v0.1.4
[INFO] [stderr]    Compiling match_cfg v0.1.0
[INFO] [stderr]    Compiling tower-service v0.3.3
[INFO] [stderr]    Compiling httpdate v1.0.3
[INFO] [stderr]    Compiling humantime v2.1.0
[INFO] [stderr]    Compiling arc-swap v1.7.1
[INFO] [stderr]    Compiling hostname v0.3.1
[INFO] [stderr]    Compiling rlink-connector-kafka v0.6.6 (/opt/rustwide/workdir)
[INFO] [stderr]    Compiling pem v0.8.3
[INFO] [stderr]    Compiling crossbeam v0.8.4
[INFO] [stderr]    Compiling daggy v0.7.0
[INFO] [stderr]    Compiling dns-lookup v1.0.8
[INFO] [stderr]    Compiling serbuffer v1.3.3
[INFO] [stderr]    Compiling murmur3 v0.5.2
[INFO] [stderr]    Compiling addr2line v0.24.2
[INFO] [stderr]    Compiling serde_derive v1.0.217
[INFO] [stderr]    Compiling zerofrom-derive v0.1.5
[INFO] [stderr]    Compiling yoke-derive v0.7.5
[INFO] [stderr]    Compiling zerovec-derive v0.10.3
[INFO] [stderr]    Compiling displaydoc v0.2.5
[INFO] [stderr]    Compiling zerocopy-derive v0.7.35
[INFO] [stderr]    Compiling icu_provider_macros v1.5.0
[INFO] [stderr]    Compiling futures-macro v0.3.31
[INFO] [stderr]    Compiling time-macros-impl v0.1.2
[INFO] [stderr]    Compiling tokio-macros v2.5.0
[INFO] [stderr]    Compiling openssl-macros v0.1.1
[INFO] [stderr]    Compiling metrics-macros v0.2.0
[INFO] [stderr]    Compiling num_enum_derive v0.5.11
[INFO] [stderr]    Compiling time-macros v0.1.1
[INFO] [stderr]    Compiling thiserror-impl v1.0.69
[INFO] [stderr]    Compiling tokio v1.43.0
[INFO] [stderr]    Compiling futures-util v0.3.31
[INFO] [stderr]    Compiling zerocopy v0.7.35
[INFO] [stderr]    Compiling derivative v2.2.0
[INFO] [stderr]    Compiling num_enum v0.5.11
[INFO] [stderr]    Compiling metrics-util v0.6.2
[INFO] [stderr]    Compiling backtrace v0.3.74
[INFO] [stderr]    Compiling rlink-derive v0.3.0
[INFO] [stderr]    Compiling zerofrom v0.1.5
[INFO] [stderr]    Compiling yoke v0.7.5
[INFO] [stderr]    Compiling ppv-lite86 v0.2.20
[INFO] [stderr]    Compiling zerovec v0.10.4
[INFO] [stderr]    Compiling rand_chacha v0.3.1
[INFO] [stderr]    Compiling rand_chacha v0.2.2
[INFO] [stderr]    Compiling rand v0.8.5
[INFO] [stderr]    Compiling tinystr v0.7.6
[INFO] [stderr]    Compiling icu_collections v1.5.0
[INFO] [stderr]    Compiling rand v0.7.3
[INFO] [stderr]    Compiling icu_locid v1.5.0
[INFO] [stderr]    Compiling twox-hash v1.6.3
[INFO] [stderr]    Compiling icu_provider v1.5.0
[INFO] [stderr]    Compiling futures-executor v0.3.31
[INFO] [stderr]    Compiling futures v0.3.31
[INFO] [stderr]    Compiling icu_locid_transform v1.5.0
[INFO] [stderr]    Compiling icu_properties v1.5.1
[INFO] [stderr]    Compiling hyper v0.14.32
[INFO] [stderr]    Compiling log v0.4.25
[INFO] [stderr]    Compiling chrono v0.4.39
[INFO] [stderr]    Compiling bigdecimal v0.1.2
[INFO] [stderr]    Compiling serde-value v0.7.0
[INFO] [stderr]    Compiling serde_yaml v0.9.34+deprecated
[INFO] [stderr]    Compiling serde_yaml v0.8.26
[INFO] [stderr]    Compiling tokio-util v0.6.10
[INFO] [stderr]    Compiling mysql_common v0.24.1
[INFO] [stderr]    Compiling icu_normalizer v1.5.0
[INFO] [stderr]    Compiling log4rs v1.3.0
[INFO] [stderr]    Compiling rdkafka v0.25.0
[INFO] [stderr]    Compiling idna_adapter v1.2.0
[INFO] [stderr]    Compiling idna v1.0.3
[INFO] [stderr]    Compiling url v2.5.4
[INFO] [stderr]    Compiling rlink v0.6.16
[INFO] [stdout] warning: fields `application_id` and `task_id` are never read
[INFO] [stdout]   --> src/source/checkpoint.rs:10:16
[INFO] [stdout]    |
[INFO] [stdout] 8  | pub struct KafkaCheckpointFunction {
[INFO] [stdout]    |            ----------------------- fields in this struct
[INFO] [stdout] 9  |     pub(crate) state_recorder: Option<KafkaSourceStateRecorder>,
[INFO] [stdout] 10 |     pub(crate) application_id: String,
[INFO] [stdout]    |                ^^^^^^^^^^^^^^
[INFO] [stdout] 11 |     pub(crate) task_id: TaskId,
[INFO] [stdout]    |                ^^^^^^^
[INFO] [stdout]    |
[INFO] [stdout]    = note: `KafkaCheckpointFunction` has derived impls for the traits `Clone` and `Debug`, but these are intentionally ignored during dead code analysis
[INFO] [stdout]    = note: `#[warn(dead_code)]` on by default
[INFO] [stdout] 
[INFO] [stdout] 
[INFO] [stderr]     Finished `dev` profile [unoptimized + debuginfo] target(s) in 1m 11s
[INFO] running `Command { std: "docker" "inspect" "dcf90097765dd544c3b487b112f5ca45ceb3a8c9f167a56e871791b2751b4fd3", kill_on_drop: false }`
[INFO] running `Command { std: "docker" "rm" "-f" "dcf90097765dd544c3b487b112f5ca45ceb3a8c9f167a56e871791b2751b4fd3", kill_on_drop: false }`
[INFO] [stdout] dcf90097765dd544c3b487b112f5ca45ceb3a8c9f167a56e871791b2751b4fd3
[INFO] running `Command { std: "docker" "create" "-v" "/var/lib/crater-agent-workspace/builds/worker-0-tc1/target:/opt/rustwide/target:rw,Z" "-v" "/var/lib/crater-agent-workspace/builds/worker-0-tc1/source:/opt/rustwide/workdir:ro,Z" "-v" "/var/lib/crater-agent-workspace/cargo-home:/opt/rustwide/cargo-home:ro,Z" "-v" "/var/lib/crater-agent-workspace/rustup-home:/opt/rustwide/rustup-home:ro,Z" "-e" "SOURCE_DIR=/opt/rustwide/workdir" "-e" "CARGO_TARGET_DIR=/opt/rustwide/target" "-e" "CARGO_INCREMENTAL=0" "-e" "RUST_BACKTRACE=full" "-e" "RUSTFLAGS=--cap-lints=forbid" "-e" "RUSTDOCFLAGS=--cap-lints=forbid" "-e" "CARGO_HOME=/opt/rustwide/cargo-home" "-e" "RUSTUP_HOME=/opt/rustwide/rustup-home" "-w" "/opt/rustwide/workdir" "-m" "1610612736" "--user" "0:0" "--network" "none" "ghcr.io/rust-lang/crates-build-env/linux@sha256:819108c5571ea2e421544af4d832f968d213c87fbe3707a016657f43d2f853bc" "/opt/rustwide/cargo-home/bin/cargo" "+nightly-2025-01-18" "test" "--frozen" "--no-run" "--message-format=json", kill_on_drop: false }`
[INFO] [stdout] 5ef35a26487d5692ca3f7a374ed2c45ea78fabaa8c627c4ae56a9c80a20f126e
[INFO] running `Command { std: "docker" "start" "-a" "5ef35a26487d5692ca3f7a374ed2c45ea78fabaa8c627c4ae56a9c80a20f126e", kill_on_drop: false }`
[INFO] [stdout] warning: fields `application_id` and `task_id` are never read
[INFO] [stdout]   --> src/source/checkpoint.rs:10:16
[INFO] [stdout]    |
[INFO] [stdout] 8  | pub struct KafkaCheckpointFunction {
[INFO] [stdout]    |            ----------------------- fields in this struct
[INFO] [stdout] 9  |     pub(crate) state_recorder: Option<KafkaSourceStateRecorder>,
[INFO] [stdout] 10 |     pub(crate) application_id: String,
[INFO] [stdout]    |                ^^^^^^^^^^^^^^
[INFO] [stdout] 11 |     pub(crate) task_id: TaskId,
[INFO] [stdout]    |                ^^^^^^^
[INFO] [stdout]    |
[INFO] [stdout]    = note: `KafkaCheckpointFunction` has derived impls for the traits `Clone` and `Debug`, but these are intentionally ignored during dead code analysis
[INFO] [stdout]    = note: `#[warn(dead_code)]` on by default
[INFO] [stdout] 
[INFO] [stdout] 
[INFO] [stderr]    Compiling rlink-connector-kafka v0.6.6 (/opt/rustwide/workdir)
[INFO] [stdout] warning: fields `application_id` and `task_id` are never read
[INFO] [stdout]   --> src/source/checkpoint.rs:10:16
[INFO] [stdout]    |
[INFO] [stdout] 8  | pub struct KafkaCheckpointFunction {
[INFO] [stdout]    |            ----------------------- fields in this struct
[INFO] [stdout] 9  |     pub(crate) state_recorder: Option<KafkaSourceStateRecorder>,
[INFO] [stdout] 10 |     pub(crate) application_id: String,
[INFO] [stdout]    |                ^^^^^^^^^^^^^^
[INFO] [stdout] 11 |     pub(crate) task_id: TaskId,
[INFO] [stdout]    |                ^^^^^^^
[INFO] [stdout]    |
[INFO] [stdout]    = note: `KafkaCheckpointFunction` has derived impls for the traits `Clone` and `Debug`, but these are intentionally ignored during dead code analysis
[INFO] [stdout]    = note: `#[warn(dead_code)]` on by default
[INFO] [stdout] 
[INFO] [stdout] 
[INFO] [stderr]     Finished `test` profile [unoptimized + debuginfo] target(s) in 4.29s
[INFO] running `Command { std: "docker" "inspect" "5ef35a26487d5692ca3f7a374ed2c45ea78fabaa8c627c4ae56a9c80a20f126e", kill_on_drop: false }`
[INFO] running `Command { std: "docker" "rm" "-f" "5ef35a26487d5692ca3f7a374ed2c45ea78fabaa8c627c4ae56a9c80a20f126e", kill_on_drop: false }`
[INFO] [stdout] 5ef35a26487d5692ca3f7a374ed2c45ea78fabaa8c627c4ae56a9c80a20f126e
[INFO] running `Command { std: "docker" "create" "-v" "/var/lib/crater-agent-workspace/builds/worker-0-tc1/target:/opt/rustwide/target:rw,Z" "-v" "/var/lib/crater-agent-workspace/builds/worker-0-tc1/source:/opt/rustwide/workdir:ro,Z" "-v" "/var/lib/crater-agent-workspace/cargo-home:/opt/rustwide/cargo-home:ro,Z" "-v" "/var/lib/crater-agent-workspace/rustup-home:/opt/rustwide/rustup-home:ro,Z" "-e" "SOURCE_DIR=/opt/rustwide/workdir" "-e" "CARGO_TARGET_DIR=/opt/rustwide/target" "-e" "CARGO_INCREMENTAL=0" "-e" "RUST_BACKTRACE=full" "-e" "RUSTFLAGS=--cap-lints=forbid" "-e" "RUSTDOCFLAGS=--cap-lints=forbid" "-e" "CARGO_HOME=/opt/rustwide/cargo-home" "-e" "RUSTUP_HOME=/opt/rustwide/rustup-home" "-w" "/opt/rustwide/workdir" "-m" "1610612736" "--user" "0:0" "--network" "none" "ghcr.io/rust-lang/crates-build-env/linux@sha256:819108c5571ea2e421544af4d832f968d213c87fbe3707a016657f43d2f853bc" "/opt/rustwide/cargo-home/bin/cargo" "+nightly-2025-01-18" "test" "--frozen", kill_on_drop: false }`
[INFO] [stdout] de8ab5504ba0b14ad15c3e271b17724866033154a0227018fa64fc043c7c1602
[INFO] running `Command { std: "docker" "start" "-a" "de8ab5504ba0b14ad15c3e271b17724866033154a0227018fa64fc043c7c1602", kill_on_drop: false }`
[INFO] [stderr] warning: fields `application_id` and `task_id` are never read
[INFO] [stderr]   --> src/source/checkpoint.rs:10:16
[INFO] [stderr]    |
[INFO] [stderr] 8  | pub struct KafkaCheckpointFunction {
[INFO] [stderr]    |            ----------------------- fields in this struct
[INFO] [stderr] 9  |     pub(crate) state_recorder: Option<KafkaSourceStateRecorder>,
[INFO] [stderr] 10 |     pub(crate) application_id: String,
[INFO] [stderr]    |                ^^^^^^^^^^^^^^
[INFO] [stderr] 11 |     pub(crate) task_id: TaskId,
[INFO] [stderr]    |                ^^^^^^^
[INFO] [stderr]    |
[INFO] [stderr]    = note: `KafkaCheckpointFunction` has derived impls for the traits `Clone` and `Debug`, but these are intentionally ignored during dead code analysis
[INFO] [stderr]    = note: `#[warn(dead_code)]` on by default
[INFO] [stderr] 
[INFO] [stderr] warning: `rlink-connector-kafka` (lib) generated 1 warning
[INFO] [stderr] warning: `rlink-connector-kafka` (lib test) generated 1 warning (1 duplicate)
[INFO] [stderr]     Finished `test` profile [unoptimized + debuginfo] target(s) in 0.30s
[INFO] [stderr]      Running unittests src/lib.rs (/opt/rustwide/target/debug/deps/rlink_connector_kafka-a48b81b89bb63870)
[INFO] [stdout] 
[INFO] [stdout] running 2 tests
[INFO] [stdout] test source::offset_range::tests::properties_convert_test ... ok
[INFO] [stdout] test sink::producer::tests::producer2_result_test ... FAILED
[INFO] [stdout] 
[INFO] [stdout] failures:
[INFO] [stdout] 
[INFO] [stdout] ---- sink::producer::tests::producer2_result_test stdout ----
[INFO] [stdout] 
[INFO] [stdout] thread 'sink::producer::tests::producer2_result_test' panicked at /opt/rustwide/cargo-home/registry/src/index.crates.io-1949cf8c6b5b557f/rlink-0.6.16/src/metrics/metric.rs:212:19:
[INFO] [stdout] called `Option::unwrap()` on a `None` value
[INFO] [stdout] stack backtrace:
[INFO] [stdout]    0:     0x6316bf62bb5a - std::backtrace_rs::backtrace::libunwind::trace::hb059275cfc8d6126
[INFO] [stdout]                                at /rustc/6067b36314ab5eb2eb47cecc464545ba58e1ad24/library/std/src/../../backtrace/src/backtrace/libunwind.rs:116:5
[INFO] [stdout]    1:     0x6316bf62bb5a - std::backtrace_rs::backtrace::trace_unsynchronized::h2da071e4327ce3ee
[INFO] [stdout]                                at /rustc/6067b36314ab5eb2eb47cecc464545ba58e1ad24/library/std/src/../../backtrace/src/backtrace/mod.rs:66:5
[INFO] [stdout]    2:     0x6316bf62bb5a - std::sys::backtrace::_print_fmt::h842a1474e6f8d23f
[INFO] [stdout]                                at /rustc/6067b36314ab5eb2eb47cecc464545ba58e1ad24/library/std/src/sys/backtrace.rs:66:9
[INFO] [stdout]    3:     0x6316bf62bb5a - <std::sys::backtrace::BacktraceLock::print::DisplayBacktrace as core::fmt::Display>::fmt::h71a62eb3b9696b12
[INFO] [stdout]                                at /rustc/6067b36314ab5eb2eb47cecc464545ba58e1ad24/library/std/src/sys/backtrace.rs:39:26
[INFO] [stdout]    4:     0x6316bf6542a3 - core::fmt::rt::Argument::fmt::hdb6b616786b41dc1
[INFO] [stdout]                                at /rustc/6067b36314ab5eb2eb47cecc464545ba58e1ad24/library/core/src/fmt/rt.rs:177:76
[INFO] [stdout]    5:     0x6316bf6542a3 - core::fmt::write::h2cc1698af7e2d686
[INFO] [stdout]                                at /rustc/6067b36314ab5eb2eb47cecc464545ba58e1ad24/library/core/src/fmt/mod.rs:1440:21
[INFO] [stdout]    6:     0x6316bf6283c3 - std::io::Write::write_fmt::hab1b4cd059a79022
[INFO] [stdout]                                at /rustc/6067b36314ab5eb2eb47cecc464545ba58e1ad24/library/std/src/io/mod.rs:1887:15
[INFO] [stdout]    7:     0x6316bf62b9a2 - std::sys::backtrace::BacktraceLock::print::h147fe35b4ea13b08
[INFO] [stdout]                                at /rustc/6067b36314ab5eb2eb47cecc464545ba58e1ad24/library/std/src/sys/backtrace.rs:42:9
[INFO] [stdout]    8:     0x6316bf62cf7f - std::panicking::default_hook::{{closure}}::hbd44223dbdc0d208
[INFO] [stdout]                                at /rustc/6067b36314ab5eb2eb47cecc464545ba58e1ad24/library/std/src/panicking.rs:298:22
[INFO] [stdout]    9:     0x6316bf62cd98 - std::panicking::default_hook::h20f81eb0576efcec
[INFO] [stdout]                                at /rustc/6067b36314ab5eb2eb47cecc464545ba58e1ad24/library/std/src/panicking.rs:322:9
[INFO] [stdout]   10:     0x6316bf37db53 - <alloc::boxed::Box<F,A> as core::ops::function::Fn<Args>>::call::hdb53814c496a4d34
[INFO] [stdout]                                at /rustc/6067b36314ab5eb2eb47cecc464545ba58e1ad24/library/alloc/src/boxed.rs:2027:9
[INFO] [stdout]   11:     0x6316bf37db53 - test::test_main::{{closure}}::hc0a4963c59427c24
[INFO] [stdout]                                at /rustc/6067b36314ab5eb2eb47cecc464545ba58e1ad24/library/test/src/lib.rs:134:21
[INFO] [stdout]   12:     0x6316bf62da73 - <alloc::boxed::Box<F,A> as core::ops::function::Fn<Args>>::call::h591b2225413a77e9
[INFO] [stdout]                                at /rustc/6067b36314ab5eb2eb47cecc464545ba58e1ad24/library/alloc/src/boxed.rs:2027:9
[INFO] [stdout]   13:     0x6316bf62da73 - std::panicking::rust_panic_with_hook::h625eea43051b2edc
[INFO] [stdout]                                at /rustc/6067b36314ab5eb2eb47cecc464545ba58e1ad24/library/std/src/panicking.rs:839:13
[INFO] [stdout]   14:     0x6316bf62d6f6 - std::panicking::begin_panic_handler::{{closure}}::h4f9159cfbc3f6bd3
[INFO] [stdout]                                at /rustc/6067b36314ab5eb2eb47cecc464545ba58e1ad24/library/std/src/panicking.rs:697:13
[INFO] [stdout]   15:     0x6316bf62c059 - std::sys::backtrace::__rust_end_short_backtrace::h0390abce48353151
[INFO] [stdout]                                at /rustc/6067b36314ab5eb2eb47cecc464545ba58e1ad24/library/std/src/sys/backtrace.rs:168:18
[INFO] [stdout]   16:     0x6316bf62d3bd - rust_begin_unwind
[INFO] [stdout]                                at /rustc/6067b36314ab5eb2eb47cecc464545ba58e1ad24/library/std/src/panicking.rs:695:5
[INFO] [stdout]   17:     0x6316bf652910 - core::panicking::panic_fmt::h9e7c637e9e5f29c9
[INFO] [stdout]                                at /rustc/6067b36314ab5eb2eb47cecc464545ba58e1ad24/library/core/src/panicking.rs:75:14
[INFO] [stdout]   18:     0x6316bf65299c - core::panicking::panic::haa3255ea20181a33
[INFO] [stdout]                                at /rustc/6067b36314ab5eb2eb47cecc464545ba58e1ad24/library/core/src/panicking.rs:145:5
[INFO] [stdout]   19:     0x6316bf652889 - core::option::unwrap_failed::h5e50c20db1c9e8f1
[INFO] [stdout]                                at /rustc/6067b36314ab5eb2eb47cecc464545ba58e1ad24/library/core/src/option.rs:2015:5
[INFO] [stdout]   20:     0x6316bf38f0e5 - core::option::Option<T>::unwrap::hc11ca86bb22668d2
[INFO] [stdout]                                at /rustc/6067b36314ab5eb2eb47cecc464545ba58e1ad24/library/core/src/option.rs:978:21
[INFO] [stdout]   21:     0x6316bf38f0e5 - rlink::metrics::metric::get_manager_id::h3a3108291d931430
[INFO] [stdout]                                at /opt/rustwide/cargo-home/registry/src/index.crates.io-1949cf8c6b5b557f/rlink-0.6.16/src/metrics/metric.rs:212:5
[INFO] [stdout]   22:     0x6316bf38f4d3 - rlink::metrics::metric::register_gauge::h8bbf072f64fd2c3f
[INFO] [stdout]                                at /opt/rustwide/cargo-home/registry/src/index.crates.io-1949cf8c6b5b557f/rlink-0.6.16/src/metrics/metric.rs:234:49
[INFO] [stdout]   23:     0x6316bf31fe51 - rlink::channel::named_channel_with_base::h1538c72d74bb8cf5
[INFO] [stdout]                                at /opt/rustwide/cargo-home/registry/src/index.crates.io-1949cf8c6b5b557f/rlink-0.6.16/src/channel/mod.rs:100:16
[INFO] [stdout]   24:     0x6316bf31fa6e - rlink::channel::named_channel::h68e53da1bed667bb
[INFO] [stdout]                                at /opt/rustwide/cargo-home/registry/src/index.crates.io-1949cf8c6b5b557f/rlink-0.6.16/src/channel/mod.rs:77:5
[INFO] [stdout]   25:     0x6316bf320405 - rlink::channel::utils::handover::Handover<T>::new::h9d629483fad32cf2
[INFO] [stdout]                                at /opt/rustwide/cargo-home/registry/src/index.crates.io-1949cf8c6b5b557f/rlink-0.6.16/src/channel/utils/handover.rs:21:34
[INFO] [stdout]   26:     0x6316bf3432cc - rlink_connector_kafka::sink::producer::tests::producer2_result_test::{{closure}}::h1486fd192709890b
[INFO] [stdout]                                at /opt/rustwide/workdir/src/sink/producer.rs:158:24
[INFO] [stdout]   27:     0x6316bf333ef2 - <core::pin::Pin<P> as core::future::future::Future>::poll::h52384159cdbfdc03
[INFO] [stdout]                                at /rustc/6067b36314ab5eb2eb47cecc464545ba58e1ad24/library/core/src/future/future.rs:124:9
[INFO] [stdout]   28:     0x6316bf341f6f - tokio::runtime::park::CachedParkThread::block_on::{{closure}}::h14b011aaa70b0726
[INFO] [stdout]                                at /opt/rustwide/cargo-home/registry/src/index.crates.io-1949cf8c6b5b557f/tokio-1.43.0/src/runtime/park.rs:284:63
[INFO] [stdout]   29:     0x6316bf341e24 - tokio::runtime::coop::with_budget::hfdfc371810a969f3
[INFO] [stdout]                                at /opt/rustwide/cargo-home/registry/src/index.crates.io-1949cf8c6b5b557f/tokio-1.43.0/src/runtime/coop.rs:107:5
[INFO] [stdout]   30:     0x6316bf341e24 - tokio::runtime::coop::budget::h04e235ec8ea182f7
[INFO] [stdout]                                at /opt/rustwide/cargo-home/registry/src/index.crates.io-1949cf8c6b5b557f/tokio-1.43.0/src/runtime/coop.rs:73:5
[INFO] [stdout]   31:     0x6316bf341e24 - tokio::runtime::park::CachedParkThread::block_on::h87ee8e22c9e56501
[INFO] [stdout]                                at /opt/rustwide/cargo-home/registry/src/index.crates.io-1949cf8c6b5b557f/tokio-1.43.0/src/runtime/park.rs:284:31
[INFO] [stdout]   32:     0x6316bf3166c4 - tokio::runtime::context::blocking::BlockingRegionGuard::block_on::h68d0226038f3a2e6
[INFO] [stdout]                                at /opt/rustwide/cargo-home/registry/src/index.crates.io-1949cf8c6b5b557f/tokio-1.43.0/src/runtime/context/blocking.rs:66:9
[INFO] [stdout]   33:     0x6316bf333a48 - tokio::runtime::scheduler::multi_thread::MultiThread::block_on::{{closure}}::h0031d0fc7f40a96b
[INFO] [stdout]                                at /opt/rustwide/cargo-home/registry/src/index.crates.io-1949cf8c6b5b557f/tokio-1.43.0/src/runtime/scheduler/multi_thread/mod.rs:87:13
[INFO] [stdout]   34:     0x6316bf326bdc - tokio::runtime::context::runtime::enter_runtime::hd0ead3161c0f105d
[INFO] [stdout]                                at /opt/rustwide/cargo-home/registry/src/index.crates.io-1949cf8c6b5b557f/tokio-1.43.0/src/runtime/context/runtime.rs:65:16
[INFO] [stdout]   35:     0x6316bf3339d4 - tokio::runtime::scheduler::multi_thread::MultiThread::block_on::h310638d058864294
[INFO] [stdout]                                at /opt/rustwide/cargo-home/registry/src/index.crates.io-1949cf8c6b5b557f/tokio-1.43.0/src/runtime/scheduler/multi_thread/mod.rs:86:9
[INFO] [stdout]   36:     0x6316bf3169d1 - tokio::runtime::runtime::Runtime::block_on_inner::hf90c9e72dfbe6f5f
[INFO] [stdout]                                at /opt/rustwide/cargo-home/registry/src/index.crates.io-1949cf8c6b5b557f/tokio-1.43.0/src/runtime/runtime.rs:370:45
[INFO] [stdout]   37:     0x6316bf316b97 - tokio::runtime::runtime::Runtime::block_on::h780feb77740be7a7
[INFO] [stdout]                                at /opt/rustwide/cargo-home/registry/src/index.crates.io-1949cf8c6b5b557f/tokio-1.43.0/src/runtime/runtime.rs:342:13
[INFO] [stdout]   38:     0x6316bf343091 - rlink_connector_kafka::sink::producer::tests::producer2_result_test::h0cc38c0210c8dce5
[INFO] [stdout]                                at /opt/rustwide/workdir/src/sink/producer.rs:188:9
[INFO] [stdout]   39:     0x6316bf342f37 - rlink_connector_kafka::sink::producer::tests::producer2_result_test::{{closure}}::h307a854296e970dc
[INFO] [stdout]                                at /opt/rustwide/workdir/src/sink/producer.rs:152:41
[INFO] [stdout]   40:     0x6316bf31d696 - core::ops::function::FnOnce::call_once::hc04b02c6d369087d
[INFO] [stdout]                                at /rustc/6067b36314ab5eb2eb47cecc464545ba58e1ad24/library/core/src/ops/function.rs:250:5
[INFO] [stdout]   41:     0x6316bf3832ab - core::ops::function::FnOnce::call_once::he27718dfdd183f43
[INFO] [stdout]                                at /rustc/6067b36314ab5eb2eb47cecc464545ba58e1ad24/library/core/src/ops/function.rs:250:5
[INFO] [stdout]   42:     0x6316bf3832ab - test::__rust_begin_short_backtrace::h4e84902998457a5d
[INFO] [stdout]                                at /rustc/6067b36314ab5eb2eb47cecc464545ba58e1ad24/library/test/src/lib.rs:632:18
[INFO] [stdout]   43:     0x6316bf3821e3 - test::run_test_in_process::{{closure}}::h7176fd18fc1feca0
[INFO] [stdout]                                at /rustc/6067b36314ab5eb2eb47cecc464545ba58e1ad24/library/test/src/lib.rs:655:60
[INFO] [stdout]   44:     0x6316bf3821e3 - <core::panic::unwind_safe::AssertUnwindSafe<F> as core::ops::function::FnOnce<()>>::call_once::hf79cff2a624d8cf7
[INFO] [stdout]                                at /rustc/6067b36314ab5eb2eb47cecc464545ba58e1ad24/library/core/src/panic/unwind_safe.rs:272:9
[INFO] [stdout]   45:     0x6316bf3821e3 - std::panicking::try::do_call::h3da0561d9ab99c25
[INFO] [stdout]                                at /rustc/6067b36314ab5eb2eb47cecc464545ba58e1ad24/library/std/src/panicking.rs:587:40
[INFO] [stdout]   46:     0x6316bf3821e3 - std::panicking::try::h41c9fa508bc61df6
[INFO] [stdout]                                at /rustc/6067b36314ab5eb2eb47cecc464545ba58e1ad24/library/std/src/panicking.rs:550:19
[INFO] [stdout]   47:     0x6316bf3821e3 - std::panic::catch_unwind::h6b3ff07bb5afad93
[INFO] [stdout]                                at /rustc/6067b36314ab5eb2eb47cecc464545ba58e1ad24/library/std/src/panic.rs:358:14
[INFO] [stdout]   48:     0x6316bf3821e3 - test::run_test_in_process::hc7253dd11b39b9f4
[INFO] [stdout]                                at /rustc/6067b36314ab5eb2eb47cecc464545ba58e1ad24/library/test/src/lib.rs:655:27
[INFO] [stdout]   49:     0x6316bf3821e3 - test::run_test::{{closure}}::hfb2007f8649c30bb
[INFO] [stdout]                                at /rustc/6067b36314ab5eb2eb47cecc464545ba58e1ad24/library/test/src/lib.rs:576:43
[INFO] [stdout]   50:     0x6316bf3452c5 - test::run_test::{{closure}}::h56a17aa7a282a9f4
[INFO] [stdout]                                at /rustc/6067b36314ab5eb2eb47cecc464545ba58e1ad24/library/test/src/lib.rs:606:41
[INFO] [stdout]   51:     0x6316bf3452c5 - std::sys::backtrace::__rust_begin_short_backtrace::hd2d2d2fb8e8c6aac
[INFO] [stdout]                                at /rustc/6067b36314ab5eb2eb47cecc464545ba58e1ad24/library/std/src/sys/backtrace.rs:152:18
[INFO] [stdout]   52:     0x6316bf348baa - std::thread::Builder::spawn_unchecked_::{{closure}}::{{closure}}::h4faa3f9db6133423
[INFO] [stdout]                                at /rustc/6067b36314ab5eb2eb47cecc464545ba58e1ad24/library/std/src/thread/mod.rs:559:17
[INFO] [stdout]   53:     0x6316bf348baa - <core::panic::unwind_safe::AssertUnwindSafe<F> as core::ops::function::FnOnce<()>>::call_once::hf2e855a36a4ea846
[INFO] [stdout]                                at /rustc/6067b36314ab5eb2eb47cecc464545ba58e1ad24/library/core/src/panic/unwind_safe.rs:272:9
[INFO] [stdout]   54:     0x6316bf348baa - std::panicking::try::do_call::h2f73af3616c35465
[INFO] [stdout]                                at /rustc/6067b36314ab5eb2eb47cecc464545ba58e1ad24/library/std/src/panicking.rs:587:40
[INFO] [stdout]   55:     0x6316bf348baa - std::panicking::try::hd1660ce9efadef5a
[INFO] [stdout]                                at /rustc/6067b36314ab5eb2eb47cecc464545ba58e1ad24/library/std/src/panicking.rs:550:19
[INFO] [stdout]   56:     0x6316bf348baa - std::panic::catch_unwind::h5ee8d7823b8ca744
[INFO] [stdout]                                at /rustc/6067b36314ab5eb2eb47cecc464545ba58e1ad24/library/std/src/panic.rs:358:14
[INFO] [stdout]   57:     0x6316bf348baa - std::thread::Builder::spawn_unchecked_::{{closure}}::h53c3a1894dce8407
[INFO] [stdout]                                at /rustc/6067b36314ab5eb2eb47cecc464545ba58e1ad24/library/std/src/thread/mod.rs:557:30
[INFO] [stdout]   58:     0x6316bf348baa - core::ops::function::FnOnce::call_once{{vtable.shim}}::h048ce291ad4f62bf
[INFO] [stdout]                                at /rustc/6067b36314ab5eb2eb47cecc464545ba58e1ad24/library/core/src/ops/function.rs:250:5
[INFO] [stdout]   59:     0x6316bf631b0b - <alloc::boxed::Box<F,A> as core::ops::function::FnOnce<Args>>::call_once::ha52bedf99a3b4981
[INFO] [stdout]                                at /rustc/6067b36314ab5eb2eb47cecc464545ba58e1ad24/library/alloc/src/boxed.rs:2013:9
[INFO] [stdout]   60:     0x6316bf631b0b - <alloc::boxed::Box<F,A> as core::ops::function::FnOnce<Args>>::call_once::h567748934d80ccf8
[INFO] [stdout]                                at /rustc/6067b36314ab5eb2eb47cecc464545ba58e1ad24/library/alloc/src/boxed.rs:2013:9
[INFO] [stdout]   61:     0x6316bf631b0b - std::sys::pal::unix::thread::Thread::new::thread_start::h2d970728ae887adc
[INFO] [stdout]                                at /rustc/6067b36314ab5eb2eb47cecc464545ba58e1ad24/library/std/src/sys/pal/unix/thread.rs:106:17
[INFO] [stdout]   62:     0x75a7d6319ac3 - <unknown>
[INFO] [stdout]   63:     0x75a7d63aaa04 - clone
[INFO] [stdout]   64:                0x0 - <unknown>
[INFO] [stdout] 
[INFO] [stdout] 
[INFO] [stdout] failures:
[INFO] [stdout]     sink::producer::tests::producer2_result_test
[INFO] [stdout] 
[INFO] [stdout] test result: FAILED. 1 passed; 1 failed; 0 ignored; 0 measured; 0 filtered out; finished in 0.28s
[INFO] [stdout] 
[INFO] [stderr] error: test failed, to rerun pass `--lib`
[INFO] running `Command { std: "docker" "inspect" "de8ab5504ba0b14ad15c3e271b17724866033154a0227018fa64fc043c7c1602", kill_on_drop: false }`
[INFO] running `Command { std: "docker" "rm" "-f" "de8ab5504ba0b14ad15c3e271b17724866033154a0227018fa64fc043c7c1602", kill_on_drop: false }`
[INFO] [stdout] de8ab5504ba0b14ad15c3e271b17724866033154a0227018fa64fc043c7c1602
