[INFO] fetching crate rline_api 1.0.0...
[INFO] testing rline_api-1.0.0 against nightly-2025-01-18 for randomize-layout-2
[INFO] extracting crate rline_api 1.0.0 into /workspace/builds/worker-4-tc1/source
[INFO] validating manifest of crates.io crate rline_api 1.0.0 on toolchain nightly-2025-01-18
[INFO] running `Command { std: CARGO_HOME="/workspace/cargo-home" RUSTUP_HOME="/workspace/rustup-home" "/workspace/cargo-home/bin/cargo" "+nightly-2025-01-18" "metadata" "--manifest-path" "Cargo.toml" "--no-deps", kill_on_drop: false }`
[INFO] started tweaking crates.io crate rline_api 1.0.0
[INFO] finished tweaking crates.io crate rline_api 1.0.0
[INFO] tweaked toml for crates.io crate rline_api 1.0.0 written to /workspace/builds/worker-4-tc1/source/Cargo.toml
[INFO] running `Command { std: CARGO_HOME="/workspace/cargo-home" RUSTUP_HOME="/workspace/rustup-home" "/workspace/cargo-home/bin/cargo" "+nightly-2025-01-18" "generate-lockfile" "--manifest-path" "Cargo.toml", kill_on_drop: false }`
[INFO] [stderr]     Updating crates.io index
[INFO] [stderr]      Locking 13 packages to latest compatible versions
[INFO] running `Command { std: CARGO_HOME="/workspace/cargo-home" RUSTUP_HOME="/workspace/rustup-home" "/workspace/cargo-home/bin/cargo" "+nightly-2025-01-18" "fetch" "--manifest-path" "Cargo.toml", kill_on_drop: false }`
[INFO] running `Command { std: "docker" "create" "-v" "/var/lib/crater-agent-workspace/builds/worker-4-tc1/target:/opt/rustwide/target:rw,Z" "-v" "/var/lib/crater-agent-workspace/builds/worker-4-tc1/source:/opt/rustwide/workdir:ro,Z" "-v" "/var/lib/crater-agent-workspace/cargo-home:/opt/rustwide/cargo-home:ro,Z" "-v" "/var/lib/crater-agent-workspace/rustup-home:/opt/rustwide/rustup-home:ro,Z" "-e" "SOURCE_DIR=/opt/rustwide/workdir" "-e" "CARGO_TARGET_DIR=/opt/rustwide/target" "-e" "CARGO_HOME=/opt/rustwide/cargo-home" "-e" "RUSTUP_HOME=/opt/rustwide/rustup-home" "-w" "/opt/rustwide/workdir" "-m" "1610612736" "--user" "0:0" "--network" "none" "ghcr.io/rust-lang/crates-build-env/linux@sha256:819108c5571ea2e421544af4d832f968d213c87fbe3707a016657f43d2f853bc" "/opt/rustwide/cargo-home/bin/cargo" "+nightly-2025-01-18" "metadata" "--no-deps" "--format-version=1", kill_on_drop: false }`
[INFO] [stdout] 841686502e232b6bff950ae29d136e701016278930776f377c7001a9056ffb04
[INFO] running `Command { std: "docker" "start" "-a" "841686502e232b6bff950ae29d136e701016278930776f377c7001a9056ffb04", kill_on_drop: false }`
[INFO] running `Command { std: "docker" "inspect" "841686502e232b6bff950ae29d136e701016278930776f377c7001a9056ffb04", kill_on_drop: false }`
[INFO] running `Command { std: "docker" "rm" "-f" "841686502e232b6bff950ae29d136e701016278930776f377c7001a9056ffb04", kill_on_drop: false }`
[INFO] [stdout] 841686502e232b6bff950ae29d136e701016278930776f377c7001a9056ffb04
[INFO] running `Command { std: "docker" "create" "-v" "/var/lib/crater-agent-workspace/builds/worker-4-tc1/target:/opt/rustwide/target:rw,Z" "-v" "/var/lib/crater-agent-workspace/builds/worker-4-tc1/source:/opt/rustwide/workdir:ro,Z" "-v" "/var/lib/crater-agent-workspace/cargo-home:/opt/rustwide/cargo-home:ro,Z" "-v" "/var/lib/crater-agent-workspace/rustup-home:/opt/rustwide/rustup-home:ro,Z" "-e" "SOURCE_DIR=/opt/rustwide/workdir" "-e" "CARGO_TARGET_DIR=/opt/rustwide/target" "-e" "CARGO_INCREMENTAL=0" "-e" "RUST_BACKTRACE=full" "-e" "RUSTFLAGS=--cap-lints=forbid" "-e" "RUSTDOCFLAGS=--cap-lints=forbid" "-e" "CARGO_HOME=/opt/rustwide/cargo-home" "-e" "RUSTUP_HOME=/opt/rustwide/rustup-home" "-w" "/opt/rustwide/workdir" "-m" "1610612736" "--user" "0:0" "--network" "none" "ghcr.io/rust-lang/crates-build-env/linux@sha256:819108c5571ea2e421544af4d832f968d213c87fbe3707a016657f43d2f853bc" "/opt/rustwide/cargo-home/bin/cargo" "+nightly-2025-01-18" "build" "--frozen" "--message-format=json", kill_on_drop: false }`
[INFO] [stdout] 8ca03777cb6b143dfcfb7434ded800926c800f11909310d6a13fd275158384df
[INFO] running `Command { std: "docker" "start" "-a" "8ca03777cb6b143dfcfb7434ded800926c800f11909310d6a13fd275158384df", kill_on_drop: false }`
[INFO] [stderr]    Compiling proc-macro2 v1.0.93
[INFO] [stderr]    Compiling unicode-ident v1.0.14
[INFO] [stderr]    Compiling serde v1.0.217
[INFO] [stderr]    Compiling serde_json v1.0.137
[INFO] [stderr]    Compiling virtue v0.0.13
[INFO] [stderr]    Compiling ryu v1.0.18
[INFO] [stderr]    Compiling itoa v1.0.14
[INFO] [stderr]    Compiling memchr v2.7.4
[INFO] [stderr]    Compiling bincode_derive v2.0.0-rc.3
[INFO] [stderr]    Compiling quote v1.0.38
[INFO] [stderr]    Compiling syn v2.0.96
[INFO] [stderr]    Compiling bincode v2.0.0-rc.3
[INFO] [stderr]    Compiling serde_derive v1.0.217
[INFO] [stderr]    Compiling rline_api v1.0.0 (/opt/rustwide/workdir)
[INFO] [stderr]     Finished `dev` profile [unoptimized + debuginfo] target(s) in 19.87s
[INFO] running `Command { std: "docker" "inspect" "8ca03777cb6b143dfcfb7434ded800926c800f11909310d6a13fd275158384df", kill_on_drop: false }`
[INFO] running `Command { std: "docker" "rm" "-f" "8ca03777cb6b143dfcfb7434ded800926c800f11909310d6a13fd275158384df", kill_on_drop: false }`
[INFO] [stdout] 8ca03777cb6b143dfcfb7434ded800926c800f11909310d6a13fd275158384df
[INFO] running `Command { std: "docker" "create" "-v" "/var/lib/crater-agent-workspace/builds/worker-4-tc1/target:/opt/rustwide/target:rw,Z" "-v" "/var/lib/crater-agent-workspace/builds/worker-4-tc1/source:/opt/rustwide/workdir:ro,Z" "-v" "/var/lib/crater-agent-workspace/cargo-home:/opt/rustwide/cargo-home:ro,Z" "-v" "/var/lib/crater-agent-workspace/rustup-home:/opt/rustwide/rustup-home:ro,Z" "-e" "SOURCE_DIR=/opt/rustwide/workdir" "-e" "CARGO_TARGET_DIR=/opt/rustwide/target" "-e" "CARGO_INCREMENTAL=0" "-e" "RUST_BACKTRACE=full" "-e" "RUSTFLAGS=--cap-lints=forbid" "-e" "RUSTDOCFLAGS=--cap-lints=forbid" "-e" "CARGO_HOME=/opt/rustwide/cargo-home" "-e" "RUSTUP_HOME=/opt/rustwide/rustup-home" "-w" "/opt/rustwide/workdir" "-m" "1610612736" "--user" "0:0" "--network" "none" "ghcr.io/rust-lang/crates-build-env/linux@sha256:819108c5571ea2e421544af4d832f968d213c87fbe3707a016657f43d2f853bc" "/opt/rustwide/cargo-home/bin/cargo" "+nightly-2025-01-18" "test" "--frozen" "--no-run" "--message-format=json", kill_on_drop: false }`
[INFO] [stdout] 472a00d1f80f9347b1e1e7e1be79a165181a8692dfc2357f1abe7f997f6c084f
[INFO] running `Command { std: "docker" "start" "-a" "472a00d1f80f9347b1e1e7e1be79a165181a8692dfc2357f1abe7f997f6c084f", kill_on_drop: false }`
[INFO] [stderr]    Compiling rline_api v1.0.0 (/opt/rustwide/workdir)
[INFO] [stderr]     Finished `test` profile [unoptimized + debuginfo] target(s) in 0.57s
[INFO] running `Command { std: "docker" "inspect" "472a00d1f80f9347b1e1e7e1be79a165181a8692dfc2357f1abe7f997f6c084f", kill_on_drop: false }`
[INFO] running `Command { std: "docker" "rm" "-f" "472a00d1f80f9347b1e1e7e1be79a165181a8692dfc2357f1abe7f997f6c084f", kill_on_drop: false }`
[INFO] [stdout] 472a00d1f80f9347b1e1e7e1be79a165181a8692dfc2357f1abe7f997f6c084f
[INFO] running `Command { std: "docker" "create" "-v" "/var/lib/crater-agent-workspace/builds/worker-4-tc1/target:/opt/rustwide/target:rw,Z" "-v" "/var/lib/crater-agent-workspace/builds/worker-4-tc1/source:/opt/rustwide/workdir:ro,Z" "-v" "/var/lib/crater-agent-workspace/cargo-home:/opt/rustwide/cargo-home:ro,Z" "-v" "/var/lib/crater-agent-workspace/rustup-home:/opt/rustwide/rustup-home:ro,Z" "-e" "SOURCE_DIR=/opt/rustwide/workdir" "-e" "CARGO_TARGET_DIR=/opt/rustwide/target" "-e" "CARGO_INCREMENTAL=0" "-e" "RUST_BACKTRACE=full" "-e" "RUSTFLAGS=--cap-lints=forbid" "-e" "RUSTDOCFLAGS=--cap-lints=forbid" "-e" "CARGO_HOME=/opt/rustwide/cargo-home" "-e" "RUSTUP_HOME=/opt/rustwide/rustup-home" "-w" "/opt/rustwide/workdir" "-m" "1610612736" "--user" "0:0" "--network" "none" "ghcr.io/rust-lang/crates-build-env/linux@sha256:819108c5571ea2e421544af4d832f968d213c87fbe3707a016657f43d2f853bc" "/opt/rustwide/cargo-home/bin/cargo" "+nightly-2025-01-18" "test" "--frozen", kill_on_drop: false }`
[INFO] [stdout] a7a66322235fcdba088e55e3cf8004acefb0d1c8eb7bd3d582f4f6f951d67be3
[INFO] running `Command { std: "docker" "start" "-a" "a7a66322235fcdba088e55e3cf8004acefb0d1c8eb7bd3d582f4f6f951d67be3", kill_on_drop: false }`
[INFO] [stderr]     Finished `test` profile [unoptimized + debuginfo] target(s) in 0.05s
[INFO] [stderr]      Running unittests src/lib.rs (/opt/rustwide/target/debug/deps/rline_api-887c5871cc5737e4)
[INFO] [stdout] 
[INFO] [stdout] running 0 tests
[INFO] [stdout] 
[INFO] [stdout] test result: ok. 0 passed; 0 failed; 0 ignored; 0 measured; 0 filtered out; finished in 0.00s
[INFO] [stdout] 
[INFO] [stderr]    Doc-tests rline_api
[INFO] [stdout] 
[INFO] [stdout] running 7 tests
[INFO] [stdout] test src/lib.rs - (line 13) ... FAILED
[INFO] [stdout] test src/row.rs - row (line 12) ... FAILED
[INFO] [stdout] test src/row.rs - row (line 49) ... FAILED
[INFO] [stdout] test src/value.rs - value (line 24) ... FAILED
[INFO] [stdout] test src/row.rs - row (line 27) ... FAILED
[INFO] [stdout] test src/rline_error.rs - rline_error (line 19) ... ok
[INFO] [stdout] test src/row.rs - row::Row::from (line 290) ... ok
[INFO] [stdout] 
[INFO] [stdout] failures:
[INFO] [stdout] 
[INFO] [stdout] ---- src/lib.rs - (line 13) stdout ----
[INFO] [stdout] error[E0277]: the trait bound `Value: From<&str>` is not satisfied
[INFO] [stdout]   --> src/lib.rs:22:32
[INFO] [stdout]    |
[INFO] [stdout] 12 | row.insert("name".to_string(), Value::from("John Doe"));
[INFO] [stdout]    |                                ^^^^^ the trait `From<&str>` is not implemented for `Value`
[INFO] [stdout]    |
[INFO] [stdout]    = help: the following other types implement trait `From<T>`:
[INFO] [stdout]              `Value` implements `From<Vec<f64>>`
[INFO] [stdout]              `Value` implements `From<Vec<isize>>`
[INFO] [stdout]              `Value` implements `From<Vec<std::string::String>>`
[INFO] [stdout]              `Value` implements `From<Vec<u8>>`
[INFO] [stdout]              `Value` implements `From<f64>`
[INFO] [stdout]              `Value` implements `From<isize>`
[INFO] [stdout]              `Value` implements `From<std::string::String>`
[INFO] [stdout] 
[INFO] [stdout] error: aborting due to 1 previous error
[INFO] [stdout] 
[INFO] [stdout] For more information about this error, try `rustc --explain E0277`.
[INFO] [stdout] Couldn't compile the test.
[INFO] [stdout] ---- src/row.rs - row (line 12) stdout ----
[INFO] [stdout] error[E0277]: the trait bound `Row: From<Vec<(std::string::String, Value)>>` is not satisfied
[INFO] [stdout]  --> src/row.rs:17:11
[INFO] [stdout]   |
[INFO] [stdout] 8 | let row = Row::from(vec![
[INFO] [stdout]   |           ^^^ the trait `From<Vec<(std::string::String, Value)>>` is not implemented for `Row`
[INFO] [stdout]   |
[INFO] [stdout]   = help: the following other types implement trait `From<T>`:
[INFO] [stdout]             `Row` implements `From<HashMap<std::string::String, Value>>`
[INFO] [stdout]             `Row` implements `From<[(std::string::String, Value); N]>`
[INFO] [stdout] 
[INFO] [stdout] error: aborting due to 1 previous error
[INFO] [stdout] 
[INFO] [stdout] For more information about this error, try `rustc --explain E0277`.
[INFO] [stdout] Couldn't compile the test.
[INFO] [stdout] ---- src/row.rs - row (line 49) stdout ----
[INFO] [stdout] error[E0277]: the trait bound `Row: From<Vec<(std::string::String, Value)>>` is not satisfied
[INFO] [stdout]  --> src/row.rs:54:11
[INFO] [stdout]   |
[INFO] [stdout] 8 | let row = Row::from(vec![
[INFO] [stdout]   |           ^^^ the trait `From<Vec<(std::string::String, Value)>>` is not implemented for `Row`
[INFO] [stdout]   |
[INFO] [stdout]   = help: the following other types implement trait `From<T>`:
[INFO] [stdout]             `Row` implements `From<HashMap<std::string::String, Value>>`
[INFO] [stdout]             `Row` implements `From<[(std::string::String, Value); N]>`
[INFO] [stdout] 
[INFO] [stdout] error: aborting due to 1 previous error
[INFO] [stdout] 
[INFO] [stdout] For more information about this error, try `rustc --explain E0277`.
[INFO] [stdout] Couldn't compile the test.
[INFO] [stdout] ---- src/value.rs - value (line 24) stdout ----
[INFO] [stdout] error[E0277]: the trait bound `Value: From<Vec<i32>>` is not satisfied
[INFO] [stdout]   --> src/value.rs:33:36
[INFO] [stdout]    |
[INFO] [stdout] 12 |     let vec_integer_value: Value = vec![1, 2, 3].into();
[INFO] [stdout]    |                                    ^^^^^^^^^^^^^ ---- required by a bound introduced by this call
[INFO] [stdout]    |                                    |
[INFO] [stdout]    |                                    the trait `From<Vec<i32>>` is not implemented for `Value`
[INFO] [stdout]    |
[INFO] [stdout]    = help: the following other types implement trait `From<T>`:
[INFO] [stdout]              `Value` implements `From<Vec<f64>>`
[INFO] [stdout]              `Value` implements `From<Vec<isize>>`
[INFO] [stdout]              `Value` implements `From<Vec<std::string::String>>`
[INFO] [stdout]              `Value` implements `From<Vec<u8>>`
[INFO] [stdout]              `Value` implements `From<f64>`
[INFO] [stdout]              `Value` implements `From<isize>`
[INFO] [stdout]              `Value` implements `From<std::string::String>`
[INFO] [stdout]    = note: required for `Vec<i32>` to implement `Into<Value>`
[INFO] [stdout] 
[INFO] [stdout] error[E0277]: the trait bound `Value: From<Vec<i32>>` is not satisfied
[INFO] [stdout]   --> src/value.rs:35:31
[INFO] [stdout]    |
[INFO] [stdout] 14 |     let vec_u8_value: Value = vec![0, 1, 2].into();
[INFO] [stdout]    |                               ^^^^^^^^^^^^^ ---- required by a bound introduced by this call
[INFO] [stdout]    |                               |
[INFO] [stdout]    |                               the trait `From<Vec<i32>>` is not implemented for `Value`
[INFO] [stdout]    |
[INFO] [stdout]    = help: the following other types implement trait `From<T>`:
[INFO] [stdout]              `Value` implements `From<Vec<f64>>`
[INFO] [stdout]              `Value` implements `From<Vec<isize>>`
[INFO] [stdout]              `Value` implements `From<Vec<std::string::String>>`
[INFO] [stdout]              `Value` implements `From<Vec<u8>>`
[INFO] [stdout]              `Value` implements `From<f64>`
[INFO] [stdout]              `Value` implements `From<isize>`
[INFO] [stdout]              `Value` implements `From<std::string::String>`
[INFO] [stdout]    = note: required for `Vec<i32>` to implement `Into<Value>`
[INFO] [stdout] 
[INFO] [stdout] error: aborting due to 2 previous errors
[INFO] [stdout] 
[INFO] [stdout] For more information about this error, try `rustc --explain E0277`.
[INFO] [stdout] Couldn't compile the test.
[INFO] [stdout] ---- src/row.rs - row (line 27) stdout ----
[INFO] [stdout] error[E0277]: the trait bound `Row: From<Vec<(std::string::String, rline_api::value::Value)>>` is not satisfied
[INFO] [stdout]  --> src/row.rs:33:11
[INFO] [stdout]   |
[INFO] [stdout] 9 | let row = Row::from(vec![
[INFO] [stdout]   |           ^^^ the trait `From<Vec<(std::string::String, rline_api::value::Value)>>` is not implemented for `Row`
[INFO] [stdout]   |
[INFO] [stdout]   = help: the following other types implement trait `From<T>`:
[INFO] [stdout]             `Row` implements `From<HashMap<std::string::String, rline_api::value::Value>>`
[INFO] [stdout]             `Row` implements `From<[(std::string::String, rline_api::value::Value); N]>`
[INFO] [stdout] 
[INFO] [stdout] error[E0277]: the trait bound `serde_json::Value: From<Row>` is not satisfied
[INFO] [stdout]   --> src/row.rs:38:41
[INFO] [stdout]    |
[INFO] [stdout] 14 | let json_value: serde_json::Value = row.into();
[INFO] [stdout]    |                                         ^^^^ the trait `From<Row>` is not implemented for `serde_json::Value`
[INFO] [stdout]    |
[INFO] [stdout]    = help: the following other types implement trait `From<T>`:
[INFO] [stdout]              `serde_json::Value` implements `From<&[T]>`
[INFO] [stdout]              `serde_json::Value` implements `From<&str>`
[INFO] [stdout]              `serde_json::Value` implements `From<()>`
[INFO] [stdout]              `serde_json::Value` implements `From<Cow<'_, str>>`
[INFO] [stdout]              `serde_json::Value` implements `From<Option<T>>`
[INFO] [stdout]              `serde_json::Value` implements `From<Vec<T>>`
[INFO] [stdout]              `serde_json::Value` implements `From<[T; N]>`
[INFO] [stdout]              `serde_json::Value` implements `From<bool>`
[INFO] [stdout]            and 15 others
[INFO] [stdout]    = note: required for `Row` to implement `Into<serde_json::Value>`
[INFO] [stdout] 
[INFO] [stdout] error: aborting due to 2 previous errors
[INFO] [stdout] 
[INFO] [stdout] For more information about this error, try `rustc --explain E0277`.
[INFO] [stdout] Couldn't compile the test.
[INFO] [stdout] 
[INFO] [stdout] failures:
[INFO] [stdout]     src/lib.rs - (line 13)
[INFO] [stdout]     src/row.rs - row (line 12)
[INFO] [stdout]     src/row.rs - row (line 27)
[INFO] [stdout]     src/row.rs - row (line 49)
[INFO] [stdout]     src/value.rs - value (line 24)
[INFO] [stdout] 
[INFO] [stdout] test result: FAILED. 2 passed; 5 failed; 0 ignored; 0 measured; 0 filtered out; finished in 0.72s
[INFO] [stdout] 
[INFO] [stderr] error: doctest failed, to rerun pass `--doc`
[INFO] running `Command { std: "docker" "inspect" "a7a66322235fcdba088e55e3cf8004acefb0d1c8eb7bd3d582f4f6f951d67be3", kill_on_drop: false }`
[INFO] running `Command { std: "docker" "rm" "-f" "a7a66322235fcdba088e55e3cf8004acefb0d1c8eb7bd3d582f4f6f951d67be3", kill_on_drop: false }`
[INFO] [stdout] a7a66322235fcdba088e55e3cf8004acefb0d1c8eb7bd3d582f4f6f951d67be3
