[INFO] fetching crate rhymuweb 1.2.1...
[INFO] testing rhymuweb-1.2.1 against nightly-2025-01-18 for randomize-layout-2
[INFO] extracting crate rhymuweb 1.2.1 into /workspace/builds/worker-2-tc1/source
[INFO] validating manifest of crates.io crate rhymuweb 1.2.1 on toolchain nightly-2025-01-18
[INFO] running `Command { std: CARGO_HOME="/workspace/cargo-home" RUSTUP_HOME="/workspace/rustup-home" "/workspace/cargo-home/bin/cargo" "+nightly-2025-01-18" "metadata" "--manifest-path" "Cargo.toml" "--no-deps", kill_on_drop: false }`
[INFO] started tweaking crates.io crate rhymuweb 1.2.1
[INFO] finished tweaking crates.io crate rhymuweb 1.2.1
[INFO] tweaked toml for crates.io crate rhymuweb 1.2.1 written to /workspace/builds/worker-2-tc1/source/Cargo.toml
[INFO] running `Command { std: CARGO_HOME="/workspace/cargo-home" RUSTUP_HOME="/workspace/rustup-home" "/workspace/cargo-home/bin/cargo" "+nightly-2025-01-18" "generate-lockfile" "--manifest-path" "Cargo.toml", kill_on_drop: false }`
[INFO] [stderr]     Updating crates.io index
[INFO] [stderr]      Locking 20 packages to latest compatible versions
[INFO] [stderr]       Adding thiserror v1.0.69 (available: v2.0.11)
[INFO] running `Command { std: CARGO_HOME="/workspace/cargo-home" RUSTUP_HOME="/workspace/rustup-home" "/workspace/cargo-home/bin/cargo" "+nightly-2025-01-18" "fetch" "--manifest-path" "Cargo.toml", kill_on_drop: false }`
[INFO] [stderr]  Downloading crates ...
[INFO] [stderr]   Downloaded rhymuri v1.3.1
[INFO] [stderr]   Downloaded rhymessage v1.3.1
[INFO] [stderr]   Downloaded named_tuple v0.1.3
[INFO] running `Command { std: "docker" "create" "-v" "/var/lib/crater-agent-workspace/builds/worker-2-tc1/target:/opt/rustwide/target:rw,Z" "-v" "/var/lib/crater-agent-workspace/builds/worker-2-tc1/source:/opt/rustwide/workdir:ro,Z" "-v" "/var/lib/crater-agent-workspace/cargo-home:/opt/rustwide/cargo-home:ro,Z" "-v" "/var/lib/crater-agent-workspace/rustup-home:/opt/rustwide/rustup-home:ro,Z" "-e" "SOURCE_DIR=/opt/rustwide/workdir" "-e" "CARGO_TARGET_DIR=/opt/rustwide/target" "-e" "CARGO_HOME=/opt/rustwide/cargo-home" "-e" "RUSTUP_HOME=/opt/rustwide/rustup-home" "-w" "/opt/rustwide/workdir" "-m" "1610612736" "--user" "0:0" "--network" "none" "ghcr.io/rust-lang/crates-build-env/linux@sha256:819108c5571ea2e421544af4d832f968d213c87fbe3707a016657f43d2f853bc" "/opt/rustwide/cargo-home/bin/cargo" "+nightly-2025-01-18" "metadata" "--no-deps" "--format-version=1", kill_on_drop: false }`
[INFO] [stdout] 898e7195c78ef33449f6d814ce3a605dd92de39814609cbc360cc26a90df5426
[INFO] running `Command { std: "docker" "start" "-a" "898e7195c78ef33449f6d814ce3a605dd92de39814609cbc360cc26a90df5426", kill_on_drop: false }`
[INFO] running `Command { std: "docker" "inspect" "898e7195c78ef33449f6d814ce3a605dd92de39814609cbc360cc26a90df5426", kill_on_drop: false }`
[INFO] running `Command { std: "docker" "rm" "-f" "898e7195c78ef33449f6d814ce3a605dd92de39814609cbc360cc26a90df5426", kill_on_drop: false }`
[INFO] [stdout] 898e7195c78ef33449f6d814ce3a605dd92de39814609cbc360cc26a90df5426
[INFO] running `Command { std: "docker" "create" "-v" "/var/lib/crater-agent-workspace/builds/worker-2-tc1/target:/opt/rustwide/target:rw,Z" "-v" "/var/lib/crater-agent-workspace/builds/worker-2-tc1/source:/opt/rustwide/workdir:ro,Z" "-v" "/var/lib/crater-agent-workspace/cargo-home:/opt/rustwide/cargo-home:ro,Z" "-v" "/var/lib/crater-agent-workspace/rustup-home:/opt/rustwide/rustup-home:ro,Z" "-e" "SOURCE_DIR=/opt/rustwide/workdir" "-e" "CARGO_TARGET_DIR=/opt/rustwide/target" "-e" "CARGO_INCREMENTAL=0" "-e" "RUST_BACKTRACE=full" "-e" "RUSTFLAGS=--cap-lints=forbid" "-e" "RUSTDOCFLAGS=--cap-lints=forbid" "-e" "CARGO_HOME=/opt/rustwide/cargo-home" "-e" "RUSTUP_HOME=/opt/rustwide/rustup-home" "-w" "/opt/rustwide/workdir" "-m" "1610612736" "--user" "0:0" "--network" "none" "ghcr.io/rust-lang/crates-build-env/linux@sha256:819108c5571ea2e421544af4d832f968d213c87fbe3707a016657f43d2f853bc" "/opt/rustwide/cargo-home/bin/cargo" "+nightly-2025-01-18" "build" "--frozen" "--message-format=json", kill_on_drop: false }`
[INFO] [stdout] 8307847e4ec350046b8081d947d89bf4cf7371b4b1369f3e3505b2fd24136637
[INFO] running `Command { std: "docker" "start" "-a" "8307847e4ec350046b8081d947d89bf4cf7371b4b1369f3e3505b2fd24136637", kill_on_drop: false }`
[INFO] [stderr]    Compiling proc-macro2 v0.4.30
[INFO] [stderr]    Compiling unicode-xid v0.1.0
[INFO] [stderr]    Compiling syn v0.15.44
[INFO] [stderr]    Compiling thiserror v1.0.69
[INFO] [stderr]    Compiling adler2 v2.0.0
[INFO] [stderr]    Compiling crc32fast v1.4.2
[INFO] [stderr]    Compiling encoding_rs v0.8.35
[INFO] [stderr]    Compiling syn v2.0.96
[INFO] [stderr]    Compiling miniz_oxide v0.8.3
[INFO] [stderr]    Compiling flate2 v1.0.35
[INFO] [stderr]    Compiling quote v0.6.13
[INFO] [stderr]    Compiling thiserror-impl v1.0.69
[INFO] [stderr]    Compiling named_tuple v0.1.3
[INFO] [stderr]    Compiling rhymessage v1.3.1
[INFO] [stderr]    Compiling rhymuri v1.3.1
[INFO] [stderr]    Compiling rhymuweb v1.2.1 (/opt/rustwide/workdir)
[INFO] [stderr]     Finished `dev` profile [unoptimized + debuginfo] target(s) in 7.77s
[INFO] running `Command { std: "docker" "inspect" "8307847e4ec350046b8081d947d89bf4cf7371b4b1369f3e3505b2fd24136637", kill_on_drop: false }`
[INFO] running `Command { std: "docker" "rm" "-f" "8307847e4ec350046b8081d947d89bf4cf7371b4b1369f3e3505b2fd24136637", kill_on_drop: false }`
[INFO] [stdout] 8307847e4ec350046b8081d947d89bf4cf7371b4b1369f3e3505b2fd24136637
[INFO] running `Command { std: "docker" "create" "-v" "/var/lib/crater-agent-workspace/builds/worker-2-tc1/target:/opt/rustwide/target:rw,Z" "-v" "/var/lib/crater-agent-workspace/builds/worker-2-tc1/source:/opt/rustwide/workdir:ro,Z" "-v" "/var/lib/crater-agent-workspace/cargo-home:/opt/rustwide/cargo-home:ro,Z" "-v" "/var/lib/crater-agent-workspace/rustup-home:/opt/rustwide/rustup-home:ro,Z" "-e" "SOURCE_DIR=/opt/rustwide/workdir" "-e" "CARGO_TARGET_DIR=/opt/rustwide/target" "-e" "CARGO_INCREMENTAL=0" "-e" "RUST_BACKTRACE=full" "-e" "RUSTFLAGS=--cap-lints=forbid" "-e" "RUSTDOCFLAGS=--cap-lints=forbid" "-e" "CARGO_HOME=/opt/rustwide/cargo-home" "-e" "RUSTUP_HOME=/opt/rustwide/rustup-home" "-w" "/opt/rustwide/workdir" "-m" "1610612736" "--user" "0:0" "--network" "none" "ghcr.io/rust-lang/crates-build-env/linux@sha256:819108c5571ea2e421544af4d832f968d213c87fbe3707a016657f43d2f853bc" "/opt/rustwide/cargo-home/bin/cargo" "+nightly-2025-01-18" "test" "--frozen" "--no-run" "--message-format=json", kill_on_drop: false }`
[INFO] [stdout] 03d55acc68f81a5a6518a0607e0f5241b8cfecc106c0ed562d03325f253703dc
[INFO] running `Command { std: "docker" "start" "-a" "03d55acc68f81a5a6518a0607e0f5241b8cfecc106c0ed562d03325f253703dc", kill_on_drop: false }`
[INFO] [stderr]    Compiling rhymuweb v1.2.1 (/opt/rustwide/workdir)
[INFO] [stderr]     Finished `test` profile [unoptimized + debuginfo] target(s) in 0.84s
[INFO] running `Command { std: "docker" "inspect" "03d55acc68f81a5a6518a0607e0f5241b8cfecc106c0ed562d03325f253703dc", kill_on_drop: false }`
[INFO] running `Command { std: "docker" "rm" "-f" "03d55acc68f81a5a6518a0607e0f5241b8cfecc106c0ed562d03325f253703dc", kill_on_drop: false }`
[INFO] [stdout] 03d55acc68f81a5a6518a0607e0f5241b8cfecc106c0ed562d03325f253703dc
[INFO] running `Command { std: "docker" "create" "-v" "/var/lib/crater-agent-workspace/builds/worker-2-tc1/target:/opt/rustwide/target:rw,Z" "-v" "/var/lib/crater-agent-workspace/builds/worker-2-tc1/source:/opt/rustwide/workdir:ro,Z" "-v" "/var/lib/crater-agent-workspace/cargo-home:/opt/rustwide/cargo-home:ro,Z" "-v" "/var/lib/crater-agent-workspace/rustup-home:/opt/rustwide/rustup-home:ro,Z" "-e" "SOURCE_DIR=/opt/rustwide/workdir" "-e" "CARGO_TARGET_DIR=/opt/rustwide/target" "-e" "CARGO_INCREMENTAL=0" "-e" "RUST_BACKTRACE=full" "-e" "RUSTFLAGS=--cap-lints=forbid" "-e" "RUSTDOCFLAGS=--cap-lints=forbid" "-e" "CARGO_HOME=/opt/rustwide/cargo-home" "-e" "RUSTUP_HOME=/opt/rustwide/rustup-home" "-w" "/opt/rustwide/workdir" "-m" "1610612736" "--user" "0:0" "--network" "none" "ghcr.io/rust-lang/crates-build-env/linux@sha256:819108c5571ea2e421544af4d832f968d213c87fbe3707a016657f43d2f853bc" "/opt/rustwide/cargo-home/bin/cargo" "+nightly-2025-01-18" "test" "--frozen", kill_on_drop: false }`
[INFO] [stdout] d39286aefae7bef7f8b80084d27c21ec66048f32fb94cbce067873b95e3df13c
[INFO] running `Command { std: "docker" "start" "-a" "d39286aefae7bef7f8b80084d27c21ec66048f32fb94cbce067873b95e3df13c", kill_on_drop: false }`
[INFO] [stderr]     Finished `test` profile [unoptimized + debuginfo] target(s) in 0.02s
[INFO] [stdout] 
[INFO] [stderr]      Running unittests src/lib.rs (/opt/rustwide/target/debug/deps/rhymuweb-acd44f4ee4a0d482)
[INFO] [stdout] running 75 tests
[INFO] [stdout] test chunked_body::tests::decode_bad_junk_after_chunk ... ok
[INFO] [stdout] test chunked_body::tests::decode_bad_chunk_size_line_chunk_size_overflow ... ok
[INFO] [stdout] test chunked_body::tests::decode_bad_trailer ... ok
[INFO] [stdout] test chunked_body::tests::decode_empty_body_multiple_zeroes ... ok
[INFO] [stdout] test chunked_body::tests::decode_empty_body_with_chunk_extension_no_value ... ok
[INFO] [stdout] test chunked_body::tests::decode_bad_chunk_size_line_not_hexdig_in_chunk_size ... ok
[INFO] [stdout] test chunked_body::tests::decode_empty_body_with_chunk_extension_with_unquoted_value ... ok
[INFO] [stdout] test chunked_body::tests::decode_empty_body_with_chunk_extension_with_quoted_value ... ok
[INFO] [stdout] test chunked_body::tests::decode_simple_empty_body_one_character_at_a_time ... ok
[INFO] [stdout] test chunked_body::tests::decode_empty_body_with_multiple_chunk_extensions ... ok
[INFO] [stdout] test chunked_body::tests::decode_simple_empty_body_one_piece ... ok
[INFO] [stdout] test chunked_body::tests::decode_simple_empty_body_one_piece_with_extra_stuff_after ... ok
[INFO] [stdout] test chunked_body::tests::decode_simple_empty_body_two_pieces ... ok
[INFO] [stdout] test chunked_body::tests::decode_simple_non_empty_body_one_character_at_a_time ... ok
[INFO] [stdout] test chunked_body::tests::decode_simple_non_empty_body_one_piece ... ok
[INFO] [stdout] test chunked_body::tests::decode_trailers_one_character_at_a_time ... ok
[INFO] [stdout] test coding::tests::body_to_string_default_encoding_iso_8859_1 ... ok
[INFO] [stdout] test chunked_body::tests::decode_two_chunk_body_one_piece ... ok
[INFO] [stdout] test coding::tests::body_to_string_valid_encoding_iso_8859_1 ... ok
[INFO] [stdout] test coding::tests::body_to_string_invalid_encoding_utf8 ... ok
[INFO] [stdout] test chunked_body::tests::decode_two_chunk_body_one_character_at_a_time ... ok
[INFO] [stdout] test chunked_body::tests::decode_trailers_one_piece ... ok
[INFO] [stdout] test coding::tests::body_to_string_valid_encoding_utf_8 ... ok
[INFO] [stdout] test coding::tests::decode_body_deflated_then_gzipped ... ok
[INFO] [stdout] test coding::tests::decode_body_unknown_coding_then_gzipped ... ok
[INFO] [stdout] test coding::tests::deflate_decode_empty_output ... ok
[INFO] [stdout] test coding::tests::deflate_decode_non_empty_input ... ok
[INFO] [stdout] test coding::tests::gzip_decode_junk ... ok
[INFO] [stdout] test request::tests::parse_get_request_ascii_target_uri ... ok
[INFO] [stdout] test request::tests::parse_incomplete_body_request ... ok
[INFO] [stdout] test coding::tests::deflate_decode_junk ... ok
[INFO] [stdout] test coding::tests::gzip_decode_empty_input ... ok
[INFO] [stdout] test coding::tests::gzip_decode_empty_output ... ok
[INFO] [stdout] test request::tests::parse_incomplete_no_headers_request ... ok
[INFO] [stdout] test request::tests::parse_incomplete_request_line ... ok
[INFO] [stdout] test coding::tests::decode_body_gzipped ... ok
[INFO] [stdout] test coding::tests::decode_body_not_encoded ... ok
[INFO] [stdout] test request::tests::generate_get_request ... ok
[INFO] [stdout] test request::tests::generate_put_request ... ok
[INFO] [stdout] test request::tests::max_message_size_checked_for_total ... ok
[INFO] [stdout] test request::tests::parse_incomplete_headers_between_lines_request ... ok
[INFO] [stdout] test request::tests::max_message_size_checked_for_headers ... ok
[INFO] [stdout] test request::tests::parse_incomplete_headers_mid_line_request ... ok
[INFO] [stdout] test coding::tests::gzip_decode_non_empty_input ... ok
[INFO] [stdout] test request::tests::parse_invalid_body_insanely_too_large ... ok
[INFO] [stdout] test request::tests::parse_get_request_non_ascii_target_uri ... ok
[INFO] [stdout] test request::tests::parse_invalid_body_slightly_too_large ... ok
[INFO] [stdout] test request::tests::parse_invalid_damaged_header ... ok
[INFO] [stdout] test request::tests::parse_invalid_header_line_too_long ... ok
[INFO] [stdout] test request::tests::parse_invalid_request_bad_protocol ... ok
[INFO] [stdout] test request::tests::parse_invalid_request_empty_method ... ok
[INFO] [stdout] test request::tests::parse_invalid_request_empty_protocol ... ok
[INFO] [stdout] test request::tests::parse_invalid_request_line_too_long ... ok
[INFO] [stdout] test request::tests::parse_invalid_request_no_method_delimiter ... ok
[INFO] [stdout] test request::tests::parse_invalid_request_no_protocol ... ok
[INFO] [stdout] test request::tests::parse_invalid_request_no_target ... ok
[INFO] [stdout] test request::tests::parse_post_request ... ok
[INFO] [stdout] test response::tests::generate_get_response ... ok
[INFO] [stdout] test request::tests::request_with_no_content_length_or_chunked_transfer_encoding_has_no_body ... ok
[INFO] [stdout] test request::tests::parse_valid_header_line_longer_than_default ... ok
[INFO] [stdout] test response::tests::parse_get_response_with_chunked_body_with_other_transfer_coding ... ok
[INFO] [stdout] test response::tests::parse_incomplete_body_response ... ok
[INFO] [stdout] test response::tests::parse_get_response_with_body_and_content_length ... ok
[INFO] [stdout] test response::tests::parse_get_response_with_chunked_body_no_other_transfer_coding ... ok
[INFO] [stdout] test response::tests::parse_incomplete_headers_between_lines_response ... ok
[INFO] [stdout] test response::tests::parse_incomplete_status_line ... ok
[INFO] [stdout] test response::tests::parse_invalid_response_no_protocol ... ok
[INFO] [stdout] test response::tests::parse_invalid_damaged_header ... ok
[INFO] [stdout] test response::tests::parse_invalid_response_no_status_code ... ok
[INFO] [stdout] test response::tests::parse_no_headers_response ... ok
[INFO] [stdout] test response::tests::parse_response_trailer ... ok
[INFO] [stdout] test response::tests::response_with_no_content_length_or_chunked_transfer_encoding_has_no_body ... ok
[INFO] [stdout] test response::tests::parse_invalid_response_no_reason_phrase ... ok
[INFO] [stdout] test response::tests::parse_incomplete_headers_mid_line_response ... ok
[INFO] [stdout] test coding::tests::deflate_decode_empty_input ... FAILED
[INFO] [stdout] 
[INFO] [stdout] failures:
[INFO] [stdout] 
[INFO] [stdout] ---- coding::tests::deflate_decode_empty_input stdout ----
[INFO] [stdout] 
[INFO] [stdout] thread 'coding::tests::deflate_decode_empty_input' panicked at src/coding.rs:208:9:
[INFO] [stdout] assertion failed: matches!(body, Err(Error::BadContentEncoding(_)))
[INFO] [stdout] stack backtrace:
[INFO] [stdout]    0:     0x5a0474d050ea - std::backtrace_rs::backtrace::libunwind::trace::hb059275cfc8d6126
[INFO] [stdout]                                at /rustc/6067b36314ab5eb2eb47cecc464545ba58e1ad24/library/std/src/../../backtrace/src/backtrace/libunwind.rs:116:5
[INFO] [stdout]    1:     0x5a0474d050ea - std::backtrace_rs::backtrace::trace_unsynchronized::h2da071e4327ce3ee
[INFO] [stdout]                                at /rustc/6067b36314ab5eb2eb47cecc464545ba58e1ad24/library/std/src/../../backtrace/src/backtrace/mod.rs:66:5
[INFO] [stdout]    2:     0x5a0474d050ea - std::sys::backtrace::_print_fmt::h842a1474e6f8d23f
[INFO] [stdout]                                at /rustc/6067b36314ab5eb2eb47cecc464545ba58e1ad24/library/std/src/sys/backtrace.rs:66:9
[INFO] [stdout]    3:     0x5a0474d050ea - <std::sys::backtrace::BacktraceLock::print::DisplayBacktrace as core::fmt::Display>::fmt::h71a62eb3b9696b12
[INFO] [stdout]                                at /rustc/6067b36314ab5eb2eb47cecc464545ba58e1ad24/library/std/src/sys/backtrace.rs:39:26
[INFO] [stdout]    4:     0x5a0474d2db83 - core::fmt::rt::Argument::fmt::hdb6b616786b41dc1
[INFO] [stdout]                                at /rustc/6067b36314ab5eb2eb47cecc464545ba58e1ad24/library/core/src/fmt/rt.rs:177:76
[INFO] [stdout]    5:     0x5a0474d2db83 - core::fmt::write::h2cc1698af7e2d686
[INFO] [stdout]                                at /rustc/6067b36314ab5eb2eb47cecc464545ba58e1ad24/library/core/src/fmt/mod.rs:1440:21
[INFO] [stdout]    6:     0x5a0474d01c43 - std::io::Write::write_fmt::hab1b4cd059a79022
[INFO] [stdout]                                at /rustc/6067b36314ab5eb2eb47cecc464545ba58e1ad24/library/std/src/io/mod.rs:1887:15
[INFO] [stdout]    7:     0x5a0474d04f32 - std::sys::backtrace::BacktraceLock::print::h147fe35b4ea13b08
[INFO] [stdout]                                at /rustc/6067b36314ab5eb2eb47cecc464545ba58e1ad24/library/std/src/sys/backtrace.rs:42:9
[INFO] [stdout]    8:     0x5a0474d0650f - std::panicking::default_hook::{{closure}}::hbd44223dbdc0d208
[INFO] [stdout]                                at /rustc/6067b36314ab5eb2eb47cecc464545ba58e1ad24/library/std/src/panicking.rs:298:22
[INFO] [stdout]    9:     0x5a0474d06328 - std::panicking::default_hook::h20f81eb0576efcec
[INFO] [stdout]                                at /rustc/6067b36314ab5eb2eb47cecc464545ba58e1ad24/library/std/src/panicking.rs:322:9
[INFO] [stdout]   10:     0x5a0474c87f43 - <alloc::boxed::Box<F,A> as core::ops::function::Fn<Args>>::call::hdb53814c496a4d34
[INFO] [stdout]                                at /rustc/6067b36314ab5eb2eb47cecc464545ba58e1ad24/library/alloc/src/boxed.rs:2027:9
[INFO] [stdout]   11:     0x5a0474c87f43 - test::test_main::{{closure}}::hc0a4963c59427c24
[INFO] [stdout]                                at /rustc/6067b36314ab5eb2eb47cecc464545ba58e1ad24/library/test/src/lib.rs:134:21
[INFO] [stdout]   12:     0x5a0474d07003 - <alloc::boxed::Box<F,A> as core::ops::function::Fn<Args>>::call::h591b2225413a77e9
[INFO] [stdout]                                at /rustc/6067b36314ab5eb2eb47cecc464545ba58e1ad24/library/alloc/src/boxed.rs:2027:9
[INFO] [stdout]   13:     0x5a0474d07003 - std::panicking::rust_panic_with_hook::h625eea43051b2edc
[INFO] [stdout]                                at /rustc/6067b36314ab5eb2eb47cecc464545ba58e1ad24/library/std/src/panicking.rs:839:13
[INFO] [stdout]   14:     0x5a0474d06c86 - std::panicking::begin_panic_handler::{{closure}}::h4f9159cfbc3f6bd3
[INFO] [stdout]                                at /rustc/6067b36314ab5eb2eb47cecc464545ba58e1ad24/library/std/src/panicking.rs:697:13
[INFO] [stdout]   15:     0x5a0474d055e9 - std::sys::backtrace::__rust_end_short_backtrace::h0390abce48353151
[INFO] [stdout]                                at /rustc/6067b36314ab5eb2eb47cecc464545ba58e1ad24/library/std/src/sys/backtrace.rs:168:18
[INFO] [stdout]   16:     0x5a0474d0694d - rust_begin_unwind
[INFO] [stdout]                                at /rustc/6067b36314ab5eb2eb47cecc464545ba58e1ad24/library/std/src/panicking.rs:695:5
[INFO] [stdout]   17:     0x5a0474d2c560 - core::panicking::panic_fmt::h9e7c637e9e5f29c9
[INFO] [stdout]                                at /rustc/6067b36314ab5eb2eb47cecc464545ba58e1ad24/library/core/src/panicking.rs:75:14
[INFO] [stdout]   18:     0x5a0474d2c5ec - core::panicking::panic::haa3255ea20181a33
[INFO] [stdout]                                at /rustc/6067b36314ab5eb2eb47cecc464545ba58e1ad24/library/core/src/panicking.rs:145:5
[INFO] [stdout]   19:     0x5a0474c07a8c - rhymuweb::coding::tests::deflate_decode_empty_input::he723eb416e730b20
[INFO] [stdout]                                at /opt/rustwide/workdir/src/coding.rs:208:9
[INFO] [stdout]   20:     0x5a0474c079f7 - rhymuweb::coding::tests::deflate_decode_empty_input::{{closure}}::h8a0ba5a1bc51583e
[INFO] [stdout]                                at /opt/rustwide/workdir/src/coding.rs:205:36
[INFO] [stdout]   21:     0x5a0474be26c6 - core::ops::function::FnOnce::call_once::hf82a487e0bc204c4
[INFO] [stdout]                                at /rustc/6067b36314ab5eb2eb47cecc464545ba58e1ad24/library/core/src/ops/function.rs:250:5
[INFO] [stdout]   22:     0x5a0474c8d69b - core::ops::function::FnOnce::call_once::he27718dfdd183f43
[INFO] [stdout]                                at /rustc/6067b36314ab5eb2eb47cecc464545ba58e1ad24/library/core/src/ops/function.rs:250:5
[INFO] [stdout]   23:     0x5a0474c8d69b - test::__rust_begin_short_backtrace::h4e84902998457a5d
[INFO] [stdout]                                at /rustc/6067b36314ab5eb2eb47cecc464545ba58e1ad24/library/test/src/lib.rs:632:18
[INFO] [stdout]   24:     0x5a0474c8c5d3 - test::run_test_in_process::{{closure}}::h7176fd18fc1feca0
[INFO] [stdout]                                at /rustc/6067b36314ab5eb2eb47cecc464545ba58e1ad24/library/test/src/lib.rs:655:60
[INFO] [stdout]   25:     0x5a0474c8c5d3 - <core::panic::unwind_safe::AssertUnwindSafe<F> as core::ops::function::FnOnce<()>>::call_once::hf79cff2a624d8cf7
[INFO] [stdout]                                at /rustc/6067b36314ab5eb2eb47cecc464545ba58e1ad24/library/core/src/panic/unwind_safe.rs:272:9
[INFO] [stdout]   26:     0x5a0474c8c5d3 - std::panicking::try::do_call::h3da0561d9ab99c25
[INFO] [stdout]                                at /rustc/6067b36314ab5eb2eb47cecc464545ba58e1ad24/library/std/src/panicking.rs:587:40
[INFO] [stdout]   27:     0x5a0474c8c5d3 - std::panicking::try::h41c9fa508bc61df6
[INFO] [stdout]                                at /rustc/6067b36314ab5eb2eb47cecc464545ba58e1ad24/library/std/src/panicking.rs:550:19
[INFO] [stdout]   28:     0x5a0474c8c5d3 - std::panic::catch_unwind::h6b3ff07bb5afad93
[INFO] [stdout]                                at /rustc/6067b36314ab5eb2eb47cecc464545ba58e1ad24/library/std/src/panic.rs:358:14
[INFO] [stdout]   29:     0x5a0474c8c5d3 - test::run_test_in_process::hc7253dd11b39b9f4
[INFO] [stdout]                                at /rustc/6067b36314ab5eb2eb47cecc464545ba58e1ad24/library/test/src/lib.rs:655:27
[INFO] [stdout]   30:     0x5a0474c8c5d3 - test::run_test::{{closure}}::hfb2007f8649c30bb
[INFO] [stdout]                                at /rustc/6067b36314ab5eb2eb47cecc464545ba58e1ad24/library/test/src/lib.rs:576:43
[INFO] [stdout]   31:     0x5a0474c4f6b5 - test::run_test::{{closure}}::h56a17aa7a282a9f4
[INFO] [stdout]                                at /rustc/6067b36314ab5eb2eb47cecc464545ba58e1ad24/library/test/src/lib.rs:606:41
[INFO] [stdout]   32:     0x5a0474c4f6b5 - std::sys::backtrace::__rust_begin_short_backtrace::hd2d2d2fb8e8c6aac
[INFO] [stdout]                                at /rustc/6067b36314ab5eb2eb47cecc464545ba58e1ad24/library/std/src/sys/backtrace.rs:152:18
[INFO] [stdout]   33:     0x5a0474c52f9a - std::thread::Builder::spawn_unchecked_::{{closure}}::{{closure}}::h4faa3f9db6133423
[INFO] [stdout]                                at /rustc/6067b36314ab5eb2eb47cecc464545ba58e1ad24/library/std/src/thread/mod.rs:559:17
[INFO] [stdout]   34:     0x5a0474c52f9a - <core::panic::unwind_safe::AssertUnwindSafe<F> as core::ops::function::FnOnce<()>>::call_once::hf2e855a36a4ea846
[INFO] [stdout]                                at /rustc/6067b36314ab5eb2eb47cecc464545ba58e1ad24/library/core/src/panic/unwind_safe.rs:272:9
[INFO] [stdout]   35:     0x5a0474c52f9a - std::panicking::try::do_call::h2f73af3616c35465
[INFO] [stdout]                                at /rustc/6067b36314ab5eb2eb47cecc464545ba58e1ad24/library/std/src/panicking.rs:587:40
[INFO] [stdout]   36:     0x5a0474c52f9a - std::panicking::try::hd1660ce9efadef5a
[INFO] [stdout]                                at /rustc/6067b36314ab5eb2eb47cecc464545ba58e1ad24/library/std/src/panicking.rs:550:19
[INFO] [stdout]   37:     0x5a0474c52f9a - std::panic::catch_unwind::h5ee8d7823b8ca744
[INFO] [stdout]                                at /rustc/6067b36314ab5eb2eb47cecc464545ba58e1ad24/library/std/src/panic.rs:358:14
[INFO] [stdout]   38:     0x5a0474c52f9a - std::thread::Builder::spawn_unchecked_::{{closure}}::h53c3a1894dce8407
[INFO] [stdout]                                at /rustc/6067b36314ab5eb2eb47cecc464545ba58e1ad24/library/std/src/thread/mod.rs:557:30
[INFO] [stdout]   39:     0x5a0474c52f9a - core::ops::function::FnOnce::call_once{{vtable.shim}}::h048ce291ad4f62bf
[INFO] [stdout]                                at /rustc/6067b36314ab5eb2eb47cecc464545ba58e1ad24/library/core/src/ops/function.rs:250:5
[INFO] [stdout]   40:     0x5a0474d0af3b - <alloc::boxed::Box<F,A> as core::ops::function::FnOnce<Args>>::call_once::ha52bedf99a3b4981
[INFO] [stdout]                                at /rustc/6067b36314ab5eb2eb47cecc464545ba58e1ad24/library/alloc/src/boxed.rs:2013:9
[INFO] [stdout]   41:     0x5a0474d0af3b - <alloc::boxed::Box<F,A> as core::ops::function::FnOnce<Args>>::call_once::h567748934d80ccf8
[INFO] [stdout]                                at /rustc/6067b36314ab5eb2eb47cecc464545ba58e1ad24/library/alloc/src/boxed.rs:2013:9
[INFO] [stdout]   42:     0x5a0474d0af3b - std::sys::pal::unix::thread::Thread::new::thread_start::h2d970728ae887adc
[INFO] [stdout]                                at /rustc/6067b36314ab5eb2eb47cecc464545ba58e1ad24/library/std/src/sys/pal/unix/thread.rs:106:17
[INFO] [stdout]   43:     0x794b4a7d5ac3 - <unknown>
[INFO] [stdout]   44:     0x794b4a866a04 - clone
[INFO] [stdout]   45:                0x0 - <unknown>
[INFO] [stdout] 
[INFO] [stdout] 
[INFO] [stdout] failures:
[INFO] [stdout]     coding::tests::deflate_decode_empty_input
[INFO] [stdout] 
[INFO] [stdout] test result: FAILED. 74 passed; 1 failed; 0 ignored; 0 measured; 0 filtered out; finished in 0.02s
[INFO] [stdout] 
[INFO] [stderr] error: test failed, to rerun pass `--lib`
[INFO] running `Command { std: "docker" "inspect" "d39286aefae7bef7f8b80084d27c21ec66048f32fb94cbce067873b95e3df13c", kill_on_drop: false }`
[INFO] running `Command { std: "docker" "rm" "-f" "d39286aefae7bef7f8b80084d27c21ec66048f32fb94cbce067873b95e3df13c", kill_on_drop: false }`
[INFO] [stdout] d39286aefae7bef7f8b80084d27c21ec66048f32fb94cbce067873b95e3df13c
