[INFO] fetching crate rgl 0.2.0...
[INFO] testing rgl-0.2.0 against nightly-2025-01-18 for randomize-layout-2
[INFO] extracting crate rgl 0.2.0 into /workspace/builds/worker-3-tc1/source
[INFO] validating manifest of crates.io crate rgl 0.2.0 on toolchain nightly-2025-01-18
[INFO] running `Command { std: CARGO_HOME="/workspace/cargo-home" RUSTUP_HOME="/workspace/rustup-home" "/workspace/cargo-home/bin/cargo" "+nightly-2025-01-18" "metadata" "--manifest-path" "Cargo.toml" "--no-deps", kill_on_drop: false }`
[INFO] started tweaking crates.io crate rgl 0.2.0
[INFO] finished tweaking crates.io crate rgl 0.2.0
[INFO] tweaked toml for crates.io crate rgl 0.2.0 written to /workspace/builds/worker-3-tc1/source/Cargo.toml
[INFO] running `Command { std: CARGO_HOME="/workspace/cargo-home" RUSTUP_HOME="/workspace/rustup-home" "/workspace/cargo-home/bin/cargo" "+nightly-2025-01-18" "generate-lockfile" "--manifest-path" "Cargo.toml", kill_on_drop: false }`
[INFO] [stderr]     Updating crates.io index
[INFO] [stderr]      Locking 7 packages to latest compatible versions
[INFO] [stderr]       Adding gl v0.6.5 (available: v0.14.0)
[INFO] running `Command { std: CARGO_HOME="/workspace/cargo-home" RUSTUP_HOME="/workspace/rustup-home" "/workspace/cargo-home/bin/cargo" "+nightly-2025-01-18" "fetch" "--manifest-path" "Cargo.toml", kill_on_drop: false }`
[INFO] [stderr] warning: no edition set: defaulting to the 2015 edition while the latest is 2024
[INFO] [stderr]     Blocking waiting for file lock on package cache
[INFO] [stderr]  Downloading crates ...
[INFO] [stderr]   Downloaded gl v0.6.5
[INFO] running `Command { std: "docker" "create" "-v" "/var/lib/crater-agent-workspace/builds/worker-3-tc1/target:/opt/rustwide/target:rw,Z" "-v" "/var/lib/crater-agent-workspace/builds/worker-3-tc1/source:/opt/rustwide/workdir:ro,Z" "-v" "/var/lib/crater-agent-workspace/cargo-home:/opt/rustwide/cargo-home:ro,Z" "-v" "/var/lib/crater-agent-workspace/rustup-home:/opt/rustwide/rustup-home:ro,Z" "-e" "SOURCE_DIR=/opt/rustwide/workdir" "-e" "CARGO_TARGET_DIR=/opt/rustwide/target" "-e" "CARGO_HOME=/opt/rustwide/cargo-home" "-e" "RUSTUP_HOME=/opt/rustwide/rustup-home" "-w" "/opt/rustwide/workdir" "-m" "1610612736" "--user" "0:0" "--network" "none" "ghcr.io/rust-lang/crates-build-env/linux@sha256:819108c5571ea2e421544af4d832f968d213c87fbe3707a016657f43d2f853bc" "/opt/rustwide/cargo-home/bin/cargo" "+nightly-2025-01-18" "metadata" "--no-deps" "--format-version=1", kill_on_drop: false }`
[INFO] [stdout] 6348b2aba8a40388581beace394d2d0e7c5dfd1dbf47f9786a83ea3a44b8543f
[INFO] running `Command { std: "docker" "start" "-a" "6348b2aba8a40388581beace394d2d0e7c5dfd1dbf47f9786a83ea3a44b8543f", kill_on_drop: false }`
[INFO] running `Command { std: "docker" "inspect" "6348b2aba8a40388581beace394d2d0e7c5dfd1dbf47f9786a83ea3a44b8543f", kill_on_drop: false }`
[INFO] running `Command { std: "docker" "rm" "-f" "6348b2aba8a40388581beace394d2d0e7c5dfd1dbf47f9786a83ea3a44b8543f", kill_on_drop: false }`
[INFO] [stdout] 6348b2aba8a40388581beace394d2d0e7c5dfd1dbf47f9786a83ea3a44b8543f
[INFO] running `Command { std: "docker" "create" "-v" "/var/lib/crater-agent-workspace/builds/worker-3-tc1/target:/opt/rustwide/target:rw,Z" "-v" "/var/lib/crater-agent-workspace/builds/worker-3-tc1/source:/opt/rustwide/workdir:ro,Z" "-v" "/var/lib/crater-agent-workspace/cargo-home:/opt/rustwide/cargo-home:ro,Z" "-v" "/var/lib/crater-agent-workspace/rustup-home:/opt/rustwide/rustup-home:ro,Z" "-e" "SOURCE_DIR=/opt/rustwide/workdir" "-e" "CARGO_TARGET_DIR=/opt/rustwide/target" "-e" "CARGO_INCREMENTAL=0" "-e" "RUST_BACKTRACE=full" "-e" "RUSTFLAGS=--cap-lints=forbid" "-e" "RUSTDOCFLAGS=--cap-lints=forbid" "-e" "CARGO_HOME=/opt/rustwide/cargo-home" "-e" "RUSTUP_HOME=/opt/rustwide/rustup-home" "-w" "/opt/rustwide/workdir" "-m" "1610612736" "--user" "0:0" "--network" "none" "ghcr.io/rust-lang/crates-build-env/linux@sha256:819108c5571ea2e421544af4d832f968d213c87fbe3707a016657f43d2f853bc" "/opt/rustwide/cargo-home/bin/cargo" "+nightly-2025-01-18" "build" "--frozen" "--message-format=json", kill_on_drop: false }`
[INFO] [stdout] 952b928ff54a9dcd21433038e2cbd919c21bd87a57d3eb6200ea73b2e7e49183
[INFO] running `Command { std: "docker" "start" "-a" "952b928ff54a9dcd21433038e2cbd919c21bd87a57d3eb6200ea73b2e7e49183", kill_on_drop: false }`
[INFO] [stderr] warning: no edition set: defaulting to the 2015 edition while the latest is 2024
[INFO] [stderr]    Compiling khronos_api v2.2.0
[INFO] [stderr]    Compiling log v0.4.25
[INFO] [stderr]    Compiling bitflags v1.3.2
[INFO] [stderr]    Compiling xml-rs v0.7.0
[INFO] [stderr]    Compiling log v0.3.9
[INFO] [stderr]    Compiling gl_generator v0.6.1
[INFO] [stderr]    Compiling gl v0.6.5
[INFO] [stderr]    Compiling rgl v0.2.0 (/opt/rustwide/workdir)
[INFO] [stderr]     Finished `dev` profile [unoptimized + debuginfo] target(s) in 5.52s
[INFO] running `Command { std: "docker" "inspect" "952b928ff54a9dcd21433038e2cbd919c21bd87a57d3eb6200ea73b2e7e49183", kill_on_drop: false }`
[INFO] running `Command { std: "docker" "rm" "-f" "952b928ff54a9dcd21433038e2cbd919c21bd87a57d3eb6200ea73b2e7e49183", kill_on_drop: false }`
[INFO] [stdout] 952b928ff54a9dcd21433038e2cbd919c21bd87a57d3eb6200ea73b2e7e49183
[INFO] running `Command { std: "docker" "create" "-v" "/var/lib/crater-agent-workspace/builds/worker-3-tc1/target:/opt/rustwide/target:rw,Z" "-v" "/var/lib/crater-agent-workspace/builds/worker-3-tc1/source:/opt/rustwide/workdir:ro,Z" "-v" "/var/lib/crater-agent-workspace/cargo-home:/opt/rustwide/cargo-home:ro,Z" "-v" "/var/lib/crater-agent-workspace/rustup-home:/opt/rustwide/rustup-home:ro,Z" "-e" "SOURCE_DIR=/opt/rustwide/workdir" "-e" "CARGO_TARGET_DIR=/opt/rustwide/target" "-e" "CARGO_INCREMENTAL=0" "-e" "RUST_BACKTRACE=full" "-e" "RUSTFLAGS=--cap-lints=forbid" "-e" "RUSTDOCFLAGS=--cap-lints=forbid" "-e" "CARGO_HOME=/opt/rustwide/cargo-home" "-e" "RUSTUP_HOME=/opt/rustwide/rustup-home" "-w" "/opt/rustwide/workdir" "-m" "1610612736" "--user" "0:0" "--network" "none" "ghcr.io/rust-lang/crates-build-env/linux@sha256:819108c5571ea2e421544af4d832f968d213c87fbe3707a016657f43d2f853bc" "/opt/rustwide/cargo-home/bin/cargo" "+nightly-2025-01-18" "test" "--frozen" "--no-run" "--message-format=json", kill_on_drop: false }`
[INFO] [stdout] 682614b42a5467b106497f9f73697d76644bfefc7d8127f3cfcdd1bb43697947
[INFO] running `Command { std: "docker" "start" "-a" "682614b42a5467b106497f9f73697d76644bfefc7d8127f3cfcdd1bb43697947", kill_on_drop: false }`
[INFO] [stderr] warning: no edition set: defaulting to the 2015 edition while the latest is 2024
[INFO] [stderr]    Compiling rgl v0.2.0 (/opt/rustwide/workdir)
[INFO] [stderr]     Finished `test` profile [unoptimized + debuginfo] target(s) in 0.33s
[INFO] running `Command { std: "docker" "inspect" "682614b42a5467b106497f9f73697d76644bfefc7d8127f3cfcdd1bb43697947", kill_on_drop: false }`
[INFO] running `Command { std: "docker" "rm" "-f" "682614b42a5467b106497f9f73697d76644bfefc7d8127f3cfcdd1bb43697947", kill_on_drop: false }`
[INFO] [stdout] 682614b42a5467b106497f9f73697d76644bfefc7d8127f3cfcdd1bb43697947
[INFO] running `Command { std: "docker" "create" "-v" "/var/lib/crater-agent-workspace/builds/worker-3-tc1/target:/opt/rustwide/target:rw,Z" "-v" "/var/lib/crater-agent-workspace/builds/worker-3-tc1/source:/opt/rustwide/workdir:ro,Z" "-v" "/var/lib/crater-agent-workspace/cargo-home:/opt/rustwide/cargo-home:ro,Z" "-v" "/var/lib/crater-agent-workspace/rustup-home:/opt/rustwide/rustup-home:ro,Z" "-e" "SOURCE_DIR=/opt/rustwide/workdir" "-e" "CARGO_TARGET_DIR=/opt/rustwide/target" "-e" "CARGO_INCREMENTAL=0" "-e" "RUST_BACKTRACE=full" "-e" "RUSTFLAGS=--cap-lints=forbid" "-e" "RUSTDOCFLAGS=--cap-lints=forbid" "-e" "CARGO_HOME=/opt/rustwide/cargo-home" "-e" "RUSTUP_HOME=/opt/rustwide/rustup-home" "-w" "/opt/rustwide/workdir" "-m" "1610612736" "--user" "0:0" "--network" "none" "ghcr.io/rust-lang/crates-build-env/linux@sha256:819108c5571ea2e421544af4d832f968d213c87fbe3707a016657f43d2f853bc" "/opt/rustwide/cargo-home/bin/cargo" "+nightly-2025-01-18" "test" "--frozen", kill_on_drop: false }`
[INFO] [stdout] d951256929abf9b5db15590fd905bdfacbd1eeeadd249c5d716427bfd846274f
[INFO] running `Command { std: "docker" "start" "-a" "d951256929abf9b5db15590fd905bdfacbd1eeeadd249c5d716427bfd846274f", kill_on_drop: false }`
[INFO] [stderr] warning: no edition set: defaulting to the 2015 edition while the latest is 2024
[INFO] [stderr]     Finished `test` profile [unoptimized + debuginfo] target(s) in 0.02s
[INFO] [stdout] 
[INFO] [stderr]      Running unittests src/lib.rs (/opt/rustwide/target/debug/deps/rgl-3f262aeec6e447fb)
[INFO] [stdout] running 0 tests
[INFO] [stdout] 
[INFO] [stdout] test result: ok. 0 passed; 0 failed; 0 ignored; 0 measured; 0 filtered out; finished in 0.00s
[INFO] [stdout] 
[INFO] [stderr]    Doc-tests rgl
[INFO] [stdout] 
[INFO] [stdout] running 13 tests
[INFO] [stdout] test src/drawing.rs - drawing::draw_elements_instanced (line 64) ... FAILED
[INFO] [stdout] test src/buffers.rs - buffers::bind_buffer (line 90) ... FAILED
[INFO] [stdout] test src/buffers.rs - buffers::buffer_data (line 148) ... FAILED
[INFO] [stdout] test src/drawing.rs - drawing::draw_elements (line 48) ... FAILED
[INFO] [stdout] test src/drawing.rs - drawing::draw_arrays (line 33) ... FAILED
[INFO] [stdout] test src/buffers.rs - buffers::gen_buffers (line 46) ... FAILED
[INFO] [stdout] test src/buffers.rs - buffers::gen_buffer (line 62) ... FAILED
[INFO] [stdout] test src/buffers.rs - buffers::bind_vertex_array (line 74) ... FAILED
[INFO] [stdout] test src/buffers.rs - buffers::gen_vertex_arrays (line 17) ... FAILED
[INFO] [stdout] test src/buffers.rs - buffers::enable_vertex_attrib_array (line 106) ... FAILED
[INFO] [stdout] test src/buffers.rs - buffers::gen_vertex_array (line 34) ... FAILED
[INFO] [stdout] test src/buffers.rs - buffers::vertex_attrib_pointer (line 120) ... FAILED
[INFO] [stdout] test src/drawing.rs - drawing::clear_color (line 11) ... FAILED
[INFO] [stdout] 
[INFO] [stdout] failures:
[INFO] [stdout] 
[INFO] [stdout] ---- src/drawing.rs - drawing::draw_elements_instanced (line 64) stdout ----
[INFO] [stdout] error[E0425]: cannot find value `vao` in this scope
[INFO] [stdout]  --> src/drawing.rs:66:50
[INFO] [stdout]   |
[INFO] [stdout] 5 | rgl::bind_vertex_array(rgl::Target::ArrayBuffer, vao);
[INFO] [stdout]   |                                                  ^^^ not found in this scope
[INFO] [stdout] 
[INFO] [stdout] error[E0061]: this function takes 1 argument but 2 arguments were supplied
[INFO] [stdout]   --> src/drawing.rs:66:1
[INFO] [stdout]    |
[INFO] [stdout] 5  | rgl::bind_vertex_array(rgl::Target::ArrayBuffer, vao);
[INFO] [stdout]    | ^^^^^^^^^^^^^^^^^^^^^^ ------------------------  --- unexpected argument #2
[INFO] [stdout]    |                        |
[INFO] [stdout]    |                        expected `VAO`, found `Target`
[INFO] [stdout]    |
[INFO] [stdout] note: function defined here
[INFO] [stdout]   --> /opt/rustwide/workdir/src/buffers.rs:81:8
[INFO] [stdout]    |
[INFO] [stdout] 81 | pub fn bind_vertex_array(array: VAO) {
[INFO] [stdout]    |        ^^^^^^^^^^^^^^^^^
[INFO] [stdout] help: remove the extra argument
[INFO] [stdout]    |
[INFO] [stdout] 5  - rgl::bind_vertex_array(rgl::Target::ArrayBuffer, vao);
[INFO] [stdout] 5  + rgl::bind_vertex_array(/* VAO */);
[INFO] [stdout]    |
[INFO] [stdout] 
[INFO] [stdout] error: aborting due to 2 previous errors
[INFO] [stdout] 
[INFO] [stdout] Some errors have detailed explanations: E0061, E0425.
[INFO] [stdout] For more information about an error, try `rustc --explain E0061`.
[INFO] [stdout] Couldn't compile the test.
[INFO] [stdout] ---- src/buffers.rs - buffers::bind_buffer (line 90) stdout ----
[INFO] [stdout] error[E0425]: cannot find value `vao` in this scope
[INFO] [stdout]  --> src/buffers.rs:94:24
[INFO] [stdout]   |
[INFO] [stdout] 7 | rgl::bind_vertex_array(vao);
[INFO] [stdout]   |                        ^^^ help: a local variable with a similar name exists: `vbo`
[INFO] [stdout] 
[INFO] [stdout] error[E0308]: mismatched types
[INFO] [stdout]   --> src/buffers.rs:93:21
[INFO] [stdout]    |
[INFO] [stdout] 6  | rgl::gen_buffers(1, &mut vbo);
[INFO] [stdout]    | ----------------    ^^^^^^^^ expected `*mut VBO`, found `&mut {integer}`
[INFO] [stdout]    | |
[INFO] [stdout]    | arguments to this function are incorrect
[INFO] [stdout]    |
[INFO] [stdout]    = note:    expected raw pointer `*mut VBO`
[INFO] [stdout]            found mutable reference `&mut {integer}`
[INFO] [stdout] note: function defined here
[INFO] [stdout]   --> /opt/rustwide/workdir/src/buffers.rs:52:8
[INFO] [stdout]    |
[INFO] [stdout] 52 | pub fn gen_buffers(count: GLsizei, buffers: *mut VBO) {
[INFO] [stdout]    |        ^^^^^^^^^^^
[INFO] [stdout] 
[INFO] [stdout] error: aborting due to 2 previous errors
[INFO] [stdout] 
[INFO] [stdout] Some errors have detailed explanations: E0308, E0425.
[INFO] [stdout] For more information about an error, try `rustc --explain E0308`.
[INFO] [stdout] Couldn't compile the test.
[INFO] [stdout] ---- src/buffers.rs - buffers::buffer_data (line 148) stdout ----
[INFO] [stdout] error[E0433]: failed to resolve: could not find `GLUsage` in `rgl`
[INFO] [stdout]  --> src/buffers.rs:152:63
[INFO] [stdout]   |
[INFO] [stdout] 7 | rgl::buffer_data(rgl::Target::ArrayBuffer, &vertex_data, rgl::GLUsage::StaticDraw);
[INFO] [stdout]   |                                                               ^^^^^^^
[INFO] [stdout]   |                                                               |
[INFO] [stdout]   |                                                               could not find `GLUsage` in `rgl`
[INFO] [stdout]   |                                                               help: an enum with a similar name exists: `Usage`
[INFO] [stdout] 
[INFO] [stdout] error[E0412]: cannot find type `GLfloat` in this scope
[INFO] [stdout]  --> src/buffers.rs:150:19
[INFO] [stdout]   |
[INFO] [stdout] 5 | let vertex_data: [GLfloat; 6] = [0.0, 0.5, 0.5, -0.5, -0.5, -0.5];
[INFO] [stdout]   |                   ^^^^^^^ not found in this scope
[INFO] [stdout] 
[INFO] [stdout] error: aborting due to 2 previous errors
[INFO] [stdout] 
[INFO] [stdout] Some errors have detailed explanations: E0412, E0433.
[INFO] [stdout] For more information about an error, try `rustc --explain E0412`.
[INFO] [stdout] Couldn't compile the test.
[INFO] [stdout] ---- src/drawing.rs - drawing::draw_elements (line 48) stdout ----
[INFO] [stdout] error[E0425]: cannot find value `vao` in this scope
[INFO] [stdout]  --> src/drawing.rs:50:50
[INFO] [stdout]   |
[INFO] [stdout] 5 | rgl::bind_vertex_array(rgl::Target::ArrayBuffer, vao);
[INFO] [stdout]   |                                                  ^^^ not found in this scope
[INFO] [stdout] 
[INFO] [stdout] error[E0061]: this function takes 1 argument but 2 arguments were supplied
[INFO] [stdout]   --> src/drawing.rs:50:1
[INFO] [stdout]    |
[INFO] [stdout] 5  | rgl::bind_vertex_array(rgl::Target::ArrayBuffer, vao);
[INFO] [stdout]    | ^^^^^^^^^^^^^^^^^^^^^^ ------------------------  --- unexpected argument #2
[INFO] [stdout]    |                        |
[INFO] [stdout]    |                        expected `VAO`, found `Target`
[INFO] [stdout]    |
[INFO] [stdout] note: function defined here
[INFO] [stdout]   --> /opt/rustwide/workdir/src/buffers.rs:81:8
[INFO] [stdout]    |
[INFO] [stdout] 81 | pub fn bind_vertex_array(array: VAO) {
[INFO] [stdout]    |        ^^^^^^^^^^^^^^^^^
[INFO] [stdout] help: remove the extra argument
[INFO] [stdout]    |
[INFO] [stdout] 5  - rgl::bind_vertex_array(rgl::Target::ArrayBuffer, vao);
[INFO] [stdout] 5  + rgl::bind_vertex_array(/* VAO */);
[INFO] [stdout]    |
[INFO] [stdout] 
[INFO] [stdout] error: aborting due to 2 previous errors
[INFO] [stdout] 
[INFO] [stdout] Some errors have detailed explanations: E0061, E0425.
[INFO] [stdout] For more information about an error, try `rustc --explain E0061`.
[INFO] [stdout] Couldn't compile the test.
[INFO] [stdout] ---- src/drawing.rs - drawing::draw_arrays (line 33) stdout ----
[INFO] [stdout] error[E0425]: cannot find value `vbo` in this scope
[INFO] [stdout]  --> src/drawing.rs:35:44
[INFO] [stdout]   |
[INFO] [stdout] 5 | rgl::bind_buffer(rgl::Target::ArrayBuffer, vbo);
[INFO] [stdout]   |                                            ^^^ not found in this scope
[INFO] [stdout] 
[INFO] [stdout] error: aborting due to 1 previous error
[INFO] [stdout] 
[INFO] [stdout] For more information about this error, try `rustc --explain E0425`.
[INFO] [stdout] Couldn't compile the test.
[INFO] [stdout] ---- src/buffers.rs - buffers::gen_buffers (line 46) stdout ----
[INFO] [stdout] error[E0308]: mismatched types
[INFO] [stdout]   --> src/buffers.rs:49:21
[INFO] [stdout]    |
[INFO] [stdout] 6  | rgl::gen_buffers(1, &mut vbo);
[INFO] [stdout]    | ----------------    ^^^^^^^^ expected `*mut VBO`, found `&mut {integer}`
[INFO] [stdout]    | |
[INFO] [stdout]    | arguments to this function are incorrect
[INFO] [stdout]    |
[INFO] [stdout]    = note:    expected raw pointer `*mut VBO`
[INFO] [stdout]            found mutable reference `&mut {integer}`
[INFO] [stdout] note: function defined here
[INFO] [stdout]   --> /opt/rustwide/workdir/src/buffers.rs:52:8
[INFO] [stdout]    |
[INFO] [stdout] 52 | pub fn gen_buffers(count: GLsizei, buffers: *mut VBO) {
[INFO] [stdout]    |        ^^^^^^^^^^^
[INFO] [stdout] 
[INFO] [stdout] error: aborting due to 1 previous error
[INFO] [stdout] 
[INFO] [stdout] For more information about this error, try `rustc --explain E0308`.
[INFO] [stdout] Couldn't compile the test.
[INFO] [stdout] ---- src/buffers.rs - buffers::gen_buffer (line 62) stdout ----
[INFO] [stdout] error[E0425]: cannot find function `gen_vertex_buffer` in crate `rgl`
[INFO] [stdout]  --> src/buffers.rs:64:20
[INFO] [stdout]   |
[INFO] [stdout] 5 | let mut vbo = rgl::gen_vertex_buffer();
[INFO] [stdout]   |                    ^^^^^^^^^^^^^^^^^ not found in `rgl`
[INFO] [stdout] 
[INFO] [stdout] error: aborting due to 1 previous error
[INFO] [stdout] 
[INFO] [stdout] For more information about this error, try `rustc --explain E0425`.
[INFO] [stdout] Couldn't compile the test.
[INFO] [stdout] ---- src/buffers.rs - buffers::bind_vertex_array (line 74) stdout ----
[INFO] [stdout] error[E0308]: mismatched types
[INFO] [stdout]   --> src/buffers.rs:77:27
[INFO] [stdout]    |
[INFO] [stdout] 6  | rgl::gen_vertex_arrays(1, &mut vao);
[INFO] [stdout]    | ----------------------    ^^^^^^^^ expected `*mut VAO`, found `&mut {integer}`
[INFO] [stdout]    | |
[INFO] [stdout]    | arguments to this function are incorrect
[INFO] [stdout]    |
[INFO] [stdout]    = note:    expected raw pointer `*mut VAO`
[INFO] [stdout]            found mutable reference `&mut {integer}`
[INFO] [stdout] note: function defined here
[INFO] [stdout]   --> /opt/rustwide/workdir/src/buffers.rs:23:8
[INFO] [stdout]    |
[INFO] [stdout] 23 | pub fn gen_vertex_arrays(count: GLsizei, arrays: *mut VAO) {
[INFO] [stdout]    |        ^^^^^^^^^^^^^^^^^
[INFO] [stdout] 
[INFO] [stdout] error[E0308]: mismatched types
[INFO] [stdout]   --> src/buffers.rs:78:24
[INFO] [stdout]    |
[INFO] [stdout] 7  | rgl::bind_vertex_array(vao);
[INFO] [stdout]    | ---------------------- ^^^ expected `VAO`, found integer
[INFO] [stdout]    | |
[INFO] [stdout]    | arguments to this function are incorrect
[INFO] [stdout]    |
[INFO] [stdout] note: function defined here
[INFO] [stdout]   --> /opt/rustwide/workdir/src/buffers.rs:81:8
[INFO] [stdout]    |
[INFO] [stdout] 81 | pub fn bind_vertex_array(array: VAO) {
[INFO] [stdout]    |        ^^^^^^^^^^^^^^^^^
[INFO] [stdout] 
[INFO] [stdout] error: aborting due to 2 previous errors
[INFO] [stdout] 
[INFO] [stdout] For more information about this error, try `rustc --explain E0308`.
[INFO] [stdout] Couldn't compile the test.
[INFO] [stdout] ---- src/buffers.rs - buffers::gen_vertex_arrays (line 17) stdout ----
[INFO] [stdout] error[E0308]: mismatched types
[INFO] [stdout]   --> src/buffers.rs:20:27
[INFO] [stdout]    |
[INFO] [stdout] 6  | rgl::gen_vertex_arrays(1, &mut vao);
[INFO] [stdout]    | ----------------------    ^^^^^^^^ expected `*mut VAO`, found `&mut {integer}`
[INFO] [stdout]    | |
[INFO] [stdout]    | arguments to this function are incorrect
[INFO] [stdout]    |
[INFO] [stdout]    = note:    expected raw pointer `*mut VAO`
[INFO] [stdout]            found mutable reference `&mut {integer}`
[INFO] [stdout] note: function defined here
[INFO] [stdout]   --> /opt/rustwide/workdir/src/buffers.rs:23:8
[INFO] [stdout]    |
[INFO] [stdout] 23 | pub fn gen_vertex_arrays(count: GLsizei, arrays: *mut VAO) {
[INFO] [stdout]    |        ^^^^^^^^^^^^^^^^^
[INFO] [stdout] 
[INFO] [stdout] error: aborting due to 1 previous error
[INFO] [stdout] 
[INFO] [stdout] For more information about this error, try `rustc --explain E0308`.
[INFO] [stdout] Couldn't compile the test.
[INFO] [stdout] ---- src/buffers.rs - buffers::enable_vertex_attrib_array (line 106) stdout ----
[INFO] [stdout] Test executable failed (exit status: 101).
[INFO] [stdout] 
[INFO] [stdout] stderr:
[INFO] [stdout] 
[INFO] [stdout] thread 'main' panicked at /opt/rustwide/target/debug/build/gl-f22fc30dcee6f2a4/out/bindings.rs:20624:13:
[INFO] [stdout] gl function was not loaded
[INFO] [stdout] stack backtrace:
[INFO] [stdout]    0:     0x5fc95eebf82a - std::backtrace_rs::backtrace::libunwind::trace::hb059275cfc8d6126
[INFO] [stdout]                                at /rustc/6067b36314ab5eb2eb47cecc464545ba58e1ad24/library/std/src/../../backtrace/src/backtrace/libunwind.rs:116:5
[INFO] [stdout]    1:     0x5fc95eebf82a - std::backtrace_rs::backtrace::trace_unsynchronized::h2da071e4327ce3ee
[INFO] [stdout]                                at /rustc/6067b36314ab5eb2eb47cecc464545ba58e1ad24/library/std/src/../../backtrace/src/backtrace/mod.rs:66:5
[INFO] [stdout]    2:     0x5fc95eebf82a - std::sys::backtrace::_print_fmt::h842a1474e6f8d23f
[INFO] [stdout]                                at /rustc/6067b36314ab5eb2eb47cecc464545ba58e1ad24/library/std/src/sys/backtrace.rs:66:9
[INFO] [stdout]    3:     0x5fc95eebf82a - <std::sys::backtrace::BacktraceLock::print::DisplayBacktrace as core::fmt::Display>::fmt::h71a62eb3b9696b12
[INFO] [stdout]                                at /rustc/6067b36314ab5eb2eb47cecc464545ba58e1ad24/library/std/src/sys/backtrace.rs:39:26
[INFO] [stdout]    4:     0x5fc95eedc8c3 - core::fmt::rt::Argument::fmt::hdb6b616786b41dc1
[INFO] [stdout]                                at /rustc/6067b36314ab5eb2eb47cecc464545ba58e1ad24/library/core/src/fmt/rt.rs:177:76
[INFO] [stdout]    5:     0x5fc95eedc8c3 - core::fmt::write::h2cc1698af7e2d686
[INFO] [stdout]                                at /rustc/6067b36314ab5eb2eb47cecc464545ba58e1ad24/library/core/src/fmt/mod.rs:1440:21
[INFO] [stdout]    6:     0x5fc95eebce93 - std::io::Write::write_fmt::h00c8700df393f328
[INFO] [stdout]                                at /rustc/6067b36314ab5eb2eb47cecc464545ba58e1ad24/library/std/src/io/mod.rs:1887:15
[INFO] [stdout]    7:     0x5fc95eebf672 - std::sys::backtrace::BacktraceLock::print::h147fe35b4ea13b08
[INFO] [stdout]                                at /rustc/6067b36314ab5eb2eb47cecc464545ba58e1ad24/library/std/src/sys/backtrace.rs:42:9
[INFO] [stdout]    8:     0x5fc95eec05cf - std::panicking::default_hook::{{closure}}::hbd44223dbdc0d208
[INFO] [stdout]                                at /rustc/6067b36314ab5eb2eb47cecc464545ba58e1ad24/library/std/src/panicking.rs:298:22
[INFO] [stdout]    9:     0x5fc95eec043a - std::panicking::default_hook::h20f81eb0576efcec
[INFO] [stdout]                                at /rustc/6067b36314ab5eb2eb47cecc464545ba58e1ad24/library/std/src/panicking.rs:325:9
[INFO] [stdout]   10:     0x5fc95eec0fb2 - std::panicking::rust_panic_with_hook::h625eea43051b2edc
[INFO] [stdout]                                at /rustc/6067b36314ab5eb2eb47cecc464545ba58e1ad24/library/std/src/panicking.rs:831:13
[INFO] [stdout]   11:     0x5fc95eec0e8c - std::panicking::begin_panic::{{closure}}::hb6f83f64bbc6469c
[INFO] [stdout]                                at /rustc/6067b36314ab5eb2eb47cecc464545ba58e1ad24/library/std/src/panicking.rs:768:9
[INFO] [stdout]   12:     0x5fc95eebfd39 - std::sys::backtrace::__rust_end_short_backtrace::h892ae3ae8be3daf3
[INFO] [stdout]                                at /rustc/6067b36314ab5eb2eb47cecc464545ba58e1ad24/library/std/src/sys/backtrace.rs:168:18
[INFO] [stdout]   13:     0x5fc95eec0d92 - std::panicking::begin_panic::h855074417e0a5787
[INFO] [stdout]                                at /rustc/6067b36314ab5eb2eb47cecc464545ba58e1ad24/library/std/src/panicking.rs:767:5
[INFO] [stdout]   14:     0x5fc95eea00dd - gl::missing_fn_panic::h934335e79094075a
[INFO] [stdout]                                at /opt/rustwide/target/debug/build/gl-f22fc30dcee6f2a4/out/bindings.rs:20624:13
[INFO] [stdout]   15:     0x5fc95eea00ae - gl::EnableVertexAttribArray::h4c88612b1a3bf675
[INFO] [stdout]                                at /opt/rustwide/target/debug/build/gl-f22fc30dcee6f2a4/out/bindings.rs:1874:81
[INFO] [stdout]   16:     0x5fc95eea00ba - rgl::buffers::enable_vertex_attrib_array::h2119921af283f9fd
[INFO] [stdout]                                at /opt/rustwide/workdir/src/buffers.rs:113:9
[INFO] [stdout]   17:     0x5fc95eea0029 - rust_out::main::_doctest_main_src_buffers_rs_106_0::h99e129e1a0dbe94b
[INFO] [stdout]   18:     0x5fc95eea0016 - rust_out::main::he88f0b9b281d54e0
[INFO] [stdout]   19:     0x5fc95ee9ffb3 - core::ops::function::FnOnce::call_once::hcf3829d8b58d0254
[INFO] [stdout]   20:     0x5fc95ee9ff96 - std::sys::backtrace::__rust_begin_short_backtrace::h5e1527399e8d5bd4
[INFO] [stdout]   21:     0x5fc95ee9ff79 - std::rt::lang_start::{{closure}}::h2c234101ed7b1b74
[INFO] [stdout]   22:     0x5fc95eebaf20 - core::ops::function::impls::<impl core::ops::function::FnOnce<A> for &F>::call_once::h1b085b6c1d2518b2
[INFO] [stdout]                                at /rustc/6067b36314ab5eb2eb47cecc464545ba58e1ad24/library/core/src/ops/function.rs:284:13
[INFO] [stdout]   23:     0x5fc95eebaf20 - std::panicking::try::do_call::h382f964a5a23b565
[INFO] [stdout]                                at /rustc/6067b36314ab5eb2eb47cecc464545ba58e1ad24/library/std/src/panicking.rs:587:40
[INFO] [stdout]   24:     0x5fc95eebaf20 - std::panicking::try::h57f991055eb622f9
[INFO] [stdout]                                at /rustc/6067b36314ab5eb2eb47cecc464545ba58e1ad24/library/std/src/panicking.rs:550:19
[INFO] [stdout]   25:     0x5fc95eebaf20 - std::panic::catch_unwind::h4d9a74ef04456343
[INFO] [stdout]                                at /rustc/6067b36314ab5eb2eb47cecc464545ba58e1ad24/library/std/src/panic.rs:358:14
[INFO] [stdout]   26:     0x5fc95eebaf20 - std::rt::lang_start_internal::{{closure}}::h2faa8ae84a93f314
[INFO] [stdout]                                at /rustc/6067b36314ab5eb2eb47cecc464545ba58e1ad24/library/std/src/rt.rs:163:24
[INFO] [stdout]   27:     0x5fc95eebaf20 - std::panicking::try::do_call::h0f8932bf638a9bf5
[INFO] [stdout]                                at /rustc/6067b36314ab5eb2eb47cecc464545ba58e1ad24/library/std/src/panicking.rs:587:40
[INFO] [stdout]   28:     0x5fc95eebaf20 - std::panicking::try::h683416ea756b175d
[INFO] [stdout]                                at /rustc/6067b36314ab5eb2eb47cecc464545ba58e1ad24/library/std/src/panicking.rs:550:19
[INFO] [stdout]   29:     0x5fc95eebaf20 - std::panic::catch_unwind::h56189fac8994979f
[INFO] [stdout]                                at /rustc/6067b36314ab5eb2eb47cecc464545ba58e1ad24/library/std/src/panic.rs:358:14
[INFO] [stdout]   30:     0x5fc95eebaf20 - std::rt::lang_start_internal::h8bbc1061691274fe
[INFO] [stdout]                                at /rustc/6067b36314ab5eb2eb47cecc464545ba58e1ad24/library/std/src/rt.rs:159:5
[INFO] [stdout]   31:     0x5fc95ee9ff61 - std::rt::lang_start::h601b10a269c70ef7
[INFO] [stdout]   32:     0x5fc95eea0045 - main
[INFO] [stdout]   33:     0x78e167e49d90 - <unknown>
[INFO] [stdout]   34:     0x78e167e49e40 - __libc_start_main
[INFO] [stdout]   35:     0x5fc95ee9fe75 - _start
[INFO] [stdout]   36:                0x0 - <unknown>
[INFO] [stdout] 
[INFO] [stdout] 
[INFO] [stdout] ---- src/buffers.rs - buffers::gen_vertex_array (line 34) stdout ----
[INFO] [stdout] Test executable failed (exit status: 101).
[INFO] [stdout] 
[INFO] [stdout] stderr:
[INFO] [stdout] 
[INFO] [stdout] thread 'main' panicked at /opt/rustwide/target/debug/build/gl-f22fc30dcee6f2a4/out/bindings.rs:20624:13:
[INFO] [stdout] gl function was not loaded
[INFO] [stdout] stack backtrace:
[INFO] [stdout]    0:     0x5c3f2ac408aa - std::backtrace_rs::backtrace::libunwind::trace::hb059275cfc8d6126
[INFO] [stdout]                                at /rustc/6067b36314ab5eb2eb47cecc464545ba58e1ad24/library/std/src/../../backtrace/src/backtrace/libunwind.rs:116:5
[INFO] [stdout]    1:     0x5c3f2ac408aa - std::backtrace_rs::backtrace::trace_unsynchronized::h2da071e4327ce3ee
[INFO] [stdout]                                at /rustc/6067b36314ab5eb2eb47cecc464545ba58e1ad24/library/std/src/../../backtrace/src/backtrace/mod.rs:66:5
[INFO] [stdout]    2:     0x5c3f2ac408aa - std::sys::backtrace::_print_fmt::h842a1474e6f8d23f
[INFO] [stdout]                                at /rustc/6067b36314ab5eb2eb47cecc464545ba58e1ad24/library/std/src/sys/backtrace.rs:66:9
[INFO] [stdout]    3:     0x5c3f2ac408aa - <std::sys::backtrace::BacktraceLock::print::DisplayBacktrace as core::fmt::Display>::fmt::h71a62eb3b9696b12
[INFO] [stdout]                                at /rustc/6067b36314ab5eb2eb47cecc464545ba58e1ad24/library/std/src/sys/backtrace.rs:39:26
[INFO] [stdout]    4:     0x5c3f2ac5d943 - core::fmt::rt::Argument::fmt::hdb6b616786b41dc1
[INFO] [stdout]                                at /rustc/6067b36314ab5eb2eb47cecc464545ba58e1ad24/library/core/src/fmt/rt.rs:177:76
[INFO] [stdout]    5:     0x5c3f2ac5d943 - core::fmt::write::h2cc1698af7e2d686
[INFO] [stdout]                                at /rustc/6067b36314ab5eb2eb47cecc464545ba58e1ad24/library/core/src/fmt/mod.rs:1440:21
[INFO] [stdout]    6:     0x5c3f2ac3df13 - std::io::Write::write_fmt::h00c8700df393f328
[INFO] [stdout]                                at /rustc/6067b36314ab5eb2eb47cecc464545ba58e1ad24/library/std/src/io/mod.rs:1887:15
[INFO] [stdout]    7:     0x5c3f2ac406f2 - std::sys::backtrace::BacktraceLock::print::h147fe35b4ea13b08
[INFO] [stdout]                                at /rustc/6067b36314ab5eb2eb47cecc464545ba58e1ad24/library/std/src/sys/backtrace.rs:42:9
[INFO] [stdout]    8:     0x5c3f2ac4164f - std::panicking::default_hook::{{closure}}::hbd44223dbdc0d208
[INFO] [stdout]                                at /rustc/6067b36314ab5eb2eb47cecc464545ba58e1ad24/library/std/src/panicking.rs:298:22
[INFO] [stdout]    9:     0x5c3f2ac414ba - std::panicking::default_hook::h20f81eb0576efcec
[INFO] [stdout]                                at /rustc/6067b36314ab5eb2eb47cecc464545ba58e1ad24/library/std/src/panicking.rs:325:9
[INFO] [stdout]   10:     0x5c3f2ac42032 - std::panicking::rust_panic_with_hook::h625eea43051b2edc
[INFO] [stdout]                                at /rustc/6067b36314ab5eb2eb47cecc464545ba58e1ad24/library/std/src/panicking.rs:831:13
[INFO] [stdout]   11:     0x5c3f2ac41f0c - std::panicking::begin_panic::{{closure}}::hb6f83f64bbc6469c
[INFO] [stdout]                                at /rustc/6067b36314ab5eb2eb47cecc464545ba58e1ad24/library/std/src/panicking.rs:768:9
[INFO] [stdout]   12:     0x5c3f2ac40db9 - std::sys::backtrace::__rust_end_short_backtrace::h892ae3ae8be3daf3
[INFO] [stdout]                                at /rustc/6067b36314ab5eb2eb47cecc464545ba58e1ad24/library/std/src/sys/backtrace.rs:168:18
[INFO] [stdout]   13:     0x5c3f2ac41e12 - std::panicking::begin_panic::h855074417e0a5787
[INFO] [stdout]                                at /rustc/6067b36314ab5eb2eb47cecc464545ba58e1ad24/library/std/src/panicking.rs:767:5
[INFO] [stdout]   14:     0x5c3f2ac2115d - gl::missing_fn_panic::h934335e79094075a
[INFO] [stdout]                                at /opt/rustwide/target/debug/build/gl-f22fc30dcee6f2a4/out/bindings.rs:20624:13
[INFO] [stdout]   15:     0x5c3f2ac210f6 - gl::GenVertexArrays::h4ac225a51358ead9
[INFO] [stdout]                                at /opt/rustwide/target/debug/build/gl-f22fc30dcee6f2a4/out/bindings.rs:1946:98
[INFO] [stdout]   16:     0x5c3f2ac21112 - rgl::buffers::gen_vertex_arrays::hda76c09745b4dca5
[INFO] [stdout]                                at /opt/rustwide/workdir/src/buffers.rs:25:9
[INFO] [stdout]   17:     0x5c3f2ac21139 - rgl::buffers::gen_vertex_array::hf8112790961289e8
[INFO] [stdout]                                at /opt/rustwide/workdir/src/buffers.rs:39:5
[INFO] [stdout]   18:     0x5c3f2ac21067 - rust_out::main::_doctest_main_src_buffers_rs_34_0::h761aba3db1e2dcae
[INFO] [stdout]   19:     0x5c3f2ac21056 - rust_out::main::he88f0b9b281d54e0
[INFO] [stdout]   20:     0x5c3f2ac20ff3 - core::ops::function::FnOnce::call_once::hcf3829d8b58d0254
[INFO] [stdout]   21:     0x5c3f2ac20fd6 - std::sys::backtrace::__rust_begin_short_backtrace::h5e1527399e8d5bd4
[INFO] [stdout]   22:     0x5c3f2ac20fb9 - std::rt::lang_start::{{closure}}::h2c234101ed7b1b74
[INFO] [stdout]   23:     0x5c3f2ac3bfa0 - core::ops::function::impls::<impl core::ops::function::FnOnce<A> for &F>::call_once::h1b085b6c1d2518b2
[INFO] [stdout]                                at /rustc/6067b36314ab5eb2eb47cecc464545ba58e1ad24/library/core/src/ops/function.rs:284:13
[INFO] [stdout]   24:     0x5c3f2ac3bfa0 - std::panicking::try::do_call::h382f964a5a23b565
[INFO] [stdout]                                at /rustc/6067b36314ab5eb2eb47cecc464545ba58e1ad24/library/std/src/panicking.rs:587:40
[INFO] [stdout]   25:     0x5c3f2ac3bfa0 - std::panicking::try::h57f991055eb622f9
[INFO] [stdout]                                at /rustc/6067b36314ab5eb2eb47cecc464545ba58e1ad24/library/std/src/panicking.rs:550:19
[INFO] [stdout]   26:     0x5c3f2ac3bfa0 - std::panic::catch_unwind::h4d9a74ef04456343
[INFO] [stdout]                                at /rustc/6067b36314ab5eb2eb47cecc464545ba58e1ad24/library/std/src/panic.rs:358:14
[INFO] [stdout]   27:     0x5c3f2ac3bfa0 - std::rt::lang_start_internal::{{closure}}::h2faa8ae84a93f314
[INFO] [stdout]                                at /rustc/6067b36314ab5eb2eb47cecc464545ba58e1ad24/library/std/src/rt.rs:163:24
[INFO] [stdout]   28:     0x5c3f2ac3bfa0 - std::panicking::try::do_call::h0f8932bf638a9bf5
[INFO] [stdout]                                at /rustc/6067b36314ab5eb2eb47cecc464545ba58e1ad24/library/std/src/panicking.rs:587:40
[INFO] [stdout]   29:     0x5c3f2ac3bfa0 - std::panicking::try::h683416ea756b175d
[INFO] [stdout]                                at /rustc/6067b36314ab5eb2eb47cecc464545ba58e1ad24/library/std/src/panicking.rs:550:19
[INFO] [stdout]   30:     0x5c3f2ac3bfa0 - std::panic::catch_unwind::h56189fac8994979f
[INFO] [stdout]                                at /rustc/6067b36314ab5eb2eb47cecc464545ba58e1ad24/library/std/src/panic.rs:358:14
[INFO] [stdout]   31:     0x5c3f2ac3bfa0 - std::rt::lang_start_internal::h8bbc1061691274fe
[INFO] [stdout]                                at /rustc/6067b36314ab5eb2eb47cecc464545ba58e1ad24/library/std/src/rt.rs:159:5
[INFO] [stdout]   32:     0x5c3f2ac20fa1 - std::rt::lang_start::h601b10a269c70ef7
[INFO] [stdout]   33:     0x5c3f2ac21085 - main
[INFO] [stdout]   34:     0x71163af72d90 - <unknown>
[INFO] [stdout]   35:     0x71163af72e40 - __libc_start_main
[INFO] [stdout]   36:     0x5c3f2ac20eb5 - _start
[INFO] [stdout]   37:                0x0 - <unknown>
[INFO] [stdout] 
[INFO] [stdout] 
[INFO] [stdout] ---- src/buffers.rs - buffers::vertex_attrib_pointer (line 120) stdout ----
[INFO] [stdout] Test executable failed (exit status: 101).
[INFO] [stdout] 
[INFO] [stdout] stderr:
[INFO] [stdout] 
[INFO] [stdout] thread 'main' panicked at /opt/rustwide/target/debug/build/gl-f22fc30dcee6f2a4/out/bindings.rs:20624:13:
[INFO] [stdout] gl function was not loaded
[INFO] [stdout] stack backtrace:
[INFO] [stdout]    0:     0x62c7db94689a - std::backtrace_rs::backtrace::libunwind::trace::hb059275cfc8d6126
[INFO] [stdout]                                at /rustc/6067b36314ab5eb2eb47cecc464545ba58e1ad24/library/std/src/../../backtrace/src/backtrace/libunwind.rs:116:5
[INFO] [stdout]    1:     0x62c7db94689a - std::backtrace_rs::backtrace::trace_unsynchronized::h2da071e4327ce3ee
[INFO] [stdout]                                at /rustc/6067b36314ab5eb2eb47cecc464545ba58e1ad24/library/std/src/../../backtrace/src/backtrace/mod.rs:66:5
[INFO] [stdout]    2:     0x62c7db94689a - std::sys::backtrace::_print_fmt::h842a1474e6f8d23f
[INFO] [stdout]                                at /rustc/6067b36314ab5eb2eb47cecc464545ba58e1ad24/library/std/src/sys/backtrace.rs:66:9
[INFO] [stdout]    3:     0x62c7db94689a - <std::sys::backtrace::BacktraceLock::print::DisplayBacktrace as core::fmt::Display>::fmt::h71a62eb3b9696b12
[INFO] [stdout]                                at /rustc/6067b36314ab5eb2eb47cecc464545ba58e1ad24/library/std/src/sys/backtrace.rs:39:26
[INFO] [stdout]    4:     0x62c7db963933 - core::fmt::rt::Argument::fmt::hdb6b616786b41dc1
[INFO] [stdout]                                at /rustc/6067b36314ab5eb2eb47cecc464545ba58e1ad24/library/core/src/fmt/rt.rs:177:76
[INFO] [stdout]    5:     0x62c7db963933 - core::fmt::write::h2cc1698af7e2d686
[INFO] [stdout]                                at /rustc/6067b36314ab5eb2eb47cecc464545ba58e1ad24/library/core/src/fmt/mod.rs:1440:21
[INFO] [stdout]    6:     0x62c7db943f03 - std::io::Write::write_fmt::h00c8700df393f328
[INFO] [stdout]                                at /rustc/6067b36314ab5eb2eb47cecc464545ba58e1ad24/library/std/src/io/mod.rs:1887:15
[INFO] [stdout]    7:     0x62c7db9466e2 - std::sys::backtrace::BacktraceLock::print::h147fe35b4ea13b08
[INFO] [stdout]                                at /rustc/6067b36314ab5eb2eb47cecc464545ba58e1ad24/library/std/src/sys/backtrace.rs:42:9
[INFO] [stdout]    8:     0x62c7db94763f - std::panicking::default_hook::{{closure}}::hbd44223dbdc0d208
[INFO] [stdout]                                at /rustc/6067b36314ab5eb2eb47cecc464545ba58e1ad24/library/std/src/panicking.rs:298:22
[INFO] [stdout]    9:     0x62c7db9474aa - std::panicking::default_hook::h20f81eb0576efcec
[INFO] [stdout]                                at /rustc/6067b36314ab5eb2eb47cecc464545ba58e1ad24/library/std/src/panicking.rs:325:9
[INFO] [stdout]   10:     0x62c7db948022 - std::panicking::rust_panic_with_hook::h625eea43051b2edc
[INFO] [stdout]                                at /rustc/6067b36314ab5eb2eb47cecc464545ba58e1ad24/library/std/src/panicking.rs:831:13
[INFO] [stdout]   11:     0x62c7db947efc - std::panicking::begin_panic::{{closure}}::hb6f83f64bbc6469c
[INFO] [stdout]                                at /rustc/6067b36314ab5eb2eb47cecc464545ba58e1ad24/library/std/src/panicking.rs:768:9
[INFO] [stdout]   12:     0x62c7db946da9 - std::sys::backtrace::__rust_end_short_backtrace::h892ae3ae8be3daf3
[INFO] [stdout]                                at /rustc/6067b36314ab5eb2eb47cecc464545ba58e1ad24/library/std/src/sys/backtrace.rs:168:18
[INFO] [stdout]   13:     0x62c7db947e02 - std::panicking::begin_panic::h855074417e0a5787
[INFO] [stdout]                                at /rustc/6067b36314ab5eb2eb47cecc464545ba58e1ad24/library/std/src/panicking.rs:767:5
[INFO] [stdout]   14:     0x62c7db92714d - gl::missing_fn_panic::h934335e79094075a
[INFO] [stdout]                                at /opt/rustwide/target/debug/build/gl-f22fc30dcee6f2a4/out/bindings.rs:20624:13
[INFO] [stdout]   15:     0x62c7db9270ea - gl::VertexAttribPointer::h60bff5349b29a10a
[INFO] [stdout]                                at /opt/rustwide/target/debug/build/gl-f22fc30dcee6f2a4/out/bindings.rs:3192:216
[INFO] [stdout]   16:     0x62c7db927123 - rgl::buffers::vertex_attrib_pointer::h2ec90811bc4fc229
[INFO] [stdout]                                at /opt/rustwide/workdir/src/buffers.rs:134:9
[INFO] [stdout]   17:     0x62c7db927041 - rust_out::main::_doctest_main_src_buffers_rs_120_0::h4e9144fefa1a18b3
[INFO] [stdout]   18:     0x62c7db927016 - rust_out::main::he88f0b9b281d54e0
[INFO] [stdout]   19:     0x62c7db926fb3 - core::ops::function::FnOnce::call_once::hcf3829d8b58d0254
[INFO] [stdout]   20:     0x62c7db926f96 - std::sys::backtrace::__rust_begin_short_backtrace::h5e1527399e8d5bd4
[INFO] [stdout]   21:     0x62c7db926f79 - std::rt::lang_start::{{closure}}::h2c234101ed7b1b74
[INFO] [stdout]   22:     0x62c7db941f90 - core::ops::function::impls::<impl core::ops::function::FnOnce<A> for &F>::call_once::h1b085b6c1d2518b2
[INFO] [stdout]                                at /rustc/6067b36314ab5eb2eb47cecc464545ba58e1ad24/library/core/src/ops/function.rs:284:13
[INFO] [stdout]   23:     0x62c7db941f90 - std::panicking::try::do_call::h382f964a5a23b565
[INFO] [stdout]                                at /rustc/6067b36314ab5eb2eb47cecc464545ba58e1ad24/library/std/src/panicking.rs:587:40
[INFO] [stdout]   24:     0x62c7db941f90 - std::panicking::try::h57f991055eb622f9
[INFO] [stdout]                                at /rustc/6067b36314ab5eb2eb47cecc464545ba58e1ad24/library/std/src/panicking.rs:550:19
[INFO] [stdout]   25:     0x62c7db941f90 - std::panic::catch_unwind::h4d9a74ef04456343
[INFO] [stdout]                                at /rustc/6067b36314ab5eb2eb47cecc464545ba58e1ad24/library/std/src/panic.rs:358:14
[INFO] [stdout]   26:     0x62c7db941f90 - std::rt::lang_start_internal::{{closure}}::h2faa8ae84a93f314
[INFO] [stdout]                                at /rustc/6067b36314ab5eb2eb47cecc464545ba58e1ad24/library/std/src/rt.rs:163:24
[INFO] [stdout]   27:     0x62c7db941f90 - std::panicking::try::do_call::h0f8932bf638a9bf5
[INFO] [stdout]                                at /rustc/6067b36314ab5eb2eb47cecc464545ba58e1ad24/library/std/src/panicking.rs:587:40
[INFO] [stdout]   28:     0x62c7db941f90 - std::panicking::try::h683416ea756b175d
[INFO] [stdout]                                at /rustc/6067b36314ab5eb2eb47cecc464545ba58e1ad24/library/std/src/panicking.rs:550:19
[INFO] [stdout]   29:     0x62c7db941f90 - std::panic::catch_unwind::h56189fac8994979f
[INFO] [stdout]                                at /rustc/6067b36314ab5eb2eb47cecc464545ba58e1ad24/library/std/src/panic.rs:358:14
[INFO] [stdout]   30:     0x62c7db941f90 - std::rt::lang_start_internal::h8bbc1061691274fe
[INFO] [stdout]                                at /rustc/6067b36314ab5eb2eb47cecc464545ba58e1ad24/library/std/src/rt.rs:159:5
[INFO] [stdout]   31:     0x62c7db926f61 - std::rt::lang_start::h601b10a269c70ef7
[INFO] [stdout]   32:     0x62c7db927065 - main
[INFO] [stdout]   33:     0x7632f24fed90 - <unknown>
[INFO] [stdout]   34:     0x7632f24fee40 - __libc_start_main
[INFO] [stdout]   35:     0x62c7db926e75 - _start
[INFO] [stdout]   36:                0x0 - <unknown>
[INFO] [stdout] 
[INFO] [stdout] 
[INFO] [stdout] ---- src/drawing.rs - drawing::clear_color (line 11) stdout ----
[INFO] [stdout] Test executable failed (exit status: 101).
[INFO] [stdout] 
[INFO] [stdout] stderr:
[INFO] [stdout] 
[INFO] [stdout] thread 'main' panicked at /opt/rustwide/target/debug/build/gl-f22fc30dcee6f2a4/out/bindings.rs:20624:13:
[INFO] [stdout] gl function was not loaded
[INFO] [stdout] stack backtrace:
[INFO] [stdout]    0:     0x6004157ed8aa - std::backtrace_rs::backtrace::libunwind::trace::hb059275cfc8d6126
[INFO] [stdout]                                at /rustc/6067b36314ab5eb2eb47cecc464545ba58e1ad24/library/std/src/../../backtrace/src/backtrace/libunwind.rs:116:5
[INFO] [stdout]    1:     0x6004157ed8aa - std::backtrace_rs::backtrace::trace_unsynchronized::h2da071e4327ce3ee
[INFO] [stdout]                                at /rustc/6067b36314ab5eb2eb47cecc464545ba58e1ad24/library/std/src/../../backtrace/src/backtrace/mod.rs:66:5
[INFO] [stdout]    2:     0x6004157ed8aa - std::sys::backtrace::_print_fmt::h842a1474e6f8d23f
[INFO] [stdout]                                at /rustc/6067b36314ab5eb2eb47cecc464545ba58e1ad24/library/std/src/sys/backtrace.rs:66:9
[INFO] [stdout]    3:     0x6004157ed8aa - <std::sys::backtrace::BacktraceLock::print::DisplayBacktrace as core::fmt::Display>::fmt::h71a62eb3b9696b12
[INFO] [stdout]                                at /rustc/6067b36314ab5eb2eb47cecc464545ba58e1ad24/library/std/src/sys/backtrace.rs:39:26
[INFO] [stdout]    4:     0x60041580a943 - core::fmt::rt::Argument::fmt::hdb6b616786b41dc1
[INFO] [stdout]                                at /rustc/6067b36314ab5eb2eb47cecc464545ba58e1ad24/library/core/src/fmt/rt.rs:177:76
[INFO] [stdout]    5:     0x60041580a943 - core::fmt::write::h2cc1698af7e2d686
[INFO] [stdout]                                at /rustc/6067b36314ab5eb2eb47cecc464545ba58e1ad24/library/core/src/fmt/mod.rs:1440:21
[INFO] [stdout]    6:     0x6004157eaf13 - std::io::Write::write_fmt::h00c8700df393f328
[INFO] [stdout]                                at /rustc/6067b36314ab5eb2eb47cecc464545ba58e1ad24/library/std/src/io/mod.rs:1887:15
[INFO] [stdout]    7:     0x6004157ed6f2 - std::sys::backtrace::BacktraceLock::print::h147fe35b4ea13b08
[INFO] [stdout]                                at /rustc/6067b36314ab5eb2eb47cecc464545ba58e1ad24/library/std/src/sys/backtrace.rs:42:9
[INFO] [stdout]    8:     0x6004157ee64f - std::panicking::default_hook::{{closure}}::hbd44223dbdc0d208
[INFO] [stdout]                                at /rustc/6067b36314ab5eb2eb47cecc464545ba58e1ad24/library/std/src/panicking.rs:298:22
[INFO] [stdout]    9:     0x6004157ee4ba - std::panicking::default_hook::h20f81eb0576efcec
[INFO] [stdout]                                at /rustc/6067b36314ab5eb2eb47cecc464545ba58e1ad24/library/std/src/panicking.rs:325:9
[INFO] [stdout]   10:     0x6004157ef032 - std::panicking::rust_panic_with_hook::h625eea43051b2edc
[INFO] [stdout]                                at /rustc/6067b36314ab5eb2eb47cecc464545ba58e1ad24/library/std/src/panicking.rs:831:13
[INFO] [stdout]   11:     0x6004157eef0c - std::panicking::begin_panic::{{closure}}::hb6f83f64bbc6469c
[INFO] [stdout]                                at /rustc/6067b36314ab5eb2eb47cecc464545ba58e1ad24/library/std/src/panicking.rs:768:9
[INFO] [stdout]   12:     0x6004157eddb9 - std::sys::backtrace::__rust_end_short_backtrace::h892ae3ae8be3daf3
[INFO] [stdout]                                at /rustc/6067b36314ab5eb2eb47cecc464545ba58e1ad24/library/std/src/sys/backtrace.rs:168:18
[INFO] [stdout]   13:     0x6004157eee12 - std::panicking::begin_panic::h855074417e0a5787
[INFO] [stdout]                                at /rustc/6067b36314ab5eb2eb47cecc464545ba58e1ad24/library/std/src/panicking.rs:767:5
[INFO] [stdout]   14:     0x6004157ce15d - gl::missing_fn_panic::h934335e79094075a
[INFO] [stdout]                                at /opt/rustwide/target/debug/build/gl-f22fc30dcee6f2a4/out/bindings.rs:20624:13
[INFO] [stdout]   15:     0x6004157ce105 - gl::ClearColor::h21ae4e173ca695f7
[INFO] [stdout]                                at /opt/rustwide/target/debug/build/gl-f22fc30dcee6f2a4/out/bindings.rs:1619:135
[INFO] [stdout]   16:     0x6004157ce131 - rgl::drawing::clear_color::hc54d24d612d973f9
[INFO] [stdout]                                at /opt/rustwide/workdir/src/drawing.rs:18:9
[INFO] [stdout]   17:     0x6004157ce062 - rust_out::main::_doctest_main_src_drawing_rs_11_0::hd855a650a46531ce
[INFO] [stdout]   18:     0x6004157ce036 - rust_out::main::he88f0b9b281d54e0
[INFO] [stdout]   19:     0x6004157cdfd3 - core::ops::function::FnOnce::call_once::hcf3829d8b58d0254
[INFO] [stdout]   20:     0x6004157cdfb6 - std::sys::backtrace::__rust_begin_short_backtrace::h5e1527399e8d5bd4
[INFO] [stdout]   21:     0x6004157cdf99 - std::rt::lang_start::{{closure}}::h2c234101ed7b1b74
[INFO] [stdout]   22:     0x6004157e8fa0 - core::ops::function::impls::<impl core::ops::function::FnOnce<A> for &F>::call_once::h1b085b6c1d2518b2
[INFO] [stdout]                                at /rustc/6067b36314ab5eb2eb47cecc464545ba58e1ad24/library/core/src/ops/function.rs:284:13
[INFO] [stdout]   23:     0x6004157e8fa0 - std::panicking::try::do_call::h382f964a5a23b565
[INFO] [stdout]                                at /rustc/6067b36314ab5eb2eb47cecc464545ba58e1ad24/library/std/src/panicking.rs:587:40
[INFO] [stdout]   24:     0x6004157e8fa0 - std::panicking::try::h57f991055eb622f9
[INFO] [stdout]                                at /rustc/6067b36314ab5eb2eb47cecc464545ba58e1ad24/library/std/src/panicking.rs:550:19
[INFO] [stdout]   25:     0x6004157e8fa0 - std::panic::catch_unwind::h4d9a74ef04456343
[INFO] [stdout]                                at /rustc/6067b36314ab5eb2eb47cecc464545ba58e1ad24/library/std/src/panic.rs:358:14
[INFO] [stdout]   26:     0x6004157e8fa0 - std::rt::lang_start_internal::{{closure}}::h2faa8ae84a93f314
[INFO] [stdout]                                at /rustc/6067b36314ab5eb2eb47cecc464545ba58e1ad24/library/std/src/rt.rs:163:24
[INFO] [stdout]   27:     0x6004157e8fa0 - std::panicking::try::do_call::h0f8932bf638a9bf5
[INFO] [stdout]                                at /rustc/6067b36314ab5eb2eb47cecc464545ba58e1ad24/library/std/src/panicking.rs:587:40
[INFO] [stdout]   28:     0x6004157e8fa0 - std::panicking::try::h683416ea756b175d
[INFO] [stdout]                                at /rustc/6067b36314ab5eb2eb47cecc464545ba58e1ad24/library/std/src/panicking.rs:550:19
[INFO] [stdout]   29:     0x6004157e8fa0 - std::panic::catch_unwind::h56189fac8994979f
[INFO] [stdout]                                at /rustc/6067b36314ab5eb2eb47cecc464545ba58e1ad24/library/std/src/panic.rs:358:14
[INFO] [stdout]   30:     0x6004157e8fa0 - std::rt::lang_start_internal::h8bbc1061691274fe
[INFO] [stdout]                                at /rustc/6067b36314ab5eb2eb47cecc464545ba58e1ad24/library/std/src/rt.rs:159:5
[INFO] [stdout]   31:     0x6004157cdf81 - std::rt::lang_start::h601b10a269c70ef7
[INFO] [stdout]   32:     0x6004157ce085 - main
[INFO] [stdout]   33:     0x70244d75bd90 - <unknown>
[INFO] [stdout]   34:     0x70244d75be40 - __libc_start_main
[INFO] [stdout]   35:     0x6004157cde95 - _start
[INFO] [stdout]   36:                0x0 - <unknown>
[INFO] [stdout] 
[INFO] [stdout] 
[INFO] [stdout] 
[INFO] [stdout] failures:
[INFO] [stdout]     src/buffers.rs - buffers::bind_buffer (line 90)
[INFO] [stdout]     src/buffers.rs - buffers::bind_vertex_array (line 74)
[INFO] [stdout]     src/buffers.rs - buffers::buffer_data (line 148)
[INFO] [stdout]     src/buffers.rs - buffers::enable_vertex_attrib_array (line 106)
[INFO] [stdout]     src/buffers.rs - buffers::gen_buffer (line 62)
[INFO] [stdout]     src/buffers.rs - buffers::gen_buffers (line 46)
[INFO] [stdout]     src/buffers.rs - buffers::gen_vertex_array (line 34)
[INFO] [stdout]     src/buffers.rs - buffers::gen_vertex_arrays (line 17)
[INFO] [stdout]     src/buffers.rs - buffers::vertex_attrib_pointer (line 120)
[INFO] [stdout]     src/drawing.rs - drawing::clear_color (line 11)
[INFO] [stdout]     src/drawing.rs - drawing::draw_arrays (line 33)
[INFO] [stdout]     src/drawing.rs - drawing::draw_elements (line 48)
[INFO] [stdout]     src/drawing.rs - drawing::draw_elements_instanced (line 64)
[INFO] [stdout] 
[INFO] [stdout] test result: FAILED. 0 passed; 13 failed; 0 ignored; 0 measured; 0 filtered out; finished in 0.61s
[INFO] [stdout] 
[INFO] [stderr] error: doctest failed, to rerun pass `--doc`
[INFO] running `Command { std: "docker" "inspect" "d951256929abf9b5db15590fd905bdfacbd1eeeadd249c5d716427bfd846274f", kill_on_drop: false }`
[INFO] running `Command { std: "docker" "rm" "-f" "d951256929abf9b5db15590fd905bdfacbd1eeeadd249c5d716427bfd846274f", kill_on_drop: false }`
[INFO] [stdout] d951256929abf9b5db15590fd905bdfacbd1eeeadd249c5d716427bfd846274f
