[INFO] fetching crate retry-if-macro 0.2.2...
[INFO] testing retry-if-macro-0.2.2 against nightly-2025-01-18 for randomize-layout-2
[INFO] extracting crate retry-if-macro 0.2.2 into /workspace/builds/worker-3-tc1/source
[INFO] validating manifest of crates.io crate retry-if-macro 0.2.2 on toolchain nightly-2025-01-18
[INFO] running `Command { std: CARGO_HOME="/workspace/cargo-home" RUSTUP_HOME="/workspace/rustup-home" "/workspace/cargo-home/bin/cargo" "+nightly-2025-01-18" "metadata" "--manifest-path" "Cargo.toml" "--no-deps", kill_on_drop: false }`
[INFO] started tweaking crates.io crate retry-if-macro 0.2.2
[INFO] finished tweaking crates.io crate retry-if-macro 0.2.2
[INFO] tweaked toml for crates.io crate retry-if-macro 0.2.2 written to /workspace/builds/worker-3-tc1/source/Cargo.toml
[INFO] running `Command { std: CARGO_HOME="/workspace/cargo-home" RUSTUP_HOME="/workspace/rustup-home" "/workspace/cargo-home/bin/cargo" "+nightly-2025-01-18" "generate-lockfile" "--manifest-path" "Cargo.toml", kill_on_drop: false }`
[INFO] [stderr]     Updating crates.io index
[INFO] [stderr]      Locking 9 packages to latest compatible versions
[INFO] running `Command { std: CARGO_HOME="/workspace/cargo-home" RUSTUP_HOME="/workspace/rustup-home" "/workspace/cargo-home/bin/cargo" "+nightly-2025-01-18" "fetch" "--manifest-path" "Cargo.toml", kill_on_drop: false }`
[INFO] running `Command { std: "docker" "create" "-v" "/var/lib/crater-agent-workspace/builds/worker-3-tc1/target:/opt/rustwide/target:rw,Z" "-v" "/var/lib/crater-agent-workspace/builds/worker-3-tc1/source:/opt/rustwide/workdir:ro,Z" "-v" "/var/lib/crater-agent-workspace/cargo-home:/opt/rustwide/cargo-home:ro,Z" "-v" "/var/lib/crater-agent-workspace/rustup-home:/opt/rustwide/rustup-home:ro,Z" "-e" "SOURCE_DIR=/opt/rustwide/workdir" "-e" "CARGO_TARGET_DIR=/opt/rustwide/target" "-e" "CARGO_HOME=/opt/rustwide/cargo-home" "-e" "RUSTUP_HOME=/opt/rustwide/rustup-home" "-w" "/opt/rustwide/workdir" "-m" "1610612736" "--user" "0:0" "--network" "none" "ghcr.io/rust-lang/crates-build-env/linux@sha256:819108c5571ea2e421544af4d832f968d213c87fbe3707a016657f43d2f853bc" "/opt/rustwide/cargo-home/bin/cargo" "+nightly-2025-01-18" "metadata" "--no-deps" "--format-version=1", kill_on_drop: false }`
[INFO] [stdout] 50658c90b4e22db557f5c18c88ea2837db44bedc65cd479fa1b7fd10f1691c2c
[INFO] running `Command { std: "docker" "start" "-a" "50658c90b4e22db557f5c18c88ea2837db44bedc65cd479fa1b7fd10f1691c2c", kill_on_drop: false }`
[INFO] running `Command { std: "docker" "inspect" "50658c90b4e22db557f5c18c88ea2837db44bedc65cd479fa1b7fd10f1691c2c", kill_on_drop: false }`
[INFO] running `Command { std: "docker" "rm" "-f" "50658c90b4e22db557f5c18c88ea2837db44bedc65cd479fa1b7fd10f1691c2c", kill_on_drop: false }`
[INFO] [stdout] 50658c90b4e22db557f5c18c88ea2837db44bedc65cd479fa1b7fd10f1691c2c
[INFO] running `Command { std: "docker" "create" "-v" "/var/lib/crater-agent-workspace/builds/worker-3-tc1/target:/opt/rustwide/target:rw,Z" "-v" "/var/lib/crater-agent-workspace/builds/worker-3-tc1/source:/opt/rustwide/workdir:ro,Z" "-v" "/var/lib/crater-agent-workspace/cargo-home:/opt/rustwide/cargo-home:ro,Z" "-v" "/var/lib/crater-agent-workspace/rustup-home:/opt/rustwide/rustup-home:ro,Z" "-e" "SOURCE_DIR=/opt/rustwide/workdir" "-e" "CARGO_TARGET_DIR=/opt/rustwide/target" "-e" "CARGO_INCREMENTAL=0" "-e" "RUST_BACKTRACE=full" "-e" "RUSTFLAGS=--cap-lints=forbid" "-e" "RUSTDOCFLAGS=--cap-lints=forbid" "-e" "CARGO_HOME=/opt/rustwide/cargo-home" "-e" "RUSTUP_HOME=/opt/rustwide/rustup-home" "-w" "/opt/rustwide/workdir" "-m" "1610612736" "--user" "0:0" "--network" "none" "ghcr.io/rust-lang/crates-build-env/linux@sha256:819108c5571ea2e421544af4d832f968d213c87fbe3707a016657f43d2f853bc" "/opt/rustwide/cargo-home/bin/cargo" "+nightly-2025-01-18" "build" "--frozen" "--message-format=json", kill_on_drop: false }`
[INFO] [stdout] 785fbd281d5466e2ae9ecbbb2622ba73d3cd810d6b9a1b3d3a6e4b25fbfa3115
[INFO] running `Command { std: "docker" "start" "-a" "785fbd281d5466e2ae9ecbbb2622ba73d3cd810d6b9a1b3d3a6e4b25fbfa3115", kill_on_drop: false }`
[INFO] [stderr]    Compiling syn v2.0.96
[INFO] [stderr]    Compiling retry-if-macro v0.2.2 (/opt/rustwide/workdir)
[INFO] [stderr]     Finished `dev` profile [unoptimized + debuginfo] target(s) in 5.43s
[INFO] running `Command { std: "docker" "inspect" "785fbd281d5466e2ae9ecbbb2622ba73d3cd810d6b9a1b3d3a6e4b25fbfa3115", kill_on_drop: false }`
[INFO] running `Command { std: "docker" "rm" "-f" "785fbd281d5466e2ae9ecbbb2622ba73d3cd810d6b9a1b3d3a6e4b25fbfa3115", kill_on_drop: false }`
[INFO] [stdout] 785fbd281d5466e2ae9ecbbb2622ba73d3cd810d6b9a1b3d3a6e4b25fbfa3115
[INFO] running `Command { std: "docker" "create" "-v" "/var/lib/crater-agent-workspace/builds/worker-3-tc1/target:/opt/rustwide/target:rw,Z" "-v" "/var/lib/crater-agent-workspace/builds/worker-3-tc1/source:/opt/rustwide/workdir:ro,Z" "-v" "/var/lib/crater-agent-workspace/cargo-home:/opt/rustwide/cargo-home:ro,Z" "-v" "/var/lib/crater-agent-workspace/rustup-home:/opt/rustwide/rustup-home:ro,Z" "-e" "SOURCE_DIR=/opt/rustwide/workdir" "-e" "CARGO_TARGET_DIR=/opt/rustwide/target" "-e" "CARGO_INCREMENTAL=0" "-e" "RUST_BACKTRACE=full" "-e" "RUSTFLAGS=--cap-lints=forbid" "-e" "RUSTDOCFLAGS=--cap-lints=forbid" "-e" "CARGO_HOME=/opt/rustwide/cargo-home" "-e" "RUSTUP_HOME=/opt/rustwide/rustup-home" "-w" "/opt/rustwide/workdir" "-m" "1610612736" "--user" "0:0" "--network" "none" "ghcr.io/rust-lang/crates-build-env/linux@sha256:819108c5571ea2e421544af4d832f968d213c87fbe3707a016657f43d2f853bc" "/opt/rustwide/cargo-home/bin/cargo" "+nightly-2025-01-18" "test" "--frozen" "--no-run" "--message-format=json", kill_on_drop: false }`
[INFO] [stdout] 55771ee36ed1858af23a85f4112ae99e00d0c57d32f9ccac0f1ca1a4b550e188
[INFO] running `Command { std: "docker" "start" "-a" "55771ee36ed1858af23a85f4112ae99e00d0c57d32f9ccac0f1ca1a4b550e188", kill_on_drop: false }`
[INFO] [stderr]    Compiling retry-if-macro v0.2.2 (/opt/rustwide/workdir)
[INFO] [stderr]     Finished `test` profile [unoptimized + debuginfo] target(s) in 0.78s
[INFO] running `Command { std: "docker" "inspect" "55771ee36ed1858af23a85f4112ae99e00d0c57d32f9ccac0f1ca1a4b550e188", kill_on_drop: false }`
[INFO] running `Command { std: "docker" "rm" "-f" "55771ee36ed1858af23a85f4112ae99e00d0c57d32f9ccac0f1ca1a4b550e188", kill_on_drop: false }`
[INFO] [stdout] 55771ee36ed1858af23a85f4112ae99e00d0c57d32f9ccac0f1ca1a4b550e188
[INFO] running `Command { std: "docker" "create" "-v" "/var/lib/crater-agent-workspace/builds/worker-3-tc1/target:/opt/rustwide/target:rw,Z" "-v" "/var/lib/crater-agent-workspace/builds/worker-3-tc1/source:/opt/rustwide/workdir:ro,Z" "-v" "/var/lib/crater-agent-workspace/cargo-home:/opt/rustwide/cargo-home:ro,Z" "-v" "/var/lib/crater-agent-workspace/rustup-home:/opt/rustwide/rustup-home:ro,Z" "-e" "SOURCE_DIR=/opt/rustwide/workdir" "-e" "CARGO_TARGET_DIR=/opt/rustwide/target" "-e" "CARGO_INCREMENTAL=0" "-e" "RUST_BACKTRACE=full" "-e" "RUSTFLAGS=--cap-lints=forbid" "-e" "RUSTDOCFLAGS=--cap-lints=forbid" "-e" "CARGO_HOME=/opt/rustwide/cargo-home" "-e" "RUSTUP_HOME=/opt/rustwide/rustup-home" "-w" "/opt/rustwide/workdir" "-m" "1610612736" "--user" "0:0" "--network" "none" "ghcr.io/rust-lang/crates-build-env/linux@sha256:819108c5571ea2e421544af4d832f968d213c87fbe3707a016657f43d2f853bc" "/opt/rustwide/cargo-home/bin/cargo" "+nightly-2025-01-18" "test" "--frozen", kill_on_drop: false }`
[INFO] [stdout] 6405e50ebf1b2f9f8ef2b375d880a8e680d59fc341f3e81a0a886cc9509cdbcc
[INFO] running `Command { std: "docker" "start" "-a" "6405e50ebf1b2f9f8ef2b375d880a8e680d59fc341f3e81a0a886cc9509cdbcc", kill_on_drop: false }`
[INFO] [stderr]     Finished `test` profile [unoptimized + debuginfo] target(s) in 0.02s
[INFO] [stderr]      Running unittests src/lib.rs (/opt/rustwide/target/debug/deps/retry_if_macro-23e261017431d340)
[INFO] [stdout] 
[INFO] [stdout] running 0 tests
[INFO] [stderr]    Doc-tests retry_if_macro
[INFO] [stdout] 
[INFO] [stdout] test result: ok. 0 passed; 0 failed; 0 ignored; 0 measured; 0 filtered out; finished in 0.00s
[INFO] [stdout] 
[INFO] [stdout] 
[INFO] [stdout] running 1 test
[INFO] [stdout] test src/lib.rs - retry (line 46) - compile ... FAILED
[INFO] [stdout] 
[INFO] [stdout] failures:
[INFO] [stdout] 
[INFO] [stdout] ---- src/lib.rs - retry (line 46) stdout ----
[INFO] [stdout] error: cannot find attribute `retry` in this scope
[INFO] [stdout]   --> src/lib.rs:61:3
[INFO] [stdout]    |
[INFO] [stdout] 17 | #[retry(BACKOFF_CONFIG, retry_if)]
[INFO] [stdout]    |   ^^^^^
[INFO] [stdout]    |
[INFO] [stdout] help: consider importing this attribute macro
[INFO] [stdout]    |
[INFO] [stdout] 2  + use retry_if_macro::retry;
[INFO] [stdout]    |
[INFO] [stdout] 
[INFO] [stdout] error[E0412]: cannot find type `ExponentialBackoffConfig` in this scope
[INFO] [stdout]  --> src/lib.rs:47:23
[INFO] [stdout]   |
[INFO] [stdout] 3 | const BACKOFF_CONFIG: ExponentialBackoffConfig = ExponentialBackoffConfig {
[INFO] [stdout]   |                       ^^^^^^^^^^^^^^^^^^^^^^^^ not found in this scope
[INFO] [stdout] 
[INFO] [stdout] error[E0422]: cannot find struct, variant or union type `ExponentialBackoffConfig` in this scope
[INFO] [stdout]  --> src/lib.rs:47:50
[INFO] [stdout]   |
[INFO] [stdout] 3 | const BACKOFF_CONFIG: ExponentialBackoffConfig = ExponentialBackoffConfig {
[INFO] [stdout]   |                                                  ^^^^^^^^^^^^^^^^^^^^^^^^ not found in this scope
[INFO] [stdout] 
[INFO] [stdout] error[E0433]: failed to resolve: use of undeclared type `Duration`
[INFO] [stdout]  --> src/lib.rs:49:13
[INFO] [stdout]   |
[INFO] [stdout] 5 |     t_wait: Duration::from_secs(1),
[INFO] [stdout]   |             ^^^^^^^^ use of undeclared type `Duration`
[INFO] [stdout]   |
[INFO] [stdout] help: consider importing this struct
[INFO] [stdout]   |
[INFO] [stdout] 2 + use std::time::Duration;
[INFO] [stdout]   |
[INFO] [stdout] 
[INFO] [stdout] error[E0412]: cannot find type `TryFromIntError` in this scope
[INFO] [stdout]   --> src/lib.rs:57:34
[INFO] [stdout]    |
[INFO] [stdout] 13 | fn retry_if(result: &Result<i64, TryFromIntError>) -> bool {
[INFO] [stdout]    |                                  ^^^^^^^^^^^^^^^ not found in this scope
[INFO] [stdout]    |
[INFO] [stdout] help: consider importing this struct
[INFO] [stdout]    |
[INFO] [stdout] 2  + use std::num::TryFromIntError;
[INFO] [stdout]    |
[INFO] [stdout] 
[INFO] [stdout] error[E0412]: cannot find type `TryFromIntError` in this scope
[INFO] [stdout]   --> src/lib.rs:62:41
[INFO] [stdout]    |
[INFO] [stdout] 18 | async fn fallible_call() -> Result<i64, TryFromIntError> {
[INFO] [stdout]    |                                         ^^^^^^^^^^^^^^^ not found in this scope
[INFO] [stdout]    |
[INFO] [stdout] help: consider importing this struct
[INFO] [stdout]    |
[INFO] [stdout] 2  + use std::num::TryFromIntError;
[INFO] [stdout]    |
[INFO] [stdout] 
[INFO] [stdout] error: aborting due to 6 previous errors
[INFO] [stdout] 
[INFO] [stdout] Some errors have detailed explanations: E0412, E0422, E0433.
[INFO] [stdout] For more information about an error, try `rustc --explain E0412`.
[INFO] [stdout] Couldn't compile the test.
[INFO] [stdout] 
[INFO] [stdout] failures:
[INFO] [stdout]     src/lib.rs - retry (line 46)
[INFO] [stdout] 
[INFO] [stdout] test result: FAILED. 0 passed; 1 failed; 0 ignored; 0 measured; 0 filtered out; finished in 0.13s
[INFO] [stdout] 
[INFO] [stderr] error: doctest failed, to rerun pass `--doc`
[INFO] running `Command { std: "docker" "inspect" "6405e50ebf1b2f9f8ef2b375d880a8e680d59fc341f3e81a0a886cc9509cdbcc", kill_on_drop: false }`
[INFO] running `Command { std: "docker" "rm" "-f" "6405e50ebf1b2f9f8ef2b375d880a8e680d59fc341f3e81a0a886cc9509cdbcc", kill_on_drop: false }`
[INFO] [stdout] 6405e50ebf1b2f9f8ef2b375d880a8e680d59fc341f3e81a0a886cc9509cdbcc
