[INFO] fetching crate require_lifetimes 0.3.0...
[INFO] testing require_lifetimes-0.3.0 against nightly-2025-01-18 for randomize-layout-2
[INFO] extracting crate require_lifetimes 0.3.0 into /workspace/builds/worker-5-tc1/source
[INFO] validating manifest of crates.io crate require_lifetimes 0.3.0 on toolchain nightly-2025-01-18
[INFO] running `Command { std: CARGO_HOME="/workspace/cargo-home" RUSTUP_HOME="/workspace/rustup-home" "/workspace/cargo-home/bin/cargo" "+nightly-2025-01-18" "metadata" "--manifest-path" "Cargo.toml" "--no-deps", kill_on_drop: false }`
[INFO] started tweaking crates.io crate require_lifetimes 0.3.0
[INFO] finished tweaking crates.io crate require_lifetimes 0.3.0
[INFO] tweaked toml for crates.io crate require_lifetimes 0.3.0 written to /workspace/builds/worker-5-tc1/source/Cargo.toml
[INFO] running `Command { std: CARGO_HOME="/workspace/cargo-home" RUSTUP_HOME="/workspace/rustup-home" "/workspace/cargo-home/bin/cargo" "+nightly-2025-01-18" "generate-lockfile" "--manifest-path" "Cargo.toml", kill_on_drop: false }`
[INFO] [stderr]     Updating crates.io index
[INFO] [stderr]      Locking 34 packages to latest compatible versions
[INFO] [stderr]       Adding syn v1.0.109 (available: v2.0.96)
[INFO] running `Command { std: CARGO_HOME="/workspace/cargo-home" RUSTUP_HOME="/workspace/rustup-home" "/workspace/cargo-home/bin/cargo" "+nightly-2025-01-18" "fetch" "--manifest-path" "Cargo.toml", kill_on_drop: false }`
[INFO] [stderr] warning: `proc_macro` is deprecated in favor of `proc-macro` and will not work in the 2024 edition
[INFO] [stderr] (in the `require_lifetimes` library target)
[INFO] running `Command { std: "docker" "create" "-v" "/var/lib/crater-agent-workspace/builds/worker-5-tc1/target:/opt/rustwide/target:rw,Z" "-v" "/var/lib/crater-agent-workspace/builds/worker-5-tc1/source:/opt/rustwide/workdir:ro,Z" "-v" "/var/lib/crater-agent-workspace/cargo-home:/opt/rustwide/cargo-home:ro,Z" "-v" "/var/lib/crater-agent-workspace/rustup-home:/opt/rustwide/rustup-home:ro,Z" "-e" "SOURCE_DIR=/opt/rustwide/workdir" "-e" "CARGO_TARGET_DIR=/opt/rustwide/target" "-e" "CARGO_HOME=/opt/rustwide/cargo-home" "-e" "RUSTUP_HOME=/opt/rustwide/rustup-home" "-w" "/opt/rustwide/workdir" "-m" "1610612736" "--user" "0:0" "--network" "none" "ghcr.io/rust-lang/crates-build-env/linux@sha256:819108c5571ea2e421544af4d832f968d213c87fbe3707a016657f43d2f853bc" "/opt/rustwide/cargo-home/bin/cargo" "+nightly-2025-01-18" "metadata" "--no-deps" "--format-version=1", kill_on_drop: false }`
[INFO] [stdout] 9dfab6149bfeb1227b194351b17cbdff74d5effd232fd94027777266de5b59de
[INFO] running `Command { std: "docker" "start" "-a" "9dfab6149bfeb1227b194351b17cbdff74d5effd232fd94027777266de5b59de", kill_on_drop: false }`
[INFO] running `Command { std: "docker" "inspect" "9dfab6149bfeb1227b194351b17cbdff74d5effd232fd94027777266de5b59de", kill_on_drop: false }`
[INFO] running `Command { std: "docker" "rm" "-f" "9dfab6149bfeb1227b194351b17cbdff74d5effd232fd94027777266de5b59de", kill_on_drop: false }`
[INFO] [stdout] 9dfab6149bfeb1227b194351b17cbdff74d5effd232fd94027777266de5b59de
[INFO] running `Command { std: "docker" "create" "-v" "/var/lib/crater-agent-workspace/builds/worker-5-tc1/target:/opt/rustwide/target:rw,Z" "-v" "/var/lib/crater-agent-workspace/builds/worker-5-tc1/source:/opt/rustwide/workdir:ro,Z" "-v" "/var/lib/crater-agent-workspace/cargo-home:/opt/rustwide/cargo-home:ro,Z" "-v" "/var/lib/crater-agent-workspace/rustup-home:/opt/rustwide/rustup-home:ro,Z" "-e" "SOURCE_DIR=/opt/rustwide/workdir" "-e" "CARGO_TARGET_DIR=/opt/rustwide/target" "-e" "CARGO_INCREMENTAL=0" "-e" "RUST_BACKTRACE=full" "-e" "RUSTFLAGS=--cap-lints=forbid" "-e" "RUSTDOCFLAGS=--cap-lints=forbid" "-e" "CARGO_HOME=/opt/rustwide/cargo-home" "-e" "RUSTUP_HOME=/opt/rustwide/rustup-home" "-w" "/opt/rustwide/workdir" "-m" "1610612736" "--user" "0:0" "--network" "none" "ghcr.io/rust-lang/crates-build-env/linux@sha256:819108c5571ea2e421544af4d832f968d213c87fbe3707a016657f43d2f853bc" "/opt/rustwide/cargo-home/bin/cargo" "+nightly-2025-01-18" "build" "--frozen" "--message-format=json", kill_on_drop: false }`
[INFO] [stdout] aaaa2a6895ceb89e9ff94891d089544d6dfc4b36e75781d9d32029612e5c2308
[INFO] running `Command { std: "docker" "start" "-a" "aaaa2a6895ceb89e9ff94891d089544d6dfc4b36e75781d9d32029612e5c2308", kill_on_drop: false }`
[INFO] [stderr] warning: `proc_macro` is deprecated in favor of `proc-macro` and will not work in the 2024 edition
[INFO] [stderr] (in the `require_lifetimes` library target)
[INFO] [stderr]    Compiling proc-macro2 v1.0.93
[INFO] [stderr]    Compiling unicode-ident v1.0.14
[INFO] [stderr]    Compiling syn v1.0.109
[INFO] [stderr]    Compiling quote v1.0.38
[INFO] [stderr]    Compiling require_lifetimes v0.3.0 (/opt/rustwide/workdir)
[INFO] [stderr]     Finished `dev` profile [unoptimized + debuginfo] target(s) in 9.06s
[INFO] running `Command { std: "docker" "inspect" "aaaa2a6895ceb89e9ff94891d089544d6dfc4b36e75781d9d32029612e5c2308", kill_on_drop: false }`
[INFO] running `Command { std: "docker" "rm" "-f" "aaaa2a6895ceb89e9ff94891d089544d6dfc4b36e75781d9d32029612e5c2308", kill_on_drop: false }`
[INFO] [stdout] aaaa2a6895ceb89e9ff94891d089544d6dfc4b36e75781d9d32029612e5c2308
[INFO] running `Command { std: "docker" "create" "-v" "/var/lib/crater-agent-workspace/builds/worker-5-tc1/target:/opt/rustwide/target:rw,Z" "-v" "/var/lib/crater-agent-workspace/builds/worker-5-tc1/source:/opt/rustwide/workdir:ro,Z" "-v" "/var/lib/crater-agent-workspace/cargo-home:/opt/rustwide/cargo-home:ro,Z" "-v" "/var/lib/crater-agent-workspace/rustup-home:/opt/rustwide/rustup-home:ro,Z" "-e" "SOURCE_DIR=/opt/rustwide/workdir" "-e" "CARGO_TARGET_DIR=/opt/rustwide/target" "-e" "CARGO_INCREMENTAL=0" "-e" "RUST_BACKTRACE=full" "-e" "RUSTFLAGS=--cap-lints=forbid" "-e" "RUSTDOCFLAGS=--cap-lints=forbid" "-e" "CARGO_HOME=/opt/rustwide/cargo-home" "-e" "RUSTUP_HOME=/opt/rustwide/rustup-home" "-w" "/opt/rustwide/workdir" "-m" "1610612736" "--user" "0:0" "--network" "none" "ghcr.io/rust-lang/crates-build-env/linux@sha256:819108c5571ea2e421544af4d832f968d213c87fbe3707a016657f43d2f853bc" "/opt/rustwide/cargo-home/bin/cargo" "+nightly-2025-01-18" "test" "--frozen" "--no-run" "--message-format=json", kill_on_drop: false }`
[INFO] [stdout] f2bcd44c08dff6e9ec536613443498fe2feaf6a0e7f847c3906ff3bef416d702
[INFO] running `Command { std: "docker" "start" "-a" "f2bcd44c08dff6e9ec536613443498fe2feaf6a0e7f847c3906ff3bef416d702", kill_on_drop: false }`
[INFO] [stderr] warning: `proc_macro` is deprecated in favor of `proc-macro` and will not work in the 2024 edition
[INFO] [stderr] (in the `require_lifetimes` library target)
[INFO] [stderr]    Compiling serde v1.0.217
[INFO] [stderr]    Compiling equivalent v1.0.1
[INFO] [stderr]    Compiling hashbrown v0.15.2
[INFO] [stderr]    Compiling target-triple v0.1.3
[INFO] [stderr]    Compiling serde_json v1.0.137
[INFO] [stderr]    Compiling winnow v0.6.24
[INFO] [stderr]    Compiling ryu v1.0.18
[INFO] [stderr]    Compiling syn v2.0.96
[INFO] [stderr]    Compiling memchr v2.7.4
[INFO] [stderr]    Compiling itoa v1.0.14
[INFO] [stderr]    Compiling glob v0.3.2
[INFO] [stderr]    Compiling termcolor v1.4.1
[INFO] [stderr]    Compiling require_lifetimes v0.3.0 (/opt/rustwide/workdir)
[INFO] [stderr]    Compiling indexmap v2.7.1
[INFO] [stderr]    Compiling serde_derive v1.0.217
[INFO] [stderr]    Compiling serde_spanned v0.6.8
[INFO] [stderr]    Compiling toml_datetime v0.6.8
[INFO] [stderr]    Compiling toml_edit v0.22.22
[INFO] [stderr]    Compiling toml v0.8.19
[INFO] [stderr]    Compiling trybuild v1.0.102
[INFO] [stderr]     Finished `test` profile [unoptimized + debuginfo] target(s) in 22.20s
[INFO] running `Command { std: "docker" "inspect" "f2bcd44c08dff6e9ec536613443498fe2feaf6a0e7f847c3906ff3bef416d702", kill_on_drop: false }`
[INFO] running `Command { std: "docker" "rm" "-f" "f2bcd44c08dff6e9ec536613443498fe2feaf6a0e7f847c3906ff3bef416d702", kill_on_drop: false }`
[INFO] [stdout] f2bcd44c08dff6e9ec536613443498fe2feaf6a0e7f847c3906ff3bef416d702
[INFO] running `Command { std: "docker" "create" "-v" "/var/lib/crater-agent-workspace/builds/worker-5-tc1/target:/opt/rustwide/target:rw,Z" "-v" "/var/lib/crater-agent-workspace/builds/worker-5-tc1/source:/opt/rustwide/workdir:ro,Z" "-v" "/var/lib/crater-agent-workspace/cargo-home:/opt/rustwide/cargo-home:ro,Z" "-v" "/var/lib/crater-agent-workspace/rustup-home:/opt/rustwide/rustup-home:ro,Z" "-e" "SOURCE_DIR=/opt/rustwide/workdir" "-e" "CARGO_TARGET_DIR=/opt/rustwide/target" "-e" "CARGO_INCREMENTAL=0" "-e" "RUST_BACKTRACE=full" "-e" "RUSTFLAGS=--cap-lints=forbid" "-e" "RUSTDOCFLAGS=--cap-lints=forbid" "-e" "CARGO_HOME=/opt/rustwide/cargo-home" "-e" "RUSTUP_HOME=/opt/rustwide/rustup-home" "-w" "/opt/rustwide/workdir" "-m" "1610612736" "--user" "0:0" "--network" "none" "ghcr.io/rust-lang/crates-build-env/linux@sha256:819108c5571ea2e421544af4d832f968d213c87fbe3707a016657f43d2f853bc" "/opt/rustwide/cargo-home/bin/cargo" "+nightly-2025-01-18" "test" "--frozen", kill_on_drop: false }`
[INFO] [stdout] e844295e04b8b2bbb09fded992fe2abd53134766137f3923db71c213ae8cddff
[INFO] running `Command { std: "docker" "start" "-a" "e844295e04b8b2bbb09fded992fe2abd53134766137f3923db71c213ae8cddff", kill_on_drop: false }`
[INFO] [stderr] warning: `proc_macro` is deprecated in favor of `proc-macro` and will not work in the 2024 edition
[INFO] [stderr] (in the `require_lifetimes` library target)
[INFO] [stderr]     Finished `test` profile [unoptimized + debuginfo] target(s) in 0.07s
[INFO] [stderr]      Running unittests src/lib.rs (/opt/rustwide/target/debug/deps/require_lifetimes-10e73c39912da92e)
[INFO] [stdout] 
[INFO] [stdout] running 1 test
[INFO] [stderr] warning: /opt/rustwide/workdir/Cargo.toml: `proc_macro` is deprecated in favor of `proc-macro` and will not work in the 2024 edition
[INFO] [stderr] (in the `require_lifetimes` library target)
[INFO] [stderr]    Compiling proc-macro2 v1.0.93
[INFO] [stderr]    Compiling syn v1.0.109
[INFO] [stderr]    Compiling unicode-ident v1.0.14
[INFO] [stderr]    Compiling quote v1.0.38
[INFO] [stderr]    Compiling require_lifetimes v0.3.0 (/opt/rustwide/workdir)
[INFO] [stderr]    Compiling require_lifetimes-tests v0.0.0 (/opt/rustwide/target/tests/trybuild/require_lifetimes)
[INFO] [stderr]     Finished `dev` profile [unoptimized + debuginfo] target(s) in 19.14s
[INFO] [stderr] 
[INFO] [stderr] 
[INFO] [stderr] test ui_tests/all_missing_called_default_err.rs [should fail to compile] ... mismatch
[INFO] [stderr] 
[INFO] [stderr] EXPECTED:
[INFO] [stderr] ┈┈┈┈┈┈┈┈┈┈┈┈┈┈┈┈┈┈┈┈┈┈┈┈┈┈┈┈┈┈┈┈┈┈┈┈┈┈┈┈┈┈┈┈┈┈┈┈┈┈┈┈┈┈┈┈┈┈┈┈
[INFO] [stderr] error: The swap function did not have appropriate lifetimes!
[INFO] [stderr]  --> ui_tests/all_missing_called_default_err.rs:3:21
[INFO] [stderr]   |
[INFO] [stderr] 3 | #[require_lifetimes{compile_error!("The swap function did not have appropriate lifetimes!");}]
[INFO] [stderr]   |                     ^^^^^^^^^^^^^^^^^^^^^^^^^^^^^^^^^^^^^^^^^^^^^^^^^^^^^^^^^^^^^^^^^^^^^^^
[INFO] [stderr] 
[INFO] [stderr] error: In this function, all references must be annotated with a lifetime.
[INFO] [stderr]  --> ui_tests/all_missing_called_default_err.rs:4:12
[INFO] [stderr]   |
[INFO] [stderr] 4 | fn swap(a: &i32, b: &i32) -> (&i32, &i32) {
[INFO] [stderr]   |            ^
[INFO] [stderr] 
[INFO] [stderr] error: In this function, all references must be annotated with a lifetime.
[INFO] [stderr]  --> ui_tests/all_missing_called_default_err.rs:4:21
[INFO] [stderr]   |
[INFO] [stderr] 4 | fn swap(a: &i32, b: &i32) -> (&i32, &i32) {
[INFO] [stderr]   |                     ^
[INFO] [stderr] 
[INFO] [stderr] error: In this function, all references must be annotated with a lifetime.
[INFO] [stderr]  --> ui_tests/all_missing_called_default_err.rs:4:31
[INFO] [stderr]   |
[INFO] [stderr] 4 | fn swap(a: &i32, b: &i32) -> (&i32, &i32) {
[INFO] [stderr]   |                               ^
[INFO] [stderr] 
[INFO] [stderr] error: In this function, all references must be annotated with a lifetime.
[INFO] [stderr]  --> ui_tests/all_missing_called_default_err.rs:4:37
[INFO] [stderr]   |
[INFO] [stderr] 4 | fn swap(a: &i32, b: &i32) -> (&i32, &i32) {
[INFO] [stderr]   |                                     ^
[INFO] [stderr] 
[INFO] [stderr] error[E0425]: cannot find function `swap` in this scope
[INFO] [stderr]   --> ui_tests/all_missing_called_default_err.rs:11:16
[INFO] [stderr]    |
[INFO] [stderr] 11 |     assert_eq!(swap(&x, &y), (&y, &x));
[INFO] [stderr]    |                ^^^^ not found in this scope
[INFO] [stderr]    |
[INFO] [stderr] help: consider importing one of these items
[INFO] [stderr]    |
[INFO] [stderr] 1  | use core::mem::swap;
[INFO] [stderr]    |
[INFO] [stderr] 1  | use core::ptr::swap;
[INFO] [stderr]    |
[INFO] [stderr] 1  | use std::mem::swap;
[INFO] [stderr]    |
[INFO] [stderr] 1  | use std::ptr::swap;
[INFO] [stderr]    |
[INFO] [stderr] ┈┈┈┈┈┈┈┈┈┈┈┈┈┈┈┈┈┈┈┈┈┈┈┈┈┈┈┈┈┈┈┈┈┈┈┈┈┈┈┈┈┈┈┈┈┈┈┈┈┈┈┈┈┈┈┈┈┈┈┈
[INFO] [stderr] 
[INFO] [stderr] ACTUAL OUTPUT:
[INFO] [stderr] ┈┈┈┈┈┈┈┈┈┈┈┈┈┈┈┈┈┈┈┈┈┈┈┈┈┈┈┈┈┈┈┈┈┈┈┈┈┈┈┈┈┈┈┈┈┈┈┈┈┈┈┈┈┈┈┈┈┈┈┈
[INFO] [stderr] error: The swap function did not have appropriate lifetimes!
[INFO] [stderr]  --> ui_tests/all_missing_called_default_err.rs:3:21
[INFO] [stderr]   |
[INFO] [stderr] 3 | #[require_lifetimes{compile_error!("The swap function did not have appropriate lifetimes!");}]
[INFO] [stderr]   |                     ^^^^^^^^^^^^^^^^^^^^^^^^^^^^^^^^^^^^^^^^^^^^^^^^^^^^^^^^^^^^^^^^^^^^^^^
[INFO] [stderr] 
[INFO] [stderr] error: In this function, all references must be annotated with a lifetime.
[INFO] [stderr]  --> ui_tests/all_missing_called_default_err.rs:4:12
[INFO] [stderr]   |
[INFO] [stderr] 4 | fn swap(a: &i32, b: &i32) -> (&i32, &i32) {
[INFO] [stderr]   |            ^^^^
[INFO] [stderr] 
[INFO] [stderr] error: In this function, all references must be annotated with a lifetime.
[INFO] [stderr]  --> ui_tests/all_missing_called_default_err.rs:4:21
[INFO] [stderr]   |
[INFO] [stderr] 4 | fn swap(a: &i32, b: &i32) -> (&i32, &i32) {
[INFO] [stderr]   |                     ^^^^
[INFO] [stderr] 
[INFO] [stderr] error: In this function, all references must be annotated with a lifetime.
[INFO] [stderr]  --> ui_tests/all_missing_called_default_err.rs:4:31
[INFO] [stderr]   |
[INFO] [stderr] 4 | fn swap(a: &i32, b: &i32) -> (&i32, &i32) {
[INFO] [stderr]   |                               ^^^^
[INFO] [stderr] 
[INFO] [stderr] error: In this function, all references must be annotated with a lifetime.
[INFO] [stderr]  --> ui_tests/all_missing_called_default_err.rs:4:37
[INFO] [stderr]   |
[INFO] [stderr] 4 | fn swap(a: &i32, b: &i32) -> (&i32, &i32) {
[INFO] [stderr]   |                                     ^^^^
[INFO] [stderr] 
[INFO] [stderr] error[E0425]: cannot find function `swap` in this scope
[INFO] [stderr]   --> ui_tests/all_missing_called_default_err.rs:11:16
[INFO] [stderr]    |
[INFO] [stderr] 11 |     assert_eq!(swap(&x, &y), (&y, &x));
[INFO] [stderr]    |                ^^^^ not found in this scope
[INFO] [stderr]    |
[INFO] [stderr] help: consider importing one of these functions
[INFO] [stderr]    |
[INFO] [stderr] 1  + use std::mem::swap;
[INFO] [stderr]    |
[INFO] [stderr] 1  + use std::ptr::swap;
[INFO] [stderr]    |
[INFO] [stderr] ┈┈┈┈┈┈┈┈┈┈┈┈┈┈┈┈┈┈┈┈┈┈┈┈┈┈┈┈┈┈┈┈┈┈┈┈┈┈┈┈┈┈┈┈┈┈┈┈┈┈┈┈┈┈┈┈┈┈┈┈
[INFO] [stderr] note: If the actual output is the correct output you can bless it by rerunning
[INFO] [stderr]       your test with the environment variable TRYBUILD=overwrite
[INFO] [stderr] 
[INFO] [stderr] test ui_tests/all_missing_called_empty_err.rs [should fail to compile] ... mismatch
[INFO] [stderr] 
[INFO] [stderr] EXPECTED:
[INFO] [stderr] ┈┈┈┈┈┈┈┈┈┈┈┈┈┈┈┈┈┈┈┈┈┈┈┈┈┈┈┈┈┈┈┈┈┈┈┈┈┈┈┈┈┈┈┈┈┈┈┈┈┈┈┈┈┈┈┈┈┈┈┈
[INFO] [stderr] error: In this function, all references must be annotated with a lifetime.
[INFO] [stderr]  --> ui_tests/all_missing_called_empty_err.rs:4:12
[INFO] [stderr]   |
[INFO] [stderr] 4 | fn swap(a: &i32, b: &i32) -> (&i32, &i32) {
[INFO] [stderr]   |            ^
[INFO] [stderr] 
[INFO] [stderr] error: In this function, all references must be annotated with a lifetime.
[INFO] [stderr]  --> ui_tests/all_missing_called_empty_err.rs:4:21
[INFO] [stderr]   |
[INFO] [stderr] 4 | fn swap(a: &i32, b: &i32) -> (&i32, &i32) {
[INFO] [stderr]   |                     ^
[INFO] [stderr] 
[INFO] [stderr] error: In this function, all references must be annotated with a lifetime.
[INFO] [stderr]  --> ui_tests/all_missing_called_empty_err.rs:4:31
[INFO] [stderr]   |
[INFO] [stderr] 4 | fn swap(a: &i32, b: &i32) -> (&i32, &i32) {
[INFO] [stderr]   |                               ^
[INFO] [stderr] 
[INFO] [stderr] error: In this function, all references must be annotated with a lifetime.
[INFO] [stderr]  --> ui_tests/all_missing_called_empty_err.rs:4:37
[INFO] [stderr]   |
[INFO] [stderr] 4 | fn swap(a: &i32, b: &i32) -> (&i32, &i32) {
[INFO] [stderr]   |                                     ^
[INFO] [stderr] 
[INFO] [stderr] error[E0425]: cannot find function `swap` in this scope
[INFO] [stderr]   --> ui_tests/all_missing_called_empty_err.rs:11:16
[INFO] [stderr]    |
[INFO] [stderr] 11 |     assert_eq!(swap(&x, &y), (&y, &x));
[INFO] [stderr]    |                ^^^^ not found in this scope
[INFO] [stderr]    |
[INFO] [stderr] help: consider importing one of these items
[INFO] [stderr]    |
[INFO] [stderr] 1  | use core::mem::swap;
[INFO] [stderr]    |
[INFO] [stderr] 1  | use core::ptr::swap;
[INFO] [stderr]    |
[INFO] [stderr] 1  | use std::mem::swap;
[INFO] [stderr]    |
[INFO] [stderr] 1  | use std::ptr::swap;
[INFO] [stderr]    |
[INFO] [stderr] ┈┈┈┈┈┈┈┈┈┈┈┈┈┈┈┈┈┈┈┈┈┈┈┈┈┈┈┈┈┈┈┈┈┈┈┈┈┈┈┈┈┈┈┈┈┈┈┈┈┈┈┈┈┈┈┈┈┈┈┈
[INFO] [stderr] 
[INFO] [stderr] ACTUAL OUTPUT:
[INFO] [stderr] ┈┈┈┈┈┈┈┈┈┈┈┈┈┈┈┈┈┈┈┈┈┈┈┈┈┈┈┈┈┈┈┈┈┈┈┈┈┈┈┈┈┈┈┈┈┈┈┈┈┈┈┈┈┈┈┈┈┈┈┈
[INFO] [stderr] error: In this function, all references must be annotated with a lifetime.
[INFO] [stderr]  --> ui_tests/all_missing_called_empty_err.rs:4:12
[INFO] [stderr]   |
[INFO] [stderr] 4 | fn swap(a: &i32, b: &i32) -> (&i32, &i32) {
[INFO] [stderr]   |            ^^^^
[INFO] [stderr] 
[INFO] [stderr] error: In this function, all references must be annotated with a lifetime.
[INFO] [stderr]  --> ui_tests/all_missing_called_empty_err.rs:4:21
[INFO] [stderr]   |
[INFO] [stderr] 4 | fn swap(a: &i32, b: &i32) -> (&i32, &i32) {
[INFO] [stderr]   |                     ^^^^
[INFO] [stderr] 
[INFO] [stderr] error: In this function, all references must be annotated with a lifetime.
[INFO] [stderr]  --> ui_tests/all_missing_called_empty_err.rs:4:31
[INFO] [stderr]   |
[INFO] [stderr] 4 | fn swap(a: &i32, b: &i32) -> (&i32, &i32) {
[INFO] [stderr]   |                               ^^^^
[INFO] [stderr] 
[INFO] [stderr] error: In this function, all references must be annotated with a lifetime.
[INFO] [stderr]  --> ui_tests/all_missing_called_empty_err.rs:4:37
[INFO] [stderr]   |
[INFO] [stderr] 4 | fn swap(a: &i32, b: &i32) -> (&i32, &i32) {
[INFO] [stderr]   |                                     ^^^^
[INFO] [stderr] 
[INFO] [stderr] error[E0425]: cannot find function `swap` in this scope
[INFO] [stderr]   --> ui_tests/all_missing_called_empty_err.rs:11:16
[INFO] [stderr]    |
[INFO] [stderr] 11 |     assert_eq!(swap(&x, &y), (&y, &x));
[INFO] [stderr]    |                ^^^^ not found in this scope
[INFO] [stderr]    |
[INFO] [stderr] help: consider importing one of these functions
[INFO] [stderr]    |
[INFO] [stderr] 1  + use std::mem::swap;
[INFO] [stderr]    |
[INFO] [stderr] 1  + use std::ptr::swap;
[INFO] [stderr]    |
[INFO] [stderr] ┈┈┈┈┈┈┈┈┈┈┈┈┈┈┈┈┈┈┈┈┈┈┈┈┈┈┈┈┈┈┈┈┈┈┈┈┈┈┈┈┈┈┈┈┈┈┈┈┈┈┈┈┈┈┈┈┈┈┈┈
[INFO] [stderr] note: If the actual output is the correct output you can bless it by rerunning
[INFO] [stderr]       your test with the environment variable TRYBUILD=overwrite
[INFO] [stderr] 
[INFO] [stderr] test ui_tests/all_missing_called_err.rs [should fail to compile] ... mismatch
[INFO] [stderr] 
[INFO] [stderr] EXPECTED:
[INFO] [stderr] ┈┈┈┈┈┈┈┈┈┈┈┈┈┈┈┈┈┈┈┈┈┈┈┈┈┈┈┈┈┈┈┈┈┈┈┈┈┈┈┈┈┈┈┈┈┈┈┈┈┈┈┈┈┈┈┈┈┈┈┈
[INFO] [stderr] error: In this function, all references must be annotated with a lifetime.
[INFO] [stderr]  --> ui_tests/all_missing_called_err.rs:4:12
[INFO] [stderr]   |
[INFO] [stderr] 4 | fn swap(a: &i32, b: &i32) -> (&i32, &i32) {
[INFO] [stderr]   |            ^
[INFO] [stderr] 
[INFO] [stderr] error: In this function, all references must be annotated with a lifetime.
[INFO] [stderr]  --> ui_tests/all_missing_called_err.rs:4:21
[INFO] [stderr]   |
[INFO] [stderr] 4 | fn swap(a: &i32, b: &i32) -> (&i32, &i32) {
[INFO] [stderr]   |                     ^
[INFO] [stderr] 
[INFO] [stderr] error: In this function, all references must be annotated with a lifetime.
[INFO] [stderr]  --> ui_tests/all_missing_called_err.rs:4:31
[INFO] [stderr]   |
[INFO] [stderr] 4 | fn swap(a: &i32, b: &i32) -> (&i32, &i32) {
[INFO] [stderr]   |                               ^
[INFO] [stderr] 
[INFO] [stderr] error: In this function, all references must be annotated with a lifetime.
[INFO] [stderr]  --> ui_tests/all_missing_called_err.rs:4:37
[INFO] [stderr]   |
[INFO] [stderr] 4 | fn swap(a: &i32, b: &i32) -> (&i32, &i32) {
[INFO] [stderr]   |                                     ^
[INFO] [stderr] 
[INFO] [stderr] error[E0106]: missing lifetime specifiers
[INFO] [stderr]  --> ui_tests/all_missing_called_err.rs:4:31
[INFO] [stderr]   |
[INFO] [stderr] 4 | fn swap(a: &i32, b: &i32) -> (&i32, &i32) {
[INFO] [stderr]   |            ----     ----      ^     ^ expected named lifetime parameter
[INFO] [stderr]   |                               |
[INFO] [stderr]   |                               expected named lifetime parameter
[INFO] [stderr]   |
[INFO] [stderr]   = help: this function's return type contains a borrowed value, but the signature does not say whether it is borrowed from `a` or `b`
[INFO] [stderr] help: consider introducing a named lifetime parameter
[INFO] [stderr]   |
[INFO] [stderr] 4 | fn swap<'a>(a: &'a i32, b: &'a i32) -> (&'a i32, &'a i32) {
[INFO] [stderr]   |        ++++     ++          ++           ++       ++
[INFO] [stderr] ┈┈┈┈┈┈┈┈┈┈┈┈┈┈┈┈┈┈┈┈┈┈┈┈┈┈┈┈┈┈┈┈┈┈┈┈┈┈┈┈┈┈┈┈┈┈┈┈┈┈┈┈┈┈┈┈┈┈┈┈
[INFO] [stderr] 
[INFO] [stderr] ACTUAL OUTPUT:
[INFO] [stderr] ┈┈┈┈┈┈┈┈┈┈┈┈┈┈┈┈┈┈┈┈┈┈┈┈┈┈┈┈┈┈┈┈┈┈┈┈┈┈┈┈┈┈┈┈┈┈┈┈┈┈┈┈┈┈┈┈┈┈┈┈
[INFO] [stderr] error: In this function, all references must be annotated with a lifetime.
[INFO] [stderr]  --> ui_tests/all_missing_called_err.rs:4:12
[INFO] [stderr]   |
[INFO] [stderr] 4 | fn swap(a: &i32, b: &i32) -> (&i32, &i32) {
[INFO] [stderr]   |            ^^^^
[INFO] [stderr] 
[INFO] [stderr] error: In this function, all references must be annotated with a lifetime.
[INFO] [stderr]  --> ui_tests/all_missing_called_err.rs:4:21
[INFO] [stderr]   |
[INFO] [stderr] 4 | fn swap(a: &i32, b: &i32) -> (&i32, &i32) {
[INFO] [stderr]   |                     ^^^^
[INFO] [stderr] 
[INFO] [stderr] error: In this function, all references must be annotated with a lifetime.
[INFO] [stderr]  --> ui_tests/all_missing_called_err.rs:4:31
[INFO] [stderr]   |
[INFO] [stderr] 4 | fn swap(a: &i32, b: &i32) -> (&i32, &i32) {
[INFO] [stderr]   |                               ^^^^
[INFO] [stderr] 
[INFO] [stderr] error: In this function, all references must be annotated with a lifetime.
[INFO] [stderr]  --> ui_tests/all_missing_called_err.rs:4:37
[INFO] [stderr]   |
[INFO] [stderr] 4 | fn swap(a: &i32, b: &i32) -> (&i32, &i32) {
[INFO] [stderr]   |                                     ^^^^
[INFO] [stderr] 
[INFO] [stderr] error[E0106]: missing lifetime specifiers
[INFO] [stderr]  --> ui_tests/all_missing_called_err.rs:4:31
[INFO] [stderr]   |
[INFO] [stderr] 4 | fn swap(a: &i32, b: &i32) -> (&i32, &i32) {
[INFO] [stderr]   |            ----     ----      ^     ^ expected named lifetime parameter
[INFO] [stderr]   |                               |
[INFO] [stderr]   |                               expected named lifetime parameter
[INFO] [stderr]   |
[INFO] [stderr]   = help: this function's return type contains a borrowed value, but the signature does not say whether it is borrowed from `a` or `b`
[INFO] [stderr] help: consider introducing a named lifetime parameter
[INFO] [stderr]   |
[INFO] [stderr] 4 | fn swap<'a>(a: &'a i32, b: &'a i32) -> (&'a i32, &'a i32) {
[INFO] [stderr]   |        ++++     ++          ++           ++       ++
[INFO] [stderr] ┈┈┈┈┈┈┈┈┈┈┈┈┈┈┈┈┈┈┈┈┈┈┈┈┈┈┈┈┈┈┈┈┈┈┈┈┈┈┈┈┈┈┈┈┈┈┈┈┈┈┈┈┈┈┈┈┈┈┈┈
[INFO] [stderr] note: If the actual output is the correct output you can bless it by rerunning
[INFO] [stderr]       your test with the environment variable TRYBUILD=overwrite
[INFO] [stderr] 
[INFO] [stderr] test ui_tests/all_missing_err.rs [should fail to compile] ... mismatch
[INFO] [stderr] 
[INFO] [stderr] EXPECTED:
[INFO] [stderr] ┈┈┈┈┈┈┈┈┈┈┈┈┈┈┈┈┈┈┈┈┈┈┈┈┈┈┈┈┈┈┈┈┈┈┈┈┈┈┈┈┈┈┈┈┈┈┈┈┈┈┈┈┈┈┈┈┈┈┈┈
[INFO] [stderr] error: In this function, all references must be annotated with a lifetime.
[INFO] [stderr]  --> ui_tests/all_missing_err.rs:4:16
[INFO] [stderr]   |
[INFO] [stderr] 4 | fn identity(a: &i32, _b: &i32) -> &i32 {
[INFO] [stderr]   |                ^
[INFO] [stderr] 
[INFO] [stderr] error: In this function, all references must be annotated with a lifetime.
[INFO] [stderr]  --> ui_tests/all_missing_err.rs:4:26
[INFO] [stderr]   |
[INFO] [stderr] 4 | fn identity(a: &i32, _b: &i32) -> &i32 {
[INFO] [stderr]   |                          ^
[INFO] [stderr] 
[INFO] [stderr] error: In this function, all references must be annotated with a lifetime.
[INFO] [stderr]  --> ui_tests/all_missing_err.rs:4:35
[INFO] [stderr]   |
[INFO] [stderr] 4 | fn identity(a: &i32, _b: &i32) -> &i32 {
[INFO] [stderr]   |                                   ^
[INFO] [stderr] 
[INFO] [stderr] error[E0106]: missing lifetime specifier
[INFO] [stderr]  --> ui_tests/all_missing_err.rs:4:35
[INFO] [stderr]   |
[INFO] [stderr] 4 | fn identity(a: &i32, _b: &i32) -> &i32 {
[INFO] [stderr]   |                ----      ----     ^ expected named lifetime parameter
[INFO] [stderr]   |
[INFO] [stderr]   = help: this function's return type contains a borrowed value, but the signature does not say whether it is borrowed from `a` or `_b`
[INFO] [stderr] help: consider introducing a named lifetime parameter
[INFO] [stderr]   |
[INFO] [stderr] 4 | fn identity<'a>(a: &'a i32, _b: &'a i32) -> &'a i32 {
[INFO] [stderr]   |            ++++     ++           ++          ++
[INFO] [stderr] ┈┈┈┈┈┈┈┈┈┈┈┈┈┈┈┈┈┈┈┈┈┈┈┈┈┈┈┈┈┈┈┈┈┈┈┈┈┈┈┈┈┈┈┈┈┈┈┈┈┈┈┈┈┈┈┈┈┈┈┈
[INFO] [stderr] 
[INFO] [stderr] ACTUAL OUTPUT:
[INFO] [stderr] ┈┈┈┈┈┈┈┈┈┈┈┈┈┈┈┈┈┈┈┈┈┈┈┈┈┈┈┈┈┈┈┈┈┈┈┈┈┈┈┈┈┈┈┈┈┈┈┈┈┈┈┈┈┈┈┈┈┈┈┈
[INFO] [stderr] error: In this function, all references must be annotated with a lifetime.
[INFO] [stderr]  --> ui_tests/all_missing_err.rs:4:16
[INFO] [stderr]   |
[INFO] [stderr] 4 | fn identity(a: &i32, _b: &i32) -> &i32 {
[INFO] [stderr]   |                ^^^^
[INFO] [stderr] 
[INFO] [stderr] error: In this function, all references must be annotated with a lifetime.
[INFO] [stderr]  --> ui_tests/all_missing_err.rs:4:26
[INFO] [stderr]   |
[INFO] [stderr] 4 | fn identity(a: &i32, _b: &i32) -> &i32 {
[INFO] [stderr]   |                          ^^^^
[INFO] [stderr] 
[INFO] [stderr] error: In this function, all references must be annotated with a lifetime.
[INFO] [stderr]  --> ui_tests/all_missing_err.rs:4:35
[INFO] [stderr]   |
[INFO] [stderr] 4 | fn identity(a: &i32, _b: &i32) -> &i32 {
[INFO] [stderr]   |                                   ^^^^
[INFO] [stderr] 
[INFO] [stderr] error[E0106]: missing lifetime specifier
[INFO] [stderr]  --> ui_tests/all_missing_err.rs:4:35
[INFO] [stderr]   |
[INFO] [stderr] 4 | fn identity(a: &i32, _b: &i32) -> &i32 {
[INFO] [stderr]   |                ----      ----     ^ expected named lifetime parameter
[INFO] [stderr]   |
[INFO] [stderr]   = help: this function's return type contains a borrowed value, but the signature does not say whether it is borrowed from `a` or `_b`
[INFO] [stderr] help: consider introducing a named lifetime parameter
[INFO] [stderr]   |
[INFO] [stderr] 4 | fn identity<'a>(a: &'a i32, _b: &'a i32) -> &'a i32 {
[INFO] [stderr]   |            ++++     ++           ++          ++
[INFO] [stderr] ┈┈┈┈┈┈┈┈┈┈┈┈┈┈┈┈┈┈┈┈┈┈┈┈┈┈┈┈┈┈┈┈┈┈┈┈┈┈┈┈┈┈┈┈┈┈┈┈┈┈┈┈┈┈┈┈┈┈┈┈
[INFO] [stderr] note: If the actual output is the correct output you can bless it by rerunning
[INFO] [stderr]       your test with the environment variable TRYBUILD=overwrite
[INFO] [stderr] 
[INFO] [stderr] test ui_tests/array_missing_err.rs [should fail to compile] ... mismatch
[INFO] [stderr] 
[INFO] [stderr] EXPECTED:
[INFO] [stderr] ┈┈┈┈┈┈┈┈┈┈┈┈┈┈┈┈┈┈┈┈┈┈┈┈┈┈┈┈┈┈┈┈┈┈┈┈┈┈┈┈┈┈┈┈┈┈┈┈┈┈┈┈┈┈┈┈┈┈┈┈
[INFO] [stderr] error: In this function, all references must be annotated with a lifetime.
[INFO] [stderr]  --> ui_tests/array_missing_err.rs:4:25
[INFO] [stderr]   |
[INFO] [stderr] 4 | fn identity<'a>(a: &'a [&i32; 5]) -> &'a [&i32; 5] {
[INFO] [stderr]   |                         ^
[INFO] [stderr] 
[INFO] [stderr] error: In this function, all references must be annotated with a lifetime.
[INFO] [stderr]  --> ui_tests/array_missing_err.rs:4:43
[INFO] [stderr]   |
[INFO] [stderr] 4 | fn identity<'a>(a: &'a [&i32; 5]) -> &'a [&i32; 5] {
[INFO] [stderr]   |                                           ^
[INFO] [stderr] 
[INFO] [stderr] error[E0106]: missing lifetime specifier
[INFO] [stderr]  --> ui_tests/array_missing_err.rs:4:43
[INFO] [stderr]   |
[INFO] [stderr] 4 | fn identity<'a>(a: &'a [&i32; 5]) -> &'a [&i32; 5] {
[INFO] [stderr]   |                    -------------          ^ expected named lifetime parameter
[INFO] [stderr]   |
[INFO] [stderr]   = help: this function's return type contains a borrowed value, but the signature does not say which one of `a`'s 2 lifetimes it is borrowed from
[INFO] [stderr] help: consider using the `'a` lifetime
[INFO] [stderr]   |
[INFO] [stderr] 4 | fn identity<'a>(a: &'a [&i32; 5]) -> &'a [&'a i32; 5] {
[INFO] [stderr]   |                                            ++
[INFO] [stderr] ┈┈┈┈┈┈┈┈┈┈┈┈┈┈┈┈┈┈┈┈┈┈┈┈┈┈┈┈┈┈┈┈┈┈┈┈┈┈┈┈┈┈┈┈┈┈┈┈┈┈┈┈┈┈┈┈┈┈┈┈
[INFO] [stderr] 
[INFO] [stderr] ACTUAL OUTPUT:
[INFO] [stderr] ┈┈┈┈┈┈┈┈┈┈┈┈┈┈┈┈┈┈┈┈┈┈┈┈┈┈┈┈┈┈┈┈┈┈┈┈┈┈┈┈┈┈┈┈┈┈┈┈┈┈┈┈┈┈┈┈┈┈┈┈
[INFO] [stderr] error: In this function, all references must be annotated with a lifetime.
[INFO] [stderr]  --> ui_tests/array_missing_err.rs:4:25
[INFO] [stderr]   |
[INFO] [stderr] 4 | fn identity<'a>(a: &'a [&i32; 5]) -> &'a [&i32; 5] {
[INFO] [stderr]   |                         ^^^^
[INFO] [stderr] 
[INFO] [stderr] error: In this function, all references must be annotated with a lifetime.
[INFO] [stderr]  --> ui_tests/array_missing_err.rs:4:43
[INFO] [stderr]   |
[INFO] [stderr] 4 | fn identity<'a>(a: &'a [&i32; 5]) -> &'a [&i32; 5] {
[INFO] [stderr]   |                                           ^^^^
[INFO] [stderr] 
[INFO] [stderr] error[E0106]: missing lifetime specifier
[INFO] [stderr]  --> ui_tests/array_missing_err.rs:4:43
[INFO] [stderr]   |
[INFO] [stderr] 4 | fn identity<'a>(a: &'a [&i32; 5]) -> &'a [&i32; 5] {
[INFO] [stderr]   |                    -------------          ^ expected named lifetime parameter
[INFO] [stderr]   |
[INFO] [stderr]   = help: this function's return type contains a borrowed value, but the signature does not say which one of `a`'s 2 lifetimes it is borrowed from
[INFO] [stderr] help: consider using the `'a` lifetime
[INFO] [stderr]   |
[INFO] [stderr] 4 | fn identity<'a>(a: &'a [&i32; 5]) -> &'a [&'a i32; 5] {
[INFO] [stderr]   |                                            ++
[INFO] [stderr] ┈┈┈┈┈┈┈┈┈┈┈┈┈┈┈┈┈┈┈┈┈┈┈┈┈┈┈┈┈┈┈┈┈┈┈┈┈┈┈┈┈┈┈┈┈┈┈┈┈┈┈┈┈┈┈┈┈┈┈┈
[INFO] [stderr] note: If the actual output is the correct output you can bless it by rerunning
[INFO] [stderr]       your test with the environment variable TRYBUILD=overwrite
[INFO] [stderr] 
[INFO] [stderr] test ui_tests/output_missing_err.rs [should fail to compile] ... mismatch
[INFO] [stderr] 
[INFO] [stderr] EXPECTED:
[INFO] [stderr] ┈┈┈┈┈┈┈┈┈┈┈┈┈┈┈┈┈┈┈┈┈┈┈┈┈┈┈┈┈┈┈┈┈┈┈┈┈┈┈┈┈┈┈┈┈┈┈┈┈┈┈┈┈┈┈┈┈┈┈┈
[INFO] [stderr] error: In this function, all references must be annotated with a lifetime.
[INFO] [stderr]  --> ui_tests/output_missing_err.rs:4:49
[INFO] [stderr]   |
[INFO] [stderr] 4 | fn identity<'a, 'b>(a: &'a i32, _b: &'b i32) -> &i32 {
[INFO] [stderr]   |                                                 ^
[INFO] [stderr] 
[INFO] [stderr] error[E0106]: missing lifetime specifier
[INFO] [stderr]  --> ui_tests/output_missing_err.rs:4:49
[INFO] [stderr]   |
[INFO] [stderr] 4 | fn identity<'a, 'b>(a: &'a i32, _b: &'b i32) -> &i32 {
[INFO] [stderr]   |                        -------      -------     ^ expected named lifetime parameter
[INFO] [stderr]   |
[INFO] [stderr]   = help: this function's return type contains a borrowed value with an elided lifetime, but the lifetime cannot be derived from the arguments
[INFO] [stderr] note: these named lifetimes are available to use
[INFO] [stderr]  --> ui_tests/output_missing_err.rs:4:13
[INFO] [stderr]   |
[INFO] [stderr] 4 | fn identity<'a, 'b>(a: &'a i32, _b: &'b i32) -> &i32 {
[INFO] [stderr]   |             ^^  ^^
[INFO] [stderr] help: consider using one of the available lifetimes here
[INFO] [stderr]   |
[INFO] [stderr] 4 | fn identity<'a, 'b>(a: &'a i32, _b: &'b i32) -> &'lifetime i32 {
[INFO] [stderr]   |                                                  +++++++++
[INFO] [stderr] ┈┈┈┈┈┈┈┈┈┈┈┈┈┈┈┈┈┈┈┈┈┈┈┈┈┈┈┈┈┈┈┈┈┈┈┈┈┈┈┈┈┈┈┈┈┈┈┈┈┈┈┈┈┈┈┈┈┈┈┈
[INFO] [stderr] 
[INFO] [stderr] ACTUAL OUTPUT:
[INFO] [stderr] ┈┈┈┈┈┈┈┈┈┈┈┈┈┈┈┈┈┈┈┈┈┈┈┈┈┈┈┈┈┈┈┈┈┈┈┈┈┈┈┈┈┈┈┈┈┈┈┈┈┈┈┈┈┈┈┈┈┈┈┈
[INFO] [stderr] error: In this function, all references must be annotated with a lifetime.
[INFO] [stderr]  --> ui_tests/output_missing_err.rs:4:49
[INFO] [stderr]   |
[INFO] [stderr] 4 | fn identity<'a, 'b>(a: &'a i32, _b: &'b i32) -> &i32 {
[INFO] [stderr]   |                                                 ^^^^
[INFO] [stderr] 
[INFO] [stderr] error[E0106]: missing lifetime specifier
[INFO] [stderr]  --> ui_tests/output_missing_err.rs:4:49
[INFO] [stderr]   |
[INFO] [stderr] 4 | fn identity<'a, 'b>(a: &'a i32, _b: &'b i32) -> &i32 {
[INFO] [stderr]   |                        -------      -------     ^ expected named lifetime parameter
[INFO] [stderr]   |
[INFO] [stderr]   = help: this function's return type contains a borrowed value with an elided lifetime, but the lifetime cannot be derived from the arguments
[INFO] [stderr] note: these named lifetimes are available to use
[INFO] [stderr]  --> ui_tests/output_missing_err.rs:4:13
[INFO] [stderr]   |
[INFO] [stderr] 4 | fn identity<'a, 'b>(a: &'a i32, _b: &'b i32) -> &i32 {
[INFO] [stderr]   |             ^^  ^^
[INFO] [stderr] help: consider using one of the available lifetimes here
[INFO] [stderr]   |
[INFO] [stderr] 4 | fn identity<'a, 'b>(a: &'a i32, _b: &'b i32) -> &'lifetime i32 {
[INFO] [stderr]   |                                                  +++++++++
[INFO] [stderr] ┈┈┈┈┈┈┈┈┈┈┈┈┈┈┈┈┈┈┈┈┈┈┈┈┈┈┈┈┈┈┈┈┈┈┈┈┈┈┈┈┈┈┈┈┈┈┈┈┈┈┈┈┈┈┈┈┈┈┈┈
[INFO] [stderr] note: If the actual output is the correct output you can bless it by rerunning
[INFO] [stderr]       your test with the environment variable TRYBUILD=overwrite
[INFO] [stderr] 
[INFO] [stderr] test ui_tests/single_anonymous_lifetime_err.rs [should fail to compile] ... ok
[INFO] [stderr] test ui_tests/single_input_missing_err.rs [should fail to compile] ... mismatch
[INFO] [stderr] 
[INFO] [stderr] EXPECTED:
[INFO] [stderr] ┈┈┈┈┈┈┈┈┈┈┈┈┈┈┈┈┈┈┈┈┈┈┈┈┈┈┈┈┈┈┈┈┈┈┈┈┈┈┈┈┈┈┈┈┈┈┈┈┈┈┈┈┈┈┈┈┈┈┈┈
[INFO] [stderr] error: In this function, all references must be annotated with a lifetime.
[INFO] [stderr]  --> ui_tests/single_input_missing_err.rs:4:33
[INFO] [stderr]   |
[INFO] [stderr] 4 | fn identity<'a>(a: &'a i32, _b: &i32) -> &'a i32 {
[INFO] [stderr]   |                                 ^
[INFO] [stderr] ┈┈┈┈┈┈┈┈┈┈┈┈┈┈┈┈┈┈┈┈┈┈┈┈┈┈┈┈┈┈┈┈┈┈┈┈┈┈┈┈┈┈┈┈┈┈┈┈┈┈┈┈┈┈┈┈┈┈┈┈
[INFO] [stderr] 
[INFO] [stderr] ACTUAL OUTPUT:
[INFO] [stderr] ┈┈┈┈┈┈┈┈┈┈┈┈┈┈┈┈┈┈┈┈┈┈┈┈┈┈┈┈┈┈┈┈┈┈┈┈┈┈┈┈┈┈┈┈┈┈┈┈┈┈┈┈┈┈┈┈┈┈┈┈
[INFO] [stderr] error: In this function, all references must be annotated with a lifetime.
[INFO] [stderr]  --> ui_tests/single_input_missing_err.rs:4:33
[INFO] [stderr]   |
[INFO] [stderr] 4 | fn identity<'a>(a: &'a i32, _b: &i32) -> &'a i32 {
[INFO] [stderr]   |                                 ^^^^
[INFO] [stderr] ┈┈┈┈┈┈┈┈┈┈┈┈┈┈┈┈┈┈┈┈┈┈┈┈┈┈┈┈┈┈┈┈┈┈┈┈┈┈┈┈┈┈┈┈┈┈┈┈┈┈┈┈┈┈┈┈┈┈┈┈
[INFO] [stderr] note: If the actual output is the correct output you can bless it by rerunning
[INFO] [stderr]       your test with the environment variable TRYBUILD=overwrite
[INFO] [stderr] 
[INFO] [stderr] test ui_tests/body_has_reference_ok.rs [should pass] ... ok
[INFO] [stderr] test ui_tests/simple_ok.rs [should pass] ... ok
[INFO] [stderr] 
[INFO] [stderr] 
[INFO] [stdout] test test::ui_tests ... FAILED
[INFO] [stdout] 
[INFO] [stdout] failures:
[INFO] [stdout] 
[INFO] [stdout] ---- test::ui_tests stdout ----
[INFO] [stdout] 
[INFO] [stdout] thread 'test::ui_tests' panicked at /opt/rustwide/cargo-home/registry/src/index.crates.io-1949cf8c6b5b557f/trybuild-1.0.102/src/run.rs:102:13:
[INFO] [stdout] 7 of 10 tests failed
[INFO] [stdout] stack backtrace:
[INFO] [stdout]    0:     0x7e37c574c84a - std::backtrace_rs::backtrace::libunwind::trace::hb059275cfc8d6126
[INFO] [stdout]                                at /rustc/6067b36314ab5eb2eb47cecc464545ba58e1ad24/library/std/src/../../backtrace/src/backtrace/libunwind.rs:116:5
[INFO] [stdout]    1:     0x7e37c574c84a - std::backtrace_rs::backtrace::trace_unsynchronized::h2da071e4327ce3ee
[INFO] [stdout]                                at /rustc/6067b36314ab5eb2eb47cecc464545ba58e1ad24/library/std/src/../../backtrace/src/backtrace/mod.rs:66:5
[INFO] [stdout]    2:     0x7e37c574c84a - std::sys::backtrace::_print_fmt::h842a1474e6f8d23f
[INFO] [stdout]                                at /rustc/6067b36314ab5eb2eb47cecc464545ba58e1ad24/library/std/src/sys/backtrace.rs:66:9
[INFO] [stdout]    3:     0x7e37c574c84a - <std::sys::backtrace::BacktraceLock::print::DisplayBacktrace as core::fmt::Display>::fmt::h71a62eb3b9696b12
[INFO] [stdout]                                at /rustc/6067b36314ab5eb2eb47cecc464545ba58e1ad24/library/std/src/sys/backtrace.rs:39:26
[INFO] [stdout]    4:     0x7e37c579e6b3 - core::fmt::rt::Argument::fmt::hdb6b616786b41dc1
[INFO] [stdout]                                at /rustc/6067b36314ab5eb2eb47cecc464545ba58e1ad24/library/core/src/fmt/rt.rs:177:76
[INFO] [stdout]    5:     0x7e37c579e6b3 - core::fmt::write::h2cc1698af7e2d686
[INFO] [stdout]                                at /rustc/6067b36314ab5eb2eb47cecc464545ba58e1ad24/library/core/src/fmt/mod.rs:1440:21
[INFO] [stdout]    6:     0x7e37c5740353 - std::io::Write::write_fmt::hab1b4cd059a79022
[INFO] [stdout]                                at /rustc/6067b36314ab5eb2eb47cecc464545ba58e1ad24/library/std/src/io/mod.rs:1887:15
[INFO] [stdout]    7:     0x7e37c574c692 - std::sys::backtrace::BacktraceLock::print::h147fe35b4ea13b08
[INFO] [stdout]                                at /rustc/6067b36314ab5eb2eb47cecc464545ba58e1ad24/library/std/src/sys/backtrace.rs:42:9
[INFO] [stdout]    8:     0x7e37c574ec5f - std::panicking::default_hook::{{closure}}::hbd44223dbdc0d208
[INFO] [stdout]                                at /rustc/6067b36314ab5eb2eb47cecc464545ba58e1ad24/library/std/src/panicking.rs:298:22
[INFO] [stdout]    9:     0x7e37c574ea78 - std::panicking::default_hook::h20f81eb0576efcec
[INFO] [stdout]                                at /rustc/6067b36314ab5eb2eb47cecc464545ba58e1ad24/library/std/src/panicking.rs:322:9
[INFO] [stdout]   10:     0x565ee5f119a3 - <alloc::boxed::Box<F,A> as core::ops::function::Fn<Args>>::call::hdb53814c496a4d34
[INFO] [stdout]                                at /rustc/6067b36314ab5eb2eb47cecc464545ba58e1ad24/library/alloc/src/boxed.rs:2027:9
[INFO] [stdout]   11:     0x565ee5f119a3 - test::test_main::{{closure}}::hc0a4963c59427c24
[INFO] [stdout]                                at /rustc/6067b36314ab5eb2eb47cecc464545ba58e1ad24/library/test/src/lib.rs:134:21
[INFO] [stdout]   12:     0x7e37c574f7c3 - <alloc::boxed::Box<F,A> as core::ops::function::Fn<Args>>::call::h591b2225413a77e9
[INFO] [stdout]                                at /rustc/6067b36314ab5eb2eb47cecc464545ba58e1ad24/library/alloc/src/boxed.rs:2027:9
[INFO] [stdout]   13:     0x7e37c574f7c3 - std::panicking::rust_panic_with_hook::h625eea43051b2edc
[INFO] [stdout]                                at /rustc/6067b36314ab5eb2eb47cecc464545ba58e1ad24/library/std/src/panicking.rs:839:13
[INFO] [stdout]   14:     0x7e37c574f47a - std::panicking::begin_panic_handler::{{closure}}::h4f9159cfbc3f6bd3
[INFO] [stdout]                                at /rustc/6067b36314ab5eb2eb47cecc464545ba58e1ad24/library/std/src/panicking.rs:704:13
[INFO] [stdout]   15:     0x7e37c574cd49 - std::sys::backtrace::__rust_end_short_backtrace::h0390abce48353151
[INFO] [stdout]                                at /rustc/6067b36314ab5eb2eb47cecc464545ba58e1ad24/library/std/src/sys/backtrace.rs:168:18
[INFO] [stdout]   16:     0x7e37c574f10d - rust_begin_unwind
[INFO] [stdout]                                at /rustc/6067b36314ab5eb2eb47cecc464545ba58e1ad24/library/std/src/panicking.rs:695:5
[INFO] [stdout]   17:     0x7e37c579a780 - core::panicking::panic_fmt::h9e7c637e9e5f29c9
[INFO] [stdout]                                at /rustc/6067b36314ab5eb2eb47cecc464545ba58e1ad24/library/core/src/panicking.rs:75:14
[INFO] [stdout]   18:     0x565ee5d6237c - trybuild::run::<impl trybuild::Runner>::run::h082c67891220fac8
[INFO] [stdout]   19:     0x565ee5d678f5 - <trybuild::TestCases as core::ops::drop::Drop>::drop::h3d414ae89901433b
[INFO] [stdout]   20:     0x565ee5c810c7 - core::ptr::drop_in_place<trybuild::TestCases>::hbab275e781db01a6
[INFO] [stdout]                                at /rustc/6067b36314ab5eb2eb47cecc464545ba58e1ad24/library/core/src/ptr/mod.rs:523:1
[INFO] [stdout]   21:     0x565ee5c8192b - require_lifetimes::test::ui_tests::he31455ee3b9bf119
[INFO] [stdout]                                at /opt/rustwide/workdir/src/lib.rs:131:5
[INFO] [stdout]   22:     0x565ee5c818a7 - require_lifetimes::test::ui_tests::{{closure}}::hb3ca63a403cbedc9
[INFO] [stdout]                                at /opt/rustwide/workdir/src/lib.rs:127:18
[INFO] [stdout]   23:     0x565ee5c81036 - core::ops::function::FnOnce::call_once::hbc3e1696f7d19db0
[INFO] [stdout]                                at /rustc/6067b36314ab5eb2eb47cecc464545ba58e1ad24/library/core/src/ops/function.rs:250:5
[INFO] [stdout]   24:     0x565ee5f170fb - core::ops::function::FnOnce::call_once::he27718dfdd183f43
[INFO] [stdout]                                at /rustc/6067b36314ab5eb2eb47cecc464545ba58e1ad24/library/core/src/ops/function.rs:250:5
[INFO] [stdout]   25:     0x565ee5f170fb - test::__rust_begin_short_backtrace::h4e84902998457a5d
[INFO] [stdout]                                at /rustc/6067b36314ab5eb2eb47cecc464545ba58e1ad24/library/test/src/lib.rs:632:18
[INFO] [stdout]   26:     0x565ee5f16033 - test::run_test_in_process::{{closure}}::h7176fd18fc1feca0
[INFO] [stdout]                                at /rustc/6067b36314ab5eb2eb47cecc464545ba58e1ad24/library/test/src/lib.rs:655:60
[INFO] [stdout]   27:     0x565ee5f16033 - <core::panic::unwind_safe::AssertUnwindSafe<F> as core::ops::function::FnOnce<()>>::call_once::hf79cff2a624d8cf7
[INFO] [stdout]                                at /rustc/6067b36314ab5eb2eb47cecc464545ba58e1ad24/library/core/src/panic/unwind_safe.rs:272:9
[INFO] [stdout]   28:     0x565ee5f16033 - std::panicking::try::do_call::h3da0561d9ab99c25
[INFO] [stdout]                                at /rustc/6067b36314ab5eb2eb47cecc464545ba58e1ad24/library/std/src/panicking.rs:587:40
[INFO] [stdout]   29:     0x565ee5f16033 - std::panicking::try::h41c9fa508bc61df6
[INFO] [stdout]                                at /rustc/6067b36314ab5eb2eb47cecc464545ba58e1ad24/library/std/src/panicking.rs:550:19
[INFO] [stdout]   30:     0x565ee5f16033 - std::panic::catch_unwind::h6b3ff07bb5afad93
[INFO] [stdout]                                at /rustc/6067b36314ab5eb2eb47cecc464545ba58e1ad24/library/std/src/panic.rs:358:14
[INFO] [stdout]   31:     0x565ee5f16033 - test::run_test_in_process::hc7253dd11b39b9f4
[INFO] [stdout]                                at /rustc/6067b36314ab5eb2eb47cecc464545ba58e1ad24/library/test/src/lib.rs:655:27
[INFO] [stdout]   32:     0x565ee5f16033 - test::run_test::{{closure}}::hfb2007f8649c30bb
[INFO] [stdout]                                at /rustc/6067b36314ab5eb2eb47cecc464545ba58e1ad24/library/test/src/lib.rs:576:43
[INFO] [stdout]   33:     0x565ee5ed9115 - test::run_test::{{closure}}::h56a17aa7a282a9f4
[INFO] [stdout]                                at /rustc/6067b36314ab5eb2eb47cecc464545ba58e1ad24/library/test/src/lib.rs:606:41
[INFO] [stdout]   34:     0x565ee5ed9115 - std::sys::backtrace::__rust_begin_short_backtrace::hd2d2d2fb8e8c6aac
[INFO] [stdout]                                at /rustc/6067b36314ab5eb2eb47cecc464545ba58e1ad24/library/std/src/sys/backtrace.rs:152:18
[INFO] [stdout]   35:     0x565ee5edc9fa - std::thread::Builder::spawn_unchecked_::{{closure}}::{{closure}}::h4faa3f9db6133423
[INFO] [stdout]                                at /rustc/6067b36314ab5eb2eb47cecc464545ba58e1ad24/library/std/src/thread/mod.rs:559:17
[INFO] [stdout]   36:     0x565ee5edc9fa - <core::panic::unwind_safe::AssertUnwindSafe<F> as core::ops::function::FnOnce<()>>::call_once::hf2e855a36a4ea846
[INFO] [stdout]                                at /rustc/6067b36314ab5eb2eb47cecc464545ba58e1ad24/library/core/src/panic/unwind_safe.rs:272:9
[INFO] [stdout]   37:     0x565ee5edc9fa - std::panicking::try::do_call::h2f73af3616c35465
[INFO] [stdout]                                at /rustc/6067b36314ab5eb2eb47cecc464545ba58e1ad24/library/std/src/panicking.rs:587:40
[INFO] [stdout]   38:     0x565ee5edc9fa - std::panicking::try::hd1660ce9efadef5a
[INFO] [stdout]                                at /rustc/6067b36314ab5eb2eb47cecc464545ba58e1ad24/library/std/src/panicking.rs:550:19
[INFO] [stdout]   39:     0x565ee5edc9fa - std::panic::catch_unwind::h5ee8d7823b8ca744
[INFO] [stdout]                                at /rustc/6067b36314ab5eb2eb47cecc464545ba58e1ad24/library/std/src/panic.rs:358:14
[INFO] [stdout]   40:     0x565ee5edc9fa - std::thread::Builder::spawn_unchecked_::{{closure}}::h53c3a1894dce8407
[INFO] [stdout]                                at /rustc/6067b36314ab5eb2eb47cecc464545ba58e1ad24/library/std/src/thread/mod.rs:557:30
[INFO] [stdout]   41:     0x565ee5edc9fa - core::ops::function::FnOnce::call_once{{vtable.shim}}::h048ce291ad4f62bf
[INFO] [stdout]                                at /rustc/6067b36314ab5eb2eb47cecc464545ba58e1ad24/library/core/src/ops/function.rs:250:5
[INFO] [stdout]   42:     0x7e37c575989b - <alloc::boxed::Box<F,A> as core::ops::function::FnOnce<Args>>::call_once::ha52bedf99a3b4981
[INFO] [stdout]                                at /rustc/6067b36314ab5eb2eb47cecc464545ba58e1ad24/library/alloc/src/boxed.rs:2013:9
[INFO] [stdout]   43:     0x7e37c575989b - <alloc::boxed::Box<F,A> as core::ops::function::FnOnce<Args>>::call_once::h567748934d80ccf8
[INFO] [stdout]                                at /rustc/6067b36314ab5eb2eb47cecc464545ba58e1ad24/library/alloc/src/boxed.rs:2013:9
[INFO] [stdout]   44:     0x7e37c575989b - std::sys::pal::unix::thread::Thread::new::thread_start::h2d970728ae887adc
[INFO] [stdout]                                at /rustc/6067b36314ab5eb2eb47cecc464545ba58e1ad24/library/std/src/sys/pal/unix/thread.rs:106:17
[INFO] [stdout]   45:     0x7e37c53c7ac3 - <unknown>
[INFO] [stdout]   46:     0x7e37c5458a04 - clone
[INFO] [stdout]   47:                0x0 - <unknown>
[INFO] [stdout] 
[INFO] [stdout] 
[INFO] [stdout] failures:
[INFO] [stdout]     test::ui_tests
[INFO] [stdout] 
[INFO] [stdout] test result: FAILED. 0 passed; 1 failed; 0 ignored; 0 measured; 0 filtered out; finished in 21.55s
[INFO] [stdout] 
[INFO] [stderr] error: test failed, to rerun pass `--lib`
[INFO] running `Command { std: "docker" "inspect" "e844295e04b8b2bbb09fded992fe2abd53134766137f3923db71c213ae8cddff", kill_on_drop: false }`
[INFO] running `Command { std: "docker" "rm" "-f" "e844295e04b8b2bbb09fded992fe2abd53134766137f3923db71c213ae8cddff", kill_on_drop: false }`
[INFO] [stdout] e844295e04b8b2bbb09fded992fe2abd53134766137f3923db71c213ae8cddff
