[INFO] fetching crate report-macros 1.0.0...
[INFO] testing report-macros-1.0.0 against nightly-2025-01-18+rustflags=-Zrandomize-layout for randomize-layout-2
[INFO] extracting crate report-macros 1.0.0 into /workspace/builds/worker-2-tc2/source
[INFO] validating manifest of crates.io crate report-macros 1.0.0 on toolchain nightly-2025-01-18
[INFO] running `Command { std: CARGO_HOME="/workspace/cargo-home" RUSTUP_HOME="/workspace/rustup-home" "/workspace/cargo-home/bin/cargo" "+nightly-2025-01-18" "metadata" "--manifest-path" "Cargo.toml" "--no-deps", kill_on_drop: false }`
[INFO] started tweaking crates.io crate report-macros 1.0.0
[INFO] finished tweaking crates.io crate report-macros 1.0.0
[INFO] tweaked toml for crates.io crate report-macros 1.0.0 written to /workspace/builds/worker-2-tc2/source/Cargo.toml
[INFO] running `Command { std: CARGO_HOME="/workspace/cargo-home" RUSTUP_HOME="/workspace/rustup-home" "/workspace/cargo-home/bin/cargo" "+nightly-2025-01-18" "generate-lockfile" "--manifest-path" "Cargo.toml", kill_on_drop: false }`
[INFO] [stderr]     Updating crates.io index
[INFO] [stderr]      Locking 4 packages to latest compatible versions
[INFO] running `Command { std: CARGO_HOME="/workspace/cargo-home" RUSTUP_HOME="/workspace/rustup-home" "/workspace/cargo-home/bin/cargo" "+nightly-2025-01-18" "fetch" "--manifest-path" "Cargo.toml", kill_on_drop: false }`
[INFO] running `Command { std: "docker" "create" "-v" "/var/lib/crater-agent-workspace/builds/worker-2-tc2/target:/opt/rustwide/target:rw,Z" "-v" "/var/lib/crater-agent-workspace/builds/worker-2-tc2/source:/opt/rustwide/workdir:ro,Z" "-v" "/var/lib/crater-agent-workspace/cargo-home:/opt/rustwide/cargo-home:ro,Z" "-v" "/var/lib/crater-agent-workspace/rustup-home:/opt/rustwide/rustup-home:ro,Z" "-e" "SOURCE_DIR=/opt/rustwide/workdir" "-e" "CARGO_TARGET_DIR=/opt/rustwide/target" "-e" "CARGO_HOME=/opt/rustwide/cargo-home" "-e" "RUSTUP_HOME=/opt/rustwide/rustup-home" "-w" "/opt/rustwide/workdir" "-m" "1610612736" "--user" "0:0" "--network" "none" "ghcr.io/rust-lang/crates-build-env/linux@sha256:819108c5571ea2e421544af4d832f968d213c87fbe3707a016657f43d2f853bc" "/opt/rustwide/cargo-home/bin/cargo" "+nightly-2025-01-18" "metadata" "--no-deps" "--format-version=1", kill_on_drop: false }`
[INFO] [stdout] 4fb9ef3f600d553eb11a790bfbdfec413434c7a4262e05acc759564f28d2a7d4
[INFO] running `Command { std: "docker" "start" "-a" "4fb9ef3f600d553eb11a790bfbdfec413434c7a4262e05acc759564f28d2a7d4", kill_on_drop: false }`
[INFO] running `Command { std: "docker" "inspect" "4fb9ef3f600d553eb11a790bfbdfec413434c7a4262e05acc759564f28d2a7d4", kill_on_drop: false }`
[INFO] running `Command { std: "docker" "rm" "-f" "4fb9ef3f600d553eb11a790bfbdfec413434c7a4262e05acc759564f28d2a7d4", kill_on_drop: false }`
[INFO] [stdout] 4fb9ef3f600d553eb11a790bfbdfec413434c7a4262e05acc759564f28d2a7d4
[INFO] running `Command { std: "docker" "create" "-v" "/var/lib/crater-agent-workspace/builds/worker-2-tc2/target:/opt/rustwide/target:rw,Z" "-v" "/var/lib/crater-agent-workspace/builds/worker-2-tc2/source:/opt/rustwide/workdir:ro,Z" "-v" "/var/lib/crater-agent-workspace/cargo-home:/opt/rustwide/cargo-home:ro,Z" "-v" "/var/lib/crater-agent-workspace/rustup-home:/opt/rustwide/rustup-home:ro,Z" "-e" "SOURCE_DIR=/opt/rustwide/workdir" "-e" "CARGO_TARGET_DIR=/opt/rustwide/target" "-e" "CARGO_INCREMENTAL=0" "-e" "RUST_BACKTRACE=full" "-e" "RUSTFLAGS=--cap-lints=forbid -Zrandomize-layout" "-e" "RUSTDOCFLAGS=--cap-lints=forbid" "-e" "CARGO_HOME=/opt/rustwide/cargo-home" "-e" "RUSTUP_HOME=/opt/rustwide/rustup-home" "-w" "/opt/rustwide/workdir" "-m" "1610612736" "--user" "0:0" "--network" "none" "ghcr.io/rust-lang/crates-build-env/linux@sha256:819108c5571ea2e421544af4d832f968d213c87fbe3707a016657f43d2f853bc" "/opt/rustwide/cargo-home/bin/cargo" "+nightly-2025-01-18" "build" "--frozen" "--message-format=json", kill_on_drop: false }`
[INFO] [stdout] a66624e88ec4b064e695dc20ef170d12569ac54941221eb0cedf4cb68ba9e9c9
[INFO] running `Command { std: "docker" "start" "-a" "a66624e88ec4b064e695dc20ef170d12569ac54941221eb0cedf4cb68ba9e9c9", kill_on_drop: false }`
[INFO] [stderr]    Compiling proc-macro2 v1.0.93
[INFO] [stderr]    Compiling unicode-ident v1.0.14
[INFO] [stderr]    Compiling quote v1.0.38
[INFO] [stderr]    Compiling syn v2.0.96
[INFO] [stderr]    Compiling report-macros v1.0.0 (/opt/rustwide/workdir)
[INFO] [stderr]     Finished `dev` profile [unoptimized + debuginfo] target(s) in 4.97s
[INFO] running `Command { std: "docker" "inspect" "a66624e88ec4b064e695dc20ef170d12569ac54941221eb0cedf4cb68ba9e9c9", kill_on_drop: false }`
[INFO] running `Command { std: "docker" "rm" "-f" "a66624e88ec4b064e695dc20ef170d12569ac54941221eb0cedf4cb68ba9e9c9", kill_on_drop: false }`
[INFO] [stdout] a66624e88ec4b064e695dc20ef170d12569ac54941221eb0cedf4cb68ba9e9c9
[INFO] running `Command { std: "docker" "create" "-v" "/var/lib/crater-agent-workspace/builds/worker-2-tc2/target:/opt/rustwide/target:rw,Z" "-v" "/var/lib/crater-agent-workspace/builds/worker-2-tc2/source:/opt/rustwide/workdir:ro,Z" "-v" "/var/lib/crater-agent-workspace/cargo-home:/opt/rustwide/cargo-home:ro,Z" "-v" "/var/lib/crater-agent-workspace/rustup-home:/opt/rustwide/rustup-home:ro,Z" "-e" "SOURCE_DIR=/opt/rustwide/workdir" "-e" "CARGO_TARGET_DIR=/opt/rustwide/target" "-e" "CARGO_INCREMENTAL=0" "-e" "RUST_BACKTRACE=full" "-e" "RUSTFLAGS=--cap-lints=forbid -Zrandomize-layout" "-e" "RUSTDOCFLAGS=--cap-lints=forbid" "-e" "CARGO_HOME=/opt/rustwide/cargo-home" "-e" "RUSTUP_HOME=/opt/rustwide/rustup-home" "-w" "/opt/rustwide/workdir" "-m" "1610612736" "--user" "0:0" "--network" "none" "ghcr.io/rust-lang/crates-build-env/linux@sha256:819108c5571ea2e421544af4d832f968d213c87fbe3707a016657f43d2f853bc" "/opt/rustwide/cargo-home/bin/cargo" "+nightly-2025-01-18" "test" "--frozen" "--no-run" "--message-format=json", kill_on_drop: false }`
[INFO] [stdout] c36ce87e3707402b43e2d9f96f723e4191f5f2c7a9d5a5c71428bb4ce3183823
[INFO] running `Command { std: "docker" "start" "-a" "c36ce87e3707402b43e2d9f96f723e4191f5f2c7a9d5a5c71428bb4ce3183823", kill_on_drop: false }`
[INFO] [stderr]    Compiling report-macros v1.0.0 (/opt/rustwide/workdir)
[INFO] [stderr]     Finished `test` profile [unoptimized + debuginfo] target(s) in 0.40s
[INFO] running `Command { std: "docker" "inspect" "c36ce87e3707402b43e2d9f96f723e4191f5f2c7a9d5a5c71428bb4ce3183823", kill_on_drop: false }`
[INFO] running `Command { std: "docker" "rm" "-f" "c36ce87e3707402b43e2d9f96f723e4191f5f2c7a9d5a5c71428bb4ce3183823", kill_on_drop: false }`
[INFO] [stdout] c36ce87e3707402b43e2d9f96f723e4191f5f2c7a9d5a5c71428bb4ce3183823
[INFO] running `Command { std: "docker" "create" "-v" "/var/lib/crater-agent-workspace/builds/worker-2-tc2/target:/opt/rustwide/target:rw,Z" "-v" "/var/lib/crater-agent-workspace/builds/worker-2-tc2/source:/opt/rustwide/workdir:ro,Z" "-v" "/var/lib/crater-agent-workspace/cargo-home:/opt/rustwide/cargo-home:ro,Z" "-v" "/var/lib/crater-agent-workspace/rustup-home:/opt/rustwide/rustup-home:ro,Z" "-e" "SOURCE_DIR=/opt/rustwide/workdir" "-e" "CARGO_TARGET_DIR=/opt/rustwide/target" "-e" "CARGO_INCREMENTAL=0" "-e" "RUST_BACKTRACE=full" "-e" "RUSTFLAGS=--cap-lints=forbid -Zrandomize-layout" "-e" "RUSTDOCFLAGS=--cap-lints=forbid" "-e" "CARGO_HOME=/opt/rustwide/cargo-home" "-e" "RUSTUP_HOME=/opt/rustwide/rustup-home" "-w" "/opt/rustwide/workdir" "-m" "1610612736" "--user" "0:0" "--network" "none" "ghcr.io/rust-lang/crates-build-env/linux@sha256:819108c5571ea2e421544af4d832f968d213c87fbe3707a016657f43d2f853bc" "/opt/rustwide/cargo-home/bin/cargo" "+nightly-2025-01-18" "test" "--frozen", kill_on_drop: false }`
[INFO] [stdout] f6c3d28d5c10bb60d1d0482a1f83c3dbaeae6ea2eaa89e18b0f61b86f15d3871
[INFO] running `Command { std: "docker" "start" "-a" "f6c3d28d5c10bb60d1d0482a1f83c3dbaeae6ea2eaa89e18b0f61b86f15d3871", kill_on_drop: false }`
[INFO] [stderr]     Finished `test` profile [unoptimized + debuginfo] target(s) in 0.02s
[INFO] [stderr]      Running unittests src/lib.rs (/opt/rustwide/target/debug/deps/report_macros-26be4982cc02857c)
[INFO] [stdout] 
[INFO] [stdout] running 0 tests
[INFO] [stdout] 
[INFO] [stdout] test result: ok. 0 passed; 0 failed; 0 ignored; 0 measured; 0 filtered out; finished in 0.00s
[INFO] [stdout] 
[INFO] [stderr]    Doc-tests report_macros
[INFO] [stdout] 
[INFO] [stdout] running 5 tests
[INFO] [stdout] test src/lib.rs - report (line 138) - compile fail ... ok
[INFO] [stdout] test src/lib.rs - log (line 16) ... FAILED
[INFO] [stdout] test src/lib.rs - log (line 56) ... FAILED
[INFO] [stdout] test src/lib.rs - report (line 93) ... FAILED
[INFO] [stdout] test src/lib.rs - report (line 151) ... FAILED
[INFO] [stdout] 
[INFO] [stdout] failures:
[INFO] [stdout] 
[INFO] [stdout] ---- src/lib.rs - log (line 16) stdout ----
[INFO] [stdout] error[E0432]: unresolved import `report`
[INFO] [stdout]  --> src/lib.rs:17:5
[INFO] [stdout]   |
[INFO] [stdout] 2 | use report::{log, info};
[INFO] [stdout]   |     ^^^^^^ use of undeclared crate or module `report`
[INFO] [stdout] 
[INFO] [stdout] error: aborting due to 1 previous error
[INFO] [stdout] 
[INFO] [stdout] For more information about this error, try `rustc --explain E0432`.
[INFO] [stdout] Couldn't compile the test.
[INFO] [stdout] ---- src/lib.rs - log (line 56) stdout ----
[INFO] [stdout] error[E0432]: unresolved import `report`
[INFO] [stdout]  --> src/lib.rs:57:5
[INFO] [stdout]   |
[INFO] [stdout] 3 | use report::log;
[INFO] [stdout]   |     ^^^^^^ use of undeclared crate or module `report`
[INFO] [stdout] 
[INFO] [stdout] error: aborting due to 1 previous error
[INFO] [stdout] 
[INFO] [stdout] For more information about this error, try `rustc --explain E0432`.
[INFO] [stdout] Couldn't compile the test.
[INFO] [stdout] ---- src/lib.rs - report (line 93) stdout ----
[INFO] [stdout] error[E0658]: attributes on expressions are experimental
[INFO] [stdout]  --> src/lib.rs:100:5
[INFO] [stdout]   |
[INFO] [stdout] 8 |     #[report("First group")]
[INFO] [stdout]   |     ^^^^^^^^^^^^^^^^^^^^^^^^
[INFO] [stdout]   |
[INFO] [stdout]   = note: see issue #15701 <https://github.com/rust-lang/rust/issues/15701> for more information
[INFO] [stdout]   = help: add `#![feature(stmt_expr_attributes)]` to the crate attributes to enable
[INFO] [stdout]   = note: this compiler was built on 2025-01-17; consider upgrading it if it is out of date
[INFO] [stdout] 
[INFO] [stdout] error[E0658]: attributes on expressions are experimental
[INFO] [stdout]   --> src/lib.rs:108:5
[INFO] [stdout]    |
[INFO] [stdout] 16 |     #[report("Omitted group")]
[INFO] [stdout]    |     ^^^^^^^^^^^^^^^^^^^^^^^^^^
[INFO] [stdout]    |
[INFO] [stdout]    = note: see issue #15701 <https://github.com/rust-lang/rust/issues/15701> for more information
[INFO] [stdout]    = help: add `#![feature(stmt_expr_attributes)]` to the crate attributes to enable
[INFO] [stdout]    = note: this compiler was built on 2025-01-17; consider upgrading it if it is out of date
[INFO] [stdout] 
[INFO] [stdout] error[E0432]: unresolved import `report`
[INFO] [stdout]  --> src/lib.rs:94:5
[INFO] [stdout]   |
[INFO] [stdout] 2 | use report::{report, info, log};
[INFO] [stdout]   |     ^^^^^^ use of undeclared crate or module `report`
[INFO] [stdout] 
[INFO] [stdout] error: aborting due to 3 previous errors
[INFO] [stdout] 
[INFO] [stdout] Some errors have detailed explanations: E0432, E0658.
[INFO] [stdout] For more information about an error, try `rustc --explain E0432`.
[INFO] [stdout] Couldn't compile the test.
[INFO] [stdout] ---- src/lib.rs - report (line 151) stdout ----
[INFO] [stdout] error[E0432]: unresolved import `report`
[INFO] [stdout]  --> src/lib.rs:152:5
[INFO] [stdout]   |
[INFO] [stdout] 3 | use report::{Result, report};
[INFO] [stdout]   |     ^^^^^^ use of undeclared crate or module `report`
[INFO] [stdout] 
[INFO] [stdout] error: aborting due to 1 previous error
[INFO] [stdout] 
[INFO] [stdout] For more information about this error, try `rustc --explain E0432`.
[INFO] [stdout] Couldn't compile the test.
[INFO] [stdout] 
[INFO] [stdout] failures:
[INFO] [stdout]     src/lib.rs - log (line 16)
[INFO] [stdout]     src/lib.rs - log (line 56)
[INFO] [stdout]     src/lib.rs - report (line 151)
[INFO] [stdout]     src/lib.rs - report (line 93)
[INFO] [stdout] 
[INFO] [stdout] test result: FAILED. 1 passed; 4 failed; 0 ignored; 0 measured; 0 filtered out; finished in 0.09s
[INFO] [stdout] 
[INFO] [stderr] error: doctest failed, to rerun pass `--doc`
[INFO] running `Command { std: "docker" "inspect" "f6c3d28d5c10bb60d1d0482a1f83c3dbaeae6ea2eaa89e18b0f61b86f15d3871", kill_on_drop: false }`
[INFO] running `Command { std: "docker" "rm" "-f" "f6c3d28d5c10bb60d1d0482a1f83c3dbaeae6ea2eaa89e18b0f61b86f15d3871", kill_on_drop: false }`
[INFO] [stdout] f6c3d28d5c10bb60d1d0482a1f83c3dbaeae6ea2eaa89e18b0f61b86f15d3871
