[INFO] fetching crate remoteit-api 0.12.2...
[INFO] testing remoteit-api-0.12.2 against nightly-2025-01-18 for randomize-layout-2
[INFO] extracting crate remoteit-api 0.12.2 into /workspace/builds/worker-4-tc1/source
[INFO] validating manifest of crates.io crate remoteit-api 0.12.2 on toolchain nightly-2025-01-18
[INFO] running `Command { std: CARGO_HOME="/workspace/cargo-home" RUSTUP_HOME="/workspace/rustup-home" "/workspace/cargo-home/bin/cargo" "+nightly-2025-01-18" "metadata" "--manifest-path" "Cargo.toml" "--no-deps", kill_on_drop: false }`
[INFO] started tweaking crates.io crate remoteit-api 0.12.2
[INFO] finished tweaking crates.io crate remoteit-api 0.12.2
[INFO] tweaked toml for crates.io crate remoteit-api 0.12.2 written to /workspace/builds/worker-4-tc1/source/Cargo.toml
[INFO] running `Command { std: CARGO_HOME="/workspace/cargo-home" RUSTUP_HOME="/workspace/rustup-home" "/workspace/cargo-home/bin/cargo" "+nightly-2025-01-18" "generate-lockfile" "--manifest-path" "Cargo.toml", kill_on_drop: false }`
[INFO] [stderr]     Updating crates.io index
[INFO] [stderr]      Locking 224 packages to latest compatible versions
[INFO] [stderr]       Adding bon v1.2.1 (available: v3.3.2)
[INFO] [stderr]       Adding config v0.14.1 (available: v0.15.6)
[INFO] [stderr]       Adding dirs v5.0.1 (available: v6.0.0)
[INFO] [stderr]       Adding itertools v0.13.0 (available: v0.14.0)
[INFO] [stderr]       Adding thiserror v1.0.69 (available: v2.0.11)
[INFO] running `Command { std: CARGO_HOME="/workspace/cargo-home" RUSTUP_HOME="/workspace/rustup-home" "/workspace/cargo-home/bin/cargo" "+nightly-2025-01-18" "fetch" "--manifest-path" "Cargo.toml", kill_on_drop: false }`
[INFO] [stderr]  Downloading crates ...
[INFO] [stderr]   Downloaded graphql-parser v0.4.1
[INFO] [stderr]   Downloaded graphql_query_derive v0.14.0
[INFO] [stderr]   Downloaded graphql_client v0.14.0
[INFO] [stderr]   Downloaded bon-macros v1.2.1
[INFO] [stderr]   Downloaded hmac v0.13.0-pre.4
[INFO] [stderr]   Downloaded bon v1.2.1
[INFO] [stderr]   Downloaded graphql_client_codegen v0.14.0
[INFO] running `Command { std: "docker" "create" "-v" "/var/lib/crater-agent-workspace/builds/worker-4-tc1/target:/opt/rustwide/target:rw,Z" "-v" "/var/lib/crater-agent-workspace/builds/worker-4-tc1/source:/opt/rustwide/workdir:ro,Z" "-v" "/var/lib/crater-agent-workspace/cargo-home:/opt/rustwide/cargo-home:ro,Z" "-v" "/var/lib/crater-agent-workspace/rustup-home:/opt/rustwide/rustup-home:ro,Z" "-e" "SOURCE_DIR=/opt/rustwide/workdir" "-e" "CARGO_TARGET_DIR=/opt/rustwide/target" "-e" "CARGO_HOME=/opt/rustwide/cargo-home" "-e" "RUSTUP_HOME=/opt/rustwide/rustup-home" "-w" "/opt/rustwide/workdir" "-m" "1610612736" "--user" "0:0" "--network" "none" "ghcr.io/rust-lang/crates-build-env/linux@sha256:819108c5571ea2e421544af4d832f968d213c87fbe3707a016657f43d2f853bc" "/opt/rustwide/cargo-home/bin/cargo" "+nightly-2025-01-18" "metadata" "--no-deps" "--format-version=1", kill_on_drop: false }`
[INFO] [stdout] 725c779e90a580fa4663fe00c47c2879930b452b01280d2896816891676a2697
[INFO] running `Command { std: "docker" "start" "-a" "725c779e90a580fa4663fe00c47c2879930b452b01280d2896816891676a2697", kill_on_drop: false }`
[INFO] running `Command { std: "docker" "inspect" "725c779e90a580fa4663fe00c47c2879930b452b01280d2896816891676a2697", kill_on_drop: false }`
[INFO] running `Command { std: "docker" "rm" "-f" "725c779e90a580fa4663fe00c47c2879930b452b01280d2896816891676a2697", kill_on_drop: false }`
[INFO] [stdout] 725c779e90a580fa4663fe00c47c2879930b452b01280d2896816891676a2697
[INFO] running `Command { std: "docker" "create" "-v" "/var/lib/crater-agent-workspace/builds/worker-4-tc1/target:/opt/rustwide/target:rw,Z" "-v" "/var/lib/crater-agent-workspace/builds/worker-4-tc1/source:/opt/rustwide/workdir:ro,Z" "-v" "/var/lib/crater-agent-workspace/cargo-home:/opt/rustwide/cargo-home:ro,Z" "-v" "/var/lib/crater-agent-workspace/rustup-home:/opt/rustwide/rustup-home:ro,Z" "-e" "SOURCE_DIR=/opt/rustwide/workdir" "-e" "CARGO_TARGET_DIR=/opt/rustwide/target" "-e" "CARGO_INCREMENTAL=0" "-e" "RUST_BACKTRACE=full" "-e" "RUSTFLAGS=--cap-lints=forbid" "-e" "RUSTDOCFLAGS=--cap-lints=forbid" "-e" "CARGO_HOME=/opt/rustwide/cargo-home" "-e" "RUSTUP_HOME=/opt/rustwide/rustup-home" "-w" "/opt/rustwide/workdir" "-m" "1610612736" "--user" "0:0" "--network" "none" "ghcr.io/rust-lang/crates-build-env/linux@sha256:819108c5571ea2e421544af4d832f968d213c87fbe3707a016657f43d2f853bc" "/opt/rustwide/cargo-home/bin/cargo" "+nightly-2025-01-18" "build" "--frozen" "--message-format=json", kill_on_drop: false }`
[INFO] [stdout] 13bf7cd20d89502ea426d93e653b7656d8ff5aa0a1e31603391d8c41657defc5
[INFO] running `Command { std: "docker" "start" "-a" "13bf7cd20d89502ea426d93e653b7656d8ff5aa0a1e31603391d8c41657defc5", kill_on_drop: false }`
[INFO] [stderr]    Compiling serde v1.0.217
[INFO] [stderr]    Compiling serde_derive v1.0.217
[INFO] [stderr]    Compiling typenum v1.17.0
[INFO] [stderr]    Compiling memchr v2.7.4
[INFO] [stderr]    Compiling thiserror v1.0.69
[INFO] [stderr]    Compiling thiserror-impl v1.0.69
[INFO] [stderr]    Compiling bytes v1.9.0
[INFO] [stderr]    Compiling syn v1.0.109
[INFO] [stderr]    Compiling serde_json v1.0.137
[INFO] [stderr]    Compiling strsim v0.11.1
[INFO] [stderr]    Compiling ident_case v1.0.1
[INFO] [stderr]    Compiling shlex v1.3.0
[INFO] [stderr]    Compiling itoa v1.0.14
[INFO] [stderr]    Compiling ryu v1.0.18
[INFO] [stderr]    Compiling heck v0.4.1
[INFO] [stderr]    Compiling lazy_static v1.5.0
[INFO] [stderr]    Compiling subtle v2.6.1
[INFO] [stderr]    Compiling getrandom v0.2.15
[INFO] [stderr]    Compiling untrusted v0.9.0
[INFO] [stderr]    Compiling spin v0.9.8
[INFO] [stderr]    Compiling itertools v0.13.0
[INFO] [stderr]    Compiling cc v1.2.10
[INFO] [stderr]    Compiling darling_core v0.20.10
[INFO] [stderr]    Compiling base64 v0.22.1
[INFO] [stderr]    Compiling combine v4.6.7
[INFO] [stderr]    Compiling hybrid-array v0.2.3
[INFO] [stderr]    Compiling ring v0.17.8
[INFO] [stderr]    Compiling block-buffer v0.11.0-rc.3
[INFO] [stderr]    Compiling crypto-common v0.2.0-rc.1
[INFO] [stderr]    Compiling darling_macro v0.20.10
[INFO] [stderr]    Compiling darling v0.20.10
[INFO] [stderr]    Compiling bon-macros v1.2.1
[INFO] [stderr]    Compiling digest v0.11.0-pre.9
[INFO] [stderr]    Compiling hmac v0.13.0-pre.4
[INFO] [stderr]    Compiling bon v1.2.1
[INFO] [stderr]    Compiling graphql-parser v0.4.1
[INFO] [stderr]    Compiling graphql-introspection-query v0.2.0
[INFO] [stderr]    Compiling chrono v0.4.39
[INFO] [stderr]    Compiling graphql_client_codegen v0.14.0
[INFO] [stderr]    Compiling graphql_query_derive v0.14.0
[INFO] [stderr]    Compiling graphql_client v0.14.0
[INFO] [stderr]    Compiling remoteit-api v0.12.2 (/opt/rustwide/workdir)
[INFO] [stderr]     Finished `dev` profile [unoptimized + debuginfo] target(s) in 24.79s
[INFO] running `Command { std: "docker" "inspect" "13bf7cd20d89502ea426d93e653b7656d8ff5aa0a1e31603391d8c41657defc5", kill_on_drop: false }`
[INFO] running `Command { std: "docker" "rm" "-f" "13bf7cd20d89502ea426d93e653b7656d8ff5aa0a1e31603391d8c41657defc5", kill_on_drop: false }`
[INFO] [stdout] 13bf7cd20d89502ea426d93e653b7656d8ff5aa0a1e31603391d8c41657defc5
[INFO] running `Command { std: "docker" "create" "-v" "/var/lib/crater-agent-workspace/builds/worker-4-tc1/target:/opt/rustwide/target:rw,Z" "-v" "/var/lib/crater-agent-workspace/builds/worker-4-tc1/source:/opt/rustwide/workdir:ro,Z" "-v" "/var/lib/crater-agent-workspace/cargo-home:/opt/rustwide/cargo-home:ro,Z" "-v" "/var/lib/crater-agent-workspace/rustup-home:/opt/rustwide/rustup-home:ro,Z" "-e" "SOURCE_DIR=/opt/rustwide/workdir" "-e" "CARGO_TARGET_DIR=/opt/rustwide/target" "-e" "CARGO_INCREMENTAL=0" "-e" "RUST_BACKTRACE=full" "-e" "RUSTFLAGS=--cap-lints=forbid" "-e" "RUSTDOCFLAGS=--cap-lints=forbid" "-e" "CARGO_HOME=/opt/rustwide/cargo-home" "-e" "RUSTUP_HOME=/opt/rustwide/rustup-home" "-w" "/opt/rustwide/workdir" "-m" "1610612736" "--user" "0:0" "--network" "none" "ghcr.io/rust-lang/crates-build-env/linux@sha256:819108c5571ea2e421544af4d832f968d213c87fbe3707a016657f43d2f853bc" "/opt/rustwide/cargo-home/bin/cargo" "+nightly-2025-01-18" "test" "--frozen" "--no-run" "--message-format=json", kill_on_drop: false }`
[INFO] [stdout] 82cc8b2fc93e6e05fdb5736d53602726c4b89251bfc9415b5987931bcf4fd95e
[INFO] running `Command { std: "docker" "start" "-a" "82cc8b2fc93e6e05fdb5736d53602726c4b89251bfc9415b5987931bcf4fd95e", kill_on_drop: false }`
[INFO] [stderr]    Compiling bytes v1.9.0
[INFO] [stderr]    Compiling scopeguard v1.2.0
[INFO] [stderr]    Compiling parking_lot_core v0.9.10
[INFO] [stderr]    Compiling lock_api v0.4.12
[INFO] [stderr]    Compiling rustix v0.38.43
[INFO] [stderr]    Compiling bitflags v2.8.0
[INFO] [stderr]    Compiling getrandom v0.2.15
[INFO] [stderr]    Compiling linux-raw-sys v0.4.15
[INFO] [stderr]    Compiling signal-hook-registry v1.4.2
[INFO] [stderr]    Compiling tokio-macros v2.5.0
[INFO] [stderr]    Compiling mio v1.0.3
[INFO] [stderr]    Compiling socket2 v0.5.8
[INFO] [stderr]    Compiling once_cell v1.20.2
[INFO] [stderr]    Compiling fastrand v2.3.0
[INFO] [stderr]    Compiling pin-project-lite v0.2.16
[INFO] [stderr]    Compiling ring v0.17.8
[INFO] [stderr]    Compiling parking_lot v0.12.3
[INFO] [stderr]    Compiling combine v4.6.7
[INFO] [stderr]    Compiling tokio v1.43.0
[INFO] [stderr]    Compiling tempfile v3.15.0
[INFO] [stderr]    Compiling graphql-parser v0.4.1
[INFO] [stderr]    Compiling graphql_client_codegen v0.14.0
[INFO] [stderr]    Compiling graphql_query_derive v0.14.0
[INFO] [stderr]    Compiling graphql_client v0.14.0
[INFO] [stderr]    Compiling remoteit-api v0.12.2 (/opt/rustwide/workdir)
[INFO] [stderr]     Finished `test` profile [unoptimized + debuginfo] target(s) in 17.29s
[INFO] running `Command { std: "docker" "inspect" "82cc8b2fc93e6e05fdb5736d53602726c4b89251bfc9415b5987931bcf4fd95e", kill_on_drop: false }`
[INFO] running `Command { std: "docker" "rm" "-f" "82cc8b2fc93e6e05fdb5736d53602726c4b89251bfc9415b5987931bcf4fd95e", kill_on_drop: false }`
[INFO] [stdout] 82cc8b2fc93e6e05fdb5736d53602726c4b89251bfc9415b5987931bcf4fd95e
[INFO] running `Command { std: "docker" "create" "-v" "/var/lib/crater-agent-workspace/builds/worker-4-tc1/target:/opt/rustwide/target:rw,Z" "-v" "/var/lib/crater-agent-workspace/builds/worker-4-tc1/source:/opt/rustwide/workdir:ro,Z" "-v" "/var/lib/crater-agent-workspace/cargo-home:/opt/rustwide/cargo-home:ro,Z" "-v" "/var/lib/crater-agent-workspace/rustup-home:/opt/rustwide/rustup-home:ro,Z" "-e" "SOURCE_DIR=/opt/rustwide/workdir" "-e" "CARGO_TARGET_DIR=/opt/rustwide/target" "-e" "CARGO_INCREMENTAL=0" "-e" "RUST_BACKTRACE=full" "-e" "RUSTFLAGS=--cap-lints=forbid" "-e" "RUSTDOCFLAGS=--cap-lints=forbid" "-e" "CARGO_HOME=/opt/rustwide/cargo-home" "-e" "RUSTUP_HOME=/opt/rustwide/rustup-home" "-w" "/opt/rustwide/workdir" "-m" "1610612736" "--user" "0:0" "--network" "none" "ghcr.io/rust-lang/crates-build-env/linux@sha256:819108c5571ea2e421544af4d832f968d213c87fbe3707a016657f43d2f853bc" "/opt/rustwide/cargo-home/bin/cargo" "+nightly-2025-01-18" "test" "--frozen", kill_on_drop: false }`
[INFO] [stdout] 1a452bd07ec2a8a679e28fe60547bc9e7b1ef67e666baeb663e63e6b5b627273
[INFO] running `Command { std: "docker" "start" "-a" "1a452bd07ec2a8a679e28fe60547bc9e7b1ef67e666baeb663e63e6b5b627273", kill_on_drop: false }`
[INFO] [stderr]     Finished `test` profile [unoptimized + debuginfo] target(s) in 0.17s
[INFO] [stderr]      Running unittests src/lib.rs (/opt/rustwide/target/debug/deps/remoteit_api-0b207e9da90c2ee5)
[INFO] [stdout] 
[INFO] [stdout] running 1 test
[INFO] [stdout] test credentials::tests::test_credentials_builder ... ok
[INFO] [stdout] 
[INFO] [stdout] test result: ok. 1 passed; 0 failed; 0 ignored; 0 measured; 0 filtered out; finished in 0.00s
[INFO] [stdout] 
[INFO] [stderr]    Doc-tests remoteit_api
[INFO] [stdout] 
[INFO] [stdout] running 4 tests
[INFO] [stdout] test src/lib.rs - R3Client (line 67) ... FAILED
[INFO] [stdout] test src/credentials.rs - credentials::Credentials (line 22) ... FAILED
[INFO] [stdout] test src/credentials.rs - credentials::Credentials::builder (line 45) ... ok
[INFO] [stdout] test src/credentials.rs - credentials::Credentials (line 14) ... ok
[INFO] [stdout] 
[INFO] [stdout] failures:
[INFO] [stdout] 
[INFO] [stdout] ---- src/lib.rs - R3Client (line 67) stdout ----
[INFO] [stdout] error[E0599]: no function or associated item named `load_from_disk` found for struct `Credentials` in the current scope
[INFO] [stdout]  --> src/lib.rs:71:45
[INFO] [stdout]   |
[INFO] [stdout] 7 | let credentials: Credentials = Credentials::load_from_disk()
[INFO] [stdout]   |                                             ^^^^^^^^^^^^^^ function or associated item not found in `Credentials`
[INFO] [stdout] 
[INFO] [stdout] error[E0599]: no method named `get_devices` found for struct `R3Client` in the current scope
[INFO] [stdout]   --> src/lib.rs:80:22
[INFO] [stdout]    |
[INFO] [stdout] 16 | let devices = client.get_devices().call().unwrap();
[INFO] [stdout]    |                      ^^^^^^^^^^^ method not found in `R3Client`
[INFO] [stdout] 
[INFO] [stdout] error: aborting due to 2 previous errors
[INFO] [stdout] 
[INFO] [stdout] For more information about this error, try `rustc --explain E0599`.
[INFO] [stdout] Couldn't compile the test.
[INFO] [stdout] ---- src/credentials.rs - credentials::Credentials (line 22) stdout ----
[INFO] [stdout] error[E0599]: no function or associated item named `load_from_disk` found for struct `Credentials` in the current scope
[INFO] [stdout]  --> src/credentials.rs:25:43
[INFO] [stdout]   |
[INFO] [stdout] 6 | let creds_from_default_loc = Credentials::load_from_disk().call().unwrap();
[INFO] [stdout]   |                                           ^^^^^^^^^^^^^^ function or associated item not found in `Credentials`
[INFO] [stdout] 
[INFO] [stdout] error[E0599]: no function or associated item named `load_from_disk` found for struct `Credentials` in the current scope
[INFO] [stdout]  --> src/credentials.rs:26:42
[INFO] [stdout]   |
[INFO] [stdout] 7 | let creds_from_custom_loc = Credentials::load_from_disk().custom_credentials_path(".env.remoteit").call().unwrap();
[INFO] [stdout]   |                                          ^^^^^^^^^^^^^^ function or associated item not found in `Credentials`
[INFO] [stdout] 
[INFO] [stdout] error: aborting due to 2 previous errors
[INFO] [stdout] 
[INFO] [stdout] For more information about this error, try `rustc --explain E0599`.
[INFO] [stdout] Couldn't compile the test.
[INFO] [stdout] 
[INFO] [stdout] failures:
[INFO] [stdout]     src/credentials.rs - credentials::Credentials (line 22)
[INFO] [stdout]     src/lib.rs - R3Client (line 67)
[INFO] [stdout] 
[INFO] [stdout] test result: FAILED. 2 passed; 2 failed; 0 ignored; 0 measured; 0 filtered out; finished in 0.32s
[INFO] [stdout] 
[INFO] [stderr] error: doctest failed, to rerun pass `--doc`
[INFO] running `Command { std: "docker" "inspect" "1a452bd07ec2a8a679e28fe60547bc9e7b1ef67e666baeb663e63e6b5b627273", kill_on_drop: false }`
[INFO] running `Command { std: "docker" "rm" "-f" "1a452bd07ec2a8a679e28fe60547bc9e7b1ef67e666baeb663e63e6b5b627273", kill_on_drop: false }`
[INFO] [stdout] 1a452bd07ec2a8a679e28fe60547bc9e7b1ef67e666baeb663e63e6b5b627273
