[INFO] fetching crate remote_config 0.2.0...
[INFO] testing remote_config-0.2.0 against nightly-2025-01-18+rustflags=-Zrandomize-layout for randomize-layout-2
[INFO] extracting crate remote_config 0.2.0 into /workspace/builds/worker-4-tc2/source
[INFO] validating manifest of crates.io crate remote_config 0.2.0 on toolchain nightly-2025-01-18
[INFO] running `Command { std: CARGO_HOME="/workspace/cargo-home" RUSTUP_HOME="/workspace/rustup-home" "/workspace/cargo-home/bin/cargo" "+nightly-2025-01-18" "metadata" "--manifest-path" "Cargo.toml" "--no-deps", kill_on_drop: false }`
[INFO] started tweaking crates.io crate remote_config 0.2.0
[INFO] finished tweaking crates.io crate remote_config 0.2.0
[INFO] tweaked toml for crates.io crate remote_config 0.2.0 written to /workspace/builds/worker-4-tc2/source/Cargo.toml
[INFO] running `Command { std: CARGO_HOME="/workspace/cargo-home" RUSTUP_HOME="/workspace/rustup-home" "/workspace/cargo-home/bin/cargo" "+nightly-2025-01-18" "generate-lockfile" "--manifest-path" "Cargo.toml", kill_on_drop: false }`
[INFO] [stderr]     Updating crates.io index
[INFO] [stderr]      Locking 192 packages to latest compatible versions
[INFO] running `Command { std: CARGO_HOME="/workspace/cargo-home" RUSTUP_HOME="/workspace/rustup-home" "/workspace/cargo-home/bin/cargo" "+nightly-2025-01-18" "fetch" "--manifest-path" "Cargo.toml", kill_on_drop: false }`
[INFO] running `Command { std: "docker" "create" "-v" "/var/lib/crater-agent-workspace/builds/worker-4-tc2/target:/opt/rustwide/target:rw,Z" "-v" "/var/lib/crater-agent-workspace/builds/worker-4-tc2/source:/opt/rustwide/workdir:ro,Z" "-v" "/var/lib/crater-agent-workspace/cargo-home:/opt/rustwide/cargo-home:ro,Z" "-v" "/var/lib/crater-agent-workspace/rustup-home:/opt/rustwide/rustup-home:ro,Z" "-e" "SOURCE_DIR=/opt/rustwide/workdir" "-e" "CARGO_TARGET_DIR=/opt/rustwide/target" "-e" "CARGO_HOME=/opt/rustwide/cargo-home" "-e" "RUSTUP_HOME=/opt/rustwide/rustup-home" "-w" "/opt/rustwide/workdir" "-m" "1610612736" "--user" "0:0" "--network" "none" "ghcr.io/rust-lang/crates-build-env/linux@sha256:819108c5571ea2e421544af4d832f968d213c87fbe3707a016657f43d2f853bc" "/opt/rustwide/cargo-home/bin/cargo" "+nightly-2025-01-18" "metadata" "--no-deps" "--format-version=1", kill_on_drop: false }`
[INFO] [stdout] 5808e5271fc8dd19a2a8e974f7e9d8953f7c51582d8ede8beb1f6e8a896f0a8f
[INFO] running `Command { std: "docker" "start" "-a" "5808e5271fc8dd19a2a8e974f7e9d8953f7c51582d8ede8beb1f6e8a896f0a8f", kill_on_drop: false }`
[INFO] running `Command { std: "docker" "inspect" "5808e5271fc8dd19a2a8e974f7e9d8953f7c51582d8ede8beb1f6e8a896f0a8f", kill_on_drop: false }`
[INFO] running `Command { std: "docker" "rm" "-f" "5808e5271fc8dd19a2a8e974f7e9d8953f7c51582d8ede8beb1f6e8a896f0a8f", kill_on_drop: false }`
[INFO] [stdout] 5808e5271fc8dd19a2a8e974f7e9d8953f7c51582d8ede8beb1f6e8a896f0a8f
[INFO] running `Command { std: "docker" "create" "-v" "/var/lib/crater-agent-workspace/builds/worker-4-tc2/target:/opt/rustwide/target:rw,Z" "-v" "/var/lib/crater-agent-workspace/builds/worker-4-tc2/source:/opt/rustwide/workdir:ro,Z" "-v" "/var/lib/crater-agent-workspace/cargo-home:/opt/rustwide/cargo-home:ro,Z" "-v" "/var/lib/crater-agent-workspace/rustup-home:/opt/rustwide/rustup-home:ro,Z" "-e" "SOURCE_DIR=/opt/rustwide/workdir" "-e" "CARGO_TARGET_DIR=/opt/rustwide/target" "-e" "CARGO_INCREMENTAL=0" "-e" "RUST_BACKTRACE=full" "-e" "RUSTFLAGS=--cap-lints=forbid -Zrandomize-layout" "-e" "RUSTDOCFLAGS=--cap-lints=forbid" "-e" "CARGO_HOME=/opt/rustwide/cargo-home" "-e" "RUSTUP_HOME=/opt/rustwide/rustup-home" "-w" "/opt/rustwide/workdir" "-m" "1610612736" "--user" "0:0" "--network" "none" "ghcr.io/rust-lang/crates-build-env/linux@sha256:819108c5571ea2e421544af4d832f968d213c87fbe3707a016657f43d2f853bc" "/opt/rustwide/cargo-home/bin/cargo" "+nightly-2025-01-18" "build" "--frozen" "--message-format=json", kill_on_drop: false }`
[INFO] [stdout] f9ce2205f29bb6d96d7c70fc3fe9e5de44e29508d21d614136c6af288fed1baf
[INFO] running `Command { std: "docker" "start" "-a" "f9ce2205f29bb6d96d7c70fc3fe9e5de44e29508d21d614136c6af288fed1baf", kill_on_drop: false }`
[INFO] [stderr]    Compiling proc-macro2 v1.0.93
[INFO] [stderr]    Compiling unicode-ident v1.0.14
[INFO] [stderr]    Compiling libc v0.2.169
[INFO] [stderr]    Compiling stable_deref_trait v1.2.0
[INFO] [stderr]    Compiling pin-project-lite v0.2.16
[INFO] [stderr]    Compiling bytes v1.9.0
[INFO] [stderr]    Compiling shlex v1.3.0
[INFO] [stderr]    Compiling futures-core v0.3.31
[INFO] [stderr]    Compiling vcpkg v0.2.15
[INFO] [stderr]    Compiling once_cell v1.20.2
[INFO] [stderr]    Compiling itoa v1.0.14
[INFO] [stderr]    Compiling pkg-config v0.3.31
[INFO] [stderr]    Compiling writeable v0.5.5
[INFO] [stderr]    Compiling litemap v0.7.4
[INFO] [stderr]    Compiling fnv v1.0.7
[INFO] [stderr]    Compiling autocfg v1.4.0
[INFO] [stderr]    Compiling smallvec v1.13.2
[INFO] [stderr]    Compiling pin-utils v0.1.0
[INFO] [stderr]    Compiling icu_locid_transform_data v1.5.0
[INFO] [stderr]    Compiling futures-task v0.3.31
[INFO] [stderr]    Compiling equivalent v1.0.1
[INFO] [stderr]    Compiling httparse v1.9.5
[INFO] [stderr]    Compiling foreign-types-shared v0.1.1
[INFO] [stderr]    Compiling tracing-core v0.1.33
[INFO] [stderr]    Compiling hashbrown v0.15.2
[INFO] [stderr]    Compiling cc v1.2.10
[INFO] [stderr]    Compiling futures-util v0.3.31
[INFO] [stderr]    Compiling cfg-if v1.0.0
[INFO] [stderr]    Compiling openssl v0.10.68
[INFO] [stderr]    Compiling futures-sink v0.3.31
[INFO] [stderr]    Compiling icu_properties_data v1.5.0
[INFO] [stderr]    Compiling foreign-types v0.3.2
[INFO] [stderr]    Compiling http v1.2.0
[INFO] [stderr]    Compiling icu_normalizer_data v1.5.0
[INFO] [stderr]    Compiling utf16_iter v1.0.5
[INFO] [stderr]    Compiling native-tls v0.2.12
[INFO] [stderr]    Compiling slab v0.4.9
[INFO] [stderr]    Compiling bitflags v2.8.0
[INFO] [stderr]    Compiling atomic-waker v1.1.2
[INFO] [stderr]    Compiling write16 v1.0.0
[INFO] [stderr]    Compiling utf8_iter v1.0.4
[INFO] [stderr]    Compiling serde v1.0.217
[INFO] [stderr]    Compiling try-lock v0.2.5
[INFO] [stderr]    Compiling futures-channel v0.3.31
[INFO] [stderr]    Compiling want v0.3.1
[INFO] [stderr]    Compiling percent-encoding v2.3.1
[INFO] [stderr]    Compiling tracing v0.1.41
[INFO] [stderr]    Compiling openssl-probe v0.1.5
[INFO] [stderr]    Compiling tower-service v0.3.3
[INFO] [stderr]    Compiling log v0.4.25
[INFO] [stderr]    Compiling ryu v1.0.18
[INFO] [stderr]    Compiling form_urlencoded v1.2.1
[INFO] [stderr]    Compiling sync_wrapper v1.0.2
[INFO] [stderr]    Compiling rustls-pki-types v1.10.1
[INFO] [stderr]    Compiling tower-layer v0.3.3
[INFO] [stderr]    Compiling serde_json v1.0.137
[INFO] [stderr]    Compiling encoding_rs v0.8.35
[INFO] [stderr]    Compiling base64 v0.22.1
[INFO] [stderr]    Compiling memchr v2.7.4
[INFO] [stderr]    Compiling mime v0.3.17
[INFO] [stderr]    Compiling ipnet v2.11.0
[INFO] [stderr]    Compiling arc-swap v1.7.1
[INFO] [stderr]    Compiling quote v1.0.38
[INFO] [stderr]    Compiling indexmap v2.7.1
[INFO] [stderr]    Compiling cache_control v0.2.0
[INFO] [stderr]    Compiling syn v2.0.96
[INFO] [stderr]    Compiling mio v1.0.3
[INFO] [stderr]    Compiling socket2 v0.5.8
[INFO] [stderr]    Compiling rustls-pemfile v2.2.0
[INFO] [stderr]    Compiling tokio v1.43.0
[INFO] [stderr]    Compiling http-body v1.0.1
[INFO] [stderr]    Compiling openssl-sys v0.9.104
[INFO] [stderr]    Compiling http-body-util v0.1.2
[INFO] [stderr]    Compiling serde_urlencoded v0.7.1
[INFO] [stderr]    Compiling tokio-util v0.7.13
[INFO] [stderr]    Compiling tower v0.5.2
[INFO] [stderr]    Compiling synstructure v0.13.1
[INFO] [stderr]    Compiling h2 v0.4.7
[INFO] [stderr]    Compiling zerofrom-derive v0.1.5
[INFO] [stderr]    Compiling yoke-derive v0.7.5
[INFO] [stderr]    Compiling zerovec-derive v0.10.3
[INFO] [stderr]    Compiling displaydoc v0.2.5
[INFO] [stderr]    Compiling icu_provider_macros v1.5.0
[INFO] [stderr]    Compiling openssl-macros v0.1.1
[INFO] [stderr]    Compiling zerofrom v0.1.5
[INFO] [stderr]    Compiling yoke v0.7.5
[INFO] [stderr]    Compiling zerovec v0.10.4
[INFO] [stderr]    Compiling tinystr v0.7.6
[INFO] [stderr]    Compiling icu_collections v1.5.0
[INFO] [stderr]    Compiling icu_locid v1.5.0
[INFO] [stderr]    Compiling hyper v1.5.2
[INFO] [stderr]    Compiling icu_provider v1.5.0
[INFO] [stderr]    Compiling icu_locid_transform v1.5.0
[INFO] [stderr]    Compiling hyper-util v0.1.10
[INFO] [stderr]    Compiling tokio-native-tls v0.3.1
[INFO] [stderr]    Compiling icu_properties v1.5.1
[INFO] [stderr]    Compiling hyper-tls v0.6.0
[INFO] [stderr]    Compiling icu_normalizer v1.5.0
[INFO] [stderr]    Compiling idna_adapter v1.2.0
[INFO] [stderr]    Compiling idna v1.0.3
[INFO] [stderr]    Compiling url v2.5.4
[INFO] [stderr]    Compiling reqwest v0.12.12
[INFO] [stderr]    Compiling remote_config v0.2.0 (/opt/rustwide/workdir)
[INFO] [stderr]     Finished `dev` profile [unoptimized + debuginfo] target(s) in 38.49s
[INFO] running `Command { std: "docker" "inspect" "f9ce2205f29bb6d96d7c70fc3fe9e5de44e29508d21d614136c6af288fed1baf", kill_on_drop: false }`
[INFO] running `Command { std: "docker" "rm" "-f" "f9ce2205f29bb6d96d7c70fc3fe9e5de44e29508d21d614136c6af288fed1baf", kill_on_drop: false }`
[INFO] [stdout] f9ce2205f29bb6d96d7c70fc3fe9e5de44e29508d21d614136c6af288fed1baf
[INFO] running `Command { std: "docker" "create" "-v" "/var/lib/crater-agent-workspace/builds/worker-4-tc2/target:/opt/rustwide/target:rw,Z" "-v" "/var/lib/crater-agent-workspace/builds/worker-4-tc2/source:/opt/rustwide/workdir:ro,Z" "-v" "/var/lib/crater-agent-workspace/cargo-home:/opt/rustwide/cargo-home:ro,Z" "-v" "/var/lib/crater-agent-workspace/rustup-home:/opt/rustwide/rustup-home:ro,Z" "-e" "SOURCE_DIR=/opt/rustwide/workdir" "-e" "CARGO_TARGET_DIR=/opt/rustwide/target" "-e" "CARGO_INCREMENTAL=0" "-e" "RUST_BACKTRACE=full" "-e" "RUSTFLAGS=--cap-lints=forbid -Zrandomize-layout" "-e" "RUSTDOCFLAGS=--cap-lints=forbid" "-e" "CARGO_HOME=/opt/rustwide/cargo-home" "-e" "RUSTUP_HOME=/opt/rustwide/rustup-home" "-w" "/opt/rustwide/workdir" "-m" "1610612736" "--user" "0:0" "--network" "none" "ghcr.io/rust-lang/crates-build-env/linux@sha256:819108c5571ea2e421544af4d832f968d213c87fbe3707a016657f43d2f853bc" "/opt/rustwide/cargo-home/bin/cargo" "+nightly-2025-01-18" "test" "--frozen" "--no-run" "--message-format=json", kill_on_drop: false }`
[INFO] [stdout] 5a5c631b97d93d6fb77cc7fc6ce25c70982995214a0c06212f914e99de0317c5
[INFO] running `Command { std: "docker" "start" "-a" "5a5c631b97d93d6fb77cc7fc6ce25c70982995214a0c06212f914e99de0317c5", kill_on_drop: false }`
[INFO] [stderr]    Compiling parking_lot_core v0.9.10
[INFO] [stderr]    Compiling scopeguard v1.2.0
[INFO] [stderr]    Compiling lock_api v0.4.12
[INFO] [stderr]    Compiling serde v1.0.217
[INFO] [stderr]    Compiling tokio-macros v2.5.0
[INFO] [stderr]    Compiling serde_derive v1.0.217
[INFO] [stderr]    Compiling httpdate v1.0.3
[INFO] [stderr]    Compiling zerocopy-derive v0.7.35
[INFO] [stderr]    Compiling byteorder v1.5.0
[INFO] [stderr]    Compiling getrandom v0.2.15
[INFO] [stderr]    Compiling aho-corasick v1.1.3
[INFO] [stderr]    Compiling regex-syntax v0.8.5
[INFO] [stderr]    Compiling lazy_static v1.5.0
[INFO] [stderr]    Compiling similar v2.7.0
[INFO] [stderr]    Compiling colored v2.2.0
[INFO] [stderr]    Compiling rand_core v0.6.4
[INFO] [stderr]    Compiling parking_lot v0.12.3
[INFO] [stderr]    Compiling zerocopy v0.7.35
[INFO] [stderr]    Compiling tokio v1.43.0
[INFO] [stderr]    Compiling ppv-lite86 v0.2.20
[INFO] [stderr]    Compiling rand_chacha v0.3.1
[INFO] [stderr]    Compiling rand v0.8.5
[INFO] [stderr]    Compiling regex-automata v0.4.9
[INFO] [stderr]    Compiling tokio-util v0.7.13
[INFO] [stderr]    Compiling tokio-native-tls v0.3.1
[INFO] [stderr]    Compiling tower v0.5.2
[INFO] [stderr]    Compiling regex v1.11.1
[INFO] [stderr]    Compiling h2 v0.4.7
[INFO] [stderr]    Compiling serde_json v1.0.137
[INFO] [stderr]    Compiling serde_urlencoded v0.7.1
[INFO] [stderr]    Compiling assert-json-diff v2.0.2
[INFO] [stderr]    Compiling hyper v1.5.2
[INFO] [stderr]    Compiling hyper-util v0.1.10
[INFO] [stderr]    Compiling hyper-tls v0.6.0
[INFO] [stderr]    Compiling mockito v1.6.1
[INFO] [stderr]    Compiling reqwest v0.12.12
[INFO] [stderr]    Compiling remote_config v0.2.0 (/opt/rustwide/workdir)
[INFO] [stderr]     Finished `test` profile [unoptimized + debuginfo] target(s) in 28.78s
[INFO] running `Command { std: "docker" "inspect" "5a5c631b97d93d6fb77cc7fc6ce25c70982995214a0c06212f914e99de0317c5", kill_on_drop: false }`
[INFO] running `Command { std: "docker" "rm" "-f" "5a5c631b97d93d6fb77cc7fc6ce25c70982995214a0c06212f914e99de0317c5", kill_on_drop: false }`
[INFO] [stdout] 5a5c631b97d93d6fb77cc7fc6ce25c70982995214a0c06212f914e99de0317c5
[INFO] running `Command { std: "docker" "create" "-v" "/var/lib/crater-agent-workspace/builds/worker-4-tc2/target:/opt/rustwide/target:rw,Z" "-v" "/var/lib/crater-agent-workspace/builds/worker-4-tc2/source:/opt/rustwide/workdir:ro,Z" "-v" "/var/lib/crater-agent-workspace/cargo-home:/opt/rustwide/cargo-home:ro,Z" "-v" "/var/lib/crater-agent-workspace/rustup-home:/opt/rustwide/rustup-home:ro,Z" "-e" "SOURCE_DIR=/opt/rustwide/workdir" "-e" "CARGO_TARGET_DIR=/opt/rustwide/target" "-e" "CARGO_INCREMENTAL=0" "-e" "RUST_BACKTRACE=full" "-e" "RUSTFLAGS=--cap-lints=forbid -Zrandomize-layout" "-e" "RUSTDOCFLAGS=--cap-lints=forbid" "-e" "CARGO_HOME=/opt/rustwide/cargo-home" "-e" "RUSTUP_HOME=/opt/rustwide/rustup-home" "-w" "/opt/rustwide/workdir" "-m" "1610612736" "--user" "0:0" "--network" "none" "ghcr.io/rust-lang/crates-build-env/linux@sha256:819108c5571ea2e421544af4d832f968d213c87fbe3707a016657f43d2f853bc" "/opt/rustwide/cargo-home/bin/cargo" "+nightly-2025-01-18" "test" "--frozen", kill_on_drop: false }`
[INFO] [stdout] 9ddf339f219ccd2e48dc08d4c9328fdc9f72b608cb060ec10950bccf2cc321bb
[INFO] running `Command { std: "docker" "start" "-a" "9ddf339f219ccd2e48dc08d4c9328fdc9f72b608cb060ec10950bccf2cc321bb", kill_on_drop: false }`
[INFO] [stderr]     Finished `test` profile [unoptimized + debuginfo] target(s) in 0.22s
[INFO] [stderr]      Running unittests src/lib.rs (/opt/rustwide/target/debug/deps/remote_config-afd53b54a4469b39)
[INFO] [stdout] 
[INFO] [stdout] running 2 tests
[INFO] [stdout] test data_providers::http::tests::http_error ... ok
[INFO] [stdout] test data_providers::http::tests::deserialize_json ... ok
[INFO] [stdout] 
[INFO] [stdout] test result: ok. 2 passed; 0 failed; 0 ignored; 0 measured; 0 filtered out; finished in 0.37s
[INFO] [stdout] 
[INFO] [stderr]      Running tests/integration_test.rs (/opt/rustwide/target/debug/deps/integration_test-616fbae193a45580)
[INFO] [stdout] 
[INFO] [stdout] running 2 tests
[INFO] [stdout] test test_without_must_revalidate ... ok
[INFO] [stdout] test test_with_must_revalidate ... ok
[INFO] [stdout] 
[INFO] [stdout] test result: ok. 2 passed; 0 failed; 0 ignored; 0 measured; 0 filtered out; finished in 1.23s
[INFO] [stdout] 
[INFO] [stderr]    Doc-tests remote_config
[INFO] [stdout] 
[INFO] [stdout] running 3 tests
[INFO] [stdout] test src/config.rs - config::RemoteConfig (line 27) ... FAILED
[INFO] [stdout] test src/lib.rs - (line 54) ... FAILED
[INFO] [stdout] test src/data_providers/http.rs - data_providers::http::HttpDataProvider (line 22) ... ok
[INFO] [stdout] 
[INFO] [stdout] failures:
[INFO] [stdout] 
[INFO] [stdout] ---- src/config.rs - config::RemoteConfig (line 27) stdout ----
[INFO] [stdout] error[E0277]: the trait bound `std::string::String: DataProvider<_>` is not satisfied
[INFO] [stdout]    --> src/config.rs:51:30
[INFO] [stdout]     |
[INFO] [stdout] 27  |     return RemoteConfig::new("Example named config".to_owned(), data_provider, Duration::from_secs(5)).await.unwrap();
[INFO] [stdout]     |            ----------------- ^^^^^^^^^^^^^^^^^^^^^^^^^^^^^^^^^ the trait `DataProvider<_>` is not implemented for `std::string::String`
[INFO] [stdout]     |            |
[INFO] [stdout]     |            required by a bound introduced by this call
[INFO] [stdout]     |
[INFO] [stdout]     = help: the trait `DataProvider<Data>` is implemented for `HttpDataProvider<Data, Extractor>`
[INFO] [stdout] note: required by a bound in `RemoteConfig::<Data, Provider>::new`
[INFO] [stdout]    --> /opt/rustwide/workdir/src/config.rs:124:36
[INFO] [stdout]     |
[INFO] [stdout] 124 | impl <Data: Send + Sync, Provider: DataProvider<Data> + Send> RemoteConfig<Data, Provider> {
[INFO] [stdout]     |                                    ^^^^^^^^^^^^^^^^^^ required by this bound in `RemoteConfig::<Data, Provider>::new`
[INFO] [stdout] ...
[INFO] [stdout] 129 |     pub async fn new(
[INFO] [stdout]     |                  --- required by a bound in this associated function
[INFO] [stdout] 
[INFO] [stdout] error[E0277]: the trait bound `std::string::String: DataProvider<_>` is not satisfied
[INFO] [stdout]   --> src/config.rs:51:12
[INFO] [stdout]    |
[INFO] [stdout] 27 |     return RemoteConfig::new("Example named config".to_owned(), data_provider, Duration::from_secs(5)).await.unwrap();
[INFO] [stdout]    |            ^^^^^^^^^^^^ the trait `DataProvider<_>` is not implemented for `std::string::String`
[INFO] [stdout]    |
[INFO] [stdout]    = help: the trait `DataProvider<Data>` is implemented for `HttpDataProvider<Data, Extractor>`
[INFO] [stdout] note: required by a bound in `RemoteConfig`
[INFO] [stdout]   --> /opt/rustwide/workdir/src/config.rs:67:54
[INFO] [stdout]    |
[INFO] [stdout] 67 | pub struct RemoteConfig<Data: Send + Sync, Provider: DataProvider<Data> + Send> {
[INFO] [stdout]    |                                                      ^^^^^^^^^^^^^^^^^^ required by this bound in `RemoteConfig`
[INFO] [stdout] 
[INFO] [stdout] error[E0061]: this function takes 2 arguments but 3 arguments were supplied
[INFO] [stdout]    --> src/config.rs:51:12
[INFO] [stdout]     |
[INFO] [stdout] 27  |     return RemoteConfig::new("Example named config".to_owned(), data_provider, Duration::from_secs(5)).await.unwrap();
[INFO] [stdout]     |            ^^^^^^^^^^^^^^^^^                                    ------------- unexpected argument #2 of type `HttpDataProvider<_, SerdeDataExtractor<_>>`
[INFO] [stdout]     |
[INFO] [stdout] note: associated function defined here
[INFO] [stdout]    --> /opt/rustwide/workdir/src/config.rs:129:18
[INFO] [stdout]     |
[INFO] [stdout] 129 |     pub async fn new(
[INFO] [stdout]     |                  ^^^
[INFO] [stdout] help: remove the extra argument
[INFO] [stdout]     |
[INFO] [stdout] 27  -     return RemoteConfig::new("Example named config".to_owned(), data_provider, Duration::from_secs(5)).await.unwrap();
[INFO] [stdout] 27  +     return RemoteConfig::new("Example named config".to_owned(), Duration::from_secs(5)).await.unwrap();
[INFO] [stdout]     |
[INFO] [stdout] 
[INFO] [stdout] error[E0277]: the trait bound `std::string::String: DataProvider<_>` is not satisfied
[INFO] [stdout]    --> src/config.rs:51:12
[INFO] [stdout]     |
[INFO] [stdout] 27  |     return RemoteConfig::new("Example named config".to_owned(), data_provider, Duration::from_secs(5)).await.unwrap();
[INFO] [stdout]     |            ^^^^^^^^^^^^^^^^^^^^^^^^^^^^^^^^^^^^^^^^^^^^^^^^^^^^^^^^^^^^^^^^^^^^^^^^^^^^^^^^^^^^^^^^^^^ the trait `DataProvider<_>` is not implemented for `std::string::String`
[INFO] [stdout]     |
[INFO] [stdout]     = help: the trait `DataProvider<Data>` is implemented for `HttpDataProvider<Data, Extractor>`
[INFO] [stdout] note: required by a bound in `RemoteConfig<Data, Provider>`
[INFO] [stdout]    --> /opt/rustwide/workdir/src/config.rs:124:36
[INFO] [stdout]     |
[INFO] [stdout] 124 | impl <Data: Send + Sync, Provider: DataProvider<Data> + Send> RemoteConfig<Data, Provider> {
[INFO] [stdout]     |                                    ^^^^^^^^^^^^^^^^^^ required by this bound in `RemoteConfig<Data, Provider>`
[INFO] [stdout] 
[INFO] [stdout] error[E0277]: the trait bound `std::string::String: DataProvider<_>` is not satisfied
[INFO] [stdout]    --> src/config.rs:51:104
[INFO] [stdout]     |
[INFO] [stdout] 27  |     return RemoteConfig::new("Example named config".to_owned(), data_provider, Duration::from_secs(5)).await.unwrap();
[INFO] [stdout]     |                                                                                                        ^^^^^ the trait `DataProvider<_>` is not implemented for `std::string::String`
[INFO] [stdout]     |
[INFO] [stdout]     = help: the trait `DataProvider<Data>` is implemented for `HttpDataProvider<Data, Extractor>`
[INFO] [stdout] note: required by a bound in `RemoteConfig<Data, Provider>`
[INFO] [stdout]    --> /opt/rustwide/workdir/src/config.rs:124:36
[INFO] [stdout]     |
[INFO] [stdout] 124 | impl <Data: Send + Sync, Provider: DataProvider<Data> + Send> RemoteConfig<Data, Provider> {
[INFO] [stdout]     |                                    ^^^^^^^^^^^^^^^^^^ required by this bound in `RemoteConfig<Data, Provider>`
[INFO] [stdout] 
[INFO] [stdout] error[E0277]: the trait bound `std::string::String: DataProvider<_>` is not satisfied
[INFO] [stdout]   --> src/config.rs:51:12
[INFO] [stdout]    |
[INFO] [stdout] 27 |     return RemoteConfig::new("Example named config".to_owned(), data_provider, Duration::from_secs(5)).await.unwrap();
[INFO] [stdout]    |            ^^^^^^^^^^^^^^^^^^^^^^^^^^^^^^^^^^^^^^^^^^^^^^^^^^^^^^^^^^^^^^^^^^^^^^^^^^^^^^^^^^^^^^^^^^^^^^^^^^^^^^^^^^ the trait `DataProvider<_>` is not implemented for `std::string::String`
[INFO] [stdout]    |
[INFO] [stdout]    = help: the trait `DataProvider<Data>` is implemented for `HttpDataProvider<Data, Extractor>`
[INFO] [stdout] note: required by a bound in `RemoteConfig`
[INFO] [stdout]   --> /opt/rustwide/workdir/src/config.rs:67:54
[INFO] [stdout]    |
[INFO] [stdout] 67 | pub struct RemoteConfig<Data: Send + Sync, Provider: DataProvider<Data> + Send> {
[INFO] [stdout]    |                                                      ^^^^^^^^^^^^^^^^^^ required by this bound in `RemoteConfig`
[INFO] [stdout] 
[INFO] [stdout] error[E0308]: mismatched types
[INFO] [stdout]   --> src/config.rs:51:12
[INFO] [stdout]    |
[INFO] [stdout] 27 |     return RemoteConfig::new("Example named config".to_owned(), data_provider, Duration::from_secs(5)).await.unwrap();
[INFO] [stdout]    |            ^^^^^^^^^^^^^^^^^^^^^^^^^^^^^^^^^^^^^^^^^^^^^^^^^^^^^^^^^^^^^^^^^^^^^^^^^^^^^^^^^^^^^^^^^^^^^^^^^^^^^^^^^^ expected `RemoteConfig<HashMap<..., ...>, ...>`, found `RemoteConfig<_, String>`
[INFO] [stdout]    |
[INFO] [stdout]    = note: expected struct `RemoteConfig<HashMap<String, String>, HttpDataProvider<..., ...>>`
[INFO] [stdout]               found struct `RemoteConfig<_, std::string::String>`
[INFO] [stdout]    = note: the full type name has been written to '/tmp/rustdoctestwPTuNY/rust_out.long-type-3582583892128125990.txt'
[INFO] [stdout]    = note: consider using `--verbose` to print the full type name to the console
[INFO] [stdout] 
[INFO] [stdout] error: aborting due to 7 previous errors
[INFO] [stdout] 
[INFO] [stdout] Some errors have detailed explanations: E0061, E0277, E0308.
[INFO] [stdout] For more information about an error, try `rustc --explain E0061`.
[INFO] [stdout] Couldn't compile the test.
[INFO] [stdout] ---- src/lib.rs - (line 54) stdout ----
[INFO] [stdout] error[E0277]: the trait bound `std::string::String: DataProvider<_>` is not satisfied
[INFO] [stdout]    --> src/lib.rs:78:30
[INFO] [stdout]     |
[INFO] [stdout] 27  |     return RemoteConfig::new("Example named config".to_owned(), data_provider, Duration::from_secs(5)).await.unwrap();
[INFO] [stdout]     |            ----------------- ^^^^^^^^^^^^^^^^^^^^^^^^^^^^^^^^^ the trait `DataProvider<_>` is not implemented for `std::string::String`
[INFO] [stdout]     |            |
[INFO] [stdout]     |            required by a bound introduced by this call
[INFO] [stdout]     |
[INFO] [stdout]     = help: the trait `DataProvider<Data>` is implemented for `HttpDataProvider<Data, Extractor>`
[INFO] [stdout] note: required by a bound in `RemoteConfig::<Data, Provider>::new`
[INFO] [stdout]    --> /opt/rustwide/workdir/src/config.rs:124:36
[INFO] [stdout]     |
[INFO] [stdout] 124 | impl <Data: Send + Sync, Provider: DataProvider<Data> + Send> RemoteConfig<Data, Provider> {
[INFO] [stdout]     |                                    ^^^^^^^^^^^^^^^^^^ required by this bound in `RemoteConfig::<Data, Provider>::new`
[INFO] [stdout] ...
[INFO] [stdout] 129 |     pub async fn new(
[INFO] [stdout]     |                  --- required by a bound in this associated function
[INFO] [stdout] 
[INFO] [stdout] error[E0277]: the trait bound `std::string::String: DataProvider<_>` is not satisfied
[INFO] [stdout]   --> src/lib.rs:78:12
[INFO] [stdout]    |
[INFO] [stdout] 27 |     return RemoteConfig::new("Example named config".to_owned(), data_provider, Duration::from_secs(5)).await.unwrap();
[INFO] [stdout]    |            ^^^^^^^^^^^^ the trait `DataProvider<_>` is not implemented for `std::string::String`
[INFO] [stdout]    |
[INFO] [stdout]    = help: the trait `DataProvider<Data>` is implemented for `HttpDataProvider<Data, Extractor>`
[INFO] [stdout] note: required by a bound in `RemoteConfig`
[INFO] [stdout]   --> /opt/rustwide/workdir/src/config.rs:67:54
[INFO] [stdout]    |
[INFO] [stdout] 67 | pub struct RemoteConfig<Data: Send + Sync, Provider: DataProvider<Data> + Send> {
[INFO] [stdout]    |                                                      ^^^^^^^^^^^^^^^^^^ required by this bound in `RemoteConfig`
[INFO] [stdout] 
[INFO] [stdout] error[E0061]: this function takes 2 arguments but 3 arguments were supplied
[INFO] [stdout]    --> src/lib.rs:78:12
[INFO] [stdout]     |
[INFO] [stdout] 27  |     return RemoteConfig::new("Example named config".to_owned(), data_provider, Duration::from_secs(5)).await.unwrap();
[INFO] [stdout]     |            ^^^^^^^^^^^^^^^^^                                    ------------- unexpected argument #2 of type `HttpDataProvider<_, SerdeDataExtractor<_>>`
[INFO] [stdout]     |
[INFO] [stdout] note: associated function defined here
[INFO] [stdout]    --> /opt/rustwide/workdir/src/config.rs:129:18
[INFO] [stdout]     |
[INFO] [stdout] 129 |     pub async fn new(
[INFO] [stdout]     |                  ^^^
[INFO] [stdout] help: remove the extra argument
[INFO] [stdout]     |
[INFO] [stdout] 27  -     return RemoteConfig::new("Example named config".to_owned(), data_provider, Duration::from_secs(5)).await.unwrap();
[INFO] [stdout] 27  +     return RemoteConfig::new("Example named config".to_owned(), Duration::from_secs(5)).await.unwrap();
[INFO] [stdout]     |
[INFO] [stdout] 
[INFO] [stdout] error[E0277]: the trait bound `std::string::String: DataProvider<_>` is not satisfied
[INFO] [stdout]    --> src/lib.rs:78:12
[INFO] [stdout]     |
[INFO] [stdout] 27  |     return RemoteConfig::new("Example named config".to_owned(), data_provider, Duration::from_secs(5)).await.unwrap();
[INFO] [stdout]     |            ^^^^^^^^^^^^^^^^^^^^^^^^^^^^^^^^^^^^^^^^^^^^^^^^^^^^^^^^^^^^^^^^^^^^^^^^^^^^^^^^^^^^^^^^^^^ the trait `DataProvider<_>` is not implemented for `std::string::String`
[INFO] [stdout]     |
[INFO] [stdout]     = help: the trait `DataProvider<Data>` is implemented for `HttpDataProvider<Data, Extractor>`
[INFO] [stdout] note: required by a bound in `RemoteConfig<Data, Provider>`
[INFO] [stdout]    --> /opt/rustwide/workdir/src/config.rs:124:36
[INFO] [stdout]     |
[INFO] [stdout] 124 | impl <Data: Send + Sync, Provider: DataProvider<Data> + Send> RemoteConfig<Data, Provider> {
[INFO] [stdout]     |                                    ^^^^^^^^^^^^^^^^^^ required by this bound in `RemoteConfig<Data, Provider>`
[INFO] [stdout] 
[INFO] [stdout] error[E0277]: the trait bound `std::string::String: DataProvider<_>` is not satisfied
[INFO] [stdout]    --> src/lib.rs:78:104
[INFO] [stdout]     |
[INFO] [stdout] 27  |     return RemoteConfig::new("Example named config".to_owned(), data_provider, Duration::from_secs(5)).await.unwrap();
[INFO] [stdout]     |                                                                                                        ^^^^^ the trait `DataProvider<_>` is not implemented for `std::string::String`
[INFO] [stdout]     |
[INFO] [stdout]     = help: the trait `DataProvider<Data>` is implemented for `HttpDataProvider<Data, Extractor>`
[INFO] [stdout] note: required by a bound in `RemoteConfig<Data, Provider>`
[INFO] [stdout]    --> /opt/rustwide/workdir/src/config.rs:124:36
[INFO] [stdout]     |
[INFO] [stdout] 124 | impl <Data: Send + Sync, Provider: DataProvider<Data> + Send> RemoteConfig<Data, Provider> {
[INFO] [stdout]     |                                    ^^^^^^^^^^^^^^^^^^ required by this bound in `RemoteConfig<Data, Provider>`
[INFO] [stdout] 
[INFO] [stdout] error[E0277]: the trait bound `std::string::String: DataProvider<_>` is not satisfied
[INFO] [stdout]   --> src/lib.rs:78:12
[INFO] [stdout]    |
[INFO] [stdout] 27 |     return RemoteConfig::new("Example named config".to_owned(), data_provider, Duration::from_secs(5)).await.unwrap();
[INFO] [stdout]    |            ^^^^^^^^^^^^^^^^^^^^^^^^^^^^^^^^^^^^^^^^^^^^^^^^^^^^^^^^^^^^^^^^^^^^^^^^^^^^^^^^^^^^^^^^^^^^^^^^^^^^^^^^^^ the trait `DataProvider<_>` is not implemented for `std::string::String`
[INFO] [stdout]    |
[INFO] [stdout]    = help: the trait `DataProvider<Data>` is implemented for `HttpDataProvider<Data, Extractor>`
[INFO] [stdout] note: required by a bound in `RemoteConfig`
[INFO] [stdout]   --> /opt/rustwide/workdir/src/config.rs:67:54
[INFO] [stdout]    |
[INFO] [stdout] 67 | pub struct RemoteConfig<Data: Send + Sync, Provider: DataProvider<Data> + Send> {
[INFO] [stdout]    |                                                      ^^^^^^^^^^^^^^^^^^ required by this bound in `RemoteConfig`
[INFO] [stdout] 
[INFO] [stdout] error[E0308]: mismatched types
[INFO] [stdout]   --> src/lib.rs:78:12
[INFO] [stdout]    |
[INFO] [stdout] 27 |     return RemoteConfig::new("Example named config".to_owned(), data_provider, Duration::from_secs(5)).await.unwrap();
[INFO] [stdout]    |            ^^^^^^^^^^^^^^^^^^^^^^^^^^^^^^^^^^^^^^^^^^^^^^^^^^^^^^^^^^^^^^^^^^^^^^^^^^^^^^^^^^^^^^^^^^^^^^^^^^^^^^^^^^ expected `RemoteConfig<HashMap<..., ...>, ...>`, found `RemoteConfig<_, String>`
[INFO] [stdout]    |
[INFO] [stdout]    = note: expected struct `RemoteConfig<HashMap<String, String>, HttpDataProvider<..., ...>>`
[INFO] [stdout]               found struct `RemoteConfig<_, std::string::String>`
[INFO] [stdout]    = note: the full type name has been written to '/tmp/rustdoctestaPo50Q/rust_out.long-type-3673829531761509823.txt'
[INFO] [stdout]    = note: consider using `--verbose` to print the full type name to the console
[INFO] [stdout] 
[INFO] [stdout] error: aborting due to 7 previous errors
[INFO] [stdout] 
[INFO] [stdout] Some errors have detailed explanations: E0061, E0277, E0308.
[INFO] [stdout] For more information about an error, try `rustc --explain E0061`.
[INFO] [stdout] Couldn't compile the test.
[INFO] [stdout] 
[INFO] [stdout] failures:
[INFO] [stdout]     src/config.rs - config::RemoteConfig (line 27)
[INFO] [stdout]     src/lib.rs - (line 54)
[INFO] [stdout] 
[INFO] [stdout] test result: FAILED. 1 passed; 2 failed; 0 ignored; 0 measured; 0 filtered out; finished in 0.76s
[INFO] [stdout] 
[INFO] [stderr] error: doctest failed, to rerun pass `--doc`
[INFO] running `Command { std: "docker" "inspect" "9ddf339f219ccd2e48dc08d4c9328fdc9f72b608cb060ec10950bccf2cc321bb", kill_on_drop: false }`
[INFO] running `Command { std: "docker" "rm" "-f" "9ddf339f219ccd2e48dc08d4c9328fdc9f72b608cb060ec10950bccf2cc321bb", kill_on_drop: false }`
[INFO] [stdout] 9ddf339f219ccd2e48dc08d4c9328fdc9f72b608cb060ec10950bccf2cc321bb
