[INFO] fetching crate regexsolver 0.3.1...
[INFO] testing regexsolver-0.3.1 against nightly-2025-01-18 for randomize-layout-2
[INFO] extracting crate regexsolver 0.3.1 into /workspace/builds/worker-3-tc1/source
[INFO] validating manifest of crates.io crate regexsolver 0.3.1 on toolchain nightly-2025-01-18
[INFO] running `Command { std: CARGO_HOME="/workspace/cargo-home" RUSTUP_HOME="/workspace/rustup-home" "/workspace/cargo-home/bin/cargo" "+nightly-2025-01-18" "metadata" "--manifest-path" "Cargo.toml" "--no-deps", kill_on_drop: false }`
[INFO] started tweaking crates.io crate regexsolver 0.3.1
[INFO] removed 0 missing tests
[INFO] finished tweaking crates.io crate regexsolver 0.3.1
[INFO] tweaked toml for crates.io crate regexsolver 0.3.1 written to /workspace/builds/worker-3-tc1/source/Cargo.toml
[INFO] running `Command { std: CARGO_HOME="/workspace/cargo-home" RUSTUP_HOME="/workspace/rustup-home" "/workspace/cargo-home/bin/cargo" "+nightly-2025-01-18" "generate-lockfile" "--manifest-path" "Cargo.toml", kill_on_drop: false }`
[INFO] [stderr]     Updating crates.io index
[INFO] [stderr]      Locking 122 packages to latest compatible versions
[INFO] running `Command { std: CARGO_HOME="/workspace/cargo-home" RUSTUP_HOME="/workspace/rustup-home" "/workspace/cargo-home/bin/cargo" "+nightly-2025-01-18" "fetch" "--manifest-path" "Cargo.toml", kill_on_drop: false }`
[INFO] [stderr]  Downloading crates ...
[INFO] [stderr]   Downloaded z85 v3.0.5
[INFO] [stderr]   Downloaded irange v1.1.2
[INFO] [stderr]   Downloaded regex-charclass v1.0.3
[INFO] [stderr]   Downloaded libz-ng-sys v1.1.21
[INFO] running `Command { std: "docker" "create" "-v" "/var/lib/crater-agent-workspace/builds/worker-3-tc1/target:/opt/rustwide/target:rw,Z" "-v" "/var/lib/crater-agent-workspace/builds/worker-3-tc1/source:/opt/rustwide/workdir:ro,Z" "-v" "/var/lib/crater-agent-workspace/cargo-home:/opt/rustwide/cargo-home:ro,Z" "-v" "/var/lib/crater-agent-workspace/rustup-home:/opt/rustwide/rustup-home:ro,Z" "-e" "SOURCE_DIR=/opt/rustwide/workdir" "-e" "CARGO_TARGET_DIR=/opt/rustwide/target" "-e" "CARGO_HOME=/opt/rustwide/cargo-home" "-e" "RUSTUP_HOME=/opt/rustwide/rustup-home" "-w" "/opt/rustwide/workdir" "-m" "1610612736" "--user" "0:0" "--network" "none" "ghcr.io/rust-lang/crates-build-env/linux@sha256:819108c5571ea2e421544af4d832f968d213c87fbe3707a016657f43d2f853bc" "/opt/rustwide/cargo-home/bin/cargo" "+nightly-2025-01-18" "metadata" "--no-deps" "--format-version=1", kill_on_drop: false }`
[INFO] [stdout] 1d763820bdcdc5344f22e080d1cdcbf91a15290e20ad9d47f483c8af1ad3a5c2
[INFO] running `Command { std: "docker" "start" "-a" "1d763820bdcdc5344f22e080d1cdcbf91a15290e20ad9d47f483c8af1ad3a5c2", kill_on_drop: false }`
[INFO] running `Command { std: "docker" "inspect" "1d763820bdcdc5344f22e080d1cdcbf91a15290e20ad9d47f483c8af1ad3a5c2", kill_on_drop: false }`
[INFO] running `Command { std: "docker" "rm" "-f" "1d763820bdcdc5344f22e080d1cdcbf91a15290e20ad9d47f483c8af1ad3a5c2", kill_on_drop: false }`
[INFO] [stdout] 1d763820bdcdc5344f22e080d1cdcbf91a15290e20ad9d47f483c8af1ad3a5c2
[INFO] running `Command { std: "docker" "create" "-v" "/var/lib/crater-agent-workspace/builds/worker-3-tc1/target:/opt/rustwide/target:rw,Z" "-v" "/var/lib/crater-agent-workspace/builds/worker-3-tc1/source:/opt/rustwide/workdir:ro,Z" "-v" "/var/lib/crater-agent-workspace/cargo-home:/opt/rustwide/cargo-home:ro,Z" "-v" "/var/lib/crater-agent-workspace/rustup-home:/opt/rustwide/rustup-home:ro,Z" "-e" "SOURCE_DIR=/opt/rustwide/workdir" "-e" "CARGO_TARGET_DIR=/opt/rustwide/target" "-e" "CARGO_INCREMENTAL=0" "-e" "RUST_BACKTRACE=full" "-e" "RUSTFLAGS=--cap-lints=forbid" "-e" "RUSTDOCFLAGS=--cap-lints=forbid" "-e" "CARGO_HOME=/opt/rustwide/cargo-home" "-e" "RUSTUP_HOME=/opt/rustwide/rustup-home" "-w" "/opt/rustwide/workdir" "-m" "1610612736" "--user" "0:0" "--network" "none" "ghcr.io/rust-lang/crates-build-env/linux@sha256:819108c5571ea2e421544af4d832f968d213c87fbe3707a016657f43d2f853bc" "/opt/rustwide/cargo-home/bin/cargo" "+nightly-2025-01-18" "build" "--frozen" "--message-format=json", kill_on_drop: false }`
[INFO] [stdout] d2ae8ec504a6dcec74805dc3f22d44bb4e7a198fb967330b08fdabbbeef7a477
[INFO] running `Command { std: "docker" "start" "-a" "d2ae8ec504a6dcec74805dc3f22d44bb4e7a198fb967330b08fdabbbeef7a477", kill_on_drop: false }`
[INFO] [stderr]    Compiling cfg-if v1.0.0
[INFO] [stderr]    Compiling libc v0.2.169
[INFO] [stderr]    Compiling version_check v0.9.5
[INFO] [stderr]    Compiling proc-macro2 v1.0.93
[INFO] [stderr]    Compiling typenum v1.17.0
[INFO] [stderr]    Compiling unicode-ident v1.0.14
[INFO] [stderr]    Compiling shlex v1.3.0
[INFO] [stderr]    Compiling byteorder v1.5.0
[INFO] [stderr]    Compiling serde v1.0.217
[INFO] [stderr]    Compiling cpufeatures v0.2.16
[INFO] [stderr]    Compiling subtle v2.6.1
[INFO] [stderr]    Compiling cc v1.2.10
[INFO] [stderr]    Compiling memchr v2.7.4
[INFO] [stderr]    Compiling half v2.4.1
[INFO] [stderr]    Compiling regex-syntax v0.8.5
[INFO] [stderr]    Compiling generic-array v0.14.7
[INFO] [stderr]    Compiling ahash v0.8.11
[INFO] [stderr]    Compiling once_cell v1.20.2
[INFO] [stderr]    Compiling quote v1.0.38
[INFO] [stderr]    Compiling opaque-debug v0.3.1
[INFO] [stderr]    Compiling ciborium-io v0.2.2
[INFO] [stderr]    Compiling ciborium-ll v0.2.2
[INFO] [stderr]    Compiling crc32fast v1.4.2
[INFO] [stderr]    Compiling syn v2.0.96
[INFO] [stderr]    Compiling zeroize v1.8.1
[INFO] [stderr]    Compiling aho-corasick v1.1.3
[INFO] [stderr]    Compiling z85 v3.0.5
[INFO] [stderr]    Compiling cmake v0.1.52
[INFO] [stderr]    Compiling getrandom v0.2.15
[INFO] [stderr]    Compiling lazy_static v1.5.0
[INFO] [stderr]    Compiling log v0.4.25
[INFO] [stderr]    Compiling rand_core v0.6.4
[INFO] [stderr]    Compiling nohash-hasher v0.2.0
[INFO] [stderr]    Compiling libz-ng-sys v1.1.21
[INFO] [stderr]    Compiling crypto-common v0.1.6
[INFO] [stderr]    Compiling inout v0.1.3
[INFO] [stderr]    Compiling block-buffer v0.10.4
[INFO] [stderr]    Compiling universal-hash v0.5.1
[INFO] [stderr]    Compiling aead v0.5.2
[INFO] [stderr]    Compiling cipher v0.4.4
[INFO] [stderr]    Compiling polyval v0.6.2
[INFO] [stderr]    Compiling digest v0.10.7
[INFO] [stderr]    Compiling regex-automata v0.4.9
[INFO] [stderr]    Compiling ctr v0.9.2
[INFO] [stderr]    Compiling aes v0.8.4
[INFO] [stderr]    Compiling sha2 v0.10.8
[INFO] [stderr]    Compiling aes-gcm-siv v0.11.1
[INFO] [stderr]    Compiling zerocopy-derive v0.7.35
[INFO] [stderr]    Compiling serde_derive v1.0.217
[INFO] [stderr]    Compiling zerocopy v0.7.35
[INFO] [stderr]    Compiling ppv-lite86 v0.2.20
[INFO] [stderr]    Compiling regex v1.11.1
[INFO] [stderr]    Compiling rand_chacha v0.3.1
[INFO] [stderr]    Compiling rand v0.8.5
[INFO] [stderr]    Compiling irange v1.1.2
[INFO] [stderr]    Compiling ciborium v0.2.2
[INFO] [stderr]    Compiling regex-charclass v1.0.3
[INFO] [stderr]    Compiling flate2 v1.0.35
[INFO] [stderr]    Compiling regexsolver v0.3.1 (/opt/rustwide/workdir)
[INFO] [stderr]     Finished `dev` profile [unoptimized + debuginfo] target(s) in 51.45s
[INFO] running `Command { std: "docker" "inspect" "d2ae8ec504a6dcec74805dc3f22d44bb4e7a198fb967330b08fdabbbeef7a477", kill_on_drop: false }`
[INFO] running `Command { std: "docker" "rm" "-f" "d2ae8ec504a6dcec74805dc3f22d44bb4e7a198fb967330b08fdabbbeef7a477", kill_on_drop: false }`
[INFO] [stdout] d2ae8ec504a6dcec74805dc3f22d44bb4e7a198fb967330b08fdabbbeef7a477
[INFO] running `Command { std: "docker" "create" "-v" "/var/lib/crater-agent-workspace/builds/worker-3-tc1/target:/opt/rustwide/target:rw,Z" "-v" "/var/lib/crater-agent-workspace/builds/worker-3-tc1/source:/opt/rustwide/workdir:ro,Z" "-v" "/var/lib/crater-agent-workspace/cargo-home:/opt/rustwide/cargo-home:ro,Z" "-v" "/var/lib/crater-agent-workspace/rustup-home:/opt/rustwide/rustup-home:ro,Z" "-e" "SOURCE_DIR=/opt/rustwide/workdir" "-e" "CARGO_TARGET_DIR=/opt/rustwide/target" "-e" "CARGO_INCREMENTAL=0" "-e" "RUST_BACKTRACE=full" "-e" "RUSTFLAGS=--cap-lints=forbid" "-e" "RUSTDOCFLAGS=--cap-lints=forbid" "-e" "CARGO_HOME=/opt/rustwide/cargo-home" "-e" "RUSTUP_HOME=/opt/rustwide/rustup-home" "-w" "/opt/rustwide/workdir" "-m" "1610612736" "--user" "0:0" "--network" "none" "ghcr.io/rust-lang/crates-build-env/linux@sha256:819108c5571ea2e421544af4d832f968d213c87fbe3707a016657f43d2f853bc" "/opt/rustwide/cargo-home/bin/cargo" "+nightly-2025-01-18" "test" "--frozen" "--no-run" "--message-format=json", kill_on_drop: false }`
[INFO] [stdout] bbe2795c389fd51e8c7071ca8b8f6891910dbbc763cf9246d5ceded23a5acb7d
[INFO] running `Command { std: "docker" "start" "-a" "bbe2795c389fd51e8c7071ca8b8f6891910dbbc763cf9246d5ceded23a5acb7d", kill_on_drop: false }`
[INFO] [stderr]    Compiling crossbeam-utils v0.8.21
[INFO] [stderr]    Compiling autocfg v1.4.0
[INFO] [stderr]    Compiling anstyle v1.0.10
[INFO] [stderr]    Compiling either v1.13.0
[INFO] [stderr]    Compiling rayon-core v1.12.1
[INFO] [stderr]    Compiling serde_json v1.0.137
[INFO] [stderr]    Compiling itoa v1.0.14
[INFO] [stderr]    Compiling utf8parse v0.2.2
[INFO] [stderr]    Compiling ryu v1.0.18
[INFO] [stderr]    Compiling clap_lex v0.7.4
[INFO] [stderr]    Compiling plotters-backend v0.3.7
[INFO] [stderr]    Compiling log v0.4.25
[INFO] [stderr]    Compiling anstyle-parse v0.2.6
[INFO] [stderr]    Compiling itertools v0.10.5
[INFO] [stderr]    Compiling plotters-svg v0.3.7
[INFO] [stderr]    Compiling clap_builder v4.5.27
[INFO] [stderr]    Compiling same-file v1.0.6
[INFO] [stderr]    Compiling colorchoice v1.0.3
[INFO] [stderr]    Compiling cast v0.3.0
[INFO] [stderr]    Compiling anstyle-query v1.1.2
[INFO] [stderr]    Compiling num-traits v0.2.19
[INFO] [stderr]    Compiling is_terminal_polyfill v1.70.1
[INFO] [stderr]    Compiling anstream v0.6.18
[INFO] [stderr]    Compiling walkdir v2.5.0
[INFO] [stderr]    Compiling env_filter v0.1.3
[INFO] [stderr]    Compiling crossbeam-epoch v0.9.18
[INFO] [stderr]    Compiling is-terminal v0.4.13
[INFO] [stderr]    Compiling anes v0.1.6
[INFO] [stderr]    Compiling humantime v2.1.0
[INFO] [stderr]    Compiling oorandom v11.1.4
[INFO] [stderr]    Compiling env_logger v0.11.6
[INFO] [stderr]    Compiling crossbeam-deque v0.8.6
[INFO] [stderr]    Compiling tinytemplate v1.2.1
[INFO] [stderr]    Compiling regexsolver v0.3.1 (/opt/rustwide/workdir)
[INFO] [stderr]    Compiling plotters v0.3.7
[INFO] [stderr]    Compiling clap v4.5.27
[INFO] [stderr]    Compiling criterion-plot v0.5.0
[INFO] [stderr]    Compiling rayon v1.10.0
[INFO] [stderr]    Compiling criterion v0.5.1
[INFO] [stderr]     Finished `test` profile [unoptimized + debuginfo] target(s) in 29.69s
[INFO] running `Command { std: "docker" "inspect" "bbe2795c389fd51e8c7071ca8b8f6891910dbbc763cf9246d5ceded23a5acb7d", kill_on_drop: false }`
[INFO] running `Command { std: "docker" "rm" "-f" "bbe2795c389fd51e8c7071ca8b8f6891910dbbc763cf9246d5ceded23a5acb7d", kill_on_drop: false }`
[INFO] [stdout] bbe2795c389fd51e8c7071ca8b8f6891910dbbc763cf9246d5ceded23a5acb7d
[INFO] running `Command { std: "docker" "create" "-v" "/var/lib/crater-agent-workspace/builds/worker-3-tc1/target:/opt/rustwide/target:rw,Z" "-v" "/var/lib/crater-agent-workspace/builds/worker-3-tc1/source:/opt/rustwide/workdir:ro,Z" "-v" "/var/lib/crater-agent-workspace/cargo-home:/opt/rustwide/cargo-home:ro,Z" "-v" "/var/lib/crater-agent-workspace/rustup-home:/opt/rustwide/rustup-home:ro,Z" "-e" "SOURCE_DIR=/opt/rustwide/workdir" "-e" "CARGO_TARGET_DIR=/opt/rustwide/target" "-e" "CARGO_INCREMENTAL=0" "-e" "RUST_BACKTRACE=full" "-e" "RUSTFLAGS=--cap-lints=forbid" "-e" "RUSTDOCFLAGS=--cap-lints=forbid" "-e" "CARGO_HOME=/opt/rustwide/cargo-home" "-e" "RUSTUP_HOME=/opt/rustwide/rustup-home" "-w" "/opt/rustwide/workdir" "-m" "1610612736" "--user" "0:0" "--network" "none" "ghcr.io/rust-lang/crates-build-env/linux@sha256:819108c5571ea2e421544af4d832f968d213c87fbe3707a016657f43d2f853bc" "/opt/rustwide/cargo-home/bin/cargo" "+nightly-2025-01-18" "test" "--frozen", kill_on_drop: false }`
[INFO] [stdout] 7de6737fce3f50be7e211e0402afdae47aca9e8adeb2457632660ec437366ce1
[INFO] running `Command { std: "docker" "start" "-a" "7de6737fce3f50be7e211e0402afdae47aca9e8adeb2457632660ec437366ce1", kill_on_drop: false }`
[INFO] [stderr]     Finished `test` profile [unoptimized + debuginfo] target(s) in 0.12s
[INFO] [stderr]      Running unittests src/lib.rs (/opt/rustwide/target/debug/deps/regexsolver-2ec5905645fadbf5)
[INFO] [stdout] 
[INFO] [stdout] running 77 tests
[INFO] [stdout] test execution_profile::tests::test_execution ... ok
[INFO] [stdout] test fast_automaton::condition::tests::test_1 ... ok
[INFO] [stdout] test fast_automaton::condition::tests::test_empty_total ... ok
[INFO] [stdout] test fast_automaton::condition::converter::tests::test_convert ... ok
[INFO] [stdout] test fast_automaton::builder::tests::test_regex_build_deterministic_automaton ... ok
[INFO] [stdout] test fast_automaton::condition::tests::test_project_to ... ok
[INFO] [stdout] test fast_automaton::condition::tests::test_from_to_range ... ok
[INFO] [stdout] test fast_automaton::condition::tests::test_union_intersection_complement ... ok
[INFO] [stdout] test fast_automaton::convert::to_regex::tests::test_convert_after_operation_2 ... ok
[INFO] [stdout] test fast_automaton::convert::to_regex::tests::test_convert_after_operation_1 ... ok
[INFO] [stdout] test fast_automaton::convert::to_regex::tests::test_convert_after_operation_3 ... ok
[INFO] [stdout] test execution_profile::tests::test_execution_timeout_difference ... ok
[INFO] [stdout] test execution_profile::tests::test_execution_timeout_generate_strings ... ok
[INFO] [stdout] test fast_automaton::operation::alternation::tests::test_simple_alternation_regex_1 ... ok
[INFO] [stdout] test fast_automaton::operation::alternation::tests::test_simple_alternation_regex_2 ... ok
[INFO] [stdout] test fast_automaton::operation::alternation::tests::test_simple_alternation_regex_3 ... ok
[INFO] [stdout] test fast_automaton::convert::to_regex::tests::test_convert_after_operation_4 ... ok
[INFO] [stdout] test fast_automaton::operation::alternation::tests::test_simple_alternation_regex_4 ... ok
[INFO] [stdout] test fast_automaton::operation::alternation::tests::test_simple_alternation_regex_5 ... ok
[INFO] [stdout] test fast_automaton::operation::concatenate::tests::test_simple_concat_alternation_regex ... ok
[INFO] [stdout] test fast_automaton::operation::concatenate::tests::test_simple_concat_repeat_regex ... ok
[INFO] [stdout] test fast_automaton::operation::concatenate::tests::test_simple_concat_right_number_of_states_2 ... ok
[INFO] [stdout] test fast_automaton::operation::concatenate::tests::test_simple_repeat_regex_02 ... ok
[INFO] [stdout] test fast_automaton::operation::concatenate::tests::test_simple_repeat_regex_01 ... ok
[INFO] [stdout] test fast_automaton::operation::concatenate::tests::test_simple_concatenation_regex ... ok
[INFO] [stdout] test fast_automaton::operation::concatenate::tests::test_simple_repeat_regex_03 ... ok
[INFO] [stdout] test fast_automaton::operation::concatenate::tests::test_simple_repeat_regex_05 ... ok
[INFO] [stdout] test fast_automaton::operation::concatenate::tests::test_simple_repeat_regex_06 ... ok
[INFO] [stdout] test fast_automaton::operation::concatenate::tests::test_simple_repeat_regex_04 ... ok
[INFO] [stdout] test fast_automaton::operation::concatenate::tests::test_simple_repeat_regex_08 ... ok
[INFO] [stdout] test fast_automaton::operation::concatenate::tests::test_simple_repeat_regex_10 ... ok
[INFO] [stdout] test fast_automaton::operation::concatenate::tests::test_simple_repeat_regex_09 ... ok
[INFO] [stdout] test fast_automaton::operation::concatenate::tests::test_simple_repeat_regex_11 ... ok
[INFO] [stdout] test fast_automaton::operation::concatenate::tests::test_simple_repeat_regex_12 ... ok
[INFO] [stdout] test fast_automaton::operation::concatenate::tests::test_simple_repeat_regex_13 ... ok
[INFO] [stdout] test fast_automaton::operation::concatenate::tests::test_simple_repeat_right_number_of_states_1 ... ok
[INFO] [stdout] test fast_automaton::operation::concatenate::tests::test_simple_repeat_regex_07 ... ok
[INFO] [stdout] test fast_automaton::analyze::equivalence::tests::test_equivalent ... ok
[INFO] [stdout] test fast_automaton::operation::intersection::tests::test_complex_intersection_regex_1 ... ok
[INFO] [stdout] test fast_automaton::operation::determinize::tests::test_determinize_1 ... ok
[INFO] [stdout] test fast_automaton::operation::intersection::tests::test_simple_intersection_regex_2 ... ok
[INFO] [stdout] test fast_automaton::operation::intersection::tests::test_simple_intersection_regex_3 ... ok
[INFO] [stdout] test fast_automaton::operation::intersection::tests::test_simple_intersection_regex_1 ... ok
[INFO] [stdout] test fast_automaton::operation::tests::test_remove_dead_states ... ok
[INFO] [stdout] test fast_automaton::operation::intersection::tests::test_complex_intersection_regex_2 ... ok
[INFO] [stdout] test fast_automaton::tests::test_empty ... ok
[INFO] [stdout] test fast_automaton::tests::test_total ... ok
[INFO] [stdout] test fast_automaton::serializer::tests::test_serialization_case_1 ... ok
[INFO] [stdout] test regex::analyze::affixes::tests::test_prefix ... ok
[INFO] [stdout] test regex::analyze::affixes::tests::test_suffix ... ok
[INFO] [stdout] test fast_automaton::analyze::subset::tests::test_subset ... ok
[INFO] [stdout] test fast_automaton::operation::determinize::tests::test_determinize_regex ... ok
[INFO] [stdout] test regex::builder::tests::test_match ... ok
[INFO] [stdout] test regex::builder::tests::test_parse ... ok
[INFO] [stdout] test regex::operation::concat::tests::test_concat ... ok
[INFO] [stdout] test regex::operation::tests::test_parse_and_simplify ... ok
[INFO] [stdout] test regex::operation::tests::test_repeat_simplify ... ok
[INFO] [stdout] test regex::operation::union::tests::test_union ... ok
[INFO] [stdout] test regex::tests::test_empty ... ok
[INFO] [stdout] test regex::tests::test_empty_string ... ok
[INFO] [stdout] test execution_profile::tests::test_execution_timeout_intersection ... FAILED
[INFO] [stdout] test tests::test__ ... ok
[INFO] [stdout] test regex::tests::test_total ... ok
[INFO] [stdout] test tests::test_details ... ok
[INFO] [stdout] test tests::test_intersection_2 ... ok
[INFO] [stdout] test tests::test_intersection_1 ... ok
[INFO] [stdout] test tests::test_subtraction_2 ... ok
[INFO] [stdout] test tests::test_subtraction_1 ... ok
[INFO] [stdout] test tokenizer::embed_regex::tests::test_tokenize ... ok
[INFO] [stdout] test tokenizer::embed_regex_operations::tests::test_tokenize ... ok
[INFO] [stdout] test regex::analyze::tests::test_cardinality ... ok
[INFO] [stdout] test regex::analyze::number_of_states::tests::test_number_of_states_in_nfa ... ok
[INFO] [stdout] test regex::analyze::tests::test_length ... ok
[INFO] [stdout] test fast_automaton::convert::to_regex::tests::test_convert ... ok
[INFO] [stdout] test fast_automaton::serializer::tests::test_serialization ... ok
[INFO] [stdout] test fast_automaton::generate::tests::test_generate_strings ... ok
[INFO] [stdout] test tokenizer::embed_automaton::tests::test_tokenize ... ok
[INFO] [stdout] 
[INFO] [stdout] failures:
[INFO] [stdout] 
[INFO] [stdout] ---- execution_profile::tests::test_execution_timeout_intersection stdout ----
[INFO] [stdout] 469
[INFO] [stdout] 
[INFO] [stdout] thread 'execution_profile::tests::test_execution_timeout_intersection' panicked at src/execution_profile.rs:290:9:
[INFO] [stdout] assertion failed: run_duration <= execution_profile.execution_timeout + 50
[INFO] [stdout] stack backtrace:
[INFO] [stdout]    0:     0x586e4691ebea - std::backtrace_rs::backtrace::libunwind::trace::hb059275cfc8d6126
[INFO] [stdout]                                at /rustc/6067b36314ab5eb2eb47cecc464545ba58e1ad24/library/std/src/../../backtrace/src/backtrace/libunwind.rs:116:5
[INFO] [stdout]    1:     0x586e4691ebea - std::backtrace_rs::backtrace::trace_unsynchronized::h2da071e4327ce3ee
[INFO] [stdout]                                at /rustc/6067b36314ab5eb2eb47cecc464545ba58e1ad24/library/std/src/../../backtrace/src/backtrace/mod.rs:66:5
[INFO] [stdout]    2:     0x586e4691ebea - std::sys::backtrace::_print_fmt::h842a1474e6f8d23f
[INFO] [stdout]                                at /rustc/6067b36314ab5eb2eb47cecc464545ba58e1ad24/library/std/src/sys/backtrace.rs:66:9
[INFO] [stdout]    3:     0x586e4691ebea - <std::sys::backtrace::BacktraceLock::print::DisplayBacktrace as core::fmt::Display>::fmt::h71a62eb3b9696b12
[INFO] [stdout]                                at /rustc/6067b36314ab5eb2eb47cecc464545ba58e1ad24/library/std/src/sys/backtrace.rs:39:26
[INFO] [stdout]    4:     0x586e46947d63 - core::fmt::rt::Argument::fmt::hdb6b616786b41dc1
[INFO] [stdout]                                at /rustc/6067b36314ab5eb2eb47cecc464545ba58e1ad24/library/core/src/fmt/rt.rs:177:76
[INFO] [stdout]    5:     0x586e46947d63 - core::fmt::write::h2cc1698af7e2d686
[INFO] [stdout]                                at /rustc/6067b36314ab5eb2eb47cecc464545ba58e1ad24/library/core/src/fmt/mod.rs:1440:21
[INFO] [stdout]    6:     0x586e4691b743 - std::io::Write::write_fmt::hab1b4cd059a79022
[INFO] [stdout]                                at /rustc/6067b36314ab5eb2eb47cecc464545ba58e1ad24/library/std/src/io/mod.rs:1887:15
[INFO] [stdout]    7:     0x586e4691ea32 - std::sys::backtrace::BacktraceLock::print::h147fe35b4ea13b08
[INFO] [stdout]                                at /rustc/6067b36314ab5eb2eb47cecc464545ba58e1ad24/library/std/src/sys/backtrace.rs:42:9
[INFO] [stdout]    8:     0x586e4692000f - std::panicking::default_hook::{{closure}}::hbd44223dbdc0d208
[INFO] [stdout]                                at /rustc/6067b36314ab5eb2eb47cecc464545ba58e1ad24/library/std/src/panicking.rs:298:22
[INFO] [stdout]    9:     0x586e4691fe28 - std::panicking::default_hook::h20f81eb0576efcec
[INFO] [stdout]                                at /rustc/6067b36314ab5eb2eb47cecc464545ba58e1ad24/library/std/src/panicking.rs:322:9
[INFO] [stdout]   10:     0x586e465c3783 - <alloc::boxed::Box<F,A> as core::ops::function::Fn<Args>>::call::hdb53814c496a4d34
[INFO] [stdout]                                at /rustc/6067b36314ab5eb2eb47cecc464545ba58e1ad24/library/alloc/src/boxed.rs:2027:9
[INFO] [stdout]   11:     0x586e465c3783 - test::test_main::{{closure}}::hc0a4963c59427c24
[INFO] [stdout]                                at /rustc/6067b36314ab5eb2eb47cecc464545ba58e1ad24/library/test/src/lib.rs:134:21
[INFO] [stdout]   12:     0x586e46920b03 - <alloc::boxed::Box<F,A> as core::ops::function::Fn<Args>>::call::h591b2225413a77e9
[INFO] [stdout]                                at /rustc/6067b36314ab5eb2eb47cecc464545ba58e1ad24/library/alloc/src/boxed.rs:2027:9
[INFO] [stdout]   13:     0x586e46920b03 - std::panicking::rust_panic_with_hook::h625eea43051b2edc
[INFO] [stdout]                                at /rustc/6067b36314ab5eb2eb47cecc464545ba58e1ad24/library/std/src/panicking.rs:839:13
[INFO] [stdout]   14:     0x586e46920786 - std::panicking::begin_panic_handler::{{closure}}::h4f9159cfbc3f6bd3
[INFO] [stdout]                                at /rustc/6067b36314ab5eb2eb47cecc464545ba58e1ad24/library/std/src/panicking.rs:697:13
[INFO] [stdout]   15:     0x586e4691f0e9 - std::sys::backtrace::__rust_end_short_backtrace::h0390abce48353151
[INFO] [stdout]                                at /rustc/6067b36314ab5eb2eb47cecc464545ba58e1ad24/library/std/src/sys/backtrace.rs:168:18
[INFO] [stdout]   16:     0x586e4692044d - rust_begin_unwind
[INFO] [stdout]                                at /rustc/6067b36314ab5eb2eb47cecc464545ba58e1ad24/library/std/src/panicking.rs:695:5
[INFO] [stdout]   17:     0x586e46945eb0 - core::panicking::panic_fmt::h9e7c637e9e5f29c9
[INFO] [stdout]                                at /rustc/6067b36314ab5eb2eb47cecc464545ba58e1ad24/library/core/src/panicking.rs:75:14
[INFO] [stdout]   18:     0x586e46945f3c - core::panicking::panic::haa3255ea20181a33
[INFO] [stdout]                                at /rustc/6067b36314ab5eb2eb47cecc464545ba58e1ad24/library/core/src/panicking.rs:145:5
[INFO] [stdout]   19:     0x586e4655aa90 - regexsolver::execution_profile::tests::test_execution_timeout_intersection::h53faf83ffb2b7c43
[INFO] [stdout]                                at /opt/rustwide/workdir/src/execution_profile.rs:290:9
[INFO] [stdout]   20:     0x586e4655a40d - regexsolver::execution_profile::tests::test_execution_timeout_intersection::{{closure}}::hf8035bab622d9a39
[INFO] [stdout]                                at /opt/rustwide/workdir/src/execution_profile.rs:266:49
[INFO] [stdout]   21:     0x586e46528466 - core::ops::function::FnOnce::call_once::hab8f675709a12a0d
[INFO] [stdout]                                at /rustc/6067b36314ab5eb2eb47cecc464545ba58e1ad24/library/core/src/ops/function.rs:250:5
[INFO] [stdout]   22:     0x586e465c8edb - core::ops::function::FnOnce::call_once::he27718dfdd183f43
[INFO] [stdout]                                at /rustc/6067b36314ab5eb2eb47cecc464545ba58e1ad24/library/core/src/ops/function.rs:250:5
[INFO] [stdout]   23:     0x586e465c8edb - test::__rust_begin_short_backtrace::h4e84902998457a5d
[INFO] [stdout]                                at /rustc/6067b36314ab5eb2eb47cecc464545ba58e1ad24/library/test/src/lib.rs:632:18
[INFO] [stdout]   24:     0x586e465c7e13 - test::run_test_in_process::{{closure}}::h7176fd18fc1feca0
[INFO] [stdout]                                at /rustc/6067b36314ab5eb2eb47cecc464545ba58e1ad24/library/test/src/lib.rs:655:60
[INFO] [stdout]   25:     0x586e465c7e13 - <core::panic::unwind_safe::AssertUnwindSafe<F> as core::ops::function::FnOnce<()>>::call_once::hf79cff2a624d8cf7
[INFO] [stdout]                                at /rustc/6067b36314ab5eb2eb47cecc464545ba58e1ad24/library/core/src/panic/unwind_safe.rs:272:9
[INFO] [stdout]   26:     0x586e465c7e13 - std::panicking::try::do_call::h3da0561d9ab99c25
[INFO] [stdout]                                at /rustc/6067b36314ab5eb2eb47cecc464545ba58e1ad24/library/std/src/panicking.rs:587:40
[INFO] [stdout]   27:     0x586e465c7e13 - std::panicking::try::h41c9fa508bc61df6
[INFO] [stdout]                                at /rustc/6067b36314ab5eb2eb47cecc464545ba58e1ad24/library/std/src/panicking.rs:550:19
[INFO] [stdout]   28:     0x586e465c7e13 - std::panic::catch_unwind::h6b3ff07bb5afad93
[INFO] [stdout]                                at /rustc/6067b36314ab5eb2eb47cecc464545ba58e1ad24/library/std/src/panic.rs:358:14
[INFO] [stdout]   29:     0x586e465c7e13 - test::run_test_in_process::hc7253dd11b39b9f4
[INFO] [stdout]                                at /rustc/6067b36314ab5eb2eb47cecc464545ba58e1ad24/library/test/src/lib.rs:655:27
[INFO] [stdout]   30:     0x586e465c7e13 - test::run_test::{{closure}}::hfb2007f8649c30bb
[INFO] [stdout]                                at /rustc/6067b36314ab5eb2eb47cecc464545ba58e1ad24/library/test/src/lib.rs:576:43
[INFO] [stdout]   31:     0x586e4658aef5 - test::run_test::{{closure}}::h56a17aa7a282a9f4
[INFO] [stdout]                                at /rustc/6067b36314ab5eb2eb47cecc464545ba58e1ad24/library/test/src/lib.rs:606:41
[INFO] [stdout]   32:     0x586e4658aef5 - std::sys::backtrace::__rust_begin_short_backtrace::hd2d2d2fb8e8c6aac
[INFO] [stdout]                                at /rustc/6067b36314ab5eb2eb47cecc464545ba58e1ad24/library/std/src/sys/backtrace.rs:152:18
[INFO] [stdout]   33:     0x586e4658e7da - std::thread::Builder::spawn_unchecked_::{{closure}}::{{closure}}::h4faa3f9db6133423
[INFO] [stdout]                                at /rustc/6067b36314ab5eb2eb47cecc464545ba58e1ad24/library/std/src/thread/mod.rs:559:17
[INFO] [stdout]   34:     0x586e4658e7da - <core::panic::unwind_safe::AssertUnwindSafe<F> as core::ops::function::FnOnce<()>>::call_once::hf2e855a36a4ea846
[INFO] [stdout]                                at /rustc/6067b36314ab5eb2eb47cecc464545ba58e1ad24/library/core/src/panic/unwind_safe.rs:272:9
[INFO] [stdout]   35:     0x586e4658e7da - std::panicking::try::do_call::h2f73af3616c35465
[INFO] [stdout]                                at /rustc/6067b36314ab5eb2eb47cecc464545ba58e1ad24/library/std/src/panicking.rs:587:40
[INFO] [stdout]   36:     0x586e4658e7da - std::panicking::try::hd1660ce9efadef5a
[INFO] [stdout]                                at /rustc/6067b36314ab5eb2eb47cecc464545ba58e1ad24/library/std/src/panicking.rs:550:19
[INFO] [stdout]   37:     0x586e4658e7da - std::panic::catch_unwind::h5ee8d7823b8ca744
[INFO] [stdout]                                at /rustc/6067b36314ab5eb2eb47cecc464545ba58e1ad24/library/std/src/panic.rs:358:14
[INFO] [stdout]   38:     0x586e4658e7da - std::thread::Builder::spawn_unchecked_::{{closure}}::h53c3a1894dce8407
[INFO] [stdout]                                at /rustc/6067b36314ab5eb2eb47cecc464545ba58e1ad24/library/std/src/thread/mod.rs:557:30
[INFO] [stdout]   39:     0x586e4658e7da - core::ops::function::FnOnce::call_once{{vtable.shim}}::h048ce291ad4f62bf
[INFO] [stdout]                                at /rustc/6067b36314ab5eb2eb47cecc464545ba58e1ad24/library/core/src/ops/function.rs:250:5
[INFO] [stdout]   40:     0x586e46924a3b - <alloc::boxed::Box<F,A> as core::ops::function::FnOnce<Args>>::call_once::ha52bedf99a3b4981
[INFO] [stdout]                                at /rustc/6067b36314ab5eb2eb47cecc464545ba58e1ad24/library/alloc/src/boxed.rs:2013:9
[INFO] [stdout]   41:     0x586e46924a3b - <alloc::boxed::Box<F,A> as core::ops::function::FnOnce<Args>>::call_once::h567748934d80ccf8
[INFO] [stdout]                                at /rustc/6067b36314ab5eb2eb47cecc464545ba58e1ad24/library/alloc/src/boxed.rs:2013:9
[INFO] [stdout]   42:     0x586e46924a3b - std::sys::pal::unix::thread::Thread::new::thread_start::h2d970728ae887adc
[INFO] [stdout]                                at /rustc/6067b36314ab5eb2eb47cecc464545ba58e1ad24/library/std/src/sys/pal/unix/thread.rs:106:17
[INFO] [stdout]   43:     0x75b510cd3ac3 - <unknown>
[INFO] [stdout]   44:     0x75b510d64a04 - clone
[INFO] [stdout]   45:                0x0 - <unknown>
[INFO] [stdout] 
[INFO] [stdout] 
[INFO] [stdout] failures:
[INFO] [stdout]     execution_profile::tests::test_execution_timeout_intersection
[INFO] [stdout] 
[INFO] [stdout] test result: FAILED. 76 passed; 1 failed; 0 ignored; 0 measured; 0 filtered out; finished in 2.01s
[INFO] [stdout] 
[INFO] [stderr] error: test failed, to rerun pass `--lib`
[INFO] running `Command { std: "docker" "inspect" "7de6737fce3f50be7e211e0402afdae47aca9e8adeb2457632660ec437366ce1", kill_on_drop: false }`
[INFO] running `Command { std: "docker" "rm" "-f" "7de6737fce3f50be7e211e0402afdae47aca9e8adeb2457632660ec437366ce1", kill_on_drop: false }`
[INFO] [stdout] 7de6737fce3f50be7e211e0402afdae47aca9e8adeb2457632660ec437366ce1
