[INFO] fetching crate regex_with 0.1.1...
[INFO] testing regex_with-0.1.1 against nightly-2025-01-18 for randomize-layout-2
[INFO] extracting crate regex_with 0.1.1 into /workspace/builds/worker-5-tc1/source
[INFO] validating manifest of crates.io crate regex_with 0.1.1 on toolchain nightly-2025-01-18
[INFO] running `Command { std: CARGO_HOME="/workspace/cargo-home" RUSTUP_HOME="/workspace/rustup-home" "/workspace/cargo-home/bin/cargo" "+nightly-2025-01-18" "metadata" "--manifest-path" "Cargo.toml" "--no-deps", kill_on_drop: false }`
[INFO] started tweaking crates.io crate regex_with 0.1.1
[INFO] finished tweaking crates.io crate regex_with 0.1.1
[INFO] tweaked toml for crates.io crate regex_with 0.1.1 written to /workspace/builds/worker-5-tc1/source/Cargo.toml
[INFO] running `Command { std: CARGO_HOME="/workspace/cargo-home" RUSTUP_HOME="/workspace/rustup-home" "/workspace/cargo-home/bin/cargo" "+nightly-2025-01-18" "generate-lockfile" "--manifest-path" "Cargo.toml", kill_on_drop: false }`
[INFO] [stderr]     Updating crates.io index
[INFO] [stderr]      Locking 15 packages to latest compatible versions
[INFO] [stderr]       Adding thiserror v1.0.69 (available: v2.0.11)
[INFO] running `Command { std: CARGO_HOME="/workspace/cargo-home" RUSTUP_HOME="/workspace/rustup-home" "/workspace/cargo-home/bin/cargo" "+nightly-2025-01-18" "fetch" "--manifest-path" "Cargo.toml", kill_on_drop: false }`
[INFO] [stderr]  Downloading crates ...
[INFO] [stderr]   Downloaded regex_with_derive v0.1.1
[INFO] running `Command { std: "docker" "create" "-v" "/var/lib/crater-agent-workspace/builds/worker-5-tc1/target:/opt/rustwide/target:rw,Z" "-v" "/var/lib/crater-agent-workspace/builds/worker-5-tc1/source:/opt/rustwide/workdir:ro,Z" "-v" "/var/lib/crater-agent-workspace/cargo-home:/opt/rustwide/cargo-home:ro,Z" "-v" "/var/lib/crater-agent-workspace/rustup-home:/opt/rustwide/rustup-home:ro,Z" "-e" "SOURCE_DIR=/opt/rustwide/workdir" "-e" "CARGO_TARGET_DIR=/opt/rustwide/target" "-e" "CARGO_HOME=/opt/rustwide/cargo-home" "-e" "RUSTUP_HOME=/opt/rustwide/rustup-home" "-w" "/opt/rustwide/workdir" "-m" "1610612736" "--user" "0:0" "--network" "none" "ghcr.io/rust-lang/crates-build-env/linux@sha256:819108c5571ea2e421544af4d832f968d213c87fbe3707a016657f43d2f853bc" "/opt/rustwide/cargo-home/bin/cargo" "+nightly-2025-01-18" "metadata" "--no-deps" "--format-version=1", kill_on_drop: false }`
[INFO] [stdout] 9df5608deac372dd65513fcdbed7265bba3adca2f43ee8a5752a6c0baaf9e74e
[INFO] running `Command { std: "docker" "start" "-a" "9df5608deac372dd65513fcdbed7265bba3adca2f43ee8a5752a6c0baaf9e74e", kill_on_drop: false }`
[INFO] running `Command { std: "docker" "inspect" "9df5608deac372dd65513fcdbed7265bba3adca2f43ee8a5752a6c0baaf9e74e", kill_on_drop: false }`
[INFO] running `Command { std: "docker" "rm" "-f" "9df5608deac372dd65513fcdbed7265bba3adca2f43ee8a5752a6c0baaf9e74e", kill_on_drop: false }`
[INFO] [stdout] 9df5608deac372dd65513fcdbed7265bba3adca2f43ee8a5752a6c0baaf9e74e
[INFO] running `Command { std: "docker" "create" "-v" "/var/lib/crater-agent-workspace/builds/worker-5-tc1/target:/opt/rustwide/target:rw,Z" "-v" "/var/lib/crater-agent-workspace/builds/worker-5-tc1/source:/opt/rustwide/workdir:ro,Z" "-v" "/var/lib/crater-agent-workspace/cargo-home:/opt/rustwide/cargo-home:ro,Z" "-v" "/var/lib/crater-agent-workspace/rustup-home:/opt/rustwide/rustup-home:ro,Z" "-e" "SOURCE_DIR=/opt/rustwide/workdir" "-e" "CARGO_TARGET_DIR=/opt/rustwide/target" "-e" "CARGO_INCREMENTAL=0" "-e" "RUST_BACKTRACE=full" "-e" "RUSTFLAGS=--cap-lints=forbid" "-e" "RUSTDOCFLAGS=--cap-lints=forbid" "-e" "CARGO_HOME=/opt/rustwide/cargo-home" "-e" "RUSTUP_HOME=/opt/rustwide/rustup-home" "-w" "/opt/rustwide/workdir" "-m" "1610612736" "--user" "0:0" "--network" "none" "ghcr.io/rust-lang/crates-build-env/linux@sha256:819108c5571ea2e421544af4d832f968d213c87fbe3707a016657f43d2f853bc" "/opt/rustwide/cargo-home/bin/cargo" "+nightly-2025-01-18" "build" "--frozen" "--message-format=json", kill_on_drop: false }`
[INFO] [stdout] 3cf0a8f5236470fbc5ffa9c335c8b26e829554111150566dc8d372c880d9eaef
[INFO] running `Command { std: "docker" "start" "-a" "3cf0a8f5236470fbc5ffa9c335c8b26e829554111150566dc8d372c880d9eaef", kill_on_drop: false }`
[INFO] [stderr]    Compiling serde v1.0.217
[INFO] [stderr]    Compiling regex-syntax v0.8.5
[INFO] [stderr]    Compiling aho-corasick v1.1.3
[INFO] [stderr]    Compiling thiserror-impl v1.0.69
[INFO] [stderr]    Compiling regex_with_derive v0.1.1
[INFO] [stderr]    Compiling thiserror v1.0.69
[INFO] [stderr]    Compiling regex-automata v0.4.9
[INFO] [stderr]    Compiling serde_plain v1.0.2
[INFO] [stderr]    Compiling regex v1.11.1
[INFO] [stderr]    Compiling regex_with v0.1.1 (/opt/rustwide/workdir)
[INFO] [stderr]     Finished `dev` profile [unoptimized + debuginfo] target(s) in 10.90s
[INFO] running `Command { std: "docker" "inspect" "3cf0a8f5236470fbc5ffa9c335c8b26e829554111150566dc8d372c880d9eaef", kill_on_drop: false }`
[INFO] running `Command { std: "docker" "rm" "-f" "3cf0a8f5236470fbc5ffa9c335c8b26e829554111150566dc8d372c880d9eaef", kill_on_drop: false }`
[INFO] [stdout] 3cf0a8f5236470fbc5ffa9c335c8b26e829554111150566dc8d372c880d9eaef
[INFO] running `Command { std: "docker" "create" "-v" "/var/lib/crater-agent-workspace/builds/worker-5-tc1/target:/opt/rustwide/target:rw,Z" "-v" "/var/lib/crater-agent-workspace/builds/worker-5-tc1/source:/opt/rustwide/workdir:ro,Z" "-v" "/var/lib/crater-agent-workspace/cargo-home:/opt/rustwide/cargo-home:ro,Z" "-v" "/var/lib/crater-agent-workspace/rustup-home:/opt/rustwide/rustup-home:ro,Z" "-e" "SOURCE_DIR=/opt/rustwide/workdir" "-e" "CARGO_TARGET_DIR=/opt/rustwide/target" "-e" "CARGO_INCREMENTAL=0" "-e" "RUST_BACKTRACE=full" "-e" "RUSTFLAGS=--cap-lints=forbid" "-e" "RUSTDOCFLAGS=--cap-lints=forbid" "-e" "CARGO_HOME=/opt/rustwide/cargo-home" "-e" "RUSTUP_HOME=/opt/rustwide/rustup-home" "-w" "/opt/rustwide/workdir" "-m" "1610612736" "--user" "0:0" "--network" "none" "ghcr.io/rust-lang/crates-build-env/linux@sha256:819108c5571ea2e421544af4d832f968d213c87fbe3707a016657f43d2f853bc" "/opt/rustwide/cargo-home/bin/cargo" "+nightly-2025-01-18" "test" "--frozen" "--no-run" "--message-format=json", kill_on_drop: false }`
[INFO] [stdout] 6acedb7eaf05182bb6797e80a834db142cf3fca8d432d14a6902d8b9337fc3fe
[INFO] running `Command { std: "docker" "start" "-a" "6acedb7eaf05182bb6797e80a834db142cf3fca8d432d14a6902d8b9337fc3fe", kill_on_drop: false }`
[INFO] [stderr]    Compiling regex_with v0.1.1 (/opt/rustwide/workdir)
[INFO] [stderr]     Finished `test` profile [unoptimized + debuginfo] target(s) in 0.49s
[INFO] running `Command { std: "docker" "inspect" "6acedb7eaf05182bb6797e80a834db142cf3fca8d432d14a6902d8b9337fc3fe", kill_on_drop: false }`
[INFO] running `Command { std: "docker" "rm" "-f" "6acedb7eaf05182bb6797e80a834db142cf3fca8d432d14a6902d8b9337fc3fe", kill_on_drop: false }`
[INFO] [stdout] 6acedb7eaf05182bb6797e80a834db142cf3fca8d432d14a6902d8b9337fc3fe
[INFO] running `Command { std: "docker" "create" "-v" "/var/lib/crater-agent-workspace/builds/worker-5-tc1/target:/opt/rustwide/target:rw,Z" "-v" "/var/lib/crater-agent-workspace/builds/worker-5-tc1/source:/opt/rustwide/workdir:ro,Z" "-v" "/var/lib/crater-agent-workspace/cargo-home:/opt/rustwide/cargo-home:ro,Z" "-v" "/var/lib/crater-agent-workspace/rustup-home:/opt/rustwide/rustup-home:ro,Z" "-e" "SOURCE_DIR=/opt/rustwide/workdir" "-e" "CARGO_TARGET_DIR=/opt/rustwide/target" "-e" "CARGO_INCREMENTAL=0" "-e" "RUST_BACKTRACE=full" "-e" "RUSTFLAGS=--cap-lints=forbid" "-e" "RUSTDOCFLAGS=--cap-lints=forbid" "-e" "CARGO_HOME=/opt/rustwide/cargo-home" "-e" "RUSTUP_HOME=/opt/rustwide/rustup-home" "-w" "/opt/rustwide/workdir" "-m" "1610612736" "--user" "0:0" "--network" "none" "ghcr.io/rust-lang/crates-build-env/linux@sha256:819108c5571ea2e421544af4d832f968d213c87fbe3707a016657f43d2f853bc" "/opt/rustwide/cargo-home/bin/cargo" "+nightly-2025-01-18" "test" "--frozen", kill_on_drop: false }`
[INFO] [stdout] cda79d8bb0dd130214b1b6859258dfdb73072ec42a678c55b4c5e5faf213ade9
[INFO] running `Command { std: "docker" "start" "-a" "cda79d8bb0dd130214b1b6859258dfdb73072ec42a678c55b4c5e5faf213ade9", kill_on_drop: false }`
[INFO] [stderr]     Finished `test` profile [unoptimized + debuginfo] target(s) in 0.04s
[INFO] [stderr]      Running unittests src/lib.rs (/opt/rustwide/target/debug/deps/regex_with-9619221acc944c91)
[INFO] [stdout] 
[INFO] [stdout] running 0 tests
[INFO] [stdout] 
[INFO] [stdout] test result: ok. 0 passed; 0 failed; 0 ignored; 0 measured; 0 filtered out; finished in 0.00s
[INFO] [stdout] 
[INFO] [stderr]    Doc-tests regex_with
[INFO] [stdout] 
[INFO] [stdout] running 1 test
[INFO] [stdout] test src/lib.rs - (line 5) ... FAILED
[INFO] [stdout] 
[INFO] [stdout] failures:
[INFO] [stdout] 
[INFO] [stdout] ---- src/lib.rs - (line 5) stdout ----
[INFO] [stdout] error[E0433]: failed to resolve: could not find `Deserialize` in `serde`
[INFO] [stdout]    --> src/lib.rs:8:17
[INFO] [stdout]     |
[INFO] [stdout] 6   | #[derive(serde::Deserialize, Capturable, FromStr)]
[INFO] [stdout]     |                 ^^^^^^^^^^^ could not find `Deserialize` in `serde`
[INFO] [stdout]     |
[INFO] [stdout] note: found an item that was configured out
[INFO] [stdout]    --> /opt/rustwide/cargo-home/registry/src/index.crates.io-1949cf8c6b5b557f/serde-1.0.217/src/lib.rs:343:24
[INFO] [stdout]     |
[INFO] [stdout] 343 | pub use serde_derive::{Deserialize, Serialize};
[INFO] [stdout]     |                        ^^^^^^^^^^^
[INFO] [stdout] note: the item is gated behind the `serde_derive` feature
[INFO] [stdout]    --> /opt/rustwide/cargo-home/registry/src/index.crates.io-1949cf8c6b5b557f/serde-1.0.217/src/lib.rs:341:7
[INFO] [stdout]     |
[INFO] [stdout] 341 | #[cfg(feature = "serde_derive")]
[INFO] [stdout]     |       ^^^^^^^^^^^^^^^^^^^^^^^^
[INFO] [stdout] 
[INFO] [stdout] error[E0277]: the trait bound `Record: Deserialize<'_>` is not satisfied
[INFO] [stdout]  --> src/lib.rs:8:42
[INFO] [stdout]   |
[INFO] [stdout] 6 | #[derive(serde::Deserialize, Capturable, FromStr)]
[INFO] [stdout]   |                                          ^^^^^^^ the trait `Deserialize<'_>` is not implemented for `Record`
[INFO] [stdout]   |
[INFO] [stdout]   = note: for local types consider adding `#[derive(serde::Deserialize)]` to your `Record` type
[INFO] [stdout]   = note: for types from other crates check whether the crate offers a `serde` feature flag
[INFO] [stdout]   = help: the following other types implement trait `Deserialize<'de>`:
[INFO] [stdout]             &'a Path
[INFO] [stdout]             &'a [u8]
[INFO] [stdout]             &'a str
[INFO] [stdout]             ()
[INFO] [stdout]             (T,)
[INFO] [stdout]             (T0, T1)
[INFO] [stdout]             (T0, T1, T2)
[INFO] [stdout]             (T0, T1, T2, T3)
[INFO] [stdout]           and 139 others
[INFO] [stdout]   = note: this error originates in the derive macro `FromStr` (in Nightly builds, run with -Z macro-backtrace for more info)
[INFO] [stdout] 
[INFO] [stdout] error: aborting due to 2 previous errors
[INFO] [stdout] 
[INFO] [stdout] Some errors have detailed explanations: E0277, E0433.
[INFO] [stdout] For more information about an error, try `rustc --explain E0277`.
[INFO] [stdout] Couldn't compile the test.
[INFO] [stdout] 
[INFO] [stdout] failures:
[INFO] [stdout]     src/lib.rs - (line 5)
[INFO] [stdout] 
[INFO] [stdout] test result: FAILED. 0 passed; 1 failed; 0 ignored; 0 measured; 0 filtered out; finished in 0.12s
[INFO] [stdout] 
[INFO] [stderr] error: doctest failed, to rerun pass `--doc`
[INFO] running `Command { std: "docker" "inspect" "cda79d8bb0dd130214b1b6859258dfdb73072ec42a678c55b4c5e5faf213ade9", kill_on_drop: false }`
[INFO] running `Command { std: "docker" "rm" "-f" "cda79d8bb0dd130214b1b6859258dfdb73072ec42a678c55b4c5e5faf213ade9", kill_on_drop: false }`
[INFO] [stdout] cda79d8bb0dd130214b1b6859258dfdb73072ec42a678c55b4c5e5faf213ade9
