[INFO] fetching crate redis-lock 0.5.1...
[INFO] testing redis-lock-0.5.1 against nightly-2025-01-18+rustflags=-Zrandomize-layout for randomize-layout-2
[INFO] extracting crate redis-lock 0.5.1 into /workspace/builds/worker-3-tc2/source
[INFO] validating manifest of crates.io crate redis-lock 0.5.1 on toolchain nightly-2025-01-18
[INFO] running `Command { std: CARGO_HOME="/workspace/cargo-home" RUSTUP_HOME="/workspace/rustup-home" "/workspace/cargo-home/bin/cargo" "+nightly-2025-01-18" "metadata" "--manifest-path" "Cargo.toml" "--no-deps", kill_on_drop: false }`
[INFO] started tweaking crates.io crate redis-lock 0.5.1
[INFO] removed 0 missing tests
[INFO] finished tweaking crates.io crate redis-lock 0.5.1
[INFO] tweaked toml for crates.io crate redis-lock 0.5.1 written to /workspace/builds/worker-3-tc2/source/Cargo.toml
[INFO] crate crates.io crate redis-lock 0.5.1 already has a lockfile, it will not be regenerated
[INFO] running `Command { std: CARGO_HOME="/workspace/cargo-home" RUSTUP_HOME="/workspace/rustup-home" "/workspace/cargo-home/bin/cargo" "+nightly-2025-01-18" "fetch" "--manifest-path" "Cargo.toml", kill_on_drop: false }`
[INFO] running `Command { std: "docker" "create" "-v" "/var/lib/crater-agent-workspace/builds/worker-3-tc2/target:/opt/rustwide/target:rw,Z" "-v" "/var/lib/crater-agent-workspace/builds/worker-3-tc2/source:/opt/rustwide/workdir:ro,Z" "-v" "/var/lib/crater-agent-workspace/cargo-home:/opt/rustwide/cargo-home:ro,Z" "-v" "/var/lib/crater-agent-workspace/rustup-home:/opt/rustwide/rustup-home:ro,Z" "-e" "SOURCE_DIR=/opt/rustwide/workdir" "-e" "CARGO_TARGET_DIR=/opt/rustwide/target" "-e" "CARGO_HOME=/opt/rustwide/cargo-home" "-e" "RUSTUP_HOME=/opt/rustwide/rustup-home" "-w" "/opt/rustwide/workdir" "-m" "1610612736" "--user" "0:0" "--network" "none" "ghcr.io/rust-lang/crates-build-env/linux@sha256:819108c5571ea2e421544af4d832f968d213c87fbe3707a016657f43d2f853bc" "/opt/rustwide/cargo-home/bin/cargo" "+nightly-2025-01-18" "metadata" "--no-deps" "--format-version=1", kill_on_drop: false }`
[INFO] [stdout] 70e3201c9e48e5924a1dd4bba26bc69fa0c53d355ab560f64fd51f51983176f6
[INFO] running `Command { std: "docker" "start" "-a" "70e3201c9e48e5924a1dd4bba26bc69fa0c53d355ab560f64fd51f51983176f6", kill_on_drop: false }`
[INFO] running `Command { std: "docker" "inspect" "70e3201c9e48e5924a1dd4bba26bc69fa0c53d355ab560f64fd51f51983176f6", kill_on_drop: false }`
[INFO] running `Command { std: "docker" "rm" "-f" "70e3201c9e48e5924a1dd4bba26bc69fa0c53d355ab560f64fd51f51983176f6", kill_on_drop: false }`
[INFO] [stdout] 70e3201c9e48e5924a1dd4bba26bc69fa0c53d355ab560f64fd51f51983176f6
[INFO] running `Command { std: "docker" "create" "-v" "/var/lib/crater-agent-workspace/builds/worker-3-tc2/target:/opt/rustwide/target:rw,Z" "-v" "/var/lib/crater-agent-workspace/builds/worker-3-tc2/source:/opt/rustwide/workdir:ro,Z" "-v" "/var/lib/crater-agent-workspace/cargo-home:/opt/rustwide/cargo-home:ro,Z" "-v" "/var/lib/crater-agent-workspace/rustup-home:/opt/rustwide/rustup-home:ro,Z" "-e" "SOURCE_DIR=/opt/rustwide/workdir" "-e" "CARGO_TARGET_DIR=/opt/rustwide/target" "-e" "CARGO_INCREMENTAL=0" "-e" "RUST_BACKTRACE=full" "-e" "RUSTFLAGS=--cap-lints=forbid -Zrandomize-layout" "-e" "RUSTDOCFLAGS=--cap-lints=forbid" "-e" "CARGO_HOME=/opt/rustwide/cargo-home" "-e" "RUSTUP_HOME=/opt/rustwide/rustup-home" "-w" "/opt/rustwide/workdir" "-m" "1610612736" "--user" "0:0" "--network" "none" "ghcr.io/rust-lang/crates-build-env/linux@sha256:819108c5571ea2e421544af4d832f968d213c87fbe3707a016657f43d2f853bc" "/opt/rustwide/cargo-home/bin/cargo" "+nightly-2025-01-18" "build" "--frozen" "--message-format=json", kill_on_drop: false }`
[INFO] [stdout] 582e6c76f0dd7e7f988b9b7e0c5e1b8df38a4bb08af51e4696ac665580da9236
[INFO] running `Command { std: "docker" "start" "-a" "582e6c76f0dd7e7f988b9b7e0c5e1b8df38a4bb08af51e4696ac665580da9236", kill_on_drop: false }`
[INFO] [stderr]    Compiling proc-macro2 v1.0.89
[INFO] [stderr]    Compiling unicode-ident v1.0.13
[INFO] [stderr]    Compiling autocfg v1.4.0
[INFO] [stderr]    Compiling libc v0.2.161
[INFO] [stderr]    Compiling cfg-if v1.0.0
[INFO] [stderr]    Compiling pin-project-lite v0.2.14
[INFO] [stderr]    Compiling futures-core v0.3.31
[INFO] [stderr]    Compiling futures-sink v0.3.31
[INFO] [stderr]    Compiling parking_lot_core v0.9.10
[INFO] [stderr]    Compiling smallvec v1.13.2
[INFO] [stderr]    Compiling scopeguard v1.2.0
[INFO] [stderr]    Compiling memchr v2.7.4
[INFO] [stderr]    Compiling tinyvec_macros v0.1.1
[INFO] [stderr]    Compiling futures-io v0.3.31
[INFO] [stderr]    Compiling futures-task v0.3.31
[INFO] [stderr]    Compiling pin-utils v0.1.0
[INFO] [stderr]    Compiling tinyvec v1.8.0
[INFO] [stderr]    Compiling byteorder v1.5.0
[INFO] [stderr]    Compiling bytes v1.8.0
[INFO] [stderr]    Compiling unicode-bidi v0.3.17
[INFO] [stderr]    Compiling percent-encoding v2.3.1
[INFO] [stderr]    Compiling once_cell v1.20.2
[INFO] [stderr]    Compiling futures-channel v0.3.31
[INFO] [stderr]    Compiling form_urlencoded v1.2.1
[INFO] [stderr]    Compiling thiserror v1.0.65
[INFO] [stderr]    Compiling sha1_smol v1.0.1
[INFO] [stderr]    Compiling ryu v1.0.18
[INFO] [stderr]    Compiling itoa v1.0.11
[INFO] [stderr]    Compiling arc-swap v1.7.1
[INFO] [stderr]    Compiling redis-lock v0.5.1 (/opt/rustwide/workdir)
[INFO] [stderr]    Compiling lock_api v0.4.12
[INFO] [stderr]    Compiling slab v0.4.9
[INFO] [stderr]    Compiling num-traits v0.2.19
[INFO] [stderr]    Compiling tracing-core v0.1.32
[INFO] [stderr]    Compiling quote v1.0.37
[INFO] [stderr]    Compiling unicode-normalization v0.1.24
[INFO] [stderr]    Compiling signal-hook-registry v1.4.2
[INFO] [stderr]    Compiling getrandom v0.2.15
[INFO] [stderr]    Compiling mio v1.0.2
[INFO] [stderr]    Compiling socket2 v0.5.7
[INFO] [stderr]    Compiling syn v2.0.82
[INFO] [stderr]    Compiling rand_core v0.6.4
[INFO] [stderr]    Compiling uuid v1.11.0
[INFO] [stderr]    Compiling parking_lot v0.12.3
[INFO] [stderr]    Compiling idna v0.5.0
[INFO] [stderr]    Compiling num-integer v0.1.46
[INFO] [stderr]    Compiling url v2.5.2
[INFO] [stderr]    Compiling num-bigint v0.4.6
[INFO] [stderr]    Compiling zerocopy-derive v0.7.35
[INFO] [stderr]    Compiling futures-macro v0.3.31
[INFO] [stderr]    Compiling tokio-macros v2.4.0
[INFO] [stderr]    Compiling thiserror-impl v1.0.65
[INFO] [stderr]    Compiling async-trait v0.1.83
[INFO] [stderr]    Compiling tracing-attributes v0.1.27
[INFO] [stderr]    Compiling displaydoc v0.2.5
[INFO] [stderr]    Compiling tokio v1.41.0
[INFO] [stderr]    Compiling futures-util v0.3.31
[INFO] [stderr]    Compiling zerocopy v0.7.35
[INFO] [stderr]    Compiling tracing v0.1.40
[INFO] [stderr]    Compiling ppv-lite86 v0.2.20
[INFO] [stderr]    Compiling rand_chacha v0.3.1
[INFO] [stderr]    Compiling rand v0.8.5
[INFO] [stderr]    Compiling futures-executor v0.3.31
[INFO] [stderr]    Compiling futures v0.3.31
[INFO] [stderr]    Compiling tokio-util v0.7.12
[INFO] [stderr]    Compiling combine v4.6.7
[INFO] [stderr]    Compiling redis v0.27.5
[INFO] [stderr]     Finished `dev` profile [unoptimized + debuginfo] target(s) in 30.52s
[INFO] running `Command { std: "docker" "inspect" "582e6c76f0dd7e7f988b9b7e0c5e1b8df38a4bb08af51e4696ac665580da9236", kill_on_drop: false }`
[INFO] running `Command { std: "docker" "rm" "-f" "582e6c76f0dd7e7f988b9b7e0c5e1b8df38a4bb08af51e4696ac665580da9236", kill_on_drop: false }`
[INFO] [stdout] 582e6c76f0dd7e7f988b9b7e0c5e1b8df38a4bb08af51e4696ac665580da9236
[INFO] running `Command { std: "docker" "create" "-v" "/var/lib/crater-agent-workspace/builds/worker-3-tc2/target:/opt/rustwide/target:rw,Z" "-v" "/var/lib/crater-agent-workspace/builds/worker-3-tc2/source:/opt/rustwide/workdir:ro,Z" "-v" "/var/lib/crater-agent-workspace/cargo-home:/opt/rustwide/cargo-home:ro,Z" "-v" "/var/lib/crater-agent-workspace/rustup-home:/opt/rustwide/rustup-home:ro,Z" "-e" "SOURCE_DIR=/opt/rustwide/workdir" "-e" "CARGO_TARGET_DIR=/opt/rustwide/target" "-e" "CARGO_INCREMENTAL=0" "-e" "RUST_BACKTRACE=full" "-e" "RUSTFLAGS=--cap-lints=forbid -Zrandomize-layout" "-e" "RUSTDOCFLAGS=--cap-lints=forbid" "-e" "CARGO_HOME=/opt/rustwide/cargo-home" "-e" "RUSTUP_HOME=/opt/rustwide/rustup-home" "-w" "/opt/rustwide/workdir" "-m" "1610612736" "--user" "0:0" "--network" "none" "ghcr.io/rust-lang/crates-build-env/linux@sha256:819108c5571ea2e421544af4d832f968d213c87fbe3707a016657f43d2f853bc" "/opt/rustwide/cargo-home/bin/cargo" "+nightly-2025-01-18" "test" "--frozen" "--no-run" "--message-format=json", kill_on_drop: false }`
[INFO] [stdout] fbec46f7c2e0e48495854d6d35e9ca90759f67e683be3eafe7f72a82e237fc4b
[INFO] running `Command { std: "docker" "start" "-a" "fbec46f7c2e0e48495854d6d35e9ca90759f67e683be3eafe7f72a82e237fc4b", kill_on_drop: false }`
[INFO] [stderr]    Compiling tracing-core v0.1.32
[INFO] [stderr]    Compiling lazy_static v1.5.0
[INFO] [stderr]    Compiling log v0.4.22
[INFO] [stderr]    Compiling portable-atomic v1.9.0
[INFO] [stderr]    Compiling unicode-width v0.1.14
[INFO] [stderr]    Compiling sdd v3.0.4
[INFO] [stderr]    Compiling overload v0.1.1
[INFO] [stderr]    Compiling thread_local v1.1.8
[INFO] [stderr]    Compiling serial_test_derive v3.1.1
[INFO] [stderr]    Compiling number_prefix v0.4.0
[INFO] [stderr]    Compiling unicode-width v0.2.0
[INFO] [stderr]    Compiling sharded-slab v0.1.7
[INFO] [stderr]    Compiling nu-ansi-term v0.46.0
[INFO] [stderr]    Compiling scc v2.2.2
[INFO] [stderr]    Compiling console v0.15.8
[INFO] [stderr]    Compiling tracing v0.1.40
[INFO] [stderr]    Compiling tracing-log v0.2.0
[INFO] [stderr]    Compiling redis-lock v0.5.1 (/opt/rustwide/workdir)
[INFO] [stderr]    Compiling tracing-subscriber v0.3.18
[INFO] [stderr]    Compiling indicatif v0.17.9
[INFO] [stderr]    Compiling serial_test v3.1.1
[INFO] [stderr]     Finished `test` profile [unoptimized + debuginfo] target(s) in 4.60s
[INFO] running `Command { std: "docker" "inspect" "fbec46f7c2e0e48495854d6d35e9ca90759f67e683be3eafe7f72a82e237fc4b", kill_on_drop: false }`
[INFO] running `Command { std: "docker" "rm" "-f" "fbec46f7c2e0e48495854d6d35e9ca90759f67e683be3eafe7f72a82e237fc4b", kill_on_drop: false }`
[INFO] [stdout] fbec46f7c2e0e48495854d6d35e9ca90759f67e683be3eafe7f72a82e237fc4b
[INFO] running `Command { std: "docker" "create" "-v" "/var/lib/crater-agent-workspace/builds/worker-3-tc2/target:/opt/rustwide/target:rw,Z" "-v" "/var/lib/crater-agent-workspace/builds/worker-3-tc2/source:/opt/rustwide/workdir:ro,Z" "-v" "/var/lib/crater-agent-workspace/cargo-home:/opt/rustwide/cargo-home:ro,Z" "-v" "/var/lib/crater-agent-workspace/rustup-home:/opt/rustwide/rustup-home:ro,Z" "-e" "SOURCE_DIR=/opt/rustwide/workdir" "-e" "CARGO_TARGET_DIR=/opt/rustwide/target" "-e" "CARGO_INCREMENTAL=0" "-e" "RUST_BACKTRACE=full" "-e" "RUSTFLAGS=--cap-lints=forbid -Zrandomize-layout" "-e" "RUSTDOCFLAGS=--cap-lints=forbid" "-e" "CARGO_HOME=/opt/rustwide/cargo-home" "-e" "RUSTUP_HOME=/opt/rustwide/rustup-home" "-w" "/opt/rustwide/workdir" "-m" "1610612736" "--user" "0:0" "--network" "none" "ghcr.io/rust-lang/crates-build-env/linux@sha256:819108c5571ea2e421544af4d832f968d213c87fbe3707a016657f43d2f853bc" "/opt/rustwide/cargo-home/bin/cargo" "+nightly-2025-01-18" "test" "--frozen", kill_on_drop: false }`
[INFO] [stdout] db2146dcb797d25d7be0e76b7238637a1787ca831f398152cf7a940bd199ab9d
[INFO] running `Command { std: "docker" "start" "-a" "db2146dcb797d25d7be0e76b7238637a1787ca831f398152cf7a940bd199ab9d", kill_on_drop: false }`
[INFO] [stderr]     Finished `test` profile [unoptimized + debuginfo] target(s) in 0.08s
[INFO] [stderr]      Running unittests src/lib.rs (/opt/rustwide/target/debug/deps/redis_lock-d2b87bee9f599671)
[INFO] [stdout] 
[INFO] [stderr]      Running unittests src/bin/five.rs (/opt/rustwide/target/debug/deps/five-2c1302403620ed2c)
[INFO] [stdout] running 0 tests
[INFO] [stdout] 
[INFO] [stdout] test result: ok. 0 passed; 0 failed; 0 ignored; 0 measured; 0 filtered out; finished in 0.00s
[INFO] [stdout] 
[INFO] [stdout] 
[INFO] [stdout] running 0 tests
[INFO] [stdout] 
[INFO] [stdout] test result: ok. 0 passed; 0 failed; 0 ignored; 0 measured; 0 filtered out; finished in 0.00s
[INFO] [stdout] 
[INFO] [stderr]      Running unittests src/bin/four.rs (/opt/rustwide/target/debug/deps/four-7a7678080836ef92)
[INFO] [stdout] 
[INFO] [stdout] running 0 tests
[INFO] [stdout] 
[INFO] [stdout] test result: ok. 0 passed; 0 failed; 0 ignored; 0 measured; 0 filtered out; finished in 0.00s
[INFO] [stdout] 
[INFO] [stderr]      Running unittests src/bin/three.rs (/opt/rustwide/target/debug/deps/three-9589f52ff3552c93)
[INFO] [stdout] 
[INFO] [stdout] running 0 tests
[INFO] [stdout] 
[INFO] [stdout] test result: ok. 0 passed; 0 failed; 0 ignored; 0 measured; 0 filtered out; finished in 0.00s
[INFO] [stdout] 
[INFO] [stderr]      Running tests/integration_tests.rs (/opt/rustwide/target/debug/deps/integration_tests-1405de9dbbafc6aa)
[INFO] [stdout] 
[INFO] [stdout] running 2 tests
[INFO] [stdout] test two ... FAILED
[INFO] [stdout] test single ... FAILED
[INFO] [stdout] 
[INFO] [stdout] failures:
[INFO] [stdout] 
[INFO] [stdout] ---- two stdout ----
[INFO] [stdout] Error: Connection refused (os error 111)
[INFO] [stdout] 
[INFO] [stdout] ---- single stdout ----
[INFO] [stdout] Error: Connection refused (os error 111)
[INFO] [stdout] 
[INFO] [stdout] 
[INFO] [stdout] failures:
[INFO] [stdout]     single
[INFO] [stdout]     two
[INFO] [stdout] 
[INFO] [stdout] test result: FAILED. 0 passed; 2 failed; 0 ignored; 0 measured; 0 filtered out; finished in 0.01s
[INFO] [stdout] 
[INFO] [stderr] error: test failed, to rerun pass `--test integration_tests`
[INFO] running `Command { std: "docker" "inspect" "db2146dcb797d25d7be0e76b7238637a1787ca831f398152cf7a940bd199ab9d", kill_on_drop: false }`
[INFO] running `Command { std: "docker" "rm" "-f" "db2146dcb797d25d7be0e76b7238637a1787ca831f398152cf7a940bd199ab9d", kill_on_drop: false }`
[INFO] [stdout] db2146dcb797d25d7be0e76b7238637a1787ca831f398152cf7a940bd199ab9d
