[INFO] fetching crate ratatui-crossterm 0.1.0-alpha.1...
[INFO] testing ratatui-crossterm-0.1.0-alpha.1 against nightly-2025-01-18+rustflags=-Zrandomize-layout for randomize-layout-2
[INFO] extracting crate ratatui-crossterm 0.1.0-alpha.1 into /workspace/builds/worker-4-tc2/source
[INFO] validating manifest of crates.io crate ratatui-crossterm 0.1.0-alpha.1 on toolchain nightly-2025-01-18
[INFO] running `Command { std: CARGO_HOME="/workspace/cargo-home" RUSTUP_HOME="/workspace/rustup-home" "/workspace/cargo-home/bin/cargo" "+nightly-2025-01-18" "metadata" "--manifest-path" "Cargo.toml" "--no-deps", kill_on_drop: false }`
[INFO] started tweaking crates.io crate ratatui-crossterm 0.1.0-alpha.1
[INFO] finished tweaking crates.io crate ratatui-crossterm 0.1.0-alpha.1
[INFO] tweaked toml for crates.io crate ratatui-crossterm 0.1.0-alpha.1 written to /workspace/builds/worker-4-tc2/source/Cargo.toml
[INFO] crate crates.io crate ratatui-crossterm 0.1.0-alpha.1 already has a lockfile, it will not be regenerated
[INFO] running `Command { std: CARGO_HOME="/workspace/cargo-home" RUSTUP_HOME="/workspace/rustup-home" "/workspace/cargo-home/bin/cargo" "+nightly-2025-01-18" "fetch" "--manifest-path" "Cargo.toml", kill_on_drop: false }`
[INFO] [stderr]     Blocking waiting for file lock on package cache
[INFO] [stderr]     Blocking waiting for file lock on package cache
[INFO] running `Command { std: "docker" "create" "-v" "/var/lib/crater-agent-workspace/builds/worker-4-tc2/target:/opt/rustwide/target:rw,Z" "-v" "/var/lib/crater-agent-workspace/builds/worker-4-tc2/source:/opt/rustwide/workdir:ro,Z" "-v" "/var/lib/crater-agent-workspace/cargo-home:/opt/rustwide/cargo-home:ro,Z" "-v" "/var/lib/crater-agent-workspace/rustup-home:/opt/rustwide/rustup-home:ro,Z" "-e" "SOURCE_DIR=/opt/rustwide/workdir" "-e" "CARGO_TARGET_DIR=/opt/rustwide/target" "-e" "CARGO_HOME=/opt/rustwide/cargo-home" "-e" "RUSTUP_HOME=/opt/rustwide/rustup-home" "-w" "/opt/rustwide/workdir" "-m" "1610612736" "--user" "0:0" "--network" "none" "ghcr.io/rust-lang/crates-build-env/linux@sha256:819108c5571ea2e421544af4d832f968d213c87fbe3707a016657f43d2f853bc" "/opt/rustwide/cargo-home/bin/cargo" "+nightly-2025-01-18" "metadata" "--no-deps" "--format-version=1", kill_on_drop: false }`
[INFO] [stdout] e7eb56d1f0f1d2a30689a99c5871c7db2206728493cfa4e29ccaed4a39e0fbb1
[INFO] running `Command { std: "docker" "start" "-a" "e7eb56d1f0f1d2a30689a99c5871c7db2206728493cfa4e29ccaed4a39e0fbb1", kill_on_drop: false }`
[INFO] running `Command { std: "docker" "inspect" "e7eb56d1f0f1d2a30689a99c5871c7db2206728493cfa4e29ccaed4a39e0fbb1", kill_on_drop: false }`
[INFO] running `Command { std: "docker" "rm" "-f" "e7eb56d1f0f1d2a30689a99c5871c7db2206728493cfa4e29ccaed4a39e0fbb1", kill_on_drop: false }`
[INFO] [stdout] e7eb56d1f0f1d2a30689a99c5871c7db2206728493cfa4e29ccaed4a39e0fbb1
[INFO] running `Command { std: "docker" "create" "-v" "/var/lib/crater-agent-workspace/builds/worker-4-tc2/target:/opt/rustwide/target:rw,Z" "-v" "/var/lib/crater-agent-workspace/builds/worker-4-tc2/source:/opt/rustwide/workdir:ro,Z" "-v" "/var/lib/crater-agent-workspace/cargo-home:/opt/rustwide/cargo-home:ro,Z" "-v" "/var/lib/crater-agent-workspace/rustup-home:/opt/rustwide/rustup-home:ro,Z" "-e" "SOURCE_DIR=/opt/rustwide/workdir" "-e" "CARGO_TARGET_DIR=/opt/rustwide/target" "-e" "CARGO_INCREMENTAL=0" "-e" "RUST_BACKTRACE=full" "-e" "RUSTFLAGS=--cap-lints=forbid -Zrandomize-layout" "-e" "RUSTDOCFLAGS=--cap-lints=forbid" "-e" "CARGO_HOME=/opt/rustwide/cargo-home" "-e" "RUSTUP_HOME=/opt/rustwide/rustup-home" "-w" "/opt/rustwide/workdir" "-m" "1610612736" "--user" "0:0" "--network" "none" "ghcr.io/rust-lang/crates-build-env/linux@sha256:819108c5571ea2e421544af4d832f968d213c87fbe3707a016657f43d2f853bc" "/opt/rustwide/cargo-home/bin/cargo" "+nightly-2025-01-18" "build" "--frozen" "--message-format=json", kill_on_drop: false }`
[INFO] [stdout] 6030014ad770059d4252544b2a54b6851e24de139330d08fe8bebbb6142b04d5
[INFO] running `Command { std: "docker" "start" "-a" "6030014ad770059d4252544b2a54b6851e24de139330d08fe8bebbb6142b04d5", kill_on_drop: false }`
[INFO] [stderr]    Compiling proc-macro2 v1.0.93
[INFO] [stderr]    Compiling unicode-ident v1.0.14
[INFO] [stderr]    Compiling libc v0.2.169
[INFO] [stderr]    Compiling rustversion v1.0.19
[INFO] [stderr]    Compiling cfg-if v1.0.0
[INFO] [stderr]    Compiling autocfg v1.4.0
[INFO] [stderr]    Compiling signal-hook v0.3.17
[INFO] [stderr]    Compiling ident_case v1.0.1
[INFO] [stderr]    Compiling strsim v0.11.1
[INFO] [stderr]    Compiling fnv v1.0.7
[INFO] [stderr]    Compiling parking_lot_core v0.9.10
[INFO] [stderr]    Compiling paste v1.0.15
[INFO] [stderr]    Compiling foldhash v0.1.4
[INFO] [stderr]    Compiling rustix v0.38.43
[INFO] [stderr]    Compiling heck v0.5.0
[INFO] [stderr]    Compiling either v1.13.0
[INFO] [stderr]    Compiling allocator-api2 v0.2.21
[INFO] [stderr]    Compiling thiserror v2.0.11
[INFO] [stderr]    Compiling smallvec v1.13.2
[INFO] [stderr]    Compiling bitflags v2.8.0
[INFO] [stderr]    Compiling scopeguard v1.2.0
[INFO] [stderr]    Compiling equivalent v1.0.1
[INFO] [stderr]    Compiling log v0.4.25
[INFO] [stderr]    Compiling unicode-segmentation v1.12.0
[INFO] [stderr]    Compiling linux-raw-sys v0.4.15
[INFO] [stderr]    Compiling itoa v1.0.14
[INFO] [stderr]    Compiling static_assertions v1.1.0
[INFO] [stderr]    Compiling ryu v1.0.18
[INFO] [stderr]    Compiling itertools v0.13.0
[INFO] [stderr]    Compiling unicode-width v0.2.0
[INFO] [stderr]    Compiling hashbrown v0.15.2
[INFO] [stderr]    Compiling indoc v2.0.5
[INFO] [stderr]    Compiling cassowary v0.3.0
[INFO] [stderr]    Compiling lock_api v0.4.12
[INFO] [stderr]    Compiling castaway v0.2.3
[INFO] [stderr]    Compiling compact_str v0.8.1
[INFO] [stderr]    Compiling quote v1.0.38
[INFO] [stderr]    Compiling syn v2.0.96
[INFO] [stderr]    Compiling lru v0.12.5
[INFO] [stderr]    Compiling signal-hook-registry v1.4.2
[INFO] [stderr]    Compiling mio v1.0.3
[INFO] [stderr]    Compiling parking_lot v0.12.3
[INFO] [stderr]    Compiling signal-hook-mio v0.2.4
[INFO] [stderr]    Compiling crossterm v0.28.1
[INFO] [stderr]    Compiling unicode-truncate v2.0.0
[INFO] [stderr]    Compiling darling_core v0.20.10
[INFO] [stderr]    Compiling strum_macros v0.26.4
[INFO] [stderr]    Compiling thiserror-impl v2.0.11
[INFO] [stderr]    Compiling darling_macro v0.20.10
[INFO] [stderr]    Compiling strum v0.26.3
[INFO] [stderr]    Compiling ratatui-core v0.1.0-alpha.1
[INFO] [stderr]    Compiling darling v0.20.10
[INFO] [stderr]    Compiling instability v0.3.7
[INFO] [stderr]    Compiling ratatui-crossterm v0.1.0-alpha.1 (/opt/rustwide/workdir)
[INFO] [stderr]     Finished `dev` profile [unoptimized + debuginfo] target(s) in 17.66s
[INFO] running `Command { std: "docker" "inspect" "6030014ad770059d4252544b2a54b6851e24de139330d08fe8bebbb6142b04d5", kill_on_drop: false }`
[INFO] running `Command { std: "docker" "rm" "-f" "6030014ad770059d4252544b2a54b6851e24de139330d08fe8bebbb6142b04d5", kill_on_drop: false }`
[INFO] [stdout] 6030014ad770059d4252544b2a54b6851e24de139330d08fe8bebbb6142b04d5
[INFO] running `Command { std: "docker" "create" "-v" "/var/lib/crater-agent-workspace/builds/worker-4-tc2/target:/opt/rustwide/target:rw,Z" "-v" "/var/lib/crater-agent-workspace/builds/worker-4-tc2/source:/opt/rustwide/workdir:ro,Z" "-v" "/var/lib/crater-agent-workspace/cargo-home:/opt/rustwide/cargo-home:ro,Z" "-v" "/var/lib/crater-agent-workspace/rustup-home:/opt/rustwide/rustup-home:ro,Z" "-e" "SOURCE_DIR=/opt/rustwide/workdir" "-e" "CARGO_TARGET_DIR=/opt/rustwide/target" "-e" "CARGO_INCREMENTAL=0" "-e" "RUST_BACKTRACE=full" "-e" "RUSTFLAGS=--cap-lints=forbid -Zrandomize-layout" "-e" "RUSTDOCFLAGS=--cap-lints=forbid" "-e" "CARGO_HOME=/opt/rustwide/cargo-home" "-e" "RUSTUP_HOME=/opt/rustwide/rustup-home" "-w" "/opt/rustwide/workdir" "-m" "1610612736" "--user" "0:0" "--network" "none" "ghcr.io/rust-lang/crates-build-env/linux@sha256:819108c5571ea2e421544af4d832f968d213c87fbe3707a016657f43d2f853bc" "/opt/rustwide/cargo-home/bin/cargo" "+nightly-2025-01-18" "test" "--frozen" "--no-run" "--message-format=json", kill_on_drop: false }`
[INFO] [stdout] ed307ee0fafa19c42dfa8ec81334008b729a6abd672749511c06b25a5244d6cd
[INFO] running `Command { std: "docker" "start" "-a" "ed307ee0fafa19c42dfa8ec81334008b729a6abd672749511c06b25a5244d6cd", kill_on_drop: false }`
[INFO] [stderr]    Compiling semver v1.0.24
[INFO] [stderr]    Compiling memchr v2.7.4
[INFO] [stderr]    Compiling hashbrown v0.15.2
[INFO] [stderr]    Compiling slab v0.4.9
[INFO] [stderr]    Compiling winnow v0.6.24
[INFO] [stderr]    Compiling toml_datetime v0.6.8
[INFO] [stderr]    Compiling regex-syntax v0.8.5
[INFO] [stderr]    Compiling syn v2.0.96
[INFO] [stderr]    Compiling pin-project-lite v0.2.16
[INFO] [stderr]    Compiling futures-task v0.3.31
[INFO] [stderr]    Compiling pin-utils v0.1.0
[INFO] [stderr]    Compiling futures-core v0.3.31
[INFO] [stderr]    Compiling glob v0.3.2
[INFO] [stderr]    Compiling relative-path v1.9.3
[INFO] [stderr]    Compiling futures-timer v3.0.3
[INFO] [stderr]    Compiling rustc_version v0.4.1
[INFO] [stderr]    Compiling aho-corasick v1.1.3
[INFO] [stderr]    Compiling rstest_macros v0.24.0
[INFO] [stderr]    Compiling indexmap v2.7.0
[INFO] [stderr]    Compiling toml_edit v0.22.22
[INFO] [stderr]    Compiling regex-automata v0.4.9
[INFO] [stderr]    Compiling proc-macro-crate v3.2.0
[INFO] [stderr]    Compiling darling_core v0.20.10
[INFO] [stderr]    Compiling regex v1.11.1
[INFO] [stderr]    Compiling thiserror-impl v2.0.11
[INFO] [stderr]    Compiling strum_macros v0.26.4
[INFO] [stderr]    Compiling futures-macro v0.3.31
[INFO] [stderr]    Compiling futures-util v0.3.31
[INFO] [stderr]    Compiling thiserror v2.0.11
[INFO] [stderr]    Compiling darling_macro v0.20.10
[INFO] [stderr]    Compiling strum v0.26.3
[INFO] [stderr]    Compiling ratatui-core v0.1.0-alpha.1
[INFO] [stderr]    Compiling darling v0.20.10
[INFO] [stderr]    Compiling instability v0.3.7
[INFO] [stderr]    Compiling ratatui-crossterm v0.1.0-alpha.1 (/opt/rustwide/workdir)
[INFO] [stderr]    Compiling rstest v0.24.0
[INFO] [stderr]     Finished `test` profile [unoptimized + debuginfo] target(s) in 19.12s
[INFO] running `Command { std: "docker" "inspect" "ed307ee0fafa19c42dfa8ec81334008b729a6abd672749511c06b25a5244d6cd", kill_on_drop: false }`
[INFO] running `Command { std: "docker" "rm" "-f" "ed307ee0fafa19c42dfa8ec81334008b729a6abd672749511c06b25a5244d6cd", kill_on_drop: false }`
[INFO] [stdout] ed307ee0fafa19c42dfa8ec81334008b729a6abd672749511c06b25a5244d6cd
[INFO] running `Command { std: "docker" "create" "-v" "/var/lib/crater-agent-workspace/builds/worker-4-tc2/target:/opt/rustwide/target:rw,Z" "-v" "/var/lib/crater-agent-workspace/builds/worker-4-tc2/source:/opt/rustwide/workdir:ro,Z" "-v" "/var/lib/crater-agent-workspace/cargo-home:/opt/rustwide/cargo-home:ro,Z" "-v" "/var/lib/crater-agent-workspace/rustup-home:/opt/rustwide/rustup-home:ro,Z" "-e" "SOURCE_DIR=/opt/rustwide/workdir" "-e" "CARGO_TARGET_DIR=/opt/rustwide/target" "-e" "CARGO_INCREMENTAL=0" "-e" "RUST_BACKTRACE=full" "-e" "RUSTFLAGS=--cap-lints=forbid -Zrandomize-layout" "-e" "RUSTDOCFLAGS=--cap-lints=forbid" "-e" "CARGO_HOME=/opt/rustwide/cargo-home" "-e" "RUSTUP_HOME=/opt/rustwide/rustup-home" "-w" "/opt/rustwide/workdir" "-m" "1610612736" "--user" "0:0" "--network" "none" "ghcr.io/rust-lang/crates-build-env/linux@sha256:819108c5571ea2e421544af4d832f968d213c87fbe3707a016657f43d2f853bc" "/opt/rustwide/cargo-home/bin/cargo" "+nightly-2025-01-18" "test" "--frozen", kill_on_drop: false }`
[INFO] [stdout] 8f34f271b63c4529d3c669cdb15db7f15747e737d3f05d5384faaac6f3db30f0
[INFO] running `Command { std: "docker" "start" "-a" "8f34f271b63c4529d3c669cdb15db7f15747e737d3f05d5384faaac6f3db30f0", kill_on_drop: false }`
[INFO] [stderr]     Finished `test` profile [unoptimized + debuginfo] target(s) in 0.10s
[INFO] [stderr]      Running unittests src/lib.rs (/opt/rustwide/target/debug/deps/ratatui_crossterm-16e959df7158b456)
[INFO] [stdout] 
[INFO] [stdout] running 64 tests
[INFO] [stdout] test tests::from_crossterm_color::case_02 ... ok
[INFO] [stdout] test tests::from_crossterm_color::case_03 ... ok
[INFO] [stdout] test tests::from_crossterm_color::case_06 ... ok
[INFO] [stdout] test tests::from_crossterm_color::case_09 ... ok
[INFO] [stdout] test tests::from_crossterm_color::case_10 ... ok
[INFO] [stdout] test tests::from_crossterm_color::case_11 ... ok
[INFO] [stdout] test tests::from_crossterm_color::case_12 ... ok
[INFO] [stdout] test tests::from_crossterm_color::case_13 ... ok
[INFO] [stdout] test tests::from_crossterm_color::case_14 ... ok
[INFO] [stdout] test tests::from_crossterm_color::case_15 ... ok
[INFO] [stdout] test tests::from_crossterm_color::case_16 ... ok
[INFO] [stdout] test tests::from_crossterm_color::case_01 ... ok
[INFO] [stdout] test tests::from_crossterm_color::case_04 ... ok
[INFO] [stdout] test tests::from_crossterm_color::case_05 ... ok
[INFO] [stdout] test tests::from_crossterm_color::case_17 ... ok
[INFO] [stdout] test tests::from_crossterm_color::case_18 ... ok
[INFO] [stdout] test tests::from_crossterm_color::case_19 ... ok
[INFO] [stdout] test tests::from_crossterm_color::case_20 ... ok
[INFO] [stdout] test tests::from_crossterm_color::case_21 ... ok
[INFO] [stdout] test tests::from_crossterm_content_style::case_1 ... ok
[INFO] [stdout] test tests::from_crossterm_color::case_08 ... ok
[INFO] [stdout] test tests::from_crossterm_content_style::case_2 ... ok
[INFO] [stdout] test tests::from_crossterm_content_style::case_3 ... ok
[INFO] [stdout] test tests::from_crossterm_content_style::case_4 ... ok
[INFO] [stdout] test tests::from_crossterm_content_style::case_5 ... ok
[INFO] [stdout] test tests::from_crossterm_content_style::case_6 ... ok
[INFO] [stdout] test tests::from_crossterm_content_style::case_7 ... ok
[INFO] [stdout] test tests::from_crossterm_content_style::case_8 ... ok
[INFO] [stdout] test tests::from_crossterm_content_style::case_9 ... ok
[INFO] [stdout] test tests::modifier::from_crossterm_attribute::case_01 ... ok
[INFO] [stdout] test tests::modifier::from_crossterm_attribute::case_05 ... ok
[INFO] [stdout] test tests::modifier::from_crossterm_attribute::case_06 ... ok
[INFO] [stdout] test tests::modifier::from_crossterm_attribute::case_07 ... ok
[INFO] [stdout] test tests::modifier::from_crossterm_attribute::case_09 ... ok
[INFO] [stdout] test tests::modifier::from_crossterm_attribute::case_10 ... ok
[INFO] [stdout] test tests::modifier::from_crossterm_attribute::case_11 ... ok
[INFO] [stdout] test tests::modifier::from_crossterm_attribute::case_12 ... ok
[INFO] [stdout] test tests::modifier::from_crossterm_attribute::case_14 ... ok
[INFO] [stdout] test tests::modifier::from_crossterm_attribute::case_13 ... ok
[INFO] [stdout] test tests::modifier::from_crossterm_attribute::case_16 ... ok
[INFO] [stdout] test tests::modifier::from_crossterm_attribute::case_17 ... ok
[INFO] [stdout] test tests::modifier::from_crossterm_attribute::case_18 ... ok
[INFO] [stdout] test tests::modifier::from_crossterm_attribute::case_15 ... ok
[INFO] [stdout] test tests::modifier::from_crossterm_attribute::case_19 ... ok
[INFO] [stdout] test tests::modifier::from_crossterm_attribute::case_21 ... ok
[INFO] [stdout] test tests::modifier::from_crossterm_attribute::case_20 ... ok
[INFO] [stdout] test tests::modifier::from_crossterm_attribute::case_23 ... ok
[INFO] [stdout] test tests::modifier::from_crossterm_attribute::case_22 ... ok
[INFO] [stdout] test tests::modifier::from_crossterm_attributes::case_2 ... ok
[INFO] [stdout] test tests::modifier::from_crossterm_attribute::case_24 ... ok
[INFO] [stdout] test tests::modifier::from_crossterm_attributes::case_1 ... ok
[INFO] [stdout] test tests::modifier::from_crossterm_attributes::case_3 ... ok
[INFO] [stdout] test tests::modifier::from_crossterm_attributes::case_4 ... ok
[INFO] [stdout] test tests::modifier::from_crossterm_attributes::case_5 ... ok
[INFO] [stdout] test tests::from_crossterm_content_style_underline ... ok
[INFO] [stdout] test tests::modifier::from_crossterm_attributes::case_6 ... ok
[INFO] [stdout] test tests::modifier::from_crossterm_attributes::case_8 ... ok
[INFO] [stdout] test tests::modifier::from_crossterm_attributes::case_7 ... ok
[INFO] [stdout] test tests::modifier::from_crossterm_attributes::case_9 ... ok
[INFO] [stdout] test tests::modifier::from_crossterm_attribute::case_02 ... ok
[INFO] [stdout] test tests::modifier::from_crossterm_attribute::case_03 ... ok
[INFO] [stdout] test tests::modifier::from_crossterm_attribute::case_08 ... ok
[INFO] [stdout] test tests::modifier::from_crossterm_attribute::case_04 ... ok
[INFO] [stdout] test tests::from_crossterm_color::case_07 ... ok
[INFO] [stdout] 
[INFO] [stdout] test result: ok. 64 passed; 0 failed; 0 ignored; 0 measured; 0 filtered out; finished in 0.02s
[INFO] [stdout] 
[INFO] [stderr]    Doc-tests ratatui_crossterm
[INFO] [stdout] 
[INFO] [stdout] running 2 tests
[INFO] [stdout] test src/lib.rs - CrosstermBackend<W>::new (line 111) - compile ... FAILED
[INFO] [stdout] test src/lib.rs - CrosstermBackend (line 56) - compile ... FAILED
[INFO] [stdout] 
[INFO] [stdout] failures:
[INFO] [stdout] 
[INFO] [stdout] ---- src/lib.rs - CrosstermBackend<W>::new (line 111) stdout ----
[INFO] [stdout] error[E0433]: failed to resolve: use of undeclared crate or module `ratatui`
[INFO] [stdout]  --> src/lib.rs:114:5
[INFO] [stdout]   |
[INFO] [stdout] 5 | use ratatui::backend::CrosstermBackend;
[INFO] [stdout]   |     ^^^^^^^ use of undeclared crate or module `ratatui`
[INFO] [stdout] 
[INFO] [stdout] error: aborting due to 1 previous error
[INFO] [stdout] 
[INFO] [stdout] For more information about this error, try `rustc --explain E0433`.
[INFO] [stdout] Couldn't compile the test.
[INFO] [stdout] ---- src/lib.rs - CrosstermBackend (line 56) stdout ----
[INFO] [stdout] error[E0433]: failed to resolve: use of undeclared crate or module `ratatui`
[INFO] [stdout]  --> src/lib.rs:63:5
[INFO] [stdout]   |
[INFO] [stdout] 9 | use ratatui::{backend::CrosstermBackend, Terminal};
[INFO] [stdout]   |     ^^^^^^^ use of undeclared crate or module `ratatui`
[INFO] [stdout] 
[INFO] [stdout] error[E0432]: unresolved import `ratatui`
[INFO] [stdout]  --> src/lib.rs:63:5
[INFO] [stdout]   |
[INFO] [stdout] 9 | use ratatui::{backend::CrosstermBackend, Terminal};
[INFO] [stdout]   |     ^^^^^^^ use of undeclared crate or module `ratatui`
[INFO] [stdout] 
[INFO] [stdout] error: aborting due to 2 previous errors
[INFO] [stdout] 
[INFO] [stdout] Some errors have detailed explanations: E0432, E0433.
[INFO] [stdout] For more information about an error, try `rustc --explain E0432`.
[INFO] [stdout] Couldn't compile the test.
[INFO] [stdout] 
[INFO] [stdout] failures:
[INFO] [stdout]     src/lib.rs - CrosstermBackend (line 56)
[INFO] [stdout]     src/lib.rs - CrosstermBackend<W>::new (line 111)
[INFO] [stdout] 
[INFO] [stdout] test result: FAILED. 0 passed; 2 failed; 0 ignored; 0 measured; 0 filtered out; finished in 0.07s
[INFO] [stdout] 
[INFO] [stderr] error: doctest failed, to rerun pass `--doc`
[INFO] running `Command { std: "docker" "inspect" "8f34f271b63c4529d3c669cdb15db7f15747e737d3f05d5384faaac6f3db30f0", kill_on_drop: false }`
[INFO] running `Command { std: "docker" "rm" "-f" "8f34f271b63c4529d3c669cdb15db7f15747e737d3f05d5384faaac6f3db30f0", kill_on_drop: false }`
[INFO] [stdout] 8f34f271b63c4529d3c669cdb15db7f15747e737d3f05d5384faaac6f3db30f0
