[INFO] fetching crate rasterizeddb_core 0.0.7...
[INFO] testing rasterizeddb_core-0.0.7 against nightly-2025-01-18 for randomize-layout-2
[INFO] extracting crate rasterizeddb_core 0.0.7 into /workspace/builds/worker-6-tc1/source
[INFO] validating manifest of crates.io crate rasterizeddb_core 0.0.7 on toolchain nightly-2025-01-18
[INFO] running `Command { std: CARGO_HOME="/workspace/cargo-home" RUSTUP_HOME="/workspace/rustup-home" "/workspace/cargo-home/bin/cargo" "+nightly-2025-01-18" "metadata" "--manifest-path" "Cargo.toml" "--no-deps", kill_on_drop: false }`
[INFO] started tweaking crates.io crate rasterizeddb_core 0.0.7
[INFO] removed 0 missing tests
[INFO] finished tweaking crates.io crate rasterizeddb_core 0.0.7
[INFO] tweaked toml for crates.io crate rasterizeddb_core 0.0.7 written to /workspace/builds/worker-6-tc1/source/Cargo.toml
[INFO] crate crates.io crate rasterizeddb_core 0.0.7 already has a lockfile, it will not be regenerated
[INFO] running `Command { std: CARGO_HOME="/workspace/cargo-home" RUSTUP_HOME="/workspace/rustup-home" "/workspace/cargo-home/bin/cargo" "+nightly-2025-01-18" "fetch" "--manifest-path" "Cargo.toml", kill_on_drop: false }`
[INFO] [stderr]     Updating crates.io index
[INFO] [stderr]  Downloading crates ...
[INFO] [stderr]   Downloaded orx-pseudo-default v1.4.0
[INFO] [stderr]   Downloaded orx-pinned-vec v3.11.0
[INFO] [stderr]   Downloaded orx-pinned-concurrent-col v2.9.0
[INFO] [stderr]   Downloaded orx-concurrent-option v1.3.0
[INFO] [stderr]   Downloaded orx-fixed-vec v3.11.0
[INFO] [stderr]   Downloaded moka v0.12.8
[INFO] [stderr]   Downloaded orx-concurrent-vec v3.1.0
[INFO] [stderr]   Downloaded orx-split-vec v3.11.0
[INFO] running `Command { std: "docker" "create" "-v" "/var/lib/crater-agent-workspace/builds/worker-6-tc1/target:/opt/rustwide/target:rw,Z" "-v" "/var/lib/crater-agent-workspace/builds/worker-6-tc1/source:/opt/rustwide/workdir:ro,Z" "-v" "/var/lib/crater-agent-workspace/cargo-home:/opt/rustwide/cargo-home:ro,Z" "-v" "/var/lib/crater-agent-workspace/rustup-home:/opt/rustwide/rustup-home:ro,Z" "-e" "SOURCE_DIR=/opt/rustwide/workdir" "-e" "CARGO_TARGET_DIR=/opt/rustwide/target" "-e" "CARGO_HOME=/opt/rustwide/cargo-home" "-e" "RUSTUP_HOME=/opt/rustwide/rustup-home" "-w" "/opt/rustwide/workdir" "-m" "1610612736" "--user" "0:0" "--network" "none" "ghcr.io/rust-lang/crates-build-env/linux@sha256:819108c5571ea2e421544af4d832f968d213c87fbe3707a016657f43d2f853bc" "/opt/rustwide/cargo-home/bin/cargo" "+nightly-2025-01-18" "metadata" "--no-deps" "--format-version=1", kill_on_drop: false }`
[INFO] [stdout] b0f17cc9e5a7131b4e3ac4594783ed159b74443397c9aae3d623f0f9a71a787e
[INFO] running `Command { std: "docker" "start" "-a" "b0f17cc9e5a7131b4e3ac4594783ed159b74443397c9aae3d623f0f9a71a787e", kill_on_drop: false }`
[INFO] running `Command { std: "docker" "inspect" "b0f17cc9e5a7131b4e3ac4594783ed159b74443397c9aae3d623f0f9a71a787e", kill_on_drop: false }`
[INFO] running `Command { std: "docker" "rm" "-f" "b0f17cc9e5a7131b4e3ac4594783ed159b74443397c9aae3d623f0f9a71a787e", kill_on_drop: false }`
[INFO] [stdout] b0f17cc9e5a7131b4e3ac4594783ed159b74443397c9aae3d623f0f9a71a787e
[INFO] running `Command { std: "docker" "create" "-v" "/var/lib/crater-agent-workspace/builds/worker-6-tc1/target:/opt/rustwide/target:rw,Z" "-v" "/var/lib/crater-agent-workspace/builds/worker-6-tc1/source:/opt/rustwide/workdir:ro,Z" "-v" "/var/lib/crater-agent-workspace/cargo-home:/opt/rustwide/cargo-home:ro,Z" "-v" "/var/lib/crater-agent-workspace/rustup-home:/opt/rustwide/rustup-home:ro,Z" "-e" "SOURCE_DIR=/opt/rustwide/workdir" "-e" "CARGO_TARGET_DIR=/opt/rustwide/target" "-e" "CARGO_INCREMENTAL=0" "-e" "RUST_BACKTRACE=full" "-e" "RUSTFLAGS=--cap-lints=forbid" "-e" "RUSTDOCFLAGS=--cap-lints=forbid" "-e" "CARGO_HOME=/opt/rustwide/cargo-home" "-e" "RUSTUP_HOME=/opt/rustwide/rustup-home" "-w" "/opt/rustwide/workdir" "-m" "1610612736" "--user" "0:0" "--network" "none" "ghcr.io/rust-lang/crates-build-env/linux@sha256:819108c5571ea2e421544af4d832f968d213c87fbe3707a016657f43d2f853bc" "/opt/rustwide/cargo-home/bin/cargo" "+nightly-2025-01-18" "build" "--frozen" "--message-format=json", kill_on_drop: false }`
[INFO] [stdout] e07bd28eb877967d2f5811b51364028f38d85cbf4ac5a0b95eb978c550d23293
[INFO] running `Command { std: "docker" "start" "-a" "e07bd28eb877967d2f5811b51364028f38d85cbf4ac5a0b95eb978c550d23293", kill_on_drop: false }`
[INFO] [stderr]    Compiling autocfg v1.4.0
[INFO] [stderr]    Compiling libc v0.2.169
[INFO] [stderr]    Compiling proc-macro2 v1.0.92
[INFO] [stderr]    Compiling unicode-ident v1.0.14
[INFO] [stderr]    Compiling cfg-if v1.0.0
[INFO] [stderr]    Compiling crossbeam-utils v0.8.21
[INFO] [stderr]    Compiling orx-pseudo-default v1.4.0
[INFO] [stderr]    Compiling rustc-serialize v0.3.25
[INFO] [stderr]    Compiling parking_lot_core v0.9.10
[INFO] [stderr]    Compiling smallvec v1.13.2
[INFO] [stderr]    Compiling scopeguard v1.2.0
[INFO] [stderr]    Compiling pin-project-lite v0.2.15
[INFO] [stderr]    Compiling futures-sink v0.3.31
[INFO] [stderr]    Compiling futures-core v0.3.31
[INFO] [stderr]    Compiling futures-io v0.3.31
[INFO] [stderr]    Compiling pin-utils v0.1.0
[INFO] [stderr]    Compiling orx-pinned-vec v3.11.0
[INFO] [stderr]    Compiling memchr v2.7.4
[INFO] [stderr]    Compiling version_check v0.9.5
[INFO] [stderr]    Compiling futures-task v0.3.31
[INFO] [stderr]    Compiling thiserror v1.0.69
[INFO] [stderr]    Compiling once_cell v1.20.2
[INFO] [stderr]    Compiling bitflags v2.6.0
[INFO] [stderr]    Compiling futures-channel v0.3.31
[INFO] [stderr]    Compiling orx-split-vec v3.11.0
[INFO] [stderr]    Compiling orx-fixed-vec v3.11.0
[INFO] [stderr]    Compiling moka v0.12.8
[INFO] [stderr]    Compiling raw-cpuid v11.2.0
[INFO] [stderr]    Compiling triomphe v0.1.11
[INFO] [stderr]    Compiling ahash v0.8.11
[INFO] [stderr]    Compiling orx-concurrent-option v1.3.0
[INFO] [stderr]    Compiling either v1.13.0
[INFO] [stderr]    Compiling tagptr v0.2.0
[INFO] [stderr]    Compiling bytes v1.9.0
[INFO] [stderr]    Compiling zerocopy v0.7.35
[INFO] [stderr]    Compiling num-traits v0.2.19
[INFO] [stderr]    Compiling slab v0.4.9
[INFO] [stderr]    Compiling lock_api v0.4.12
[INFO] [stderr]    Compiling byteorder v1.5.0
[INFO] [stderr]    Compiling crossbeam-channel v0.5.14
[INFO] [stderr]    Compiling crossbeam-epoch v0.9.18
[INFO] [stderr]    Compiling itertools v0.14.0
[INFO] [stderr]    Compiling quote v1.0.38
[INFO] [stderr]    Compiling syn v2.0.92
[INFO] [stderr]    Compiling orx-pinned-concurrent-col v2.9.0
[INFO] [stderr]    Compiling orx-concurrent-vec v3.1.0
[INFO] [stderr]    Compiling rand v0.4.6
[INFO] [stderr]    Compiling getrandom v0.2.15
[INFO] [stderr]    Compiling signal-hook-registry v1.4.2
[INFO] [stderr]    Compiling mio v1.0.3
[INFO] [stderr]    Compiling socket2 v0.5.8
[INFO] [stderr]    Compiling uuid v1.11.0
[INFO] [stderr]    Compiling parking_lot v0.12.3
[INFO] [stderr]    Compiling quanta v0.12.4
[INFO] [stderr]    Compiling num-integer v0.1.46
[INFO] [stderr]    Compiling num-iter v0.1.45
[INFO] [stderr]    Compiling num-bigint v0.1.44
[INFO] [stderr]    Compiling num-complex v0.1.43
[INFO] [stderr]    Compiling num-rational v0.1.42
[INFO] [stderr]    Compiling num v0.1.42
[INFO] [stderr]    Compiling stopwatch v0.0.7
[INFO] [stderr]    Compiling futures-macro v0.3.31
[INFO] [stderr]    Compiling thiserror-impl v1.0.69
[INFO] [stderr]    Compiling tokio-macros v2.4.0
[INFO] [stderr]    Compiling tokio v1.42.0
[INFO] [stderr]    Compiling futures-util v0.3.31
[INFO] [stderr]    Compiling futures-executor v0.3.31
[INFO] [stderr]    Compiling futures v0.3.31
[INFO] [stderr]    Compiling rasterizeddb_core v0.0.7 (/opt/rustwide/workdir)
[INFO] [stdout] warning: unnecessary parentheses around `break` value
[INFO] [stdout]    --> src/core/table.rs:892:27
[INFO] [stdout]     |
[INFO] [stdout] 892 |                     break (current_len.clone() + HEADER_SIZE as u64);
[INFO] [stdout]     |                           ^                                        ^
[INFO] [stdout]     |
[INFO] [stdout]     = note: `#[warn(unused_parens)]` on by default
[INFO] [stdout] help: remove these parentheses
[INFO] [stdout]     |
[INFO] [stdout] 892 -                     break (current_len.clone() + HEADER_SIZE as u64);
[INFO] [stdout] 892 +                     break current_len.clone() + HEADER_SIZE as u64;
[INFO] [stdout]     |
[INFO] [stdout] 
[INFO] [stdout] 
[INFO] [stdout] warning: unused variable: `temp_io_sync`
[INFO] [stdout]    --> src/core/storage_providers/file_sync.rs:264:35
[INFO] [stdout]     |
[INFO] [stdout] 264 |     async fn swap_temp(&mut self, temp_io_sync: &mut Self) {
[INFO] [stdout]     |                                   ^^^^^^^^^^^^ help: if this is intentional, prefix it with an underscore: `_temp_io_sync`
[INFO] [stdout]     |
[INFO] [stdout]     = note: `#[warn(unused_variables)]` on by default
[INFO] [stdout] 
[INFO] [stdout] 
[INFO] [stdout] warning: field `immutable` is never read
[INFO] [stdout]   --> src/core/table.rs:31:16
[INFO] [stdout]    |
[INFO] [stdout] 25 | pub struct Table<S: IOOperationsSync> {
[INFO] [stdout]    |            ----- field in this struct
[INFO] [stdout] ...
[INFO] [stdout] 31 |     pub(crate) immutable: bool,
[INFO] [stdout]    |                ^^^^^^^^^
[INFO] [stdout]    |
[INFO] [stdout]    = note: `#[warn(dead_code)]` on by default
[INFO] [stdout] 
[INFO] [stdout] 
[INFO] [stdout] warning: unused imports: `memory::MemoryStorageProvider` and `row::InsertOrUpdateRow`
[INFO] [stdout]  --> src/main.rs:6:9
[INFO] [stdout]   |
[INFO] [stdout] 6 |         row::InsertOrUpdateRow, 
[INFO] [stdout]   |         ^^^^^^^^^^^^^^^^^^^^^^
[INFO] [stdout] 7 |         storage_providers::{file_sync::LocalStorageProvider, memory::MemoryStorageProvider}, 
[INFO] [stdout]   |                                                              ^^^^^^^^^^^^^^^^^^^^^^^^^^^^^
[INFO] [stdout]   |
[INFO] [stdout]   = note: `#[warn(unused_imports)]` on by default
[INFO] [stdout] 
[INFO] [stdout] 
[INFO] [stdout] warning: unused variable: `row`
[INFO] [stdout]   --> src/main.rs:76:9
[INFO] [stdout]    |
[INFO] [stdout] 76 |     let row = table.first_or_default_by_id(1).await?.unwrap();
[INFO] [stdout]    |         ^^^ help: if this is intentional, prefix it with an underscore: `_row`
[INFO] [stdout]    |
[INFO] [stdout]    = note: `#[warn(unused_variables)]` on by default
[INFO] [stdout] 
[INFO] [stdout] 
[INFO] [stderr]     Finished `dev` profile [unoptimized + debuginfo] target(s) in 32.10s
[INFO] [stderr] warning: the following packages contain code that will be rejected by a future version of Rust: num-bigint v0.1.44, num-complex v0.1.43, num-rational v0.1.42
[INFO] [stderr] note: to see what the problems were, use the option `--future-incompat-report`, or run `cargo report future-incompatibilities --id 2`
[INFO] running `Command { std: "docker" "inspect" "e07bd28eb877967d2f5811b51364028f38d85cbf4ac5a0b95eb978c550d23293", kill_on_drop: false }`
[INFO] running `Command { std: "docker" "rm" "-f" "e07bd28eb877967d2f5811b51364028f38d85cbf4ac5a0b95eb978c550d23293", kill_on_drop: false }`
[INFO] [stdout] e07bd28eb877967d2f5811b51364028f38d85cbf4ac5a0b95eb978c550d23293
[INFO] running `Command { std: "docker" "create" "-v" "/var/lib/crater-agent-workspace/builds/worker-6-tc1/target:/opt/rustwide/target:rw,Z" "-v" "/var/lib/crater-agent-workspace/builds/worker-6-tc1/source:/opt/rustwide/workdir:ro,Z" "-v" "/var/lib/crater-agent-workspace/cargo-home:/opt/rustwide/cargo-home:ro,Z" "-v" "/var/lib/crater-agent-workspace/rustup-home:/opt/rustwide/rustup-home:ro,Z" "-e" "SOURCE_DIR=/opt/rustwide/workdir" "-e" "CARGO_TARGET_DIR=/opt/rustwide/target" "-e" "CARGO_INCREMENTAL=0" "-e" "RUST_BACKTRACE=full" "-e" "RUSTFLAGS=--cap-lints=forbid" "-e" "RUSTDOCFLAGS=--cap-lints=forbid" "-e" "CARGO_HOME=/opt/rustwide/cargo-home" "-e" "RUSTUP_HOME=/opt/rustwide/rustup-home" "-w" "/opt/rustwide/workdir" "-m" "1610612736" "--user" "0:0" "--network" "none" "ghcr.io/rust-lang/crates-build-env/linux@sha256:819108c5571ea2e421544af4d832f968d213c87fbe3707a016657f43d2f853bc" "/opt/rustwide/cargo-home/bin/cargo" "+nightly-2025-01-18" "test" "--frozen" "--no-run" "--message-format=json", kill_on_drop: false }`
[INFO] [stdout] f49e8603595ed922f0b7f5af23ee8c1b4e890b721733d313ac855d05fd143d49
[INFO] running `Command { std: "docker" "start" "-a" "f49e8603595ed922f0b7f5af23ee8c1b4e890b721733d313ac855d05fd143d49", kill_on_drop: false }`
[INFO] [stderr]    Compiling serde v1.0.217
[INFO] [stderr]    Compiling serde_json v1.0.134
[INFO] [stderr]    Compiling rayon-core v1.12.1
[INFO] [stderr]    Compiling crossbeam-deque v0.8.6
[INFO] [stderr]    Compiling half v2.4.1
[INFO] [stderr]    Compiling serde_derive v1.0.217
[INFO] [stderr]    Compiling ryu v1.0.18
[INFO] [stderr]    Compiling plotters-backend v0.3.7
[INFO] [stderr]    Compiling anstyle v1.0.10
[INFO] [stderr]    Compiling clap_lex v0.7.4
[INFO] [stderr]    Compiling itoa v1.0.14
[INFO] [stderr]    Compiling regex-syntax v0.8.5
[INFO] [stderr]    Compiling ciborium-io v0.2.2
[INFO] [stderr]    Compiling itertools v0.10.5
[INFO] [stderr]    Compiling same-file v1.0.6
[INFO] [stderr]    Compiling cast v0.3.0
[INFO] [stderr]    Compiling is-terminal v0.4.13
[INFO] [stderr]    Compiling oorandom v11.1.4
[INFO] [stderr]    Compiling anes v0.1.6
[INFO] [stderr]    Compiling walkdir v2.5.0
[INFO] [stdout] warning: unnecessary parentheses around `break` value
[INFO] [stdout]    --> src/core/table.rs:892:27
[INFO] [stdout]     |
[INFO] [stdout] 892 |                     break (current_len.clone() + HEADER_SIZE as u64);
[INFO] [stdout]     |                           ^                                        ^
[INFO] [stdout]     |
[INFO] [stdout]     = note: `#[warn(unused_parens)]` on by default
[INFO] [stdout] help: remove these parentheses
[INFO] [stdout]     |
[INFO] [stdout] 892 -                     break (current_len.clone() + HEADER_SIZE as u64);
[INFO] [stdout] 892 +                     break current_len.clone() + HEADER_SIZE as u64;
[INFO] [stdout]     |
[INFO] [stdout] 
[INFO] [stdout] 
[INFO] [stdout] warning: unused variable: `temp_io_sync`
[INFO] [stdout]    --> src/core/storage_providers/file_sync.rs:264:35
[INFO] [stdout]     |
[INFO] [stdout] 264 |     async fn swap_temp(&mut self, temp_io_sync: &mut Self) {
[INFO] [stdout]     |                                   ^^^^^^^^^^^^ help: if this is intentional, prefix it with an underscore: `_temp_io_sync`
[INFO] [stdout]     |
[INFO] [stdout]     = note: `#[warn(unused_variables)]` on by default
[INFO] [stdout] 
[INFO] [stdout] 
[INFO] [stdout] warning: field `immutable` is never read
[INFO] [stdout]   --> src/core/table.rs:31:16
[INFO] [stdout]    |
[INFO] [stdout] 25 | pub struct Table<S: IOOperationsSync> {
[INFO] [stdout]    |            ----- field in this struct
[INFO] [stdout] ...
[INFO] [stdout] 31 |     pub(crate) immutable: bool,
[INFO] [stdout]    |                ^^^^^^^^^
[INFO] [stdout]    |
[INFO] [stdout]    = note: `#[warn(dead_code)]` on by default
[INFO] [stdout] 
[INFO] [stdout] 
[INFO] [stdout] warning: unused imports: `memory::MemoryStorageProvider` and `row::InsertOrUpdateRow`
[INFO] [stdout]  --> src/main.rs:6:9
[INFO] [stdout]   |
[INFO] [stdout] 6 |         row::InsertOrUpdateRow, 
[INFO] [stdout]   |         ^^^^^^^^^^^^^^^^^^^^^^
[INFO] [stdout] 7 |         storage_providers::{file_sync::LocalStorageProvider, memory::MemoryStorageProvider}, 
[INFO] [stdout]   |                                                              ^^^^^^^^^^^^^^^^^^^^^^^^^^^^^
[INFO] [stdout]   |
[INFO] [stdout]   = note: `#[warn(unused_imports)]` on by default
[INFO] [stdout] 
[INFO] [stdout] 
[INFO] [stdout] warning: unused variable: `row`
[INFO] [stdout]   --> src/main.rs:76:9
[INFO] [stdout]    |
[INFO] [stdout] 76 |     let row = table.first_or_default_by_id(1).await?.unwrap();
[INFO] [stdout]    |         ^^^ help: if this is intentional, prefix it with an underscore: `_row`
[INFO] [stdout]    |
[INFO] [stdout]    = note: `#[warn(unused_variables)]` on by default
[INFO] [stdout] 
[INFO] [stdout] 
[INFO] [stderr]    Compiling clap_builder v4.5.23
[INFO] [stderr]    Compiling ciborium-ll v0.2.2
[INFO] [stderr]    Compiling plotters-svg v0.3.7
[INFO] [stderr]    Compiling rayon v1.10.0
[INFO] [stderr]    Compiling plotters v0.3.7
[INFO] [stderr]    Compiling regex-automata v0.4.9
[INFO] [stderr]    Compiling criterion-plot v0.5.0
[INFO] [stderr]    Compiling clap v4.5.23
[INFO] [stderr]    Compiling regex v1.11.1
[INFO] [stderr]    Compiling ciborium v0.2.2
[INFO] [stderr]    Compiling tinytemplate v1.2.1
[INFO] [stderr]    Compiling criterion v0.5.1
[INFO] [stderr]    Compiling rasterizeddb_core v0.0.7 (/opt/rustwide/workdir)
[INFO] [stdout] warning: unused imports: `memory::MemoryStorageProvider` and `row::InsertOrUpdateRow`
[INFO] [stdout]  --> src/main.rs:6:9
[INFO] [stdout]   |
[INFO] [stdout] 6 |         row::InsertOrUpdateRow, 
[INFO] [stdout]   |         ^^^^^^^^^^^^^^^^^^^^^^
[INFO] [stdout] 7 |         storage_providers::{file_sync::LocalStorageProvider, memory::MemoryStorageProvider}, 
[INFO] [stdout]   |                                                              ^^^^^^^^^^^^^^^^^^^^^^^^^^^^^
[INFO] [stdout]   |
[INFO] [stdout]   = note: `#[warn(unused_imports)]` on by default
[INFO] [stdout] 
[INFO] [stdout] 
[INFO] [stdout] warning: unused variable: `row`
[INFO] [stdout]   --> src/main.rs:76:9
[INFO] [stdout]    |
[INFO] [stdout] 76 |     let row = table.first_or_default_by_id(1).await?.unwrap();
[INFO] [stdout]    |         ^^^ help: if this is intentional, prefix it with an underscore: `_row`
[INFO] [stdout]    |
[INFO] [stdout]    = note: `#[warn(unused_variables)]` on by default
[INFO] [stdout] 
[INFO] [stdout] 
[INFO] [stdout] warning: unnecessary parentheses around `break` value
[INFO] [stdout]    --> src/core/table.rs:892:27
[INFO] [stdout]     |
[INFO] [stdout] 892 |                     break (current_len.clone() + HEADER_SIZE as u64);
[INFO] [stdout]     |                           ^                                        ^
[INFO] [stdout]     |
[INFO] [stdout]     = note: `#[warn(unused_parens)]` on by default
[INFO] [stdout] help: remove these parentheses
[INFO] [stdout]     |
[INFO] [stdout] 892 -                     break (current_len.clone() + HEADER_SIZE as u64);
[INFO] [stdout] 892 +                     break current_len.clone() + HEADER_SIZE as u64;
[INFO] [stdout]     |
[INFO] [stdout] 
[INFO] [stdout] 
[INFO] [stdout] warning: unused variable: `temp_io_sync`
[INFO] [stdout]    --> src/core/storage_providers/file_sync.rs:264:35
[INFO] [stdout]     |
[INFO] [stdout] 264 |     async fn swap_temp(&mut self, temp_io_sync: &mut Self) {
[INFO] [stdout]     |                                   ^^^^^^^^^^^^ help: if this is intentional, prefix it with an underscore: `_temp_io_sync`
[INFO] [stdout]     |
[INFO] [stdout]     = note: `#[warn(unused_variables)]` on by default
[INFO] [stdout] 
[INFO] [stdout] 
[INFO] [stdout] warning: field `immutable` is never read
[INFO] [stdout]   --> src/core/table.rs:31:16
[INFO] [stdout]    |
[INFO] [stdout] 25 | pub struct Table<S: IOOperationsSync> {
[INFO] [stdout]    |            ----- field in this struct
[INFO] [stdout] ...
[INFO] [stdout] 31 |     pub(crate) immutable: bool,
[INFO] [stdout]    |                ^^^^^^^^^
[INFO] [stdout]    |
[INFO] [stdout]    = note: `#[warn(dead_code)]` on by default
[INFO] [stdout] 
[INFO] [stdout] 
[INFO] [stderr]     Finished `test` profile [unoptimized + debuginfo] target(s) in 27.69s
[INFO] [stderr] warning: the following packages contain code that will be rejected by a future version of Rust: num-bigint v0.1.44, num-complex v0.1.43, num-rational v0.1.42
[INFO] [stderr] note: to see what the problems were, use the option `--future-incompat-report`, or run `cargo report future-incompatibilities --id 2`
[INFO] running `Command { std: "docker" "inspect" "f49e8603595ed922f0b7f5af23ee8c1b4e890b721733d313ac855d05fd143d49", kill_on_drop: false }`
[INFO] running `Command { std: "docker" "rm" "-f" "f49e8603595ed922f0b7f5af23ee8c1b4e890b721733d313ac855d05fd143d49", kill_on_drop: false }`
[INFO] [stdout] f49e8603595ed922f0b7f5af23ee8c1b4e890b721733d313ac855d05fd143d49
[INFO] running `Command { std: "docker" "create" "-v" "/var/lib/crater-agent-workspace/builds/worker-6-tc1/target:/opt/rustwide/target:rw,Z" "-v" "/var/lib/crater-agent-workspace/builds/worker-6-tc1/source:/opt/rustwide/workdir:ro,Z" "-v" "/var/lib/crater-agent-workspace/cargo-home:/opt/rustwide/cargo-home:ro,Z" "-v" "/var/lib/crater-agent-workspace/rustup-home:/opt/rustwide/rustup-home:ro,Z" "-e" "SOURCE_DIR=/opt/rustwide/workdir" "-e" "CARGO_TARGET_DIR=/opt/rustwide/target" "-e" "CARGO_INCREMENTAL=0" "-e" "RUST_BACKTRACE=full" "-e" "RUSTFLAGS=--cap-lints=forbid" "-e" "RUSTDOCFLAGS=--cap-lints=forbid" "-e" "CARGO_HOME=/opt/rustwide/cargo-home" "-e" "RUSTUP_HOME=/opt/rustwide/rustup-home" "-w" "/opt/rustwide/workdir" "-m" "1610612736" "--user" "0:0" "--network" "none" "ghcr.io/rust-lang/crates-build-env/linux@sha256:819108c5571ea2e421544af4d832f968d213c87fbe3707a016657f43d2f853bc" "/opt/rustwide/cargo-home/bin/cargo" "+nightly-2025-01-18" "test" "--frozen", kill_on_drop: false }`
[INFO] [stdout] caafe994c923c5681137725fafd290cff72f0191d573113638cb58ae1f049b40
[INFO] running `Command { std: "docker" "start" "-a" "caafe994c923c5681137725fafd290cff72f0191d573113638cb58ae1f049b40", kill_on_drop: false }`
[INFO] [stderr] warning: unnecessary parentheses around `break` value
[INFO] [stderr]    --> src/core/table.rs:892:27
[INFO] [stderr]     |
[INFO] [stderr] 892 |                     break (current_len.clone() + HEADER_SIZE as u64);
[INFO] [stderr]     |                           ^                                        ^
[INFO] [stderr]     |
[INFO] [stderr]     = note: `#[warn(unused_parens)]` on by default
[INFO] [stderr] help: remove these parentheses
[INFO] [stderr]     |
[INFO] [stderr] 892 -                     break (current_len.clone() + HEADER_SIZE as u64);
[INFO] [stderr] 892 +                     break current_len.clone() + HEADER_SIZE as u64;
[INFO] [stderr]     |
[INFO] [stderr] 
[INFO] [stderr] warning: unused variable: `temp_io_sync`
[INFO] [stderr]    --> src/core/storage_providers/file_sync.rs:264:35
[INFO] [stderr]     |
[INFO] [stderr] 264 |     async fn swap_temp(&mut self, temp_io_sync: &mut Self) {
[INFO] [stderr]     |                                   ^^^^^^^^^^^^ help: if this is intentional, prefix it with an underscore: `_temp_io_sync`
[INFO] [stderr]     |
[INFO] [stderr]     = note: `#[warn(unused_variables)]` on by default
[INFO] [stderr] 
[INFO] [stderr] warning: field `immutable` is never read
[INFO] [stderr]   --> src/core/table.rs:31:16
[INFO] [stderr]    |
[INFO] [stderr] 25 | pub struct Table<S: IOOperationsSync> {
[INFO] [stderr]    |            ----- field in this struct
[INFO] [stderr] ...
[INFO] [stderr] 31 |     pub(crate) immutable: bool,
[INFO] [stderr]    |                ^^^^^^^^^
[INFO] [stderr]    |
[INFO] [stderr]    = note: `#[warn(dead_code)]` on by default
[INFO] [stderr] 
[INFO] [stderr] warning: `rasterizeddb_core` (lib) generated 3 warnings (run `cargo fix --lib -p rasterizeddb_core` to apply 1 suggestion)
[INFO] [stderr] warning: unused imports: `memory::MemoryStorageProvider` and `row::InsertOrUpdateRow`
[INFO] [stderr]  --> src/main.rs:6:9
[INFO] [stderr]   |
[INFO] [stderr] 6 |         row::InsertOrUpdateRow, 
[INFO] [stderr]   |         ^^^^^^^^^^^^^^^^^^^^^^
[INFO] [stderr] 7 |         storage_providers::{file_sync::LocalStorageProvider, memory::MemoryStorageProvider}, 
[INFO] [stderr]   |                                                              ^^^^^^^^^^^^^^^^^^^^^^^^^^^^^
[INFO] [stderr]   |
[INFO] [stderr]   = note: `#[warn(unused_imports)]` on by default
[INFO] [stderr] 
[INFO] [stderr] warning: unused variable: `row`
[INFO] [stderr]   --> src/main.rs:76:9
[INFO] [stderr]    |
[INFO] [stderr] 76 |     let row = table.first_or_default_by_id(1).await?.unwrap();
[INFO] [stderr]    |         ^^^ help: if this is intentional, prefix it with an underscore: `_row`
[INFO] [stderr]    |
[INFO] [stderr]    = note: `#[warn(unused_variables)]` on by default
[INFO] [stderr] 
[INFO] [stderr] warning: `rasterizeddb_core` (bin "rasterizeddb_core" test) generated 2 warnings (run `cargo fix --bin "rasterizeddb_core" --tests` to apply 1 suggestion)
[INFO] [stderr] warning: `rasterizeddb_core` (bin "rasterizeddb_core") generated 2 warnings (2 duplicates)
[INFO] [stderr] warning: `rasterizeddb_core` (lib test) generated 3 warnings (3 duplicates)
[INFO] [stderr]     Finished `test` profile [unoptimized + debuginfo] target(s) in 0.18s
[INFO] [stderr] warning: the following packages contain code that will be rejected by a future version of Rust: num-bigint v0.1.44, num-complex v0.1.43, num-rational v0.1.42
[INFO] [stderr] note: to see what the problems were, use the option `--future-incompat-report`, or run `cargo report future-incompatibilities --id 2`
[INFO] [stderr]      Running unittests src/lib.rs (/opt/rustwide/target/debug/deps/rasterizeddb_core-a85892c71a56959f)
[INFO] [stdout] 
[INFO] [stdout] running 0 tests
[INFO] [stdout] 
[INFO] [stderr]      Running unittests src/main.rs (/opt/rustwide/target/debug/deps/rasterizeddb_core-71736492fef71059)
[INFO] [stdout] test result: ok. 0 passed; 0 failed; 0 ignored; 0 measured; 0 filtered out; finished in 0.00s
[INFO] [stdout] 
[INFO] [stdout] 
[INFO] [stdout] running 0 tests
[INFO] [stdout] 
[INFO] [stdout] test result: ok. 0 passed; 0 failed; 0 ignored; 0 measured; 0 filtered out; finished in 0.00s
[INFO] [stdout] 
[INFO] [stderr]      Running tests/table_tests.rs (/opt/rustwide/target/debug/deps/table_tests-093b339e331011b7)
[INFO] [stdout] 
[INFO] [stdout] running 0 tests
[INFO] [stdout] 
[INFO] [stdout] test result: ok. 0 passed; 0 failed; 0 ignored; 0 measured; 0 filtered out; finished in 0.00s
[INFO] [stdout] 
[INFO] [stderr]    Doc-tests rasterizeddb_core
[INFO] [stderr] warning: unnecessary parentheses around `break` value
[INFO] [stderr]    --> src/core/table.rs:892:27
[INFO] [stderr]     |
[INFO] [stderr] 892 |                     break (current_len.clone() + HEADER_SIZE as u64);
[INFO] [stderr]     |                           ^                                        ^
[INFO] [stderr]     |
[INFO] [stderr]     = note: `#[warn(unused_parens)]` on by default
[INFO] [stderr] help: remove these parentheses
[INFO] [stderr]     |
[INFO] [stderr] 892 -                     break (current_len.clone() + HEADER_SIZE as u64);
[INFO] [stderr] 892 +                     break current_len.clone() + HEADER_SIZE as u64;
[INFO] [stderr]     |
[INFO] [stderr] 
[INFO] [stderr] warning: 1 warning emitted
[INFO] [stderr] 
[INFO] [stdout] 
[INFO] [stdout] running 7 tests
[INFO] [stdout] test src/lib.rs - core (line 38) ... FAILED
[INFO] [stdout] test src/lib.rs - core (line 58) ... FAILED
[INFO] [stdout] test src/lib.rs - core (line 101) ... FAILED
[INFO] [stdout] test src/lib.rs - core (line 86) ... FAILED
[INFO] [stdout] test src/lib.rs - core (line 25) ... FAILED
[INFO] [stdout] test src/lib.rs - core (line 63) ... FAILED
[INFO] [stdout] test src/lib.rs - core (line 95) ... FAILED
[INFO] [stdout] 
[INFO] [stdout] failures:
[INFO] [stdout] 
[INFO] [stdout] ---- src/lib.rs - core (line 38) stdout ----
[INFO] [stdout] error: expected expression, found `)`
[INFO] [stdout]   --> src/lib.rs:46:1
[INFO] [stdout]    |
[INFO] [stdout] 10 | );
[INFO] [stdout]    | ^ expected expression
[INFO] [stdout] 
[INFO] [stdout] error[E0433]: failed to resolve: use of undeclared type `Column`
[INFO] [stdout]  --> src/lib.rs:39:14
[INFO] [stdout]   |
[INFO] [stdout] 3 | let mut c1 = Column::new(10 as i32).unwrap();
[INFO] [stdout]   |              ^^^^^^ use of undeclared type `Column`
[INFO] [stdout]   |
[INFO] [stdout] help: consider importing this struct
[INFO] [stdout]   |
[INFO] [stdout] 2 + use rasterizeddb_core::core::column::Column;
[INFO] [stdout]   |
[INFO] [stdout] 
[INFO] [stdout] error[E0433]: failed to resolve: use of undeclared type `Column`
[INFO] [stdout]  --> src/lib.rs:40:14
[INFO] [stdout]   |
[INFO] [stdout] 4 | let mut c2 = Column::new(50.0 as f64).unwrap();
[INFO] [stdout]   |              ^^^^^^ use of undeclared type `Column`
[INFO] [stdout]   |
[INFO] [stdout] help: consider importing this struct
[INFO] [stdout]   |
[INFO] [stdout] 2 + use rasterizeddb_core::core::column::Column;
[INFO] [stdout]   |
[INFO] [stdout] 
[INFO] [stdout] error[E0433]: failed to resolve: use of undeclared type `Column`
[INFO] [stdout]  --> src/lib.rs:41:14
[INFO] [stdout]   |
[INFO] [stdout] 5 | let mut c3 = Column::new("This is awesome").unwrap();
[INFO] [stdout]   |              ^^^^^^ use of undeclared type `Column`
[INFO] [stdout]   |
[INFO] [stdout] help: consider importing this struct
[INFO] [stdout]   |
[INFO] [stdout] 2 + use rasterizeddb_core::core::column::Column;
[INFO] [stdout]   |
[INFO] [stdout] 
[INFO] [stdout] error[E0422]: cannot find struct, variant or union type `InsertOrUpdateRow` in this scope
[INFO] [stdout]   --> src/lib.rs:51:18
[INFO] [stdout]    |
[INFO] [stdout] 15 | let insert_row = InsertOrUpdateRow {
[INFO] [stdout]    |                  ^^^^^^^^^^^^^^^^^ not found in this scope
[INFO] [stdout]    |
[INFO] [stdout] help: consider importing this struct
[INFO] [stdout]    |
[INFO] [stdout] 2  + use rasterizeddb_core::core::row::InsertOrUpdateRow;
[INFO] [stdout]    |
[INFO] [stdout] 
[INFO] [stdout] error[E0425]: cannot find value `table` in this scope
[INFO] [stdout]   --> src/lib.rs:55:1
[INFO] [stdout]    |
[INFO] [stdout] 19 | table.insert_row(insert_row).await;
[INFO] [stdout]    | ^^^^^ not found in this scope
[INFO] [stdout] 
[INFO] [stdout] error[E0728]: `await` is only allowed inside `async` functions and blocks
[INFO] [stdout]   --> src/lib.rs:55:30
[INFO] [stdout]    |
[INFO] [stdout] 2  | fn main() { #[allow(non_snake_case)] fn _doctest_main_src_lib_rs_38_0() {
[INFO] [stdout]    |                                      ---------------------------------- this is not `async`
[INFO] [stdout] ...
[INFO] [stdout] 19 | table.insert_row(insert_row).await;
[INFO] [stdout]    |                              ^^^^^ only allowed inside `async` functions and blocks
[INFO] [stdout] 
[INFO] [stdout] error: aborting due to 7 previous errors
[INFO] [stdout] 
[INFO] [stdout] Some errors have detailed explanations: E0422, E0425, E0433, E0728.
[INFO] [stdout] For more information about an error, try `rustc --explain E0422`.
[INFO] [stdout] Couldn't compile the test.
[INFO] [stdout] ---- src/lib.rs - core (line 58) stdout ----
[INFO] [stdout] error[E0425]: cannot find value `table` in this scope
[INFO] [stdout]  --> src/lib.rs:59:1
[INFO] [stdout]   |
[INFO] [stdout] 3 | table.rebuild_in_memory_indexes();
[INFO] [stdout]   | ^^^^^ not found in this scope
[INFO] [stdout] 
[INFO] [stdout] error: aborting due to 1 previous error
[INFO] [stdout] 
[INFO] [stdout] For more information about this error, try `rustc --explain E0425`.
[INFO] [stdout] Couldn't compile the test.
[INFO] [stdout] ---- src/lib.rs - core (line 101) stdout ----
[INFO] [stdout] error[E0425]: cannot find value `table` in this scope
[INFO] [stdout]  --> src/lib.rs:103:1
[INFO] [stdout]   |
[INFO] [stdout] 4 | table.vacuum_table().await;
[INFO] [stdout]   | ^^^^^ not found in this scope
[INFO] [stdout] 
[INFO] [stdout] error[E0425]: cannot find value `table` in this scope
[INFO] [stdout]  --> src/lib.rs:106:1
[INFO] [stdout]   |
[INFO] [stdout] 7 | table.rebuild_in_memory_indexes();
[INFO] [stdout]   | ^^^^^ not found in this scope
[INFO] [stdout] 
[INFO] [stdout] error[E0728]: `await` is only allowed inside `async` functions and blocks
[INFO] [stdout]  --> src/lib.rs:103:22
[INFO] [stdout]   |
[INFO] [stdout] 3 | fn main() { #[allow(non_snake_case)] fn _doctest_main_src_lib_rs_101_0() {
[INFO] [stdout]   |                                      ----------------------------------- this is not `async`
[INFO] [stdout] 4 | table.vacuum_table().await;
[INFO] [stdout]   |                      ^^^^^ only allowed inside `async` functions and blocks
[INFO] [stdout] 
[INFO] [stdout] error: aborting due to 3 previous errors
[INFO] [stdout] 
[INFO] [stdout] Some errors have detailed explanations: E0425, E0728.
[INFO] [stdout] For more information about an error, try `rustc --explain E0425`.
[INFO] [stdout] Couldn't compile the test.
[INFO] [stdout] ---- src/lib.rs - core (line 86) stdout ----
[INFO] [stdout] error[E0422]: cannot find struct, variant or union type `InsertOrUpdateRow` in this scope
[INFO] [stdout]  --> src/lib.rs:87:18
[INFO] [stdout]   |
[INFO] [stdout] 3 | let update_row = InsertOrUpdateRow {
[INFO] [stdout]   |                  ^^^^^^^^^^^^^^^^^ not found in this scope
[INFO] [stdout]   |
[INFO] [stdout] help: consider importing this struct
[INFO] [stdout]   |
[INFO] [stdout] 2 + use rasterizeddb_core::core::row::InsertOrUpdateRow;
[INFO] [stdout]   |
[INFO] [stdout] 
[INFO] [stdout] error[E0425]: cannot find value `columns_buffer_update` in this scope
[INFO] [stdout]  --> src/lib.rs:88:19
[INFO] [stdout]   |
[INFO] [stdout] 4 |     columns_data: columns_buffer_update // Same as insert_row
[INFO] [stdout]   |                   ^^^^^^^^^^^^^^^^^^^^^ not found in this scope
[INFO] [stdout] 
[INFO] [stdout] error[E0425]: cannot find value `table` in this scope
[INFO] [stdout]  --> src/lib.rs:91:1
[INFO] [stdout]   |
[INFO] [stdout] 7 | table.update_row_by_id(3, update_row).await;
[INFO] [stdout]   | ^^^^^ not found in this scope
[INFO] [stdout] 
[INFO] [stdout] error[E0728]: `await` is only allowed inside `async` functions and blocks
[INFO] [stdout]  --> src/lib.rs:91:39
[INFO] [stdout]   |
[INFO] [stdout] 2 | fn main() { #[allow(non_snake_case)] fn _doctest_main_src_lib_rs_86_0() {
[INFO] [stdout]   |                                      ---------------------------------- this is not `async`
[INFO] [stdout] ...
[INFO] [stdout] 7 | table.update_row_by_id(3, update_row).await;
[INFO] [stdout]   |                                       ^^^^^ only allowed inside `async` functions and blocks
[INFO] [stdout] 
[INFO] [stdout] error: aborting due to 4 previous errors
[INFO] [stdout] 
[INFO] [stdout] Some errors have detailed explanations: E0422, E0425, E0728.
[INFO] [stdout] For more information about an error, try `rustc --explain E0422`.
[INFO] [stdout] Couldn't compile the test.
[INFO] [stdout] ---- src/lib.rs - core (line 25) stdout ----
[INFO] [stdout] error[E0433]: failed to resolve: use of undeclared type `LocalStorageProvider`
[INFO] [stdout]  --> src/lib.rs:27:15
[INFO] [stdout]   |
[INFO] [stdout] 4 | let io_sync = LocalStorageProvider::new(
[INFO] [stdout]   |               ^^^^^^^^^^^^^^^^^^^^ use of undeclared type `LocalStorageProvider`
[INFO] [stdout]   |
[INFO] [stdout] help: consider importing this struct
[INFO] [stdout]   |
[INFO] [stdout] 3 + use rasterizeddb_core::core::storage_providers::file_sync::LocalStorageProvider;
[INFO] [stdout]   |
[INFO] [stdout] 
[INFO] [stdout] error[E0433]: failed to resolve: use of undeclared type `MemoryStorageProvider`
[INFO] [stdout]  --> src/lib.rs:32:15
[INFO] [stdout]   |
[INFO] [stdout] 9 | let io_sync = MemoryStorageProvider::new();
[INFO] [stdout]   |               ^^^^^^^^^^^^^^^^^^^^^ use of undeclared type `MemoryStorageProvider`
[INFO] [stdout]   |
[INFO] [stdout] help: consider importing this struct
[INFO] [stdout]   |
[INFO] [stdout] 3 + use rasterizeddb_core::core::storage_providers::memory::MemoryStorageProvider;
[INFO] [stdout]   |
[INFO] [stdout] 
[INFO] [stdout] error[E0433]: failed to resolve: use of undeclared type `Table`
[INFO] [stdout]   --> src/lib.rs:34:17
[INFO] [stdout]    |
[INFO] [stdout] 11 | let mut table = Table::init(io_sync, false, false).unwrap();
[INFO] [stdout]    |                 ^^^^^ use of undeclared type `Table`
[INFO] [stdout]    |
[INFO] [stdout] help: consider importing this struct
[INFO] [stdout]    |
[INFO] [stdout] 3  + use rasterizeddb_core::core::table::Table;
[INFO] [stdout]    |
[INFO] [stdout] 
[INFO] [stdout] error: aborting due to 3 previous errors
[INFO] [stdout] 
[INFO] [stdout] For more information about this error, try `rustc --explain E0433`.
[INFO] [stdout] Couldn't compile the test.
[INFO] [stdout] ---- src/lib.rs - core (line 63) stdout ----
[INFO] [stdout] error[E0425]: cannot find value `table` in this scope
[INFO] [stdout]  --> src/lib.rs:64:17
[INFO] [stdout]   |
[INFO] [stdout] 3 | let row_by_id = table.first_or_default_by_id(3)?.unwrap();
[INFO] [stdout]   |                 ^^^^^ not found in this scope
[INFO] [stdout] 
[INFO] [stdout] error[E0433]: failed to resolve: use of undeclared type `Column`
[INFO] [stdout]  --> src/lib.rs:67:15
[INFO] [stdout]   |
[INFO] [stdout] 6 | for column in Column::from_buffer(&row2.columns_data).unwrap().iter() {
[INFO] [stdout]   |               ^^^^^^ use of undeclared type `Column`
[INFO] [stdout]   |
[INFO] [stdout] help: consider importing this struct
[INFO] [stdout]   |
[INFO] [stdout] 2 + use rasterizeddb_core::core::column::Column;
[INFO] [stdout]   |
[INFO] [stdout] 
[INFO] [stdout] error[E0425]: cannot find value `row2` in this scope
[INFO] [stdout]  --> src/lib.rs:67:36
[INFO] [stdout]   |
[INFO] [stdout] 6 | for column in Column::from_buffer(&row2.columns_data).unwrap().iter() {
[INFO] [stdout]   |                                    ^^^^ not found in this scope
[INFO] [stdout] 
[INFO] [stdout] error[E0425]: cannot find value `table` in this scope
[INFO] [stdout]   --> src/lib.rs:72:27
[INFO] [stdout]    |
[INFO] [stdout] 11 | let row_by_column_value = table.first_or_default_by_column(2, "This is awesome").unwrap().unwrap();
[INFO] [stdout]    |                           ^^^^^ not found in this scope
[INFO] [stdout] 
[INFO] [stdout] error[E0425]: cannot find function `parse_rql` in this scope
[INFO] [stdout]   --> src/lib.rs:75:24
[INFO] [stdout]    |
[INFO] [stdout] 14 | let query_evaluation = parse_rql(&format!(r#"
[INFO] [stdout]    |                        ^^^^^^^^^ not found in this scope
[INFO] [stdout]    |
[INFO] [stdout] help: consider importing this function
[INFO] [stdout]    |
[INFO] [stdout] 2  + use rasterizeddb_core::rql::parser::parse_rql;
[INFO] [stdout]    |
[INFO] [stdout] 
[INFO] [stdout] error[E0425]: cannot find value `table` in this scope
[INFO] [stdout]   --> src/lib.rs:83:20
[INFO] [stdout]    |
[INFO] [stdout] 22 | let row_by_query = table.first_or_default_by_query(query_evaluation).await.unwrap().unwrap();
[INFO] [stdout]    |                    ^^^^^ not found in this scope
[INFO] [stdout] 
[INFO] [stdout] error[E0728]: `await` is only allowed inside `async` functions and blocks
[INFO] [stdout]   --> src/lib.rs:83:70
[INFO] [stdout]    |
[INFO] [stdout] 2  | fn main() { #[allow(non_snake_case)] fn _doctest_main_src_lib_rs_63_0() {
[INFO] [stdout]    |                                      ---------------------------------- this is not `async`
[INFO] [stdout] ...
[INFO] [stdout] 22 | let row_by_query = table.first_or_default_by_query(query_evaluation).await.unwrap().unwrap();
[INFO] [stdout]    |                                                                      ^^^^^ only allowed inside `async` functions and blocks
[INFO] [stdout] 
[INFO] [stdout] error: aborting due to 7 previous errors
[INFO] [stdout] 
[INFO] [stdout] Some errors have detailed explanations: E0425, E0433, E0728.
[INFO] [stdout] For more information about an error, try `rustc --explain E0425`.
[INFO] [stdout] Couldn't compile the test.
[INFO] [stdout] ---- src/lib.rs - core (line 95) stdout ----
[INFO] [stdout] error[E0425]: cannot find value `table` in this scope
[INFO] [stdout]  --> src/lib.rs:97:1
[INFO] [stdout]   |
[INFO] [stdout] 4 | table.delete_row_by_id(10).unwrap();
[INFO] [stdout]   | ^^^^^ not found in this scope
[INFO] [stdout] 
[INFO] [stdout] error: aborting due to 1 previous error
[INFO] [stdout] 
[INFO] [stdout] For more information about this error, try `rustc --explain E0425`.
[INFO] [stdout] Couldn't compile the test.
[INFO] [stdout] 
[INFO] [stdout] failures:
[INFO] [stdout]     src/lib.rs - core (line 101)
[INFO] [stdout]     src/lib.rs - core (line 25)
[INFO] [stdout]     src/lib.rs - core (line 38)
[INFO] [stdout]     src/lib.rs - core (line 58)
[INFO] [stdout]     src/lib.rs - core (line 63)
[INFO] [stdout]     src/lib.rs - core (line 86)
[INFO] [stdout]     src/lib.rs - core (line 95)
[INFO] [stdout] 
[INFO] [stdout] test result: FAILED. 0 passed; 7 failed; 0 ignored; 0 measured; 0 filtered out; finished in 0.41s
[INFO] [stdout] 
[INFO] [stderr] error: doctest failed, to rerun pass `--doc`
[INFO] running `Command { std: "docker" "inspect" "caafe994c923c5681137725fafd290cff72f0191d573113638cb58ae1f049b40", kill_on_drop: false }`
[INFO] running `Command { std: "docker" "rm" "-f" "caafe994c923c5681137725fafd290cff72f0191d573113638cb58ae1f049b40", kill_on_drop: false }`
[INFO] [stdout] caafe994c923c5681137725fafd290cff72f0191d573113638cb58ae1f049b40
