[INFO] fetching crate raos 0.0.2...
[INFO] testing raos-0.0.2 against nightly-2025-01-18+rustflags=-Zrandomize-layout for randomize-layout-2
[INFO] extracting crate raos 0.0.2 into /workspace/builds/worker-3-tc2/source
[INFO] validating manifest of crates.io crate raos 0.0.2 on toolchain nightly-2025-01-18
[INFO] running `Command { std: CARGO_HOME="/workspace/cargo-home" RUSTUP_HOME="/workspace/rustup-home" "/workspace/cargo-home/bin/cargo" "+nightly-2025-01-18" "metadata" "--manifest-path" "Cargo.toml" "--no-deps", kill_on_drop: false }`
[INFO] started tweaking crates.io crate raos 0.0.2
[INFO] finished tweaking crates.io crate raos 0.0.2
[INFO] tweaked toml for crates.io crate raos 0.0.2 written to /workspace/builds/worker-3-tc2/source/Cargo.toml
[INFO] running `Command { std: CARGO_HOME="/workspace/cargo-home" RUSTUP_HOME="/workspace/rustup-home" "/workspace/cargo-home/bin/cargo" "+nightly-2025-01-18" "generate-lockfile" "--manifest-path" "Cargo.toml", kill_on_drop: false }`
[INFO] [stderr]     Updating crates.io index
[INFO] [stderr]      Locking 95 packages to latest compatible versions
[INFO] [stderr]       Adding thiserror v1.0.69 (available: v2.0.11)
[INFO] running `Command { std: CARGO_HOME="/workspace/cargo-home" RUSTUP_HOME="/workspace/rustup-home" "/workspace/cargo-home/bin/cargo" "+nightly-2025-01-18" "fetch" "--manifest-path" "Cargo.toml", kill_on_drop: false }`
[INFO] running `Command { std: "docker" "create" "-v" "/var/lib/crater-agent-workspace/builds/worker-3-tc2/target:/opt/rustwide/target:rw,Z" "-v" "/var/lib/crater-agent-workspace/builds/worker-3-tc2/source:/opt/rustwide/workdir:ro,Z" "-v" "/var/lib/crater-agent-workspace/cargo-home:/opt/rustwide/cargo-home:ro,Z" "-v" "/var/lib/crater-agent-workspace/rustup-home:/opt/rustwide/rustup-home:ro,Z" "-e" "SOURCE_DIR=/opt/rustwide/workdir" "-e" "CARGO_TARGET_DIR=/opt/rustwide/target" "-e" "CARGO_HOME=/opt/rustwide/cargo-home" "-e" "RUSTUP_HOME=/opt/rustwide/rustup-home" "-w" "/opt/rustwide/workdir" "-m" "1610612736" "--user" "0:0" "--network" "none" "ghcr.io/rust-lang/crates-build-env/linux@sha256:819108c5571ea2e421544af4d832f968d213c87fbe3707a016657f43d2f853bc" "/opt/rustwide/cargo-home/bin/cargo" "+nightly-2025-01-18" "metadata" "--no-deps" "--format-version=1", kill_on_drop: false }`
[INFO] [stdout] d391e9e0ebbf0f122b197a98bc07591233a0edd024a918c6796554d87314990e
[INFO] running `Command { std: "docker" "start" "-a" "d391e9e0ebbf0f122b197a98bc07591233a0edd024a918c6796554d87314990e", kill_on_drop: false }`
[INFO] running `Command { std: "docker" "inspect" "d391e9e0ebbf0f122b197a98bc07591233a0edd024a918c6796554d87314990e", kill_on_drop: false }`
[INFO] running `Command { std: "docker" "rm" "-f" "d391e9e0ebbf0f122b197a98bc07591233a0edd024a918c6796554d87314990e", kill_on_drop: false }`
[INFO] [stdout] d391e9e0ebbf0f122b197a98bc07591233a0edd024a918c6796554d87314990e
[INFO] running `Command { std: "docker" "create" "-v" "/var/lib/crater-agent-workspace/builds/worker-3-tc2/target:/opt/rustwide/target:rw,Z" "-v" "/var/lib/crater-agent-workspace/builds/worker-3-tc2/source:/opt/rustwide/workdir:ro,Z" "-v" "/var/lib/crater-agent-workspace/cargo-home:/opt/rustwide/cargo-home:ro,Z" "-v" "/var/lib/crater-agent-workspace/rustup-home:/opt/rustwide/rustup-home:ro,Z" "-e" "SOURCE_DIR=/opt/rustwide/workdir" "-e" "CARGO_TARGET_DIR=/opt/rustwide/target" "-e" "CARGO_INCREMENTAL=0" "-e" "RUST_BACKTRACE=full" "-e" "RUSTFLAGS=--cap-lints=forbid -Zrandomize-layout" "-e" "RUSTDOCFLAGS=--cap-lints=forbid" "-e" "CARGO_HOME=/opt/rustwide/cargo-home" "-e" "RUSTUP_HOME=/opt/rustwide/rustup-home" "-w" "/opt/rustwide/workdir" "-m" "1610612736" "--user" "0:0" "--network" "none" "ghcr.io/rust-lang/crates-build-env/linux@sha256:819108c5571ea2e421544af4d832f968d213c87fbe3707a016657f43d2f853bc" "/opt/rustwide/cargo-home/bin/cargo" "+nightly-2025-01-18" "build" "--frozen" "--message-format=json", kill_on_drop: false }`
[INFO] [stdout] e3a2fda166e6de1ac0af7037d996cb6dba116f2ed05c19ab553dc85c38a0e7e7
[INFO] running `Command { std: "docker" "start" "-a" "e3a2fda166e6de1ac0af7037d996cb6dba116f2ed05c19ab553dc85c38a0e7e7", kill_on_drop: false }`
[INFO] [stderr]    Compiling proc-macro2 v1.0.93
[INFO] [stderr]    Compiling unicode-ident v1.0.14
[INFO] [stderr]    Compiling stable_deref_trait v1.2.0
[INFO] [stderr]    Compiling writeable v0.5.5
[INFO] [stderr]    Compiling litemap v0.7.4
[INFO] [stderr]    Compiling version_check v0.9.5
[INFO] [stderr]    Compiling typenum v1.17.0
[INFO] [stderr]    Compiling icu_locid_transform_data v1.5.0
[INFO] [stderr]    Compiling icu_properties_data v1.5.0
[INFO] [stderr]    Compiling serde v1.0.217
[INFO] [stderr]    Compiling memchr v2.7.4
[INFO] [stderr]    Compiling smallvec v1.13.2
[INFO] [stderr]    Compiling write16 v1.0.0
[INFO] [stderr]    Compiling utf8_iter v1.0.4
[INFO] [stderr]    Compiling utf16_iter v1.0.5
[INFO] [stderr]    Compiling icu_normalizer_data v1.5.0
[INFO] [stderr]    Compiling percent-encoding v2.3.1
[INFO] [stderr]    Compiling generic-array v0.14.7
[INFO] [stderr]    Compiling thiserror v1.0.69
[INFO] [stderr]    Compiling ryu v1.0.18
[INFO] [stderr]    Compiling serde_json v1.0.137
[INFO] [stderr]    Compiling form_urlencoded v1.2.1
[INFO] [stderr]    Compiling itoa v1.0.14
[INFO] [stderr]    Compiling regex-syntax v0.8.5
[INFO] [stderr]    Compiling cpufeatures v0.2.16
[INFO] [stderr]    Compiling cfg-if v1.0.0
[INFO] [stderr]    Compiling base64 v0.22.1
[INFO] [stderr]    Compiling subtle v2.6.1
[INFO] [stderr]    Compiling quote v1.0.38
[INFO] [stderr]    Compiling aho-corasick v1.1.3
[INFO] [stderr]    Compiling syn v2.0.96
[INFO] [stderr]    Compiling regex-automata v0.4.9
[INFO] [stderr]    Compiling crypto-common v0.1.6
[INFO] [stderr]    Compiling block-buffer v0.10.4
[INFO] [stderr]    Compiling digest v0.10.7
[INFO] [stderr]    Compiling sha2 v0.10.8
[INFO] [stderr]    Compiling synstructure v0.13.1
[INFO] [stderr]    Compiling regex v1.11.1
[INFO] [stderr]    Compiling zerovec-derive v0.10.3
[INFO] [stderr]    Compiling displaydoc v0.2.5
[INFO] [stderr]    Compiling icu_provider_macros v1.5.0
[INFO] [stderr]    Compiling zerofrom-derive v0.1.5
[INFO] [stderr]    Compiling yoke-derive v0.7.5
[INFO] [stderr]    Compiling serde_derive v1.0.217
[INFO] [stderr]    Compiling thiserror-impl v1.0.69
[INFO] [stderr]    Compiling async-trait v0.1.85
[INFO] [stderr]    Compiling zerofrom v0.1.5
[INFO] [stderr]    Compiling yoke v0.7.5
[INFO] [stderr]    Compiling zerovec v0.10.4
[INFO] [stderr]    Compiling tinystr v0.7.6
[INFO] [stderr]    Compiling icu_collections v1.5.0
[INFO] [stderr]    Compiling icu_locid v1.5.0
[INFO] [stderr]    Compiling icu_provider v1.5.0
[INFO] [stderr]    Compiling icu_locid_transform v1.5.0
[INFO] [stderr]    Compiling icu_properties v1.5.1
[INFO] [stderr]    Compiling serde_urlencoded v0.7.1
[INFO] [stderr]    Compiling icu_normalizer v1.5.0
[INFO] [stderr]    Compiling idna_adapter v1.2.0
[INFO] [stderr]    Compiling idna v1.0.3
[INFO] [stderr]    Compiling url v2.5.4
[INFO] [stderr]    Compiling raos v0.0.2 (/opt/rustwide/workdir)
[INFO] [stderr]     Finished `dev` profile [unoptimized + debuginfo] target(s) in 54.52s
[INFO] running `Command { std: "docker" "inspect" "e3a2fda166e6de1ac0af7037d996cb6dba116f2ed05c19ab553dc85c38a0e7e7", kill_on_drop: false }`
[INFO] running `Command { std: "docker" "rm" "-f" "e3a2fda166e6de1ac0af7037d996cb6dba116f2ed05c19ab553dc85c38a0e7e7", kill_on_drop: false }`
[INFO] [stdout] e3a2fda166e6de1ac0af7037d996cb6dba116f2ed05c19ab553dc85c38a0e7e7
[INFO] running `Command { std: "docker" "create" "-v" "/var/lib/crater-agent-workspace/builds/worker-3-tc2/target:/opt/rustwide/target:rw,Z" "-v" "/var/lib/crater-agent-workspace/builds/worker-3-tc2/source:/opt/rustwide/workdir:ro,Z" "-v" "/var/lib/crater-agent-workspace/cargo-home:/opt/rustwide/cargo-home:ro,Z" "-v" "/var/lib/crater-agent-workspace/rustup-home:/opt/rustwide/rustup-home:ro,Z" "-e" "SOURCE_DIR=/opt/rustwide/workdir" "-e" "CARGO_TARGET_DIR=/opt/rustwide/target" "-e" "CARGO_INCREMENTAL=0" "-e" "RUST_BACKTRACE=full" "-e" "RUSTFLAGS=--cap-lints=forbid -Zrandomize-layout" "-e" "RUSTDOCFLAGS=--cap-lints=forbid" "-e" "CARGO_HOME=/opt/rustwide/cargo-home" "-e" "RUSTUP_HOME=/opt/rustwide/rustup-home" "-w" "/opt/rustwide/workdir" "-m" "1610612736" "--user" "0:0" "--network" "none" "ghcr.io/rust-lang/crates-build-env/linux@sha256:819108c5571ea2e421544af4d832f968d213c87fbe3707a016657f43d2f853bc" "/opt/rustwide/cargo-home/bin/cargo" "+nightly-2025-01-18" "test" "--frozen" "--no-run" "--message-format=json", kill_on_drop: false }`
[INFO] [stdout] e32d4338ac5aabe69889783a2022d75369b7d16bb00cdd487df6cf622129d191
[INFO] running `Command { std: "docker" "start" "-a" "e32d4338ac5aabe69889783a2022d75369b7d16bb00cdd487df6cf622129d191", kill_on_drop: false }`
[INFO] [stderr]    Compiling pin-project-lite v0.2.16
[INFO] [stderr]    Compiling tokio-macros v2.5.0
[INFO] [stderr]    Compiling futures-core v0.3.31
[INFO] [stderr]    Compiling mockall_derive v0.13.1
[INFO] [stderr]    Compiling predicates-core v1.0.9
[INFO] [stderr]    Compiling async-stream-impl v0.3.6
[INFO] [stderr]    Compiling anstyle v1.0.10
[INFO] [stderr]    Compiling termtree v0.5.1
[INFO] [stderr]    Compiling downcast v0.11.0
[INFO] [stderr]    Compiling fragile v2.0.0
[INFO] [stderr]    Compiling predicates-tree v1.0.12
[INFO] [stderr]    Compiling bytes v1.9.0
[INFO] [stderr]    Compiling predicates v3.1.3
[INFO] [stderr]    Compiling async-stream v0.3.6
[INFO] [stderr]    Compiling tokio v1.43.0
[INFO] [stderr]    Compiling tokio-stream v0.1.17
[INFO] [stderr]    Compiling tokio-test v0.4.4
[INFO] [stderr]    Compiling mockall v0.13.1
[INFO] [stderr]    Compiling raos v0.0.2 (/opt/rustwide/workdir)
[INFO] [stderr]     Finished `test` profile [unoptimized + debuginfo] target(s) in 16.06s
[INFO] running `Command { std: "docker" "inspect" "e32d4338ac5aabe69889783a2022d75369b7d16bb00cdd487df6cf622129d191", kill_on_drop: false }`
[INFO] running `Command { std: "docker" "rm" "-f" "e32d4338ac5aabe69889783a2022d75369b7d16bb00cdd487df6cf622129d191", kill_on_drop: false }`
[INFO] [stdout] e32d4338ac5aabe69889783a2022d75369b7d16bb00cdd487df6cf622129d191
[INFO] running `Command { std: "docker" "create" "-v" "/var/lib/crater-agent-workspace/builds/worker-3-tc2/target:/opt/rustwide/target:rw,Z" "-v" "/var/lib/crater-agent-workspace/builds/worker-3-tc2/source:/opt/rustwide/workdir:ro,Z" "-v" "/var/lib/crater-agent-workspace/cargo-home:/opt/rustwide/cargo-home:ro,Z" "-v" "/var/lib/crater-agent-workspace/rustup-home:/opt/rustwide/rustup-home:ro,Z" "-e" "SOURCE_DIR=/opt/rustwide/workdir" "-e" "CARGO_TARGET_DIR=/opt/rustwide/target" "-e" "CARGO_INCREMENTAL=0" "-e" "RUST_BACKTRACE=full" "-e" "RUSTFLAGS=--cap-lints=forbid -Zrandomize-layout" "-e" "RUSTDOCFLAGS=--cap-lints=forbid" "-e" "CARGO_HOME=/opt/rustwide/cargo-home" "-e" "RUSTUP_HOME=/opt/rustwide/rustup-home" "-w" "/opt/rustwide/workdir" "-m" "1610612736" "--user" "0:0" "--network" "none" "ghcr.io/rust-lang/crates-build-env/linux@sha256:819108c5571ea2e421544af4d832f968d213c87fbe3707a016657f43d2f853bc" "/opt/rustwide/cargo-home/bin/cargo" "+nightly-2025-01-18" "test" "--frozen", kill_on_drop: false }`
[INFO] [stdout] 189731a44c613d639fe37b0bbe41f43e9bbd885ddc4b9a1429c3e15db868da6e
[INFO] running `Command { std: "docker" "start" "-a" "189731a44c613d639fe37b0bbe41f43e9bbd885ddc4b9a1429c3e15db868da6e", kill_on_drop: false }`
[INFO] [stderr]     Finished `test` profile [unoptimized + debuginfo] target(s) in 0.14s
[INFO] [stderr]      Running unittests src/lib.rs (/opt/rustwide/target/debug/deps/raos-ce7774118e25e820)
[INFO] [stdout] 
[INFO] [stdout] running 57 tests
[INFO] [stdout] test authorize::test::grant_rejects::test_grant_denied ... ok
[INFO] [stdout] test authorize::test::grant_rejects::test_grant_requires_authentication ... ok
[INFO] [stdout] test authorize::test::grant_rejects::test_grant_requires_consent ... ok
[INFO] [stdout] test authorize::test::request::test_authorization_request_with_invalid_or_missing_response_type ... ok
[INFO] [stdout] test authorize::test::request::test_ignore_unrecognised_request_parameters ... ok
[INFO] [stdout] test authorize::test::request::test_request_with_empty_values_must_be_omitted ... ok
[INFO] [stdout] test authorize::test::request::test_request_with_invalid_state ... ok
[INFO] [stdout] test authorize::test::request::test_support_get_method_for_authorization_endpoint ... ok
[INFO] [stdout] test authorize::test::request::test_support_post_method_for_authorization_endpoint ... ok
[INFO] [stdout] test authorize::test::response::test_redirect_uri_query_is_preserved ... ok
[INFO] [stdout] test authorize::test::test_client_id_missing_produces_no_redirect ... ok
[INFO] [stdout] test authorize::test::test_authorize_all_other_errors_are_redirect ... ok
[INFO] [stdout] test authorize::test::test_client_id_invalid_produces_no_redirect ... ok
[INFO] [stdout] test authorize::test::test_authorize_full_flow ... ok
[INFO] [stdout] test authorize::test::test_redirect_uri_invalid_produces_no_redirect ... ok
[INFO] [stdout] test authorize::test::test_redirect_uri_mismatching_produces_no_redirect ... ok
[INFO] [stdout] test authorize::test::validate::test_authorization_without_default_scope_should_fail ... ok
[INFO] [stdout] test authorize::test::test_redirect_uri_missing_produces_no_redirect ... ok
[INFO] [stdout] test authorize::test::validate::test_authorization_with_default_scope_should_succeed ... ok
[INFO] [stdout] test authorize::test::validate::test_code_challenge_required_for_public_clients ... ok
[INFO] [stdout] test authorize::test::validate::test_client_with_multiple_redirect_uris_should_specify_redirect_uri ... ok
[INFO] [stdout] test authorize::test::validate::test_mismatching_url_fail ... ok
[INFO] [stdout] test authorize::test::validate::test_invalid_url_fail ... ok
[INFO] [stdout] test authorize::test::validate::test_url_with_fragment_fail ... ok
[INFO] [stdout] test authorize::test::validate::test_non_confidential_clients_must_use_code_challenge_verifier ... ok
[INFO] [stdout] test authorize::test::validate::test_valid_url_pass ... ok
[INFO] [stdout] test authorize::test::validate::test_valid_url_with_query_pass ... ok
[INFO] [stdout] test authorize::test::validate::test_request_with_invalid_redirect_uri ... ok
[INFO] [stdout] test common::model::challenge::test::test_code_challenge_verify ... ok
[INFO] [stdout] test common::model::client::test::test_client_is_valid ... ok
[INFO] [stdout] test common::model::client::test::test_client_with_blank_client_id_is_invalid ... ok
[INFO] [stdout] test common::model::client::test::test_client_with_multiple_redirect_uris_is_valid ... ok
[INFO] [stdout] test common::model::client::test::test_client_without_client_id_is_invalid ... ok
[INFO] [stdout] test common::model::client::test::test_client_without_redirect_uris_is_invalid ... ok
[INFO] [stdout] test test::mock::request::test_request_from_raw_http ... ok
[INFO] [stdout] test token::test::refresh_tokens::test_refresh_token_belongs_to_requesting_client ... ok
[INFO] [stdout] test token::test::refresh_tokens::test_refresh_token_enforce_same_scopes ... ok
[INFO] [stdout] test token::test::request::test_endpoint_supports_client_credentials_in_body ... ok
[INFO] [stdout] test token::test::test_authorization_code_invalid ... ok
[INFO] [stdout] test token::test::test_confidential_clients_must_use_authentication ... ok
[INFO] [stdout] test token::test::refresh_tokens::test_refresh_token_valid ... ok
[INFO] [stdout] test token::test::test_included_challenge_must_be_verified ... ok
[INFO] [stdout] test token::test::test_nonconfidential_clients_may_skip_credentials ... ok
[INFO] [stdout] test token::test::test_server_verifies_client_credentials_if_included ... ok
[INFO] [stdout] test token::test::request::test_ignore_unrecognised_request_parameters ... ok
[INFO] [stdout] test token::test::test_token_full_flow ... ok
[INFO] [stdout] test token::test::refresh_tokens::test_refresh_token_invalid ... ok
[INFO] [stdout] test token::test::request::test_request_with_empty_values_must_be_omitted ... ok
[INFO] [stdout] test token::test::test_token_full_flow_with_s256 ... ok
[INFO] [stdout] test token::test::response::test_response_must_contain_identical_scope ... ok
[INFO] [stdout] test token::test::refresh_tokens::test_refresh_token_confidential_client_requires_authentication ... ok
[INFO] [stdout] test token::test::request::test_token_endpoint_must_use_post ... ok
[INFO] [stdout] test token::test::validate::test_authorization_code_belongs_to_authorized_client ... ok
[INFO] [stdout] test token::test::validate::test_client_credentials_only_allowed_by_confidential_clients ... ok
[INFO] [stdout] test token::test::validate::test_token_request_that_includes_redirect_uri_should_be_the_same_as_the_original ... ok
[INFO] [stdout] test token::test::validate::test_only_accept_code_challenge_if_originally_present ... ok
[INFO] [stdout] test token::test::validate::test_token_request_that_includes_redirect_uri_should_have_it_validated ... ok
[INFO] [stdout] 
[INFO] [stdout] test result: ok. 57 passed; 0 failed; 0 ignored; 0 measured; 0 filtered out; finished in 0.04s
[INFO] [stdout] 
[INFO] [stderr]    Doc-tests raos
[INFO] [stdout] 
[INFO] [stdout] running 6 tests
[INFO] [stdout] test src/authorize/mod.rs - authorize::OAuthManager<U,E,Ex>::handle_authorization_request (line 39) ... FAILED
[INFO] [stdout] test src/token/mod.rs - token::OAuthManager<U,E,Ex>::handle_token_request (line 36) ... FAILED
[INFO] [stdout] test src/authorize/validate.rs - authorize::validate::OAuthManager<U,E,Ex>::validate_authorization_request (line 46) ... FAILED
[INFO] [stdout] test src/token/validate.rs - token::validate::OAuthManager<U,E,Ex>::validate_token_request (line 52) ... FAILED
[INFO] [stdout] test src/authorize/mod.rs - authorize::OAuthManager<U,E,Ex>::handle_authorization (line 81) ... FAILED
[INFO] [stdout] test src/token/mod.rs - token::OAuthManager<U,E,Ex>::handle_token (line 80) ... FAILED
[INFO] [stdout] 
[INFO] [stdout] failures:
[INFO] [stdout] 
[INFO] [stdout] ---- src/authorize/mod.rs - authorize::OAuthManager<U,E,Ex>::handle_authorization_request (line 39) stdout ----
[INFO] [stdout] error[E0433]: failed to resolve: could not find `test` in `raos`
[INFO] [stdout]   --> src/authorize/mod.rs:41:11
[INFO] [stdout]    |
[INFO] [stdout] 5  | use raos::test::{
[INFO] [stdout]    |           ^^^^ could not find `test` in `raos`
[INFO] [stdout]    |
[INFO] [stdout] note: found an item that was configured out
[INFO] [stdout]   --> /opt/rustwide/workdir/src/lib.rs:25:9
[INFO] [stdout]    |
[INFO] [stdout] 25 | pub mod test;
[INFO] [stdout]    |         ^^^^
[INFO] [stdout] note: the item is gated here
[INFO] [stdout]   --> /opt/rustwide/workdir/src/lib.rs:24:1
[INFO] [stdout]    |
[INFO] [stdout] 24 | #[cfg(any(test, feature = "_doctest"))]
[INFO] [stdout]    | ^^^^^^^^^^^^^^^^^^^^^^^^^^^^^^^^^^^^^^^
[INFO] [stdout] 
[INFO] [stdout] error: aborting due to 1 previous error
[INFO] [stdout] 
[INFO] [stdout] For more information about this error, try `rustc --explain E0433`.
[INFO] [stdout] Couldn't compile the test.
[INFO] [stdout] ---- src/token/mod.rs - token::OAuthManager<U,E,Ex>::handle_token_request (line 36) stdout ----
[INFO] [stdout] error[E0433]: failed to resolve: could not find `test` in `raos`
[INFO] [stdout]   --> src/token/mod.rs:38:11
[INFO] [stdout]    |
[INFO] [stdout] 5  | use raos::test::{
[INFO] [stdout]    |           ^^^^ could not find `test` in `raos`
[INFO] [stdout]    |
[INFO] [stdout] note: found an item that was configured out
[INFO] [stdout]   --> /opt/rustwide/workdir/src/lib.rs:25:9
[INFO] [stdout]    |
[INFO] [stdout] 25 | pub mod test;
[INFO] [stdout]    |         ^^^^
[INFO] [stdout] note: the item is gated here
[INFO] [stdout]   --> /opt/rustwide/workdir/src/lib.rs:24:1
[INFO] [stdout]    |
[INFO] [stdout] 24 | #[cfg(any(test, feature = "_doctest"))]
[INFO] [stdout]    | ^^^^^^^^^^^^^^^^^^^^^^^^^^^^^^^^^^^^^^^
[INFO] [stdout] 
[INFO] [stdout] error: aborting due to 1 previous error
[INFO] [stdout] 
[INFO] [stdout] For more information about this error, try `rustc --explain E0433`.
[INFO] [stdout] Couldn't compile the test.
[INFO] [stdout] ---- src/authorize/validate.rs - authorize::validate::OAuthManager<U,E,Ex>::validate_authorization_request (line 46) stdout ----
[INFO] [stdout] error[E0433]: failed to resolve: could not find `test` in `raos`
[INFO] [stdout]   --> src/authorize/validate.rs:51:3
[INFO] [stdout]    |
[INFO] [stdout] 8  |   test::doctest::oauth_manager_from_application_state
[INFO] [stdout]    |   ^^^^ could not find `test` in `raos`
[INFO] [stdout]    |
[INFO] [stdout] note: found an item that was configured out
[INFO] [stdout]   --> /opt/rustwide/workdir/src/lib.rs:25:9
[INFO] [stdout]    |
[INFO] [stdout] 25 | pub mod test;
[INFO] [stdout]    |         ^^^^
[INFO] [stdout] note: the item is gated here
[INFO] [stdout]   --> /opt/rustwide/workdir/src/lib.rs:24:1
[INFO] [stdout]    |
[INFO] [stdout] 24 | #[cfg(any(test, feature = "_doctest"))]
[INFO] [stdout]    | ^^^^^^^^^^^^^^^^^^^^^^^^^^^^^^^^^^^^^^^
[INFO] [stdout] 
[INFO] [stdout] error: aborting due to 1 previous error
[INFO] [stdout] 
[INFO] [stdout] For more information about this error, try `rustc --explain E0433`.
[INFO] [stdout] Couldn't compile the test.
[INFO] [stdout] ---- src/token/validate.rs - token::validate::OAuthManager<U,E,Ex>::validate_token_request (line 52) stdout ----
[INFO] [stdout] error[E0433]: failed to resolve: could not find `test` in `raos`
[INFO] [stdout]   --> src/token/validate.rs:55:5
[INFO] [stdout]    |
[INFO] [stdout] 6  |     test::doctest::oauth_manager_from_application_state,
[INFO] [stdout]    |     ^^^^ could not find `test` in `raos`
[INFO] [stdout]    |
[INFO] [stdout] note: found an item that was configured out
[INFO] [stdout]   --> /opt/rustwide/workdir/src/lib.rs:25:9
[INFO] [stdout]    |
[INFO] [stdout] 25 | pub mod test;
[INFO] [stdout]    |         ^^^^
[INFO] [stdout] note: the item is gated here
[INFO] [stdout]   --> /opt/rustwide/workdir/src/lib.rs:24:1
[INFO] [stdout]    |
[INFO] [stdout] 24 | #[cfg(any(test, feature = "_doctest"))]
[INFO] [stdout]    | ^^^^^^^^^^^^^^^^^^^^^^^^^^^^^^^^^^^^^^^
[INFO] [stdout] 
[INFO] [stdout] error: aborting due to 1 previous error
[INFO] [stdout] 
[INFO] [stdout] For more information about this error, try `rustc --explain E0433`.
[INFO] [stdout] Couldn't compile the test.
[INFO] [stdout] ---- src/authorize/mod.rs - authorize::OAuthManager<U,E,Ex>::handle_authorization (line 81) stdout ----
[INFO] [stdout] error[E0433]: failed to resolve: could not find `test` in `raos`
[INFO] [stdout]   --> src/authorize/mod.rs:84:5
[INFO] [stdout]    |
[INFO] [stdout] 6  |     test::{
[INFO] [stdout]    |     ^^^^ could not find `test` in `raos`
[INFO] [stdout]    |
[INFO] [stdout] note: found an item that was configured out
[INFO] [stdout]   --> /opt/rustwide/workdir/src/lib.rs:25:9
[INFO] [stdout]    |
[INFO] [stdout] 25 | pub mod test;
[INFO] [stdout]    |         ^^^^
[INFO] [stdout] note: the item is gated here
[INFO] [stdout]   --> /opt/rustwide/workdir/src/lib.rs:24:1
[INFO] [stdout]    |
[INFO] [stdout] 24 | #[cfg(any(test, feature = "_doctest"))]
[INFO] [stdout]    | ^^^^^^^^^^^^^^^^^^^^^^^^^^^^^^^^^^^^^^^
[INFO] [stdout] 
[INFO] [stdout] error: aborting due to 1 previous error
[INFO] [stdout] 
[INFO] [stdout] For more information about this error, try `rustc --explain E0433`.
[INFO] [stdout] Couldn't compile the test.
[INFO] [stdout] ---- src/token/mod.rs - token::OAuthManager<U,E,Ex>::handle_token (line 80) stdout ----
[INFO] [stdout] error[E0433]: failed to resolve: could not find `test` in `raos`
[INFO] [stdout]   --> src/token/mod.rs:83:5
[INFO] [stdout]    |
[INFO] [stdout] 6  |     test::{
[INFO] [stdout]    |     ^^^^ could not find `test` in `raos`
[INFO] [stdout]    |
[INFO] [stdout] note: found an item that was configured out
[INFO] [stdout]   --> /opt/rustwide/workdir/src/lib.rs:25:9
[INFO] [stdout]    |
[INFO] [stdout] 25 | pub mod test;
[INFO] [stdout]    |         ^^^^
[INFO] [stdout] note: the item is gated here
[INFO] [stdout]   --> /opt/rustwide/workdir/src/lib.rs:24:1
[INFO] [stdout]    |
[INFO] [stdout] 24 | #[cfg(any(test, feature = "_doctest"))]
[INFO] [stdout]    | ^^^^^^^^^^^^^^^^^^^^^^^^^^^^^^^^^^^^^^^
[INFO] [stdout] 
[INFO] [stdout] error: aborting due to 1 previous error
[INFO] [stdout] 
[INFO] [stdout] For more information about this error, try `rustc --explain E0433`.
[INFO] [stdout] Couldn't compile the test.
[INFO] [stdout] 
[INFO] [stdout] failures:
[INFO] [stdout]     src/authorize/mod.rs - authorize::OAuthManager<U,E,Ex>::handle_authorization (line 81)
[INFO] [stdout]     src/authorize/mod.rs - authorize::OAuthManager<U,E,Ex>::handle_authorization_request (line 39)
[INFO] [stdout]     src/authorize/validate.rs - authorize::validate::OAuthManager<U,E,Ex>::validate_authorization_request (line 46)
[INFO] [stdout]     src/token/mod.rs - token::OAuthManager<U,E,Ex>::handle_token (line 80)
[INFO] [stdout]     src/token/mod.rs - token::OAuthManager<U,E,Ex>::handle_token_request (line 36)
[INFO] [stdout]     src/token/validate.rs - token::validate::OAuthManager<U,E,Ex>::validate_token_request (line 52)
[INFO] [stdout] 
[INFO] [stdout] test result: FAILED. 0 passed; 6 failed; 0 ignored; 0 measured; 0 filtered out; finished in 0.32s
[INFO] [stdout] 
[INFO] [stderr] error: doctest failed, to rerun pass `--doc`
[INFO] running `Command { std: "docker" "inspect" "189731a44c613d639fe37b0bbe41f43e9bbd885ddc4b9a1429c3e15db868da6e", kill_on_drop: false }`
[INFO] running `Command { std: "docker" "rm" "-f" "189731a44c613d639fe37b0bbe41f43e9bbd885ddc4b9a1429c3e15db868da6e", kill_on_drop: false }`
[INFO] [stdout] 189731a44c613d639fe37b0bbe41f43e9bbd885ddc4b9a1429c3e15db868da6e
