[INFO] fetching crate ralertsinua-http 0.5.2...
[INFO] testing ralertsinua-http-0.5.2 against nightly-2025-01-18 for randomize-layout-2
[INFO] extracting crate ralertsinua-http 0.5.2 into /workspace/builds/worker-6-tc1/source
[INFO] validating manifest of crates.io crate ralertsinua-http 0.5.2 on toolchain nightly-2025-01-18
[INFO] running `Command { std: CARGO_HOME="/workspace/cargo-home" RUSTUP_HOME="/workspace/rustup-home" "/workspace/cargo-home/bin/cargo" "+nightly-2025-01-18" "metadata" "--manifest-path" "Cargo.toml" "--no-deps", kill_on_drop: false }`
[INFO] started tweaking crates.io crate ralertsinua-http 0.5.2
[INFO] finished tweaking crates.io crate ralertsinua-http 0.5.2
[INFO] tweaked toml for crates.io crate ralertsinua-http 0.5.2 written to /workspace/builds/worker-6-tc1/source/Cargo.toml
[INFO] running `Command { std: CARGO_HOME="/workspace/cargo-home" RUSTUP_HOME="/workspace/rustup-home" "/workspace/cargo-home/bin/cargo" "+nightly-2025-01-18" "generate-lockfile" "--manifest-path" "Cargo.toml", kill_on_drop: false }`
[INFO] [stderr]     Updating crates.io index
[INFO] [stderr]      Locking 226 packages to latest compatible versions
[INFO] [stderr]       Adding mockall v0.12.1 (available: v0.13.1)
[INFO] [stderr]       Adding quick_cache v0.5.2 (available: v0.6.9)
[INFO] [stderr]       Adding thiserror v1.0.69 (available: v2.0.11)
[INFO] running `Command { std: CARGO_HOME="/workspace/cargo-home" RUSTUP_HOME="/workspace/rustup-home" "/workspace/cargo-home/bin/cargo" "+nightly-2025-01-18" "fetch" "--manifest-path" "Cargo.toml", kill_on_drop: false }`
[INFO] [stderr]  Downloading crates ...
[INFO] [stderr]   Downloaded quick_cache v0.5.2
[INFO] [stderr]   Downloaded ralertsinua-models v0.5.2
[INFO] running `Command { std: "docker" "create" "-v" "/var/lib/crater-agent-workspace/builds/worker-6-tc1/target:/opt/rustwide/target:rw,Z" "-v" "/var/lib/crater-agent-workspace/builds/worker-6-tc1/source:/opt/rustwide/workdir:ro,Z" "-v" "/var/lib/crater-agent-workspace/cargo-home:/opt/rustwide/cargo-home:ro,Z" "-v" "/var/lib/crater-agent-workspace/rustup-home:/opt/rustwide/rustup-home:ro,Z" "-e" "SOURCE_DIR=/opt/rustwide/workdir" "-e" "CARGO_TARGET_DIR=/opt/rustwide/target" "-e" "CARGO_HOME=/opt/rustwide/cargo-home" "-e" "RUSTUP_HOME=/opt/rustwide/rustup-home" "-w" "/opt/rustwide/workdir" "-m" "1610612736" "--user" "0:0" "--network" "none" "ghcr.io/rust-lang/crates-build-env/linux@sha256:819108c5571ea2e421544af4d832f968d213c87fbe3707a016657f43d2f853bc" "/opt/rustwide/cargo-home/bin/cargo" "+nightly-2025-01-18" "metadata" "--no-deps" "--format-version=1", kill_on_drop: false }`
[INFO] [stdout] 2b431e7e0c0119563237b9a830f540b9aba6b1280a34a71e1310dd99901980c5
[INFO] running `Command { std: "docker" "start" "-a" "2b431e7e0c0119563237b9a830f540b9aba6b1280a34a71e1310dd99901980c5", kill_on_drop: false }`
[INFO] running `Command { std: "docker" "inspect" "2b431e7e0c0119563237b9a830f540b9aba6b1280a34a71e1310dd99901980c5", kill_on_drop: false }`
[INFO] running `Command { std: "docker" "rm" "-f" "2b431e7e0c0119563237b9a830f540b9aba6b1280a34a71e1310dd99901980c5", kill_on_drop: false }`
[INFO] [stdout] 2b431e7e0c0119563237b9a830f540b9aba6b1280a34a71e1310dd99901980c5
[INFO] running `Command { std: "docker" "create" "-v" "/var/lib/crater-agent-workspace/builds/worker-6-tc1/target:/opt/rustwide/target:rw,Z" "-v" "/var/lib/crater-agent-workspace/builds/worker-6-tc1/source:/opt/rustwide/workdir:ro,Z" "-v" "/var/lib/crater-agent-workspace/cargo-home:/opt/rustwide/cargo-home:ro,Z" "-v" "/var/lib/crater-agent-workspace/rustup-home:/opt/rustwide/rustup-home:ro,Z" "-e" "SOURCE_DIR=/opt/rustwide/workdir" "-e" "CARGO_TARGET_DIR=/opt/rustwide/target" "-e" "CARGO_INCREMENTAL=0" "-e" "RUST_BACKTRACE=full" "-e" "RUSTFLAGS=--cap-lints=forbid" "-e" "RUSTDOCFLAGS=--cap-lints=forbid" "-e" "CARGO_HOME=/opt/rustwide/cargo-home" "-e" "RUSTUP_HOME=/opt/rustwide/rustup-home" "-w" "/opt/rustwide/workdir" "-m" "1610612736" "--user" "0:0" "--network" "none" "ghcr.io/rust-lang/crates-build-env/linux@sha256:819108c5571ea2e421544af4d832f968d213c87fbe3707a016657f43d2f853bc" "/opt/rustwide/cargo-home/bin/cargo" "+nightly-2025-01-18" "build" "--frozen" "--message-format=json", kill_on_drop: false }`
[INFO] [stdout] 7d95af6718ad55635a9caef3734624a8e87474dccfc4152172c945d036aaee20
[INFO] running `Command { std: "docker" "start" "-a" "7d95af6718ad55635a9caef3734624a8e87474dccfc4152172c945d036aaee20", kill_on_drop: false }`
[INFO] [stderr]    Compiling stable_deref_trait v1.2.0
[INFO] [stderr]    Compiling bytes v1.9.0
[INFO] [stderr]    Compiling pin-project-lite v0.2.16
[INFO] [stderr]    Compiling serde v1.0.217
[INFO] [stderr]    Compiling vcpkg v0.2.15
[INFO] [stderr]    Compiling litemap v0.7.4
[INFO] [stderr]    Compiling writeable v0.5.5
[INFO] [stderr]    Compiling libc v0.2.169
[INFO] [stderr]    Compiling cc v1.2.10
[INFO] [stderr]    Compiling icu_locid_transform_data v1.5.0
[INFO] [stderr]    Compiling futures-task v0.3.31
[INFO] [stderr]    Compiling tracing-core v0.1.33
[INFO] [stderr]    Compiling syn v2.0.96
[INFO] [stderr]    Compiling icu_properties_data v1.5.0
[INFO] [stderr]    Compiling openssl v0.10.68
[INFO] [stderr]    Compiling ident_case v1.0.1
[INFO] [stderr]    Compiling foreign-types-shared v0.1.1
[INFO] [stderr]    Compiling futures-util v0.3.31
[INFO] [stderr]    Compiling strsim v0.11.1
[INFO] [stderr]    Compiling indexmap v2.7.1
[INFO] [stderr]    Compiling foreign-types v0.3.2
[INFO] [stderr]    Compiling bitflags v2.8.0
[INFO] [stderr]    Compiling write16 v1.0.0
[INFO] [stderr]    Compiling icu_normalizer_data v1.5.0
[INFO] [stderr]    Compiling utf8_iter v1.0.4
[INFO] [stderr]    Compiling utf16_iter v1.0.5
[INFO] [stderr]    Compiling native-tls v0.2.12
[INFO] [stderr]    Compiling thiserror v1.0.69
[INFO] [stderr]    Compiling rustversion v1.0.19
[INFO] [stderr]    Compiling log v0.4.25
[INFO] [stderr]    Compiling openssl-probe v0.1.5
[INFO] [stderr]    Compiling proc-macro-error-attr2 v2.0.0
[INFO] [stderr]    Compiling powerfmt v0.2.0
[INFO] [stderr]    Compiling num-conv v0.1.0
[INFO] [stderr]    Compiling time-core v0.1.2
[INFO] [stderr]    Compiling serde_json v1.0.137
[INFO] [stderr]    Compiling sync_wrapper v1.0.2
[INFO] [stderr]    Compiling unicode-width v0.1.14
[INFO] [stderr]    Compiling http v1.2.0
[INFO] [stderr]    Compiling time-macros v0.2.19
[INFO] [stderr]    Compiling rustls-pki-types v1.10.1
[INFO] [stderr]    Compiling encoding_rs v0.8.35
[INFO] [stderr]    Compiling ipnet v2.11.0
[INFO] [stderr]    Compiling tracing v0.1.41
[INFO] [stderr]    Compiling hashbrown v0.14.5
[INFO] [stderr]    Compiling strum v0.26.3
[INFO] [stderr]    Compiling rustls-pemfile v2.2.0
[INFO] [stderr]    Compiling socket2 v0.5.8
[INFO] [stderr]    Compiling mio v1.0.3
[INFO] [stderr]    Compiling quick_cache v0.5.2
[INFO] [stderr]    Compiling openssl-sys v0.9.104
[INFO] [stderr]    Compiling tokio v1.43.0
[INFO] [stderr]    Compiling http-body v1.0.1
[INFO] [stderr]    Compiling http-body-util v0.1.2
[INFO] [stderr]    Compiling synstructure v0.13.1
[INFO] [stderr]    Compiling darling_core v0.20.10
[INFO] [stderr]    Compiling proc-macro-error2 v2.0.1
[INFO] [stderr]    Compiling zerofrom-derive v0.1.5
[INFO] [stderr]    Compiling yoke-derive v0.7.5
[INFO] [stderr]    Compiling zerovec-derive v0.10.3
[INFO] [stderr]    Compiling displaydoc v0.2.5
[INFO] [stderr]    Compiling serde_derive v1.0.217
[INFO] [stderr]    Compiling icu_provider_macros v1.5.0
[INFO] [stderr]    Compiling openssl-macros v0.1.1
[INFO] [stderr]    Compiling thiserror-impl v1.0.69
[INFO] [stderr]    Compiling miette-derive v7.4.0
[INFO] [stderr]    Compiling strum_macros v0.26.4
[INFO] [stderr]    Compiling getset v0.1.4
[INFO] [stderr]    Compiling async-trait v0.1.85
[INFO] [stderr]    Compiling tokio-util v0.7.13
[INFO] [stderr]    Compiling tower v0.5.2
[INFO] [stderr]    Compiling h2 v0.4.7
[INFO] [stderr]    Compiling zerofrom v0.1.5
[INFO] [stderr]    Compiling yoke v0.7.5
[INFO] [stderr]    Compiling zerovec v0.10.4
[INFO] [stderr]    Compiling darling_macro v0.20.10
[INFO] [stderr]    Compiling tinystr v0.7.6
[INFO] [stderr]    Compiling icu_collections v1.5.0
[INFO] [stderr]    Compiling icu_locid v1.5.0
[INFO] [stderr]    Compiling darling v0.20.10
[INFO] [stderr]    Compiling serde_with_macros v3.12.0
[INFO] [stderr]    Compiling icu_provider v1.5.0
[INFO] [stderr]    Compiling icu_locid_transform v1.5.0
[INFO] [stderr]    Compiling tokio-native-tls v0.3.1
[INFO] [stderr]    Compiling icu_properties v1.5.1
[INFO] [stderr]    Compiling hyper v1.5.2
[INFO] [stderr]    Compiling hyper-util v0.1.10
[INFO] [stderr]    Compiling icu_normalizer v1.5.0
[INFO] [stderr]    Compiling idna_adapter v1.2.0
[INFO] [stderr]    Compiling idna v1.0.3
[INFO] [stderr]    Compiling url v2.5.4
[INFO] [stderr]    Compiling hyper-tls v0.6.0
[INFO] [stderr]    Compiling deranged v0.3.11
[INFO] [stderr]    Compiling serde_with v3.12.0
[INFO] [stderr]    Compiling miette v7.4.0
[INFO] [stderr]    Compiling serde_urlencoded v0.7.1
[INFO] [stderr]    Compiling time v0.3.37
[INFO] [stderr]    Compiling reqwest v0.12.12
[INFO] [stderr]    Compiling ralertsinua-models v0.5.2
[INFO] [stderr]    Compiling ralertsinua-http v0.5.2 (/opt/rustwide/workdir)
[INFO] [stderr]     Finished `dev` profile [unoptimized + debuginfo] target(s) in 54.46s
[INFO] running `Command { std: "docker" "inspect" "7d95af6718ad55635a9caef3734624a8e87474dccfc4152172c945d036aaee20", kill_on_drop: false }`
[INFO] running `Command { std: "docker" "rm" "-f" "7d95af6718ad55635a9caef3734624a8e87474dccfc4152172c945d036aaee20", kill_on_drop: false }`
[INFO] [stdout] 7d95af6718ad55635a9caef3734624a8e87474dccfc4152172c945d036aaee20
[INFO] running `Command { std: "docker" "create" "-v" "/var/lib/crater-agent-workspace/builds/worker-6-tc1/target:/opt/rustwide/target:rw,Z" "-v" "/var/lib/crater-agent-workspace/builds/worker-6-tc1/source:/opt/rustwide/workdir:ro,Z" "-v" "/var/lib/crater-agent-workspace/cargo-home:/opt/rustwide/cargo-home:ro,Z" "-v" "/var/lib/crater-agent-workspace/rustup-home:/opt/rustwide/rustup-home:ro,Z" "-e" "SOURCE_DIR=/opt/rustwide/workdir" "-e" "CARGO_TARGET_DIR=/opt/rustwide/target" "-e" "CARGO_INCREMENTAL=0" "-e" "RUST_BACKTRACE=full" "-e" "RUSTFLAGS=--cap-lints=forbid" "-e" "RUSTDOCFLAGS=--cap-lints=forbid" "-e" "CARGO_HOME=/opt/rustwide/cargo-home" "-e" "RUSTUP_HOME=/opt/rustwide/rustup-home" "-w" "/opt/rustwide/workdir" "-m" "1610612736" "--user" "0:0" "--network" "none" "ghcr.io/rust-lang/crates-build-env/linux@sha256:819108c5571ea2e421544af4d832f968d213c87fbe3707a016657f43d2f853bc" "/opt/rustwide/cargo-home/bin/cargo" "+nightly-2025-01-18" "test" "--frozen" "--no-run" "--message-format=json", kill_on_drop: false }`
[INFO] [stdout] 1d2880ea827f1e26db3e2864ca311e13f83ed64acca19a2f58eea878124597c9
[INFO] running `Command { std: "docker" "start" "-a" "1d2880ea827f1e26db3e2864ca311e13f83ed64acca19a2f58eea878124597c9", kill_on_drop: false }`
[INFO] [stderr]    Compiling parking_lot_core v0.9.10
[INFO] [stderr]    Compiling signal-hook-registry v1.4.2
[INFO] [stderr]    Compiling tokio-macros v2.5.0
[INFO] [stderr]    Compiling zerocopy-derive v0.7.35
[INFO] [stderr]    Compiling byteorder v1.5.0
[INFO] [stderr]    Compiling getrandom v0.2.15
[INFO] [stderr]    Compiling aho-corasick v1.1.3
[INFO] [stderr]    Compiling predicates-core v1.0.9
[INFO] [stderr]    Compiling regex-syntax v0.8.5
[INFO] [stderr]    Compiling termtree v0.5.1
[INFO] [stderr]    Compiling anstyle v1.0.10
[INFO] [stderr]    Compiling colored v2.2.0
[INFO] [stderr]    Compiling assert-json-diff v2.0.2
[INFO] [stderr]    Compiling mockall_derive v0.12.1
[INFO] [stderr]    Compiling fragile v2.0.0
[INFO] [stderr]    Compiling similar v2.7.0
[INFO] [stderr]    Compiling downcast v0.11.0
[INFO] [stderr]    Compiling predicates-tree v1.0.12
[INFO] [stderr]    Compiling rand_core v0.6.4
[INFO] [stderr]    Compiling parking_lot v0.12.3
[INFO] [stderr]    Compiling predicates v3.1.3
[INFO] [stderr]    Compiling tokio v1.43.0
[INFO] [stderr]    Compiling zerocopy v0.7.35
[INFO] [stderr]    Compiling ppv-lite86 v0.2.20
[INFO] [stderr]    Compiling rand_chacha v0.3.1
[INFO] [stderr]    Compiling rand v0.8.5
[INFO] [stderr]    Compiling regex-automata v0.4.9
[INFO] [stderr]    Compiling mockall v0.12.1
[INFO] [stderr]    Compiling regex v1.11.1
[INFO] [stderr]    Compiling tokio-util v0.7.13
[INFO] [stderr]    Compiling tokio-native-tls v0.3.1
[INFO] [stderr]    Compiling tower v0.5.2
[INFO] [stderr]    Compiling h2 v0.4.7
[INFO] [stderr]    Compiling hyper v1.5.2
[INFO] [stderr]    Compiling hyper-util v0.1.10
[INFO] [stderr]    Compiling hyper-tls v0.6.0
[INFO] [stderr]    Compiling mockito v1.6.1
[INFO] [stderr]    Compiling reqwest v0.12.12
[INFO] [stderr]    Compiling ralertsinua-http v0.5.2 (/opt/rustwide/workdir)
[INFO] [stderr]     Finished `test` profile [unoptimized + debuginfo] target(s) in 38.38s
[INFO] running `Command { std: "docker" "inspect" "1d2880ea827f1e26db3e2864ca311e13f83ed64acca19a2f58eea878124597c9", kill_on_drop: false }`
[INFO] running `Command { std: "docker" "rm" "-f" "1d2880ea827f1e26db3e2864ca311e13f83ed64acca19a2f58eea878124597c9", kill_on_drop: false }`
[INFO] [stdout] 1d2880ea827f1e26db3e2864ca311e13f83ed64acca19a2f58eea878124597c9
[INFO] running `Command { std: "docker" "create" "-v" "/var/lib/crater-agent-workspace/builds/worker-6-tc1/target:/opt/rustwide/target:rw,Z" "-v" "/var/lib/crater-agent-workspace/builds/worker-6-tc1/source:/opt/rustwide/workdir:ro,Z" "-v" "/var/lib/crater-agent-workspace/cargo-home:/opt/rustwide/cargo-home:ro,Z" "-v" "/var/lib/crater-agent-workspace/rustup-home:/opt/rustwide/rustup-home:ro,Z" "-e" "SOURCE_DIR=/opt/rustwide/workdir" "-e" "CARGO_TARGET_DIR=/opt/rustwide/target" "-e" "CARGO_INCREMENTAL=0" "-e" "RUST_BACKTRACE=full" "-e" "RUSTFLAGS=--cap-lints=forbid" "-e" "RUSTDOCFLAGS=--cap-lints=forbid" "-e" "CARGO_HOME=/opt/rustwide/cargo-home" "-e" "RUSTUP_HOME=/opt/rustwide/rustup-home" "-w" "/opt/rustwide/workdir" "-m" "1610612736" "--user" "0:0" "--network" "none" "ghcr.io/rust-lang/crates-build-env/linux@sha256:819108c5571ea2e421544af4d832f968d213c87fbe3707a016657f43d2f853bc" "/opt/rustwide/cargo-home/bin/cargo" "+nightly-2025-01-18" "test" "--frozen", kill_on_drop: false }`
[INFO] [stdout] 77c17e3c0c46325147794f1d1e4da4fca87c8f88f07e3469dcd69b14c0bf5954
[INFO] running `Command { std: "docker" "start" "-a" "77c17e3c0c46325147794f1d1e4da4fca87c8f88f07e3469dcd69b14c0bf5954", kill_on_drop: false }`
[INFO] [stderr]     Finished `test` profile [unoptimized + debuginfo] target(s) in 0.62s
[INFO] [stderr]      Running unittests src/lib.rs (/opt/rustwide/target/debug/deps/ralertsinua_http-33c2007484bc7d2d)
[INFO] [stdout] 
[INFO] [stdout] running 4 tests
[INFO] [stdout] test client::tests::test_get_api_url ... ok
[INFO] [stdout] test client::tests::test_trait ... ok
[INFO] [stdout] test client::tests::test_get_active_alerts ... ok
[INFO] [stdout] test client::tests::test_get_air_raid_alert_statuses_by_location ... ok
[INFO] [stdout] 
[INFO] [stdout] test result: ok. 4 passed; 0 failed; 0 ignored; 0 measured; 0 filtered out; finished in 0.24s
[INFO] [stdout] 
[INFO] [stderr]    Doc-tests ralertsinua_http
[INFO] [stdout] 
[INFO] [stdout] running 1 test
[INFO] [stdout] test src/error.rs - error::ApiError (line 6) ... FAILED
[INFO] [stdout] 
[INFO] [stdout] failures:
[INFO] [stdout] 
[INFO] [stdout] ---- src/error.rs - error::ApiError (line 6) stdout ----
[INFO] [stdout] error[E0432]: unresolved imports `http::HttpError`, `http::AlertsInUaClient`, `http::BaseHttpClient`
[INFO] [stdout]  --> src/error.rs:9:12
[INFO] [stdout]   |
[INFO] [stdout] 4 | use http::{HttpError, AlertsInUaClient, BaseHttpClient};
[INFO] [stdout]   |            ^^^^^^^^^  ^^^^^^^^^^^^^^^^  ^^^^^^^^^^^^^^ no `BaseHttpClient` in the root
[INFO] [stdout]   |            |          |
[INFO] [stdout]   |            |          no `AlertsInUaClient` in the root
[INFO] [stdout]   |            no `HttpError` in the root
[INFO] [stdout]   |
[INFO] [stdout]   = help: consider importing this variant instead:
[INFO] [stdout]           ralertsinua_http::ApiError::HttpError
[INFO] [stdout]   = help: consider importing this struct instead:
[INFO] [stdout]           ralertsinua_http::AlertsInUaClient
[INFO] [stdout]   = help: consider importing this trait instead:
[INFO] [stdout]           ralertsinua_http::BaseHttpClient
[INFO] [stdout] 
[INFO] [stdout] error[E0433]: failed to resolve: use of undeclared crate or module `rspotify_model`
[INFO] [stdout]   --> src/error.rs:18:31
[INFO] [stdout]    |
[INFO] [stdout] 13 |         match response.json::<rspotify_model::ApiError>().await {
[INFO] [stdout]    |                               ^^^^^^^^^^^^^^ use of undeclared crate or module `rspotify_model`
[INFO] [stdout] 
[INFO] [stdout] error: aborting due to 2 previous errors
[INFO] [stdout] 
[INFO] [stdout] Some errors have detailed explanations: E0432, E0433.
[INFO] [stdout] For more information about an error, try `rustc --explain E0432`.
[INFO] [stdout] Couldn't compile the test.
[INFO] [stdout] 
[INFO] [stdout] failures:
[INFO] [stdout]     src/error.rs - error::ApiError (line 6)
[INFO] [stdout] 
[INFO] [stdout] test result: FAILED. 0 passed; 1 failed; 0 ignored; 0 measured; 0 filtered out; finished in 0.20s
[INFO] [stdout] 
[INFO] [stderr] error: doctest failed, to rerun pass `--doc`
[INFO] running `Command { std: "docker" "inspect" "77c17e3c0c46325147794f1d1e4da4fca87c8f88f07e3469dcd69b14c0bf5954", kill_on_drop: false }`
[INFO] running `Command { std: "docker" "rm" "-f" "77c17e3c0c46325147794f1d1e4da4fca87c8f88f07e3469dcd69b14c0bf5954", kill_on_drop: false }`
[INFO] [stdout] 77c17e3c0c46325147794f1d1e4da4fca87c8f88f07e3469dcd69b14c0bf5954
