[INFO] fetching crate rainmaker 0.1.1...
[INFO] testing rainmaker-0.1.1 against nightly-2025-01-18 for randomize-layout-2
[INFO] extracting crate rainmaker 0.1.1 into /workspace/builds/worker-0-tc1/source
[INFO] validating manifest of crates.io crate rainmaker 0.1.1 on toolchain nightly-2025-01-18
[INFO] running `Command { std: CARGO_HOME="/workspace/cargo-home" RUSTUP_HOME="/workspace/rustup-home" "/workspace/cargo-home/bin/cargo" "+nightly-2025-01-18" "metadata" "--manifest-path" "Cargo.toml" "--no-deps", kill_on_drop: false }`
[INFO] started tweaking crates.io crate rainmaker 0.1.1
[INFO] finished tweaking crates.io crate rainmaker 0.1.1
[INFO] tweaked toml for crates.io crate rainmaker 0.1.1 written to /workspace/builds/worker-0-tc1/source/Cargo.toml
[INFO] running `Command { std: CARGO_HOME="/workspace/cargo-home" RUSTUP_HOME="/workspace/rustup-home" "/workspace/cargo-home/bin/cargo" "+nightly-2025-01-18" "generate-lockfile" "--manifest-path" "Cargo.toml", kill_on_drop: false }`
[INFO] [stderr]     Blocking waiting for file lock on package cache
[INFO] [stderr]     Updating crates.io index
[INFO] [stderr]     Blocking waiting for file lock on package cache
[INFO] [stderr]      Locking 272 packages to latest compatible versions
[INFO] [stderr]       Adding esp-idf-svc v0.49.1 (available: v0.51.0)
[INFO] [stderr]       Adding simple_logger v4.3.3 (available: v5.0.0)
[INFO] running `Command { std: CARGO_HOME="/workspace/cargo-home" RUSTUP_HOME="/workspace/rustup-home" "/workspace/cargo-home/bin/cargo" "+nightly-2025-01-18" "fetch" "--manifest-path" "Cargo.toml", kill_on_drop: false }`
[INFO] [stderr]     Blocking waiting for file lock on package cache
[INFO] [stderr]  Downloading crates ...
[INFO] [stderr]   Downloaded esp32-nimble v0.8.2
[INFO] [stderr]   Downloaded custom_debug_derive v0.6.2
[INFO] [stderr]   Downloaded defmt-parser v0.4.1
[INFO] [stderr]   Downloaded embedded-svc v0.28.1
[INFO] [stderr]   Downloaded embassy-sync v0.6.2
[INFO] [stderr]   Downloaded rumqttc v0.23.0
[INFO] [stderr]   Downloaded bluer v0.17.3
[INFO] [stderr]   Downloaded defmt-macros v0.4.0
[INFO] [stderr]   Downloaded defmt v0.3.10
[INFO] [stderr]   Downloaded esp-idf-hal v0.44.1
[INFO] [stderr]   Downloaded esp-idf-svc v0.49.1
[INFO] [stderr]   Downloaded fs_at v0.2.1
[INFO] [stderr]   Downloaded remove_dir_all v0.8.4
[INFO] [stderr]   Downloaded esp-idf-sys v0.35.0
[INFO] [stderr]   Downloaded pickledb v0.5.1
[INFO] [stderr]   Downloaded custom_debug v0.6.2
[INFO] [stderr]   Downloaded rainmaker-components v0.1.0
[INFO] running `Command { std: "docker" "create" "-v" "/var/lib/crater-agent-workspace/builds/worker-0-tc1/target:/opt/rustwide/target:rw,Z" "-v" "/var/lib/crater-agent-workspace/builds/worker-0-tc1/source:/opt/rustwide/workdir:ro,Z" "-v" "/var/lib/crater-agent-workspace/cargo-home:/opt/rustwide/cargo-home:ro,Z" "-v" "/var/lib/crater-agent-workspace/rustup-home:/opt/rustwide/rustup-home:ro,Z" "-e" "SOURCE_DIR=/opt/rustwide/workdir" "-e" "CARGO_TARGET_DIR=/opt/rustwide/target" "-e" "CARGO_HOME=/opt/rustwide/cargo-home" "-e" "RUSTUP_HOME=/opt/rustwide/rustup-home" "-w" "/opt/rustwide/workdir" "-m" "1610612736" "--user" "0:0" "--network" "none" "ghcr.io/rust-lang/crates-build-env/linux@sha256:819108c5571ea2e421544af4d832f968d213c87fbe3707a016657f43d2f853bc" "/opt/rustwide/cargo-home/bin/cargo" "+nightly-2025-01-18" "metadata" "--no-deps" "--format-version=1", kill_on_drop: false }`
[INFO] [stdout] 1d1edae139ab8072d2ff900d3a5d05287c99e61157b1f43759e093703fd77524
[INFO] running `Command { std: "docker" "start" "-a" "1d1edae139ab8072d2ff900d3a5d05287c99e61157b1f43759e093703fd77524", kill_on_drop: false }`
[INFO] running `Command { std: "docker" "inspect" "1d1edae139ab8072d2ff900d3a5d05287c99e61157b1f43759e093703fd77524", kill_on_drop: false }`
[INFO] running `Command { std: "docker" "rm" "-f" "1d1edae139ab8072d2ff900d3a5d05287c99e61157b1f43759e093703fd77524", kill_on_drop: false }`
[INFO] [stdout] 1d1edae139ab8072d2ff900d3a5d05287c99e61157b1f43759e093703fd77524
[INFO] running `Command { std: "docker" "create" "-v" "/var/lib/crater-agent-workspace/builds/worker-0-tc1/target:/opt/rustwide/target:rw,Z" "-v" "/var/lib/crater-agent-workspace/builds/worker-0-tc1/source:/opt/rustwide/workdir:ro,Z" "-v" "/var/lib/crater-agent-workspace/cargo-home:/opt/rustwide/cargo-home:ro,Z" "-v" "/var/lib/crater-agent-workspace/rustup-home:/opt/rustwide/rustup-home:ro,Z" "-e" "SOURCE_DIR=/opt/rustwide/workdir" "-e" "CARGO_TARGET_DIR=/opt/rustwide/target" "-e" "CARGO_INCREMENTAL=0" "-e" "RUST_BACKTRACE=full" "-e" "RUSTFLAGS=--cap-lints=forbid" "-e" "RUSTDOCFLAGS=--cap-lints=forbid" "-e" "CARGO_HOME=/opt/rustwide/cargo-home" "-e" "RUSTUP_HOME=/opt/rustwide/rustup-home" "-w" "/opt/rustwide/workdir" "-m" "1610612736" "--user" "0:0" "--network" "none" "ghcr.io/rust-lang/crates-build-env/linux@sha256:819108c5571ea2e421544af4d832f968d213c87fbe3707a016657f43d2f853bc" "/opt/rustwide/cargo-home/bin/cargo" "+nightly-2025-01-18" "build" "--frozen" "--message-format=json", kill_on_drop: false }`
[INFO] [stdout] 26793cb40f747c63f42d56b57f52b09359d01cc923edeb8cbb3af6c03e78d4f4
[INFO] running `Command { std: "docker" "start" "-a" "26793cb40f747c63f42d56b57f52b09359d01cc923edeb8cbb3af6c03e78d4f4", kill_on_drop: false }`
[INFO] [stderr]    Compiling proc-macro2 v1.0.93
[INFO] [stderr]    Compiling unicode-ident v1.0.14
[INFO] [stderr]    Compiling libc v0.2.169
[INFO] [stderr]    Compiling autocfg v1.4.0
[INFO] [stderr]    Compiling cfg-if v1.0.0
[INFO] [stderr]    Compiling typenum v1.17.0
[INFO] [stderr]    Compiling pin-project-lite v0.2.16
[INFO] [stderr]    Compiling futures-core v0.3.31
[INFO] [stderr]    Compiling version_check v0.9.5
[INFO] [stderr]    Compiling memchr v2.7.4
[INFO] [stderr]    Compiling shlex v1.3.0
[INFO] [stderr]    Compiling futures-sink v0.3.31
[INFO] [stderr]    Compiling scopeguard v1.2.0
[INFO] [stderr]    Compiling futures-io v0.3.31
[INFO] [stderr]    Compiling futures-task v0.3.31
[INFO] [stderr]    Compiling pin-utils v0.1.0
[INFO] [stderr]    Compiling itoa v1.0.14
[INFO] [stderr]    Compiling pkg-config v0.3.31
[INFO] [stderr]    Compiling ryu v1.0.18
[INFO] [stderr]    Compiling strsim v0.11.1
[INFO] [stderr]    Compiling bytes v1.9.0
[INFO] [stderr]    Compiling log v0.4.25
[INFO] [stderr]    Compiling cc v1.2.10
[INFO] [stderr]    Compiling futures-channel v0.3.31
[INFO] [stderr]    Compiling serde v1.0.217
[INFO] [stderr]    Compiling ident_case v1.0.1
[INFO] [stderr]    Compiling fnv v1.0.7
[INFO] [stderr]    Compiling untrusted v0.9.0
[INFO] [stderr]    Compiling rustversion v1.0.19
[INFO] [stderr]    Compiling generic-array v0.14.7
[INFO] [stderr]    Compiling byteorder v1.5.0
[INFO] [stderr]    Compiling serde_json v1.0.137
[INFO] [stderr]    Compiling cfg_aliases v0.2.1
[INFO] [stderr]    Compiling rustls v0.21.12
[INFO] [stderr]    Compiling nix v0.29.0
[INFO] [stderr]    Compiling uuid v1.12.0
[INFO] [stderr]    Compiling heck v0.5.0
[INFO] [stderr]    Compiling thiserror v1.0.69
[INFO] [stderr]    Compiling slab v0.4.9
[INFO] [stderr]    Compiling lock_api v0.4.12
[INFO] [stderr]    Compiling num-traits v0.2.19
[INFO] [stderr]    Compiling base64 v0.21.7
[INFO] [stderr]    Compiling lazy_static v1.5.0
[INFO] [stderr]    Compiling openssl-probe v0.1.5
[INFO] [stderr]    Compiling time-core v0.1.2
[INFO] [stderr]    Compiling quote v1.0.38
[INFO] [stderr]    Compiling anyhow v1.0.95
[INFO] [stderr]    Compiling powerfmt v0.2.0
[INFO] [stderr]    Compiling cpufeatures v0.2.16
[INFO] [stderr]    Compiling spin v0.9.8
[INFO] [stderr]    Compiling bitflags v2.8.0
[INFO] [stderr]    Compiling libdbus-sys v0.2.5
[INFO] [stderr]    Compiling num-conv v0.1.0
[INFO] [stderr]    Compiling rustls-pemfile v1.0.4
[INFO] [stderr]    Compiling deranged v0.3.11
[INFO] [stderr]    Compiling syn v2.0.96
[INFO] [stderr]    Compiling flume v0.11.1
[INFO] [stderr]    Compiling time-macros v0.2.19
[INFO] [stderr]    Compiling rustls-native-certs v0.6.3
[INFO] [stderr]    Compiling ascii v1.1.0
[INFO] [stderr]    Compiling chunked_transfer v1.5.0
[INFO] [stderr]    Compiling num_threads v0.1.7
[INFO] [stderr]    Compiling macaddr v1.0.1
[INFO] [stderr]    Compiling httpdate v1.0.3
[INFO] [stderr]    Compiling hex v0.4.3
[INFO] [stderr]    Compiling colored v2.2.0
[INFO] [stderr]    Compiling quick-protobuf v0.8.1
[INFO] [stderr]    Compiling tiny_http v0.12.0
[INFO] [stderr]    Compiling ring v0.17.8
[INFO] [stderr]    Compiling crypto-common v0.1.6
[INFO] [stderr]    Compiling inout v0.1.3
[INFO] [stderr]    Compiling block-buffer v0.10.4
[INFO] [stderr]    Compiling cipher v0.4.4
[INFO] [stderr]    Compiling digest v0.10.7
[INFO] [stderr]    Compiling sha2 v0.10.8
[INFO] [stderr]    Compiling aes v0.8.4
[INFO] [stderr]    Compiling ctr v0.9.2
[INFO] [stderr]    Compiling getrandom v0.2.15
[INFO] [stderr]    Compiling socket2 v0.5.8
[INFO] [stderr]    Compiling mio v1.0.3
[INFO] [stderr]    Compiling time v0.3.37
[INFO] [stderr]    Compiling rand_core v0.6.4
[INFO] [stderr]    Compiling ed25519-compact v2.1.1
[INFO] [stderr]    Compiling simple_logger v4.3.3
[INFO] [stderr]    Compiling darling_core v0.20.10
[INFO] [stderr]    Compiling synstructure v0.13.1
[INFO] [stderr]    Compiling serde_derive v1.0.217
[INFO] [stderr]    Compiling futures-macro v0.3.31
[INFO] [stderr]    Compiling tokio-macros v2.5.0
[INFO] [stderr]    Compiling zerocopy-derive v0.7.35
[INFO] [stderr]    Compiling strum_macros v0.26.4
[INFO] [stderr]    Compiling thiserror-impl v1.0.69
[INFO] [stderr]    Compiling pin-project-internal v1.1.8
[INFO] [stderr]    Compiling num-derive v0.4.2
[INFO] [stderr]    Compiling displaydoc v0.2.5
[INFO] [stderr]    Compiling rustls-webpki v0.101.7
[INFO] [stderr]    Compiling sct v0.7.1
[INFO] [stderr]    Compiling tokio v1.43.0
[INFO] [stderr]    Compiling futures-util v0.3.31
[INFO] [stderr]    Compiling zerocopy v0.7.35
[INFO] [stderr]    Compiling pin-project v1.1.8
[INFO] [stderr]    Compiling ppv-lite86 v0.2.20
[INFO] [stderr]    Compiling strum v0.26.3
[INFO] [stderr]    Compiling rand_chacha v0.3.1
[INFO] [stderr]    Compiling darling_macro v0.20.10
[INFO] [stderr]    Compiling rand v0.8.5
[INFO] [stderr]    Compiling darling v0.20.10
[INFO] [stderr]    Compiling custom_debug_derive v0.6.2
[INFO] [stderr]    Compiling custom_debug v0.6.2
[INFO] [stderr]    Compiling dbus v0.9.7
[INFO] [stderr]    Compiling futures-executor v0.3.31
[INFO] [stderr]    Compiling futures v0.3.31
[INFO] [stderr]    Compiling tokio-stream v0.1.17
[INFO] [stderr]    Compiling tokio-rustls v0.24.1
[INFO] [stderr]    Compiling rumqttc v0.23.0
[INFO] [stderr]    Compiling dbus-crossroads v0.5.2
[INFO] [stderr]    Compiling dbus-tokio v0.7.6
[INFO] [stderr]    Compiling pickledb v0.5.1
[INFO] [stderr]    Compiling bluer v0.17.3
[INFO] [stderr]    Compiling rainmaker-components v0.1.0
[INFO] [stderr]    Compiling rainmaker v0.1.1 (/opt/rustwide/workdir)
[INFO] [stdout] warning: creating a shared reference to mutable static is discouraged
[INFO] [stdout]   --> src/lib.rs:90:21
[INFO] [stdout]    |
[INFO] [stdout] 90 |         if unsafe { RAINMAKER.get().is_some() } {
[INFO] [stdout]    |                     ^^^^^^^^^^^^^^^ shared reference to mutable static
[INFO] [stdout]    |
[INFO] [stdout]    = note: for more information, see <https://doc.rust-lang.org/nightly/edition-guide/rust-2024/static-mut-references.html>
[INFO] [stdout]    = note: shared references to mutable statics are dangerous; it's undefined behavior if the static is mutated or if a mutable reference is created for it while the shared reference lives
[INFO] [stdout]    = note: `#[warn(static_mut_refs)]` on by default
[INFO] [stdout] 
[INFO] [stdout] 
[INFO] [stdout] warning: creating a shared reference to mutable static is discouraged
[INFO] [stdout]   --> src/lib.rs:94:13
[INFO] [stdout]    |
[INFO] [stdout] 94 |             RAINMAKER.set(Self { node: None }).unwrap();
[INFO] [stdout]    |             ^^^^^^^^^^^^^^^^^^^^^^^^^^^^^^^^^^ shared reference to mutable static
[INFO] [stdout]    |
[INFO] [stdout]    = note: for more information, see <https://doc.rust-lang.org/nightly/edition-guide/rust-2024/static-mut-references.html>
[INFO] [stdout]    = note: shared references to mutable statics are dangerous; it's undefined behavior if the static is mutated or if a mutable reference is created for it while the shared reference lives
[INFO] [stdout] 
[INFO] [stdout] 
[INFO] [stdout] warning: creating a mutable reference to mutable static is discouraged
[INFO] [stdout]   --> src/lib.rs:96:21
[INFO] [stdout]    |
[INFO] [stdout] 96 |         Ok(unsafe { RAINMAKER.get_mut().unwrap() })
[INFO] [stdout]    |                     ^^^^^^^^^^^^^^^^^^^ mutable reference to mutable static
[INFO] [stdout]    |
[INFO] [stdout]    = note: for more information, see <https://doc.rust-lang.org/nightly/edition-guide/rust-2024/static-mut-references.html>
[INFO] [stdout]    = note: mutable references to mutable statics are dangerous; it's undefined behavior if any other pointer to the static is used or if any other reference is created for the static while the mutable reference lives
[INFO] [stdout] 
[INFO] [stdout] 
[INFO] [stderr]     Finished `dev` profile [unoptimized + debuginfo] target(s) in 42.59s
[INFO] running `Command { std: "docker" "inspect" "26793cb40f747c63f42d56b57f52b09359d01cc923edeb8cbb3af6c03e78d4f4", kill_on_drop: false }`
[INFO] running `Command { std: "docker" "rm" "-f" "26793cb40f747c63f42d56b57f52b09359d01cc923edeb8cbb3af6c03e78d4f4", kill_on_drop: false }`
[INFO] [stdout] 26793cb40f747c63f42d56b57f52b09359d01cc923edeb8cbb3af6c03e78d4f4
[INFO] running `Command { std: "docker" "create" "-v" "/var/lib/crater-agent-workspace/builds/worker-0-tc1/target:/opt/rustwide/target:rw,Z" "-v" "/var/lib/crater-agent-workspace/builds/worker-0-tc1/source:/opt/rustwide/workdir:ro,Z" "-v" "/var/lib/crater-agent-workspace/cargo-home:/opt/rustwide/cargo-home:ro,Z" "-v" "/var/lib/crater-agent-workspace/rustup-home:/opt/rustwide/rustup-home:ro,Z" "-e" "SOURCE_DIR=/opt/rustwide/workdir" "-e" "CARGO_TARGET_DIR=/opt/rustwide/target" "-e" "CARGO_INCREMENTAL=0" "-e" "RUST_BACKTRACE=full" "-e" "RUSTFLAGS=--cap-lints=forbid" "-e" "RUSTDOCFLAGS=--cap-lints=forbid" "-e" "CARGO_HOME=/opt/rustwide/cargo-home" "-e" "RUSTUP_HOME=/opt/rustwide/rustup-home" "-w" "/opt/rustwide/workdir" "-m" "1610612736" "--user" "0:0" "--network" "none" "ghcr.io/rust-lang/crates-build-env/linux@sha256:819108c5571ea2e421544af4d832f968d213c87fbe3707a016657f43d2f853bc" "/opt/rustwide/cargo-home/bin/cargo" "+nightly-2025-01-18" "test" "--frozen" "--no-run" "--message-format=json", kill_on_drop: false }`
[INFO] [stdout] 23f3ce7ed363b67c8ac4f8fd34f4fce00dda07bc309fed17c6fd3fe99c36ed5b
[INFO] running `Command { std: "docker" "start" "-a" "23f3ce7ed363b67c8ac4f8fd34f4fce00dda07bc309fed17c6fd3fe99c36ed5b", kill_on_drop: false }`
[INFO] [stdout] warning: creating a shared reference to mutable static is discouraged
[INFO] [stdout]   --> src/lib.rs:90:21
[INFO] [stdout]    |
[INFO] [stdout] 90 |         if unsafe { RAINMAKER.get().is_some() } {
[INFO] [stdout]    |                     ^^^^^^^^^^^^^^^ shared reference to mutable static
[INFO] [stdout]    |
[INFO] [stdout]    = note: for more information, see <https://doc.rust-lang.org/nightly/edition-guide/rust-2024/static-mut-references.html>
[INFO] [stdout]    = note: shared references to mutable statics are dangerous; it's undefined behavior if the static is mutated or if a mutable reference is created for it while the shared reference lives
[INFO] [stdout]    = note: `#[warn(static_mut_refs)]` on by default
[INFO] [stdout] 
[INFO] [stdout] 
[INFO] [stdout] warning: creating a shared reference to mutable static is discouraged
[INFO] [stdout]   --> src/lib.rs:94:13
[INFO] [stdout]    |
[INFO] [stdout] 94 |             RAINMAKER.set(Self { node: None }).unwrap();
[INFO] [stdout]    |             ^^^^^^^^^^^^^^^^^^^^^^^^^^^^^^^^^^ shared reference to mutable static
[INFO] [stdout]    |
[INFO] [stdout]    = note: for more information, see <https://doc.rust-lang.org/nightly/edition-guide/rust-2024/static-mut-references.html>
[INFO] [stdout]    = note: shared references to mutable statics are dangerous; it's undefined behavior if the static is mutated or if a mutable reference is created for it while the shared reference lives
[INFO] [stdout] 
[INFO] [stdout] 
[INFO] [stdout] warning: creating a mutable reference to mutable static is discouraged
[INFO] [stdout]   --> src/lib.rs:96:21
[INFO] [stdout]    |
[INFO] [stdout] 96 |         Ok(unsafe { RAINMAKER.get_mut().unwrap() })
[INFO] [stdout]    |                     ^^^^^^^^^^^^^^^^^^^ mutable reference to mutable static
[INFO] [stdout]    |
[INFO] [stdout]    = note: for more information, see <https://doc.rust-lang.org/nightly/edition-guide/rust-2024/static-mut-references.html>
[INFO] [stdout]    = note: mutable references to mutable statics are dangerous; it's undefined behavior if any other pointer to the static is used or if any other reference is created for the static while the mutable reference lives
[INFO] [stdout] 
[INFO] [stdout] 
[INFO] [stderr]    Compiling rainmaker v0.1.1 (/opt/rustwide/workdir)
[INFO] [stdout] warning: creating a shared reference to mutable static is discouraged
[INFO] [stdout]   --> src/lib.rs:90:21
[INFO] [stdout]    |
[INFO] [stdout] 90 |         if unsafe { RAINMAKER.get().is_some() } {
[INFO] [stdout]    |                     ^^^^^^^^^^^^^^^ shared reference to mutable static
[INFO] [stdout]    |
[INFO] [stdout]    = note: for more information, see <https://doc.rust-lang.org/nightly/edition-guide/rust-2024/static-mut-references.html>
[INFO] [stdout]    = note: shared references to mutable statics are dangerous; it's undefined behavior if the static is mutated or if a mutable reference is created for it while the shared reference lives
[INFO] [stdout]    = note: `#[warn(static_mut_refs)]` on by default
[INFO] [stdout] 
[INFO] [stdout] 
[INFO] [stdout] warning: creating a shared reference to mutable static is discouraged
[INFO] [stdout]   --> src/lib.rs:94:13
[INFO] [stdout]    |
[INFO] [stdout] 94 |             RAINMAKER.set(Self { node: None }).unwrap();
[INFO] [stdout]    |             ^^^^^^^^^^^^^^^^^^^^^^^^^^^^^^^^^^ shared reference to mutable static
[INFO] [stdout]    |
[INFO] [stdout]    = note: for more information, see <https://doc.rust-lang.org/nightly/edition-guide/rust-2024/static-mut-references.html>
[INFO] [stdout]    = note: shared references to mutable statics are dangerous; it's undefined behavior if the static is mutated or if a mutable reference is created for it while the shared reference lives
[INFO] [stdout] 
[INFO] [stdout] 
[INFO] [stdout] warning: creating a mutable reference to mutable static is discouraged
[INFO] [stdout]   --> src/lib.rs:96:21
[INFO] [stdout]    |
[INFO] [stdout] 96 |         Ok(unsafe { RAINMAKER.get_mut().unwrap() })
[INFO] [stdout]    |                     ^^^^^^^^^^^^^^^^^^^ mutable reference to mutable static
[INFO] [stdout]    |
[INFO] [stdout]    = note: for more information, see <https://doc.rust-lang.org/nightly/edition-guide/rust-2024/static-mut-references.html>
[INFO] [stdout]    = note: mutable references to mutable statics are dangerous; it's undefined behavior if any other pointer to the static is used or if any other reference is created for the static while the mutable reference lives
[INFO] [stdout] 
[INFO] [stdout] 
[INFO] [stderr]     Finished `test` profile [unoptimized + debuginfo] target(s) in 1.24s
[INFO] running `Command { std: "docker" "inspect" "23f3ce7ed363b67c8ac4f8fd34f4fce00dda07bc309fed17c6fd3fe99c36ed5b", kill_on_drop: false }`
[INFO] running `Command { std: "docker" "rm" "-f" "23f3ce7ed363b67c8ac4f8fd34f4fce00dda07bc309fed17c6fd3fe99c36ed5b", kill_on_drop: false }`
[INFO] [stdout] 23f3ce7ed363b67c8ac4f8fd34f4fce00dda07bc309fed17c6fd3fe99c36ed5b
[INFO] running `Command { std: "docker" "create" "-v" "/var/lib/crater-agent-workspace/builds/worker-0-tc1/target:/opt/rustwide/target:rw,Z" "-v" "/var/lib/crater-agent-workspace/builds/worker-0-tc1/source:/opt/rustwide/workdir:ro,Z" "-v" "/var/lib/crater-agent-workspace/cargo-home:/opt/rustwide/cargo-home:ro,Z" "-v" "/var/lib/crater-agent-workspace/rustup-home:/opt/rustwide/rustup-home:ro,Z" "-e" "SOURCE_DIR=/opt/rustwide/workdir" "-e" "CARGO_TARGET_DIR=/opt/rustwide/target" "-e" "CARGO_INCREMENTAL=0" "-e" "RUST_BACKTRACE=full" "-e" "RUSTFLAGS=--cap-lints=forbid" "-e" "RUSTDOCFLAGS=--cap-lints=forbid" "-e" "CARGO_HOME=/opt/rustwide/cargo-home" "-e" "RUSTUP_HOME=/opt/rustwide/rustup-home" "-w" "/opt/rustwide/workdir" "-m" "1610612736" "--user" "0:0" "--network" "none" "ghcr.io/rust-lang/crates-build-env/linux@sha256:819108c5571ea2e421544af4d832f968d213c87fbe3707a016657f43d2f853bc" "/opt/rustwide/cargo-home/bin/cargo" "+nightly-2025-01-18" "test" "--frozen", kill_on_drop: false }`
[INFO] [stdout] 0cb60075387587661110d9715c8dd402eeacd11bacd83e0779c89d70f2facbc6
[INFO] running `Command { std: "docker" "start" "-a" "0cb60075387587661110d9715c8dd402eeacd11bacd83e0779c89d70f2facbc6", kill_on_drop: false }`
[INFO] [stderr] warning: creating a shared reference to mutable static is discouraged
[INFO] [stderr]   --> src/lib.rs:90:21
[INFO] [stderr]    |
[INFO] [stderr] 90 |         if unsafe { RAINMAKER.get().is_some() } {
[INFO] [stderr]    |                     ^^^^^^^^^^^^^^^ shared reference to mutable static
[INFO] [stderr]    |
[INFO] [stderr]    = note: for more information, see <https://doc.rust-lang.org/nightly/edition-guide/rust-2024/static-mut-references.html>
[INFO] [stderr]    = note: shared references to mutable statics are dangerous; it's undefined behavior if the static is mutated or if a mutable reference is created for it while the shared reference lives
[INFO] [stderr]    = note: `#[warn(static_mut_refs)]` on by default
[INFO] [stderr] 
[INFO] [stderr] warning: creating a shared reference to mutable static is discouraged
[INFO] [stderr]   --> src/lib.rs:94:13
[INFO] [stderr]    |
[INFO] [stderr] 94 |             RAINMAKER.set(Self { node: None }).unwrap();
[INFO] [stderr]    |             ^^^^^^^^^^^^^^^^^^^^^^^^^^^^^^^^^^ shared reference to mutable static
[INFO] [stderr]    |
[INFO] [stderr]    = note: for more information, see <https://doc.rust-lang.org/nightly/edition-guide/rust-2024/static-mut-references.html>
[INFO] [stderr]    = note: shared references to mutable statics are dangerous; it's undefined behavior if the static is mutated or if a mutable reference is created for it while the shared reference lives
[INFO] [stderr] 
[INFO] [stderr] warning: creating a mutable reference to mutable static is discouraged
[INFO] [stderr]   --> src/lib.rs:96:21
[INFO] [stderr]    |
[INFO] [stderr] 96 |         Ok(unsafe { RAINMAKER.get_mut().unwrap() })
[INFO] [stderr]    |                     ^^^^^^^^^^^^^^^^^^^ mutable reference to mutable static
[INFO] [stderr]    |
[INFO] [stderr]    = note: for more information, see <https://doc.rust-lang.org/nightly/edition-guide/rust-2024/static-mut-references.html>
[INFO] [stderr]    = note: mutable references to mutable statics are dangerous; it's undefined behavior if any other pointer to the static is used or if any other reference is created for the static while the mutable reference lives
[INFO] [stderr] 
[INFO] [stderr] warning: `rainmaker` (lib) generated 3 warnings
[INFO] [stderr] warning: `rainmaker` (lib test) generated 3 warnings (3 duplicates)
[INFO] [stderr]     Finished `test` profile [unoptimized + debuginfo] target(s) in 0.20s
[INFO] [stderr]      Running unittests src/lib.rs (/opt/rustwide/target/debug/deps/rainmaker-1743faa479079268)
[INFO] [stdout] 
[INFO] [stdout] running 0 tests
[INFO] [stdout] 
[INFO] [stdout] test result: ok. 0 passed; 0 failed; 0 ignored; 0 measured; 0 filtered out; finished in 0.00s
[INFO] [stdout] 
[INFO] [stderr]    Doc-tests rainmaker
[INFO] [stdout] 
[INFO] [stdout] running 9 tests
[INFO] [stdout] test src/device.rs - device (line 8) ... FAILED
[INFO] [stdout] test src/node.rs - node::Node::new (line 65) ... FAILED
[INFO] [stdout] test src/lib.rs - Rainmaker::register_node (line 147) ... FAILED
[INFO] [stdout] test src/node.rs - node::Node::add_device (line 102) ... FAILED
[INFO] [stdout] test src/device.rs - device (line 24) ... FAILED
[INFO] [stdout] test src/device.rs - device (line 32) ... FAILED
[INFO] [stdout] test src/lib.rs - report_params (line 283) ... FAILED
[INFO] [stdout] test src/node.rs - node::Node::set_info (line 82) ... FAILED
[INFO] [stdout] test src/device.rs - device (line 13) ... FAILED
[INFO] [stdout] 
[INFO] [stdout] failures:
[INFO] [stdout] 
[INFO] [stdout] ---- src/device.rs - device (line 8) stdout ----
[INFO] [stdout] error: invalid `struct` delimiters or `fn` call arguments
[INFO] [stdout]  --> src/device.rs:9:14
[INFO] [stdout]   |
[INFO] [stdout] 3 | let device = Device::new(name:"DeviceName", device_type:DeviceType::Switch);
[INFO] [stdout]   |              ^^^^^^^^^^^^^^^^^^^^^^^^^^^^^^^^^^^^^^^^^^^^^^^^^^^^^^^^^^^^^^
[INFO] [stdout]   |
[INFO] [stdout] help: if `Device::new` is a struct, use braces as delimiters
[INFO] [stdout]   |
[INFO] [stdout] 3 | let device = Device::new { name:"DeviceName", device_type:DeviceType::Switch };
[INFO] [stdout]   |                          ~                                                   ~
[INFO] [stdout] help: if `Device::new` is a function, use the arguments directly
[INFO] [stdout]   |
[INFO] [stdout] 3 - let device = Device::new(name:"DeviceName", device_type:DeviceType::Switch);
[INFO] [stdout] 3 + let device = Device::new("DeviceName", DeviceType::Switch);
[INFO] [stdout]   |
[INFO] [stdout] 
[INFO] [stdout] error: aborting due to 1 previous error
[INFO] [stdout] 
[INFO] [stdout] Couldn't compile the test.
[INFO] [stdout] ---- src/node.rs - node::Node::new (line 65) stdout ----
[INFO] [stdout] error[E0433]: failed to resolve: use of undeclared type `Rainmaker`
[INFO] [stdout]  --> src/node.rs:66:14
[INFO] [stdout]   |
[INFO] [stdout] 3 | let rmaker = Rainmaker::init()?;
[INFO] [stdout]   |              ^^^^^^^^^ use of undeclared type `Rainmaker`
[INFO] [stdout]   |
[INFO] [stdout] help: consider importing this struct
[INFO] [stdout]   |
[INFO] [stdout] 2 + use rainmaker::Rainmaker;
[INFO] [stdout]   |
[INFO] [stdout] 
[INFO] [stdout] error[E0433]: failed to resolve: use of undeclared type `Node`
[INFO] [stdout]  --> src/node.rs:68:16
[INFO] [stdout]   |
[INFO] [stdout] 5 | let mut node = Node::new(node_id);
[INFO] [stdout]   |                ^^^^ use of undeclared type `Node`
[INFO] [stdout]   |
[INFO] [stdout] help: consider importing this struct
[INFO] [stdout]   |
[INFO] [stdout] 2 + use rainmaker::node::Node;
[INFO] [stdout]   |
[INFO] [stdout] 
[INFO] [stdout] error: aborting due to 2 previous errors
[INFO] [stdout] 
[INFO] [stdout] For more information about this error, try `rustc --explain E0433`.
[INFO] [stdout] Couldn't compile the test.
[INFO] [stdout] ---- src/lib.rs - Rainmaker::register_node (line 147) stdout ----
[INFO] [stdout] error[E0433]: failed to resolve: use of undeclared type `Rainmaker`
[INFO] [stdout]  --> src/lib.rs:148:14
[INFO] [stdout]   |
[INFO] [stdout] 3 | let rmaker = Rainmaker::init()?;
[INFO] [stdout]   |              ^^^^^^^^^ use of undeclared type `Rainmaker`
[INFO] [stdout]   |
[INFO] [stdout] help: consider importing this struct
[INFO] [stdout]   |
[INFO] [stdout] 2 + use rainmaker::Rainmaker;
[INFO] [stdout]   |
[INFO] [stdout] 
[INFO] [stdout] error[E0433]: failed to resolve: use of undeclared type `Node`
[INFO] [stdout]  --> src/lib.rs:149:16
[INFO] [stdout]   |
[INFO] [stdout] 4 | let mut node = Node::new(rmaker.get_node_id());
[INFO] [stdout]   |                ^^^^ use of undeclared type `Node`
[INFO] [stdout]   |
[INFO] [stdout] help: consider importing this struct
[INFO] [stdout]   |
[INFO] [stdout] 2 + use rainmaker::node::Node;
[INFO] [stdout]   |
[INFO] [stdout] 
[INFO] [stdout] error: aborting due to 2 previous errors
[INFO] [stdout] 
[INFO] [stdout] For more information about this error, try `rustc --explain E0433`.
[INFO] [stdout] Couldn't compile the test.
[INFO] [stdout] ---- src/node.rs - node::Node::add_device (line 102) stdout ----
[INFO] [stdout] error[E0425]: cannot find value `node` in this scope
[INFO] [stdout]  --> src/node.rs:103:1
[INFO] [stdout]   |
[INFO] [stdout] 3 | node.add_device(device);
[INFO] [stdout]   | ^^^^ not found in this scope
[INFO] [stdout] 
[INFO] [stdout] error[E0425]: cannot find value `device` in this scope
[INFO] [stdout]  --> src/node.rs:103:17
[INFO] [stdout]   |
[INFO] [stdout] 3 | node.add_device(device);
[INFO] [stdout]   |                 ^^^^^^ not found in this scope
[INFO] [stdout] 
[INFO] [stdout] error: aborting due to 2 previous errors
[INFO] [stdout] 
[INFO] [stdout] For more information about this error, try `rustc --explain E0425`.
[INFO] [stdout] Couldn't compile the test.
[INFO] [stdout] ---- src/device.rs - device (line 24) stdout ----
[INFO] [stdout] error: invalid `struct` delimiters or `fn` call arguments
[INFO] [stdout]  --> src/device.rs:28:5
[INFO] [stdout]   |
[INFO] [stdout] 7 |     rainmaker::report_params(device_name: "DeviceName", params);
[INFO] [stdout]   |     ^^^^^^^^^^^^^^^^^^^^^^^^^^^^^^^^^^^^^^^^^^^^^^^^^^^^^^^^^^^
[INFO] [stdout]   |
[INFO] [stdout] help: if `rainmaker::report_params` is a struct, use braces as delimiters
[INFO] [stdout]   |
[INFO] [stdout] 7 |     rainmaker::report_params { device_name: "DeviceName", params };
[INFO] [stdout]   |                              ~                                   ~
[INFO] [stdout] help: if `rainmaker::report_params` is a function, use the arguments directly
[INFO] [stdout]   |
[INFO] [stdout] 7 -     rainmaker::report_params(device_name: "DeviceName", params);
[INFO] [stdout] 7 +     rainmaker::report_params("DeviceName", params);
[INFO] [stdout]   |
[INFO] [stdout] 
[INFO] [stdout] error[E0412]: cannot find type `HashMap` in this scope
[INFO] [stdout]  --> src/device.rs:26:28
[INFO] [stdout]   |
[INFO] [stdout] 5 | fn device_callback(params: HashMap<String, Value>){
[INFO] [stdout]   |                            ^^^^^^^ not found in this scope
[INFO] [stdout]   |
[INFO] [stdout] help: consider importing this struct
[INFO] [stdout]   |
[INFO] [stdout] 2 + use std::collections::HashMap;
[INFO] [stdout]   |
[INFO] [stdout] 
[INFO] [stdout] error[E0412]: cannot find type `Value` in this scope
[INFO] [stdout]  --> src/device.rs:26:44
[INFO] [stdout]   |
[INFO] [stdout] 5 | fn device_callback(params: HashMap<String, Value>){
[INFO] [stdout]   |                                            ^^^^^ not found in this scope
[INFO] [stdout]   |
[INFO] [stdout] help: consider importing this enum
[INFO] [stdout]   |
[INFO] [stdout] 2 + use serde_json::Value;
[INFO] [stdout]   |
[INFO] [stdout] 
[INFO] [stdout] error: aborting due to 3 previous errors
[INFO] [stdout] 
[INFO] [stdout] For more information about this error, try `rustc --explain E0412`.
[INFO] [stdout] Couldn't compile the test.
[INFO] [stdout] ---- src/device.rs - device (line 32) stdout ----
[INFO] [stdout] error[E0425]: cannot find value `device` in this scope
[INFO] [stdout]  --> src/device.rs:33:1
[INFO] [stdout]   |
[INFO] [stdout] 3 | device.register_callback(Box::new(device_callback));
[INFO] [stdout]   | ^^^^^^ not found in this scope
[INFO] [stdout] 
[INFO] [stdout] error[E0425]: cannot find value `device_callback` in this scope
[INFO] [stdout]  --> src/device.rs:33:35
[INFO] [stdout]   |
[INFO] [stdout] 3 | device.register_callback(Box::new(device_callback));
[INFO] [stdout]   |                                   ^^^^^^^^^^^^^^^ not found in this scope
[INFO] [stdout] 
[INFO] [stdout] error: aborting due to 2 previous errors
[INFO] [stdout] 
[INFO] [stdout] For more information about this error, try `rustc --explain E0425`.
[INFO] [stdout] Couldn't compile the test.
[INFO] [stdout] ---- src/lib.rs - report_params (line 283) stdout ----
[INFO] [stdout] error[E0412]: cannot find type `HashMaps` in this scope
[INFO] [stdout]  --> src/lib.rs:285:22
[INFO] [stdout]   |
[INFO] [stdout] 5 | fn device_cb(params: HashMaps<String, Value>)
[INFO] [stdout]   |                      ^^^^^^^^ not found in this scope
[INFO] [stdout] 
[INFO] [stdout] error[E0412]: cannot find type `Value` in this scope
[INFO] [stdout]  --> src/lib.rs:285:39
[INFO] [stdout]   |
[INFO] [stdout] 5 | fn device_cb(params: HashMaps<String, Value>)
[INFO] [stdout]   |                                       ^^^^^ not found in this scope
[INFO] [stdout]   |
[INFO] [stdout] help: consider importing this enum
[INFO] [stdout]   |
[INFO] [stdout] 2 + use serde_json::Value;
[INFO] [stdout]   |
[INFO] [stdout] 
[INFO] [stdout] error: aborting due to 2 previous errors
[INFO] [stdout] 
[INFO] [stdout] For more information about this error, try `rustc --explain E0412`.
[INFO] [stdout] Couldn't compile the test.
[INFO] [stdout] ---- src/node.rs - node::Node::set_info (line 82) stdout ----
[INFO] [stdout] error[E0425]: cannot find value `node` in this scope
[INFO] [stdout]  --> src/node.rs:83:1
[INFO] [stdout]   |
[INFO] [stdout] 3 | node.set_info(Info{
[INFO] [stdout]   | ^^^^ not found in this scope
[INFO] [stdout] 
[INFO] [stdout] error[E0422]: cannot find struct, variant or union type `Info` in this scope
[INFO] [stdout]  --> src/node.rs:83:15
[INFO] [stdout]   |
[INFO] [stdout] 3 | node.set_info(Info{
[INFO] [stdout]   |               ^^^^ not found in this scope
[INFO] [stdout]   |
[INFO] [stdout] help: consider importing one of these items
[INFO] [stdout]   |
[INFO] [stdout] 2 + use log::Level::Info;
[INFO] [stdout]   |
[INFO] [stdout] 2 + use log::LevelFilter::Info;
[INFO] [stdout]   |
[INFO] [stdout] 2 + use rainmaker::node::Info;
[INFO] [stdout]   |
[INFO] [stdout] 
[INFO] [stdout] error: aborting due to 2 previous errors
[INFO] [stdout] 
[INFO] [stdout] Some errors have detailed explanations: E0422, E0425.
[INFO] [stdout] For more information about an error, try `rustc --explain E0422`.
[INFO] [stdout] Couldn't compile the test.
[INFO] [stdout] ---- src/device.rs - device (line 13) stdout ----
[INFO] [stdout] error: invalid `struct` delimiters or `fn` call arguments
[INFO] [stdout]  --> src/device.rs:14:19
[INFO] [stdout]   |
[INFO] [stdout] 3 | let power_param = Param::new_power(name:"Power", initial_value: false);
[INFO] [stdout]   |                   ^^^^^^^^^^^^^^^^^^^^^^^^^^^^^^^^^^^^^^^^^^^^^^^^^^^^
[INFO] [stdout]   |
[INFO] [stdout] help: if `Param::new_power` is a struct, use braces as delimiters
[INFO] [stdout]   |
[INFO] [stdout] 3 | let power_param = Param::new_power { name:"Power", initial_value: false };
[INFO] [stdout]   |                                    ~                                    ~
[INFO] [stdout] help: if `Param::new_power` is a function, use the arguments directly
[INFO] [stdout]   |
[INFO] [stdout] 3 - let power_param = Param::new_power(name:"Power", initial_value: false);
[INFO] [stdout] 3 + let power_param = Param::new_power("Power", false);
[INFO] [stdout]   |
[INFO] [stdout] 
[INFO] [stdout] error: expected one of `!`, `)`, `,`, `.`, `::`, `?`, `{`, or an operator, found `:`
[INFO] [stdout]  --> src/device.rs:16:36
[INFO] [stdout]   |
[INFO] [stdout] 5 | device.set_primary_param(param_name: "Power");
[INFO] [stdout]   |                                    ^ expected one of 8 possible tokens
[INFO] [stdout]   |
[INFO] [stdout]   = note: type ascription syntax has been removed, see issue #101728 <https://github.com/rust-lang/rust/issues/101728>
[INFO] [stdout] 
[INFO] [stdout] error[E0425]: cannot find value `device` in this scope
[INFO] [stdout]  --> src/device.rs:15:1
[INFO] [stdout]   |
[INFO] [stdout] 4 | device.add_param(power_param);
[INFO] [stdout]   | ^^^^^^ not found in this scope
[INFO] [stdout] 
[INFO] [stdout] error: aborting due to 3 previous errors
[INFO] [stdout] 
[INFO] [stdout] For more information about this error, try `rustc --explain E0425`.
[INFO] [stdout] Couldn't compile the test.
[INFO] [stdout] 
[INFO] [stdout] failures:
[INFO] [stdout]     src/device.rs - device (line 13)
[INFO] [stdout]     src/device.rs - device (line 24)
[INFO] [stdout]     src/device.rs - device (line 32)
[INFO] [stdout]     src/device.rs - device (line 8)
[INFO] [stdout]     src/lib.rs - Rainmaker::register_node (line 147)
[INFO] [stdout]     src/lib.rs - report_params (line 283)
[INFO] [stdout]     src/node.rs - node::Node::add_device (line 102)
[INFO] [stdout]     src/node.rs - node::Node::new (line 65)
[INFO] [stdout]     src/node.rs - node::Node::set_info (line 82)
[INFO] [stdout] 
[INFO] [stdout] test result: FAILED. 0 passed; 9 failed; 0 ignored; 0 measured; 0 filtered out; finished in 0.45s
[INFO] [stdout] 
[INFO] [stderr] error: doctest failed, to rerun pass `--doc`
[INFO] running `Command { std: "docker" "inspect" "0cb60075387587661110d9715c8dd402eeacd11bacd83e0779c89d70f2facbc6", kill_on_drop: false }`
[INFO] running `Command { std: "docker" "rm" "-f" "0cb60075387587661110d9715c8dd402eeacd11bacd83e0779c89d70f2facbc6", kill_on_drop: false }`
[INFO] [stdout] 0cb60075387587661110d9715c8dd402eeacd11bacd83e0779c89d70f2facbc6
