[INFO] fetching crate rainmaker-components 0.1.0...
[INFO] testing rainmaker-components-0.1.0 against nightly-2025-01-18 for randomize-layout-2
[INFO] extracting crate rainmaker-components 0.1.0 into /workspace/builds/worker-2-tc1/source
[INFO] validating manifest of crates.io crate rainmaker-components 0.1.0 on toolchain nightly-2025-01-18
[INFO] running `Command { std: CARGO_HOME="/workspace/cargo-home" RUSTUP_HOME="/workspace/rustup-home" "/workspace/cargo-home/bin/cargo" "+nightly-2025-01-18" "metadata" "--manifest-path" "Cargo.toml" "--no-deps", kill_on_drop: false }`
[INFO] started tweaking crates.io crate rainmaker-components 0.1.0
[INFO] finished tweaking crates.io crate rainmaker-components 0.1.0
[INFO] tweaked toml for crates.io crate rainmaker-components 0.1.0 written to /workspace/builds/worker-2-tc1/source/Cargo.toml
[INFO] running `Command { std: CARGO_HOME="/workspace/cargo-home" RUSTUP_HOME="/workspace/rustup-home" "/workspace/cargo-home/bin/cargo" "+nightly-2025-01-18" "generate-lockfile" "--manifest-path" "Cargo.toml", kill_on_drop: false }`
[INFO] [stderr]     Updating crates.io index
[INFO] [stderr]     Blocking waiting for file lock on package cache
[INFO] [stderr]      Locking 253 packages to latest compatible versions
[INFO] [stderr]       Adding esp-idf-svc v0.49.1 (available: v0.51.0)
[INFO] [stderr]       Adding esp32-nimble v0.8.2 (available: v0.9.0)
[INFO] [stderr]       Adding rumqttc v0.23.0 (available: v0.24.0)
[INFO] running `Command { std: CARGO_HOME="/workspace/cargo-home" RUSTUP_HOME="/workspace/rustup-home" "/workspace/cargo-home/bin/cargo" "+nightly-2025-01-18" "fetch" "--manifest-path" "Cargo.toml", kill_on_drop: false }`
[INFO] [stderr]  Downloading crates ...
[INFO] [stderr]   Downloaded custom_debug v0.6.2
[INFO] [stderr]   Downloaded custom_debug_derive v0.6.2
[INFO] [stderr]   Downloaded build-time v0.1.3
[INFO] [stderr]   Downloaded embassy-futures v0.1.1
[INFO] [stderr]   Downloaded uuid-macro-internal v1.12.0
[INFO] [stderr]   Downloaded ed25519-compact v2.1.1
[INFO] [stderr]   Downloaded dbus-crossroads v0.5.2
[INFO] [stderr]   Downloaded embassy-sync v0.6.2
[INFO] [stderr]   Downloaded esp-idf-svc v0.49.1
[INFO] [stderr]   Downloaded esp-idf-sys v0.35.0
[INFO] [stderr]   Downloaded rumqttc v0.23.0
[INFO] [stderr]   Downloaded bluer v0.17.3
[INFO] [stderr]   Downloaded esp32-nimble v0.8.2
[INFO] [stderr]   Downloaded embedded-svc v0.28.1
[INFO] [stderr]   Downloaded esp-idf-hal v0.44.1
[INFO] [stderr]   Downloaded remove_dir_all v0.8.4
[INFO] [stderr]   Downloaded ascii v1.1.0
[INFO] [stderr]   Downloaded tiny_http v0.12.0
[INFO] [stderr]   Downloaded embedded-can v0.4.1
[INFO] [stderr]   Downloaded embedded-hal-async v1.0.0
[INFO] [stderr]   Downloaded embedded-hal-nb v1.0.0
[INFO] [stderr]   Downloaded embedded-io-async v0.6.1
[INFO] [stderr]   Downloaded enumset v1.1.5
[INFO] [stderr]   Downloaded aligned v0.4.2
[INFO] [stderr]   Downloaded fs_at v0.2.1
[INFO] [stderr]   Downloaded envy v0.4.2
[INFO] [stderr]   Downloaded pickledb v0.5.1
[INFO] [stderr]   Downloaded enumset_derive v0.10.0
[INFO] [stderr]   Downloaded chunked_transfer v1.5.0
[INFO] [stderr]   Downloaded as-slice v0.2.1
[INFO] [stderr]   Downloaded cvt v0.1.2
[INFO] [stderr]   Downloaded embuild v0.32.0
[INFO] running `Command { std: "docker" "create" "-v" "/var/lib/crater-agent-workspace/builds/worker-2-tc1/target:/opt/rustwide/target:rw,Z" "-v" "/var/lib/crater-agent-workspace/builds/worker-2-tc1/source:/opt/rustwide/workdir:ro,Z" "-v" "/var/lib/crater-agent-workspace/cargo-home:/opt/rustwide/cargo-home:ro,Z" "-v" "/var/lib/crater-agent-workspace/rustup-home:/opt/rustwide/rustup-home:ro,Z" "-e" "SOURCE_DIR=/opt/rustwide/workdir" "-e" "CARGO_TARGET_DIR=/opt/rustwide/target" "-e" "CARGO_HOME=/opt/rustwide/cargo-home" "-e" "RUSTUP_HOME=/opt/rustwide/rustup-home" "-w" "/opt/rustwide/workdir" "-m" "1610612736" "--user" "0:0" "--network" "none" "ghcr.io/rust-lang/crates-build-env/linux@sha256:819108c5571ea2e421544af4d832f968d213c87fbe3707a016657f43d2f853bc" "/opt/rustwide/cargo-home/bin/cargo" "+nightly-2025-01-18" "metadata" "--no-deps" "--format-version=1", kill_on_drop: false }`
[INFO] [stdout] 19045c3fe8c8226b9dca68b5d028b88a4c57b76989d090818da8207f6fcc52dc
[INFO] running `Command { std: "docker" "start" "-a" "19045c3fe8c8226b9dca68b5d028b88a4c57b76989d090818da8207f6fcc52dc", kill_on_drop: false }`
[INFO] running `Command { std: "docker" "inspect" "19045c3fe8c8226b9dca68b5d028b88a4c57b76989d090818da8207f6fcc52dc", kill_on_drop: false }`
[INFO] running `Command { std: "docker" "rm" "-f" "19045c3fe8c8226b9dca68b5d028b88a4c57b76989d090818da8207f6fcc52dc", kill_on_drop: false }`
[INFO] [stdout] 19045c3fe8c8226b9dca68b5d028b88a4c57b76989d090818da8207f6fcc52dc
[INFO] running `Command { std: "docker" "create" "-v" "/var/lib/crater-agent-workspace/builds/worker-2-tc1/target:/opt/rustwide/target:rw,Z" "-v" "/var/lib/crater-agent-workspace/builds/worker-2-tc1/source:/opt/rustwide/workdir:ro,Z" "-v" "/var/lib/crater-agent-workspace/cargo-home:/opt/rustwide/cargo-home:ro,Z" "-v" "/var/lib/crater-agent-workspace/rustup-home:/opt/rustwide/rustup-home:ro,Z" "-e" "SOURCE_DIR=/opt/rustwide/workdir" "-e" "CARGO_TARGET_DIR=/opt/rustwide/target" "-e" "CARGO_INCREMENTAL=0" "-e" "RUST_BACKTRACE=full" "-e" "RUSTFLAGS=--cap-lints=forbid" "-e" "RUSTDOCFLAGS=--cap-lints=forbid" "-e" "CARGO_HOME=/opt/rustwide/cargo-home" "-e" "RUSTUP_HOME=/opt/rustwide/rustup-home" "-w" "/opt/rustwide/workdir" "-m" "1610612736" "--user" "0:0" "--network" "none" "ghcr.io/rust-lang/crates-build-env/linux@sha256:819108c5571ea2e421544af4d832f968d213c87fbe3707a016657f43d2f853bc" "/opt/rustwide/cargo-home/bin/cargo" "+nightly-2025-01-18" "build" "--frozen" "--message-format=json", kill_on_drop: false }`
[INFO] [stdout] a3204fc2063c1270f8b9148f200f69ed1ef8dc6e646eb772024f009e97e0dba3
[INFO] running `Command { std: "docker" "start" "-a" "a3204fc2063c1270f8b9148f200f69ed1ef8dc6e646eb772024f009e97e0dba3", kill_on_drop: false }`
[INFO] [stderr]    Compiling proc-macro2 v1.0.93
[INFO] [stderr]    Compiling unicode-ident v1.0.14
[INFO] [stderr]    Compiling autocfg v1.4.0
[INFO] [stderr]    Compiling libc v0.2.169
[INFO] [stderr]    Compiling cfg-if v1.0.0
[INFO] [stderr]    Compiling typenum v1.17.0
[INFO] [stderr]    Compiling futures-core v0.3.31
[INFO] [stderr]    Compiling pin-project-lite v0.2.16
[INFO] [stderr]    Compiling version_check v0.9.5
[INFO] [stderr]    Compiling shlex v1.3.0
[INFO] [stderr]    Compiling futures-sink v0.3.31
[INFO] [stderr]    Compiling memchr v2.7.4
[INFO] [stderr]    Compiling scopeguard v1.2.0
[INFO] [stderr]    Compiling pin-utils v0.1.0
[INFO] [stderr]    Compiling futures-io v0.3.31
[INFO] [stderr]    Compiling futures-task v0.3.31
[INFO] [stderr]    Compiling cc v1.2.10
[INFO] [stderr]    Compiling futures-channel v0.3.31
[INFO] [stderr]    Compiling serde v1.0.217
[INFO] [stderr]    Compiling pkg-config v0.3.31
[INFO] [stderr]    Compiling serde_json v1.0.137
[INFO] [stderr]    Compiling itoa v1.0.14
[INFO] [stderr]    Compiling ident_case v1.0.1
[INFO] [stderr]    Compiling bytes v1.9.0
[INFO] [stderr]    Compiling strsim v0.11.1
[INFO] [stderr]    Compiling ryu v1.0.18
[INFO] [stderr]    Compiling untrusted v0.9.0
[INFO] [stderr]    Compiling fnv v1.0.7
[INFO] [stderr]    Compiling log v0.4.25
[INFO] [stderr]    Compiling rustversion v1.0.19
[INFO] [stderr]    Compiling byteorder v1.5.0
[INFO] [stderr]    Compiling rustls v0.21.12
[INFO] [stderr]    Compiling generic-array v0.14.7
[INFO] [stderr]    Compiling cfg_aliases v0.2.1
[INFO] [stderr]    Compiling lock_api v0.4.12
[INFO] [stderr]    Compiling slab v0.4.9
[INFO] [stderr]    Compiling nix v0.29.0
[INFO] [stderr]    Compiling num-traits v0.2.19
[INFO] [stderr]    Compiling base64 v0.21.7
[INFO] [stderr]    Compiling uuid v1.12.0
[INFO] [stderr]    Compiling heck v0.5.0
[INFO] [stderr]    Compiling quote v1.0.38
[INFO] [stderr]    Compiling syn v2.0.96
[INFO] [stderr]    Compiling thiserror v1.0.69
[INFO] [stderr]    Compiling spin v0.9.8
[INFO] [stderr]    Compiling libdbus-sys v0.2.5
[INFO] [stderr]    Compiling rustls-pemfile v1.0.4
[INFO] [stderr]    Compiling cpufeatures v0.2.16
[INFO] [stderr]    Compiling anyhow v1.0.95
[INFO] [stderr]    Compiling bitflags v2.8.0
[INFO] [stderr]    Compiling openssl-probe v0.1.5
[INFO] [stderr]    Compiling flume v0.11.1
[INFO] [stderr]    Compiling hex v0.4.3
[INFO] [stderr]    Compiling chunked_transfer v1.5.0
[INFO] [stderr]    Compiling rustls-native-certs v0.6.3
[INFO] [stderr]    Compiling macaddr v1.0.1
[INFO] [stderr]    Compiling lazy_static v1.5.0
[INFO] [stderr]    Compiling ascii v1.1.0
[INFO] [stderr]    Compiling httpdate v1.0.3
[INFO] [stderr]    Compiling quick-protobuf v0.8.1
[INFO] [stderr]    Compiling ring v0.17.8
[INFO] [stderr]    Compiling crypto-common v0.1.6
[INFO] [stderr]    Compiling inout v0.1.3
[INFO] [stderr]    Compiling block-buffer v0.10.4
[INFO] [stderr]    Compiling digest v0.10.7
[INFO] [stderr]    Compiling cipher v0.4.4
[INFO] [stderr]    Compiling tiny_http v0.12.0
[INFO] [stderr]    Compiling ctr v0.9.2
[INFO] [stderr]    Compiling aes v0.8.4
[INFO] [stderr]    Compiling sha2 v0.10.8
[INFO] [stderr]    Compiling getrandom v0.2.15
[INFO] [stderr]    Compiling socket2 v0.5.8
[INFO] [stderr]    Compiling mio v1.0.3
[INFO] [stderr]    Compiling rand_core v0.6.4
[INFO] [stderr]    Compiling ed25519-compact v2.1.1
[INFO] [stderr]    Compiling darling_core v0.20.10
[INFO] [stderr]    Compiling synstructure v0.13.1
[INFO] [stderr]    Compiling rustls-webpki v0.101.7
[INFO] [stderr]    Compiling sct v0.7.1
[INFO] [stderr]    Compiling futures-macro v0.3.31
[INFO] [stderr]    Compiling serde_derive v1.0.217
[INFO] [stderr]    Compiling tokio-macros v2.5.0
[INFO] [stderr]    Compiling zerocopy-derive v0.7.35
[INFO] [stderr]    Compiling pin-project-internal v1.1.8
[INFO] [stderr]    Compiling thiserror-impl v1.0.69
[INFO] [stderr]    Compiling strum_macros v0.26.4
[INFO] [stderr]    Compiling displaydoc v0.2.5
[INFO] [stderr]    Compiling num-derive v0.4.2
[INFO] [stderr]    Compiling zerocopy v0.7.35
[INFO] [stderr]    Compiling futures-util v0.3.31
[INFO] [stderr]    Compiling tokio v1.43.0
[INFO] [stderr]    Compiling pin-project v1.1.8
[INFO] [stderr]    Compiling ppv-lite86 v0.2.20
[INFO] [stderr]    Compiling rand_chacha v0.3.1
[INFO] [stderr]    Compiling darling_macro v0.20.10
[INFO] [stderr]    Compiling rand v0.8.5
[INFO] [stderr]    Compiling darling v0.20.10
[INFO] [stderr]    Compiling custom_debug_derive v0.6.2
[INFO] [stderr]    Compiling strum v0.26.3
[INFO] [stderr]    Compiling custom_debug v0.6.2
[INFO] [stderr]    Compiling dbus v0.9.7
[INFO] [stderr]    Compiling futures-executor v0.3.31
[INFO] [stderr]    Compiling futures v0.3.31
[INFO] [stderr]    Compiling tokio-rustls v0.24.1
[INFO] [stderr]    Compiling tokio-stream v0.1.17
[INFO] [stderr]    Compiling rumqttc v0.23.0
[INFO] [stderr]    Compiling dbus-tokio v0.7.6
[INFO] [stderr]    Compiling dbus-crossroads v0.5.2
[INFO] [stderr]    Compiling pickledb v0.5.1
[INFO] [stderr]    Compiling bluer v0.17.3
[INFO] [stderr]    Compiling rainmaker-components v0.1.0 (/opt/rustwide/workdir)
[INFO] [stderr]     Finished `dev` profile [unoptimized + debuginfo] target(s) in 50.75s
[INFO] running `Command { std: "docker" "inspect" "a3204fc2063c1270f8b9148f200f69ed1ef8dc6e646eb772024f009e97e0dba3", kill_on_drop: false }`
[INFO] running `Command { std: "docker" "rm" "-f" "a3204fc2063c1270f8b9148f200f69ed1ef8dc6e646eb772024f009e97e0dba3", kill_on_drop: false }`
[INFO] [stdout] a3204fc2063c1270f8b9148f200f69ed1ef8dc6e646eb772024f009e97e0dba3
[INFO] running `Command { std: "docker" "create" "-v" "/var/lib/crater-agent-workspace/builds/worker-2-tc1/target:/opt/rustwide/target:rw,Z" "-v" "/var/lib/crater-agent-workspace/builds/worker-2-tc1/source:/opt/rustwide/workdir:ro,Z" "-v" "/var/lib/crater-agent-workspace/cargo-home:/opt/rustwide/cargo-home:ro,Z" "-v" "/var/lib/crater-agent-workspace/rustup-home:/opt/rustwide/rustup-home:ro,Z" "-e" "SOURCE_DIR=/opt/rustwide/workdir" "-e" "CARGO_TARGET_DIR=/opt/rustwide/target" "-e" "CARGO_INCREMENTAL=0" "-e" "RUST_BACKTRACE=full" "-e" "RUSTFLAGS=--cap-lints=forbid" "-e" "RUSTDOCFLAGS=--cap-lints=forbid" "-e" "CARGO_HOME=/opt/rustwide/cargo-home" "-e" "RUSTUP_HOME=/opt/rustwide/rustup-home" "-w" "/opt/rustwide/workdir" "-m" "1610612736" "--user" "0:0" "--network" "none" "ghcr.io/rust-lang/crates-build-env/linux@sha256:819108c5571ea2e421544af4d832f968d213c87fbe3707a016657f43d2f853bc" "/opt/rustwide/cargo-home/bin/cargo" "+nightly-2025-01-18" "test" "--frozen" "--no-run" "--message-format=json", kill_on_drop: false }`
[INFO] [stdout] e324b39cc37bf72021f1bb32080203c8843b6750c1ac047cb0470fafa4805908
[INFO] running `Command { std: "docker" "start" "-a" "e324b39cc37bf72021f1bb32080203c8843b6750c1ac047cb0470fafa4805908", kill_on_drop: false }`
[INFO] [stderr]    Compiling rainmaker-components v0.1.0 (/opt/rustwide/workdir)
[INFO] [stderr]     Finished `test` profile [unoptimized + debuginfo] target(s) in 2.72s
[INFO] running `Command { std: "docker" "inspect" "e324b39cc37bf72021f1bb32080203c8843b6750c1ac047cb0470fafa4805908", kill_on_drop: false }`
[INFO] running `Command { std: "docker" "rm" "-f" "e324b39cc37bf72021f1bb32080203c8843b6750c1ac047cb0470fafa4805908", kill_on_drop: false }`
[INFO] [stdout] e324b39cc37bf72021f1bb32080203c8843b6750c1ac047cb0470fafa4805908
[INFO] running `Command { std: "docker" "create" "-v" "/var/lib/crater-agent-workspace/builds/worker-2-tc1/target:/opt/rustwide/target:rw,Z" "-v" "/var/lib/crater-agent-workspace/builds/worker-2-tc1/source:/opt/rustwide/workdir:ro,Z" "-v" "/var/lib/crater-agent-workspace/cargo-home:/opt/rustwide/cargo-home:ro,Z" "-v" "/var/lib/crater-agent-workspace/rustup-home:/opt/rustwide/rustup-home:ro,Z" "-e" "SOURCE_DIR=/opt/rustwide/workdir" "-e" "CARGO_TARGET_DIR=/opt/rustwide/target" "-e" "CARGO_INCREMENTAL=0" "-e" "RUST_BACKTRACE=full" "-e" "RUSTFLAGS=--cap-lints=forbid" "-e" "RUSTDOCFLAGS=--cap-lints=forbid" "-e" "CARGO_HOME=/opt/rustwide/cargo-home" "-e" "RUSTUP_HOME=/opt/rustwide/rustup-home" "-w" "/opt/rustwide/workdir" "-m" "1610612736" "--user" "0:0" "--network" "none" "ghcr.io/rust-lang/crates-build-env/linux@sha256:819108c5571ea2e421544af4d832f968d213c87fbe3707a016657f43d2f853bc" "/opt/rustwide/cargo-home/bin/cargo" "+nightly-2025-01-18" "test" "--frozen", kill_on_drop: false }`
[INFO] [stdout] 7dee3e2cfc2e0a5831c96733f919e9eca7e256ff3c827728669ed80f6c2c84a7
[INFO] running `Command { std: "docker" "start" "-a" "7dee3e2cfc2e0a5831c96733f919e9eca7e256ff3c827728669ed80f6c2c84a7", kill_on_drop: false }`
[INFO] [stderr]     Finished `test` profile [unoptimized + debuginfo] target(s) in 0.16s
[INFO] [stderr]      Running unittests src/lib.rs (/opt/rustwide/target/debug/deps/rainmaker_components-441747d220c18fc2)
[INFO] [stdout] 
[INFO] [stderr]    Doc-tests rainmaker_components
[INFO] [stdout] running 0 tests
[INFO] [stdout] 
[INFO] [stdout] test result: ok. 0 passed; 0 failed; 0 ignored; 0 measured; 0 filtered out; finished in 0.00s
[INFO] [stdout] 
[INFO] [stdout] 
[INFO] [stdout] running 1 test
[INFO] [stdout] test src/wifi_prov.rs - wifi_prov (line 18) ... FAILED
[INFO] [stdout] 
[INFO] [stdout] failures:
[INFO] [stdout] 
[INFO] [stdout] ---- src/wifi_prov.rs - wifi_prov (line 18) stdout ----
[INFO] [stdout] error[E0422]: cannot find struct, variant or union type `WifiProvBleConfig` in this scope
[INFO] [stdout]  --> src/wifi_prov.rs:19:19
[INFO] [stdout]   |
[INFO] [stdout] 3 | let prov_config = WifiProvBleConfig {
[INFO] [stdout]   |                   ^^^^^^^^^^^^^^^^^ not found in this scope
[INFO] [stdout]   |
[INFO] [stdout] help: consider importing this struct
[INFO] [stdout]   |
[INFO] [stdout] 2 + use rainmaker_components::wifi_prov::WifiProvBleConfig;
[INFO] [stdout]   |
[INFO] [stdout] 
[INFO] [stdout] error[E0433]: failed to resolve: use of undeclared type `WiFiProvMgrBle`
[INFO] [stdout]  --> src/wifi_prov.rs:23:20
[INFO] [stdout]   |
[INFO] [stdout] 7 | let mut prov_mgr = WiFiProvMgrBle::new(
[INFO] [stdout]   |                    ^^^^^^^^^^^^^^ use of undeclared type `WiFiProvMgrBle`
[INFO] [stdout]   |
[INFO] [stdout] help: consider importing this type alias
[INFO] [stdout]   |
[INFO] [stdout] 2 + use rainmaker_components::wifi_prov::WiFiProvMgrBle;
[INFO] [stdout]   |
[INFO] [stdout] 
[INFO] [stdout] error[E0425]: cannot find value `wifi_arc_mutex` in this scope
[INFO] [stdout]  --> src/wifi_prov.rs:24:5
[INFO] [stdout]   |
[INFO] [stdout] 8 |     wifi_arc_mutex.clone(),
[INFO] [stdout]   |     ^^^^^^^^^^^^^^ not found in this scope
[INFO] [stdout] 
[INFO] [stdout] error[E0425]: cannot find value `nvs_partition` in this scope
[INFO] [stdout]   --> src/wifi_prov.rs:26:5
[INFO] [stdout]    |
[INFO] [stdout] 10 |     nvs_partition,
[INFO] [stdout]    |     ^^^^^^^^^^^^^ not found in this scope
[INFO] [stdout] 
[INFO] [stdout] error[E0433]: failed to resolve: use of undeclared type `ProtocommSecurity`
[INFO] [stdout]   --> src/wifi_prov.rs:27:5
[INFO] [stdout]    |
[INFO] [stdout] 11 |     ProtocommSecurity::default(), // Will default to Sec0
[INFO] [stdout]    |     ^^^^^^^^^^^^^^^^^ use of undeclared type `ProtocommSecurity`
[INFO] [stdout]    |
[INFO] [stdout] help: consider importing this enum
[INFO] [stdout]    |
[INFO] [stdout] 2  + use rainmaker_components::protocomm::ProtocommSecurity;
[INFO] [stdout]    |
[INFO] [stdout] 
[INFO] [stdout] error[E0425]: cannot find value `rmaker` in this scope
[INFO] [stdout]   --> src/wifi_prov.rs:31:1
[INFO] [stdout]    |
[INFO] [stdout] 15 | rmaker.reg_user_mapping_ep(&mut prov_mgr);
[INFO] [stdout]    | ^^^^^^ not found in this scope
[INFO] [stdout] 
[INFO] [stdout] error: aborting due to 6 previous errors
[INFO] [stdout] 
[INFO] [stdout] Some errors have detailed explanations: E0422, E0425, E0433.
[INFO] [stdout] For more information about an error, try `rustc --explain E0422`.
[INFO] [stdout] Couldn't compile the test.
[INFO] [stdout] 
[INFO] [stdout] failures:
[INFO] [stdout]     src/wifi_prov.rs - wifi_prov (line 18)
[INFO] [stdout] 
[INFO] [stdout] test result: FAILED. 0 passed; 1 failed; 0 ignored; 0 measured; 0 filtered out; finished in 0.13s
[INFO] [stdout] 
[INFO] [stderr] error: doctest failed, to rerun pass `--doc`
[INFO] running `Command { std: "docker" "inspect" "7dee3e2cfc2e0a5831c96733f919e9eca7e256ff3c827728669ed80f6c2c84a7", kill_on_drop: false }`
[INFO] running `Command { std: "docker" "rm" "-f" "7dee3e2cfc2e0a5831c96733f919e9eca7e256ff3c827728669ed80f6c2c84a7", kill_on_drop: false }`
[INFO] [stdout] 7dee3e2cfc2e0a5831c96733f919e9eca7e256ff3c827728669ed80f6c2c84a7
