[INFO] fetching crate radio-at86rf212 0.2.0...
[INFO] testing radio-at86rf212-0.2.0 against nightly-2025-01-18+rustflags=-Zrandomize-layout for randomize-layout-2
[INFO] extracting crate radio-at86rf212 0.2.0 into /workspace/builds/worker-3-tc2/source
[INFO] validating manifest of crates.io crate radio-at86rf212 0.2.0 on toolchain nightly-2025-01-18
[INFO] running `Command { std: CARGO_HOME="/workspace/cargo-home" RUSTUP_HOME="/workspace/rustup-home" "/workspace/cargo-home/bin/cargo" "+nightly-2025-01-18" "metadata" "--manifest-path" "Cargo.toml" "--no-deps", kill_on_drop: false }`
[INFO] started tweaking crates.io crate radio-at86rf212 0.2.0
[INFO] finished tweaking crates.io crate radio-at86rf212 0.2.0
[INFO] tweaked toml for crates.io crate radio-at86rf212 0.2.0 written to /workspace/builds/worker-3-tc2/source/Cargo.toml
[INFO] running `Command { std: CARGO_HOME="/workspace/cargo-home" RUSTUP_HOME="/workspace/rustup-home" "/workspace/cargo-home/bin/cargo" "+nightly-2025-01-18" "generate-lockfile" "--manifest-path" "Cargo.toml", kill_on_drop: false }`
[INFO] [stderr]     Updating crates.io index
[INFO] [stderr]      Locking 24 packages to latest compatible versions
[INFO] [stderr]       Adding embedded-hal v0.2.7 (available: v1.0.0)
[INFO] [stderr]       Adding linux-embedded-hal v0.2.2 (available: v0.4.0)
[INFO] [stderr]       Adding radio v0.1.0 (available: v0.12.1)
[INFO] running `Command { std: CARGO_HOME="/workspace/cargo-home" RUSTUP_HOME="/workspace/rustup-home" "/workspace/cargo-home/bin/cargo" "+nightly-2025-01-18" "fetch" "--manifest-path" "Cargo.toml", kill_on_drop: false }`
[INFO] [stderr] warning: no edition set: defaulting to the 2015 edition while the latest is 2024
[INFO] running `Command { std: "docker" "create" "-v" "/var/lib/crater-agent-workspace/builds/worker-3-tc2/target:/opt/rustwide/target:rw,Z" "-v" "/var/lib/crater-agent-workspace/builds/worker-3-tc2/source:/opt/rustwide/workdir:ro,Z" "-v" "/var/lib/crater-agent-workspace/cargo-home:/opt/rustwide/cargo-home:ro,Z" "-v" "/var/lib/crater-agent-workspace/rustup-home:/opt/rustwide/rustup-home:ro,Z" "-e" "SOURCE_DIR=/opt/rustwide/workdir" "-e" "CARGO_TARGET_DIR=/opt/rustwide/target" "-e" "CARGO_HOME=/opt/rustwide/cargo-home" "-e" "RUSTUP_HOME=/opt/rustwide/rustup-home" "-w" "/opt/rustwide/workdir" "-m" "1610612736" "--user" "0:0" "--network" "none" "ghcr.io/rust-lang/crates-build-env/linux@sha256:819108c5571ea2e421544af4d832f968d213c87fbe3707a016657f43d2f853bc" "/opt/rustwide/cargo-home/bin/cargo" "+nightly-2025-01-18" "metadata" "--no-deps" "--format-version=1", kill_on_drop: false }`
[INFO] [stdout] aceee139343d5e53176936fa716d603b65eb557c5b2d3d47f87bda7f75383060
[INFO] running `Command { std: "docker" "start" "-a" "aceee139343d5e53176936fa716d603b65eb557c5b2d3d47f87bda7f75383060", kill_on_drop: false }`
[INFO] running `Command { std: "docker" "inspect" "aceee139343d5e53176936fa716d603b65eb557c5b2d3d47f87bda7f75383060", kill_on_drop: false }`
[INFO] running `Command { std: "docker" "rm" "-f" "aceee139343d5e53176936fa716d603b65eb557c5b2d3d47f87bda7f75383060", kill_on_drop: false }`
[INFO] [stdout] aceee139343d5e53176936fa716d603b65eb557c5b2d3d47f87bda7f75383060
[INFO] running `Command { std: "docker" "create" "-v" "/var/lib/crater-agent-workspace/builds/worker-3-tc2/target:/opt/rustwide/target:rw,Z" "-v" "/var/lib/crater-agent-workspace/builds/worker-3-tc2/source:/opt/rustwide/workdir:ro,Z" "-v" "/var/lib/crater-agent-workspace/cargo-home:/opt/rustwide/cargo-home:ro,Z" "-v" "/var/lib/crater-agent-workspace/rustup-home:/opt/rustwide/rustup-home:ro,Z" "-e" "SOURCE_DIR=/opt/rustwide/workdir" "-e" "CARGO_TARGET_DIR=/opt/rustwide/target" "-e" "CARGO_INCREMENTAL=0" "-e" "RUST_BACKTRACE=full" "-e" "RUSTFLAGS=--cap-lints=forbid -Zrandomize-layout" "-e" "RUSTDOCFLAGS=--cap-lints=forbid" "-e" "CARGO_HOME=/opt/rustwide/cargo-home" "-e" "RUSTUP_HOME=/opt/rustwide/rustup-home" "-w" "/opt/rustwide/workdir" "-m" "1610612736" "--user" "0:0" "--network" "none" "ghcr.io/rust-lang/crates-build-env/linux@sha256:819108c5571ea2e421544af4d832f968d213c87fbe3707a016657f43d2f853bc" "/opt/rustwide/cargo-home/bin/cargo" "+nightly-2025-01-18" "build" "--frozen" "--message-format=json", kill_on_drop: false }`
[INFO] [stdout] e9fe3e5fb3db4bb9a1fa956862ce0ed27ff4c97a3c53571425e944afeaa6d800
[INFO] running `Command { std: "docker" "start" "-a" "e9fe3e5fb3db4bb9a1fa956862ce0ed27ff4c97a3c53571425e944afeaa6d800", kill_on_drop: false }`
[INFO] [stderr] warning: no edition set: defaulting to the 2015 edition while the latest is 2024
[INFO] [stderr]    Compiling nb v1.1.0
[INFO] [stderr]    Compiling void v1.0.2
[INFO] [stderr]    Compiling radio v0.1.0
[INFO] [stderr]    Compiling nb v0.1.3
[INFO] [stderr]    Compiling embedded-hal v0.2.7
[INFO] [stderr]    Compiling radio-at86rf212 v0.2.0 (/opt/rustwide/workdir)
[INFO] [stdout] warning: unnecessary parentheses around assigned value
[INFO] [stdout]  --> src/device.rs:9:35
[INFO] [stdout]   |
[INFO] [stdout] 9 | pub const REG_WRITE_FLAG: usize = (0xC0);
[INFO] [stdout]   |                                   ^    ^
[INFO] [stdout]   |
[INFO] [stdout]   = note: `#[warn(unused_parens)]` on by default
[INFO] [stdout] help: remove these parentheses
[INFO] [stdout]   |
[INFO] [stdout] 9 - pub const REG_WRITE_FLAG: usize = (0xC0);
[INFO] [stdout] 9 + pub const REG_WRITE_FLAG: usize = 0xC0;
[INFO] [stdout]   |
[INFO] [stdout] 
[INFO] [stdout] 
[INFO] [stdout] warning: unnecessary parentheses around assigned value
[INFO] [stdout]   --> src/device.rs:10:34
[INFO] [stdout]    |
[INFO] [stdout] 10 | pub const REG_READ_FLAG: usize = (0x80);
[INFO] [stdout]    |                                  ^    ^
[INFO] [stdout]    |
[INFO] [stdout] help: remove these parentheses
[INFO] [stdout]    |
[INFO] [stdout] 10 - pub const REG_READ_FLAG: usize = (0x80);
[INFO] [stdout] 10 + pub const REG_READ_FLAG: usize = 0x80;
[INFO] [stdout]    |
[INFO] [stdout] 
[INFO] [stdout] 
[INFO] [stdout] warning: unnecessary parentheses around assigned value
[INFO] [stdout]   --> src/device.rs:11:37
[INFO] [stdout]    |
[INFO] [stdout] 11 | pub const FRAME_WRITE_FLAG: usize = (0x60);
[INFO] [stdout]    |                                     ^    ^
[INFO] [stdout]    |
[INFO] [stdout] help: remove these parentheses
[INFO] [stdout]    |
[INFO] [stdout] 11 - pub const FRAME_WRITE_FLAG: usize = (0x60);
[INFO] [stdout] 11 + pub const FRAME_WRITE_FLAG: usize = 0x60;
[INFO] [stdout]    |
[INFO] [stdout] 
[INFO] [stdout] 
[INFO] [stdout] warning: unnecessary parentheses around assigned value
[INFO] [stdout]   --> src/device.rs:12:36
[INFO] [stdout]    |
[INFO] [stdout] 12 | pub const FRAME_READ_FLAG: usize = (0x20);
[INFO] [stdout]    |                                    ^    ^
[INFO] [stdout]    |
[INFO] [stdout] help: remove these parentheses
[INFO] [stdout]    |
[INFO] [stdout] 12 - pub const FRAME_READ_FLAG: usize = (0x20);
[INFO] [stdout] 12 + pub const FRAME_READ_FLAG: usize = 0x20;
[INFO] [stdout]    |
[INFO] [stdout] 
[INFO] [stdout] 
[INFO] [stdout] warning: unnecessary parentheses around assigned value
[INFO] [stdout]   --> src/device.rs:13:36
[INFO] [stdout]    |
[INFO] [stdout] 13 | pub const SRAM_WRITE_FLAG: usize = (0x40);
[INFO] [stdout]    |                                    ^    ^
[INFO] [stdout]    |
[INFO] [stdout] help: remove these parentheses
[INFO] [stdout]    |
[INFO] [stdout] 13 - pub const SRAM_WRITE_FLAG: usize = (0x40);
[INFO] [stdout] 13 + pub const SRAM_WRITE_FLAG: usize = 0x40;
[INFO] [stdout]    |
[INFO] [stdout] 
[INFO] [stdout] 
[INFO] [stdout] warning: unnecessary parentheses around assigned value
[INFO] [stdout]   --> src/device.rs:14:35
[INFO] [stdout]    |
[INFO] [stdout] 14 | pub const SRAM_READ_FLAG: usize = (0x00);
[INFO] [stdout]    |                                   ^    ^
[INFO] [stdout]    |
[INFO] [stdout] help: remove these parentheses
[INFO] [stdout]    |
[INFO] [stdout] 14 - pub const SRAM_READ_FLAG: usize = (0x00);
[INFO] [stdout] 14 + pub const SRAM_READ_FLAG: usize = 0x00;
[INFO] [stdout]    |
[INFO] [stdout] 
[INFO] [stdout] 
[INFO] [stdout] warning: unnecessary parentheses around assigned value
[INFO] [stdout]   --> src/device.rs:19:31
[INFO] [stdout]    |
[INFO] [stdout] 19 | pub const MAX_LENGTH: usize = (127);
[INFO] [stdout]    |                               ^   ^
[INFO] [stdout]    |
[INFO] [stdout] help: remove these parentheses
[INFO] [stdout]    |
[INFO] [stdout] 19 - pub const MAX_LENGTH: usize = (127);
[INFO] [stdout] 19 + pub const MAX_LENGTH: usize = 127;
[INFO] [stdout]    |
[INFO] [stdout] 
[INFO] [stdout] 
[INFO] [stdout] warning: unnecessary parentheses around assigned value
[INFO] [stdout]  --> src/regs.rs:9:31
[INFO] [stdout]   |
[INFO] [stdout] 9 | pub const REG_BASE_ADDR: u8 = (0x00);
[INFO] [stdout]   |                               ^    ^
[INFO] [stdout]   |
[INFO] [stdout] help: remove these parentheses
[INFO] [stdout]   |
[INFO] [stdout] 9 - pub const REG_BASE_ADDR: u8 = (0x00);
[INFO] [stdout] 9 + pub const REG_BASE_ADDR: u8 = 0x00;
[INFO] [stdout]   |
[INFO] [stdout] 
[INFO] [stdout] 
[INFO] [stdout] warning: unnecessary parentheses around assigned value
[INFO] [stdout]   --> src/regs.rs:11:31
[INFO] [stdout]    |
[INFO] [stdout] 11 | pub const AES_BASE_ADDR: u8 = (0x80);
[INFO] [stdout]    |                               ^    ^
[INFO] [stdout]    |
[INFO] [stdout] help: remove these parentheses
[INFO] [stdout]    |
[INFO] [stdout] 11 - pub const AES_BASE_ADDR: u8 = (0x80);
[INFO] [stdout] 11 + pub const AES_BASE_ADDR: u8 = 0x80;
[INFO] [stdout]    |
[INFO] [stdout] 
[INFO] [stdout] 
[INFO] [stdout] warning: use of deprecated trait `hal::digital::OutputPin`: Deprecated because the methods cannot return errors. Users should use the traits in digital::v2.
[INFO] [stdout]   --> src/lib.rs:17:20
[INFO] [stdout]    |
[INFO] [stdout] 17 | use hal::digital::{OutputPin};
[INFO] [stdout]    |                    ^^^^^^^^^
[INFO] [stdout]    |
[INFO] [stdout]    = note: `#[warn(deprecated)]` on by default
[INFO] [stdout] 
[INFO] [stdout] 
[INFO] [stdout] warning: use of deprecated trait `hal::digital::OutputPin`: Deprecated because the methods cannot return errors. Users should use the traits in digital::v2.
[INFO] [stdout]   --> src/lib.rs:69:13
[INFO] [stdout]    |
[INFO] [stdout] 69 |     OUTPUT: OutputPin,
[INFO] [stdout]    |             ^^^^^^^^^
[INFO] [stdout] 
[INFO] [stdout] 
[INFO] [stdout] warning: use of deprecated trait `hal::digital::OutputPin`: Deprecated because the methods cannot return errors. Users should use the traits in digital::v2.
[INFO] [stdout]    --> src/lib.rs:323:13
[INFO] [stdout]     |
[INFO] [stdout] 323 |     OUTPUT: OutputPin,
[INFO] [stdout]     |             ^^^^^^^^^
[INFO] [stdout] 
[INFO] [stdout] 
[INFO] [stdout] warning: use of deprecated trait `hal::digital::OutputPin`: Deprecated because the methods cannot return errors. Users should use the traits in digital::v2.
[INFO] [stdout]    --> src/lib.rs:374:13
[INFO] [stdout]     |
[INFO] [stdout] 374 |     OUTPUT: OutputPin,
[INFO] [stdout]     |             ^^^^^^^^^
[INFO] [stdout] 
[INFO] [stdout] 
[INFO] [stdout] warning: use of deprecated trait `hal::digital::OutputPin`: Deprecated because the methods cannot return errors. Users should use the traits in digital::v2.
[INFO] [stdout]    --> src/lib.rs:406:13
[INFO] [stdout]     |
[INFO] [stdout] 406 |     OUTPUT: OutputPin,
[INFO] [stdout]     |             ^^^^^^^^^
[INFO] [stdout] 
[INFO] [stdout] 
[INFO] [stdout] warning: use of deprecated method `hal::digital::OutputPin::set_low`: Deprecated because the methods cannot return errors. Users should use the traits in digital::v2.
[INFO] [stdout]   --> src/lib.rs:76:25
[INFO] [stdout]    |
[INFO] [stdout] 76 |         at86rf212.sleep.set_low();
[INFO] [stdout]    |                         ^^^^^^^
[INFO] [stdout] 
[INFO] [stdout] 
[INFO] [stdout] warning: use of deprecated method `hal::digital::OutputPin::set_low`: Deprecated because the methods cannot return errors. Users should use the traits in digital::v2.
[INFO] [stdout]   --> src/lib.rs:79:25
[INFO] [stdout]    |
[INFO] [stdout] 79 |         at86rf212.reset.set_low();
[INFO] [stdout]    |                         ^^^^^^^
[INFO] [stdout] 
[INFO] [stdout] 
[INFO] [stdout] warning: use of deprecated method `hal::digital::OutputPin::set_high`: Deprecated because the methods cannot return errors. Users should use the traits in digital::v2.
[INFO] [stdout]   --> src/lib.rs:81:25
[INFO] [stdout]    |
[INFO] [stdout] 81 |         at86rf212.reset.set_high();
[INFO] [stdout]    |                         ^^^^^^^^
[INFO] [stdout] 
[INFO] [stdout] 
[INFO] [stdout] warning: use of deprecated method `hal::digital::OutputPin::set_low`: Deprecated because the methods cannot return errors. Users should use the traits in digital::v2.
[INFO] [stdout]    --> src/lib.rs:136:17
[INFO] [stdout]     |
[INFO] [stdout] 136 |         self.cs.set_low();
[INFO] [stdout]     |                 ^^^^^^^
[INFO] [stdout] 
[INFO] [stdout] 
[INFO] [stdout] warning: use of deprecated method `hal::digital::OutputPin::set_high`: Deprecated because the methods cannot return errors. Users should use the traits in digital::v2.
[INFO] [stdout]    --> src/lib.rs:141:25
[INFO] [stdout]     |
[INFO] [stdout] 141 |                 self.cs.set_high();
[INFO] [stdout]     |                         ^^^^^^^^
[INFO] [stdout] 
[INFO] [stdout] 
[INFO] [stdout] warning: use of deprecated method `hal::digital::OutputPin::set_high`: Deprecated because the methods cannot return errors. Users should use the traits in digital::v2.
[INFO] [stdout]    --> src/lib.rs:149:25
[INFO] [stdout]     |
[INFO] [stdout] 149 |                 self.cs.set_high();
[INFO] [stdout]     |                         ^^^^^^^^
[INFO] [stdout] 
[INFO] [stdout] 
[INFO] [stdout] warning: use of deprecated method `hal::digital::OutputPin::set_high`: Deprecated because the methods cannot return errors. Users should use the traits in digital::v2.
[INFO] [stdout]    --> src/lib.rs:154:17
[INFO] [stdout]     |
[INFO] [stdout] 154 |         self.cs.set_high();
[INFO] [stdout]     |                 ^^^^^^^^
[INFO] [stdout] 
[INFO] [stdout] 
[INFO] [stdout] warning: use of deprecated method `hal::digital::OutputPin::set_low`: Deprecated because the methods cannot return errors. Users should use the traits in digital::v2.
[INFO] [stdout]    --> src/lib.rs:169:17
[INFO] [stdout]     |
[INFO] [stdout] 169 |         self.cs.set_low();
[INFO] [stdout]     |                 ^^^^^^^
[INFO] [stdout] 
[INFO] [stdout] 
[INFO] [stdout] warning: use of deprecated method `hal::digital::OutputPin::set_high`: Deprecated because the methods cannot return errors. Users should use the traits in digital::v2.
[INFO] [stdout]    --> src/lib.rs:174:25
[INFO] [stdout]     |
[INFO] [stdout] 174 |                 self.cs.set_high();
[INFO] [stdout]     |                         ^^^^^^^^
[INFO] [stdout] 
[INFO] [stdout] 
[INFO] [stdout] warning: use of deprecated method `hal::digital::OutputPin::set_high`: Deprecated because the methods cannot return errors. Users should use the traits in digital::v2.
[INFO] [stdout]    --> src/lib.rs:182:25
[INFO] [stdout]     |
[INFO] [stdout] 182 |                 self.cs.set_high();
[INFO] [stdout]     |                         ^^^^^^^^
[INFO] [stdout] 
[INFO] [stdout] 
[INFO] [stdout] warning: use of deprecated method `hal::digital::OutputPin::set_high`: Deprecated because the methods cannot return errors. Users should use the traits in digital::v2.
[INFO] [stdout]    --> src/lib.rs:192:29
[INFO] [stdout]     |
[INFO] [stdout] 192 |                     self.cs.set_high();
[INFO] [stdout]     |                             ^^^^^^^^
[INFO] [stdout] 
[INFO] [stdout] 
[INFO] [stdout] warning: use of deprecated method `hal::digital::OutputPin::set_high`: Deprecated because the methods cannot return errors. Users should use the traits in digital::v2.
[INFO] [stdout]    --> src/lib.rs:198:17
[INFO] [stdout]     |
[INFO] [stdout] 198 |         self.cs.set_high();
[INFO] [stdout]     |                 ^^^^^^^^
[INFO] [stdout] 
[INFO] [stdout] 
[INFO] [stdout] warning: use of deprecated method `hal::digital::OutputPin::set_low`: Deprecated because the methods cannot return errors. Users should use the traits in digital::v2.
[INFO] [stdout]    --> src/lib.rs:333:17
[INFO] [stdout]     |
[INFO] [stdout] 333 |         self.cs.set_low();
[INFO] [stdout]     |                 ^^^^^^^
[INFO] [stdout] 
[INFO] [stdout] 
[INFO] [stdout] warning: use of deprecated method `hal::digital::OutputPin::set_high`: Deprecated because the methods cannot return errors. Users should use the traits in digital::v2.
[INFO] [stdout]    --> src/lib.rs:337:17
[INFO] [stdout]     |
[INFO] [stdout] 337 |         self.cs.set_high();
[INFO] [stdout]     |                 ^^^^^^^^
[INFO] [stdout] 
[INFO] [stdout] 
[INFO] [stdout] warning: use of deprecated method `hal::digital::OutputPin::set_low`: Deprecated because the methods cannot return errors. Users should use the traits in digital::v2.
[INFO] [stdout]    --> src/lib.rs:349:17
[INFO] [stdout]     |
[INFO] [stdout] 349 |         self.cs.set_low();
[INFO] [stdout]     |                 ^^^^^^^
[INFO] [stdout] 
[INFO] [stdout] 
[INFO] [stdout] warning: use of deprecated method `hal::digital::OutputPin::set_high`: Deprecated because the methods cannot return errors. Users should use the traits in digital::v2.
[INFO] [stdout]    --> src/lib.rs:353:17
[INFO] [stdout]     |
[INFO] [stdout] 353 |         self.cs.set_high();
[INFO] [stdout]     |                 ^^^^^^^^
[INFO] [stdout] 
[INFO] [stdout] 
[INFO] [stderr]     Finished `dev` profile [unoptimized + debuginfo] target(s) in 0.75s
[INFO] running `Command { std: "docker" "inspect" "e9fe3e5fb3db4bb9a1fa956862ce0ed27ff4c97a3c53571425e944afeaa6d800", kill_on_drop: false }`
[INFO] running `Command { std: "docker" "rm" "-f" "e9fe3e5fb3db4bb9a1fa956862ce0ed27ff4c97a3c53571425e944afeaa6d800", kill_on_drop: false }`
[INFO] [stdout] e9fe3e5fb3db4bb9a1fa956862ce0ed27ff4c97a3c53571425e944afeaa6d800
[INFO] running `Command { std: "docker" "create" "-v" "/var/lib/crater-agent-workspace/builds/worker-3-tc2/target:/opt/rustwide/target:rw,Z" "-v" "/var/lib/crater-agent-workspace/builds/worker-3-tc2/source:/opt/rustwide/workdir:ro,Z" "-v" "/var/lib/crater-agent-workspace/cargo-home:/opt/rustwide/cargo-home:ro,Z" "-v" "/var/lib/crater-agent-workspace/rustup-home:/opt/rustwide/rustup-home:ro,Z" "-e" "SOURCE_DIR=/opt/rustwide/workdir" "-e" "CARGO_TARGET_DIR=/opt/rustwide/target" "-e" "CARGO_INCREMENTAL=0" "-e" "RUST_BACKTRACE=full" "-e" "RUSTFLAGS=--cap-lints=forbid -Zrandomize-layout" "-e" "RUSTDOCFLAGS=--cap-lints=forbid" "-e" "CARGO_HOME=/opt/rustwide/cargo-home" "-e" "RUSTUP_HOME=/opt/rustwide/rustup-home" "-w" "/opt/rustwide/workdir" "-m" "1610612736" "--user" "0:0" "--network" "none" "ghcr.io/rust-lang/crates-build-env/linux@sha256:819108c5571ea2e421544af4d832f968d213c87fbe3707a016657f43d2f853bc" "/opt/rustwide/cargo-home/bin/cargo" "+nightly-2025-01-18" "test" "--frozen" "--no-run" "--message-format=json", kill_on_drop: false }`
[INFO] [stdout] 2677d38d75c228bfb3455d84c057136f53e2aa95c8e675bc5b716da61a02e368
[INFO] running `Command { std: "docker" "start" "-a" "2677d38d75c228bfb3455d84c057136f53e2aa95c8e675bc5b716da61a02e368", kill_on_drop: false }`
[INFO] [stderr] warning: no edition set: defaulting to the 2015 edition while the latest is 2024
[INFO] [stderr]    Compiling libc v0.2.169
[INFO] [stderr]    Compiling semver v1.0.25
[INFO] [stderr]    Compiling cfg-if v0.1.10
[INFO] [stderr]    Compiling semver v0.1.20
[INFO] [stderr]    Compiling nix v0.14.1
[INFO] [stderr]    Compiling bitflags v1.3.2
[INFO] [stderr]    Compiling bitflags v0.4.0
[INFO] [stderr]    Compiling byteorder v1.5.0
[INFO] [stderr]    Compiling bitflags v0.3.3
[INFO] [stdout] warning: unnecessary parentheses around assigned value
[INFO] [stdout]  --> src/device.rs:9:35
[INFO] [stdout]   |
[INFO] [stdout] 9 | pub const REG_WRITE_FLAG: usize = (0xC0);
[INFO] [stdout]   |                                   ^    ^
[INFO] [stdout]   |
[INFO] [stdout]   = note: `#[warn(unused_parens)]` on by default
[INFO] [stdout] help: remove these parentheses
[INFO] [stdout]   |
[INFO] [stdout] 9 - pub const REG_WRITE_FLAG: usize = (0xC0);
[INFO] [stdout] 9 + pub const REG_WRITE_FLAG: usize = 0xC0;
[INFO] [stdout]   |
[INFO] [stdout] 
[INFO] [stdout] 
[INFO] [stdout] warning: unnecessary parentheses around assigned value
[INFO] [stdout]   --> src/device.rs:10:34
[INFO] [stdout]    |
[INFO] [stdout] 10 | pub const REG_READ_FLAG: usize = (0x80);
[INFO] [stdout]    |                                  ^    ^
[INFO] [stdout]    |
[INFO] [stdout] help: remove these parentheses
[INFO] [stdout]    |
[INFO] [stdout] 10 - pub const REG_READ_FLAG: usize = (0x80);
[INFO] [stdout] 10 + pub const REG_READ_FLAG: usize = 0x80;
[INFO] [stdout]    |
[INFO] [stdout] 
[INFO] [stdout] 
[INFO] [stdout] warning: unnecessary parentheses around assigned value
[INFO] [stdout]   --> src/device.rs:11:37
[INFO] [stdout]    |
[INFO] [stdout] 11 | pub const FRAME_WRITE_FLAG: usize = (0x60);
[INFO] [stdout]    |                                     ^    ^
[INFO] [stdout]    |
[INFO] [stdout] help: remove these parentheses
[INFO] [stdout]    |
[INFO] [stdout] 11 - pub const FRAME_WRITE_FLAG: usize = (0x60);
[INFO] [stdout] 11 + pub const FRAME_WRITE_FLAG: usize = 0x60;
[INFO] [stdout]    |
[INFO] [stdout] 
[INFO] [stdout] 
[INFO] [stdout] warning: unnecessary parentheses around assigned value
[INFO] [stdout]   --> src/device.rs:12:36
[INFO] [stdout]    |
[INFO] [stdout] 12 | pub const FRAME_READ_FLAG: usize = (0x20);
[INFO] [stdout]    |                                    ^    ^
[INFO] [stdout]    |
[INFO] [stdout] help: remove these parentheses
[INFO] [stdout]    |
[INFO] [stdout] 12 - pub const FRAME_READ_FLAG: usize = (0x20);
[INFO] [stdout] 12 + pub const FRAME_READ_FLAG: usize = 0x20;
[INFO] [stdout]    |
[INFO] [stdout] 
[INFO] [stdout] 
[INFO] [stdout] warning: unnecessary parentheses around assigned value
[INFO] [stdout]   --> src/device.rs:13:36
[INFO] [stdout]    |
[INFO] [stdout] 13 | pub const SRAM_WRITE_FLAG: usize = (0x40);
[INFO] [stdout]    |                                    ^    ^
[INFO] [stdout]    |
[INFO] [stdout] help: remove these parentheses
[INFO] [stdout]    |
[INFO] [stdout] 13 - pub const SRAM_WRITE_FLAG: usize = (0x40);
[INFO] [stdout] 13 + pub const SRAM_WRITE_FLAG: usize = 0x40;
[INFO] [stdout]    |
[INFO] [stdout] 
[INFO] [stdout] 
[INFO] [stdout] warning: unnecessary parentheses around assigned value
[INFO] [stdout]   --> src/device.rs:14:35
[INFO] [stdout]    |
[INFO] [stdout] 14 | pub const SRAM_READ_FLAG: usize = (0x00);
[INFO] [stdout]    |                                   ^    ^
[INFO] [stdout]    |
[INFO] [stdout] help: remove these parentheses
[INFO] [stdout]    |
[INFO] [stdout] 14 - pub const SRAM_READ_FLAG: usize = (0x00);
[INFO] [stdout] 14 + pub const SRAM_READ_FLAG: usize = 0x00;
[INFO] [stdout]    |
[INFO] [stdout] 
[INFO] [stdout] 
[INFO] [stdout] warning: unnecessary parentheses around assigned value
[INFO] [stdout]   --> src/device.rs:19:31
[INFO] [stdout]    |
[INFO] [stdout] 19 | pub const MAX_LENGTH: usize = (127);
[INFO] [stdout]    |                               ^   ^
[INFO] [stdout]    |
[INFO] [stdout] help: remove these parentheses
[INFO] [stdout]    |
[INFO] [stdout] 19 - pub const MAX_LENGTH: usize = (127);
[INFO] [stdout] 19 + pub const MAX_LENGTH: usize = 127;
[INFO] [stdout]    |
[INFO] [stdout] 
[INFO] [stdout] 
[INFO] [stdout] warning: unnecessary parentheses around assigned value
[INFO] [stdout]  --> src/regs.rs:9:31
[INFO] [stdout]   |
[INFO] [stdout] 9 | pub const REG_BASE_ADDR: u8 = (0x00);
[INFO] [stdout]   |                               ^    ^
[INFO] [stdout]   |
[INFO] [stdout] help: remove these parentheses
[INFO] [stdout]   |
[INFO] [stdout] 9 - pub const REG_BASE_ADDR: u8 = (0x00);
[INFO] [stdout] 9 + pub const REG_BASE_ADDR: u8 = 0x00;
[INFO] [stdout]   |
[INFO] [stdout] 
[INFO] [stdout] 
[INFO] [stdout] warning: unnecessary parentheses around assigned value
[INFO] [stdout]   --> src/regs.rs:11:31
[INFO] [stdout]    |
[INFO] [stdout] 11 | pub const AES_BASE_ADDR: u8 = (0x80);
[INFO] [stdout]    |                               ^    ^
[INFO] [stdout]    |
[INFO] [stdout] help: remove these parentheses
[INFO] [stdout]    |
[INFO] [stdout] 11 - pub const AES_BASE_ADDR: u8 = (0x80);
[INFO] [stdout] 11 + pub const AES_BASE_ADDR: u8 = 0x80;
[INFO] [stdout]    |
[INFO] [stdout] 
[INFO] [stdout] 
[INFO] [stdout] warning: use of deprecated trait `hal::digital::OutputPin`: Deprecated because the methods cannot return errors. Users should use the traits in digital::v2.
[INFO] [stdout]   --> src/lib.rs:17:20
[INFO] [stdout]    |
[INFO] [stdout] 17 | use hal::digital::{OutputPin};
[INFO] [stdout]    |                    ^^^^^^^^^
[INFO] [stdout]    |
[INFO] [stdout]    = note: `#[warn(deprecated)]` on by default
[INFO] [stdout] 
[INFO] [stdout] 
[INFO] [stdout] warning: use of deprecated trait `hal::digital::OutputPin`: Deprecated because the methods cannot return errors. Users should use the traits in digital::v2.
[INFO] [stdout]   --> src/lib.rs:69:13
[INFO] [stdout]    |
[INFO] [stdout] 69 |     OUTPUT: OutputPin,
[INFO] [stdout]    |             ^^^^^^^^^
[INFO] [stdout] 
[INFO] [stdout] 
[INFO] [stdout] warning: use of deprecated trait `hal::digital::OutputPin`: Deprecated because the methods cannot return errors. Users should use the traits in digital::v2.
[INFO] [stdout]    --> src/lib.rs:323:13
[INFO] [stdout]     |
[INFO] [stdout] 323 |     OUTPUT: OutputPin,
[INFO] [stdout]     |             ^^^^^^^^^
[INFO] [stdout] 
[INFO] [stdout] 
[INFO] [stdout] warning: use of deprecated trait `hal::digital::OutputPin`: Deprecated because the methods cannot return errors. Users should use the traits in digital::v2.
[INFO] [stdout]    --> src/lib.rs:374:13
[INFO] [stdout]     |
[INFO] [stdout] 374 |     OUTPUT: OutputPin,
[INFO] [stdout]     |             ^^^^^^^^^
[INFO] [stdout] 
[INFO] [stdout] 
[INFO] [stdout] warning: use of deprecated trait `hal::digital::OutputPin`: Deprecated because the methods cannot return errors. Users should use the traits in digital::v2.
[INFO] [stdout]    --> src/lib.rs:406:13
[INFO] [stdout]     |
[INFO] [stdout] 406 |     OUTPUT: OutputPin,
[INFO] [stdout]     |             ^^^^^^^^^
[INFO] [stdout] 
[INFO] [stdout] 
[INFO] [stdout] warning: use of deprecated method `hal::digital::OutputPin::set_low`: Deprecated because the methods cannot return errors. Users should use the traits in digital::v2.
[INFO] [stdout]   --> src/lib.rs:76:25
[INFO] [stdout]    |
[INFO] [stdout] 76 |         at86rf212.sleep.set_low();
[INFO] [stdout]    |                         ^^^^^^^
[INFO] [stdout] 
[INFO] [stdout] 
[INFO] [stdout] warning: use of deprecated method `hal::digital::OutputPin::set_low`: Deprecated because the methods cannot return errors. Users should use the traits in digital::v2.
[INFO] [stdout]   --> src/lib.rs:79:25
[INFO] [stdout]    |
[INFO] [stdout] 79 |         at86rf212.reset.set_low();
[INFO] [stdout]    |                         ^^^^^^^
[INFO] [stdout] 
[INFO] [stdout] 
[INFO] [stdout] warning: use of deprecated method `hal::digital::OutputPin::set_high`: Deprecated because the methods cannot return errors. Users should use the traits in digital::v2.
[INFO] [stdout]   --> src/lib.rs:81:25
[INFO] [stdout]    |
[INFO] [stdout] 81 |         at86rf212.reset.set_high();
[INFO] [stdout]    |                         ^^^^^^^^
[INFO] [stdout] 
[INFO] [stdout] 
[INFO] [stdout] warning: use of deprecated method `hal::digital::OutputPin::set_low`: Deprecated because the methods cannot return errors. Users should use the traits in digital::v2.
[INFO] [stdout]    --> src/lib.rs:136:17
[INFO] [stdout]     |
[INFO] [stdout] 136 |         self.cs.set_low();
[INFO] [stdout]     |                 ^^^^^^^
[INFO] [stdout] 
[INFO] [stdout] 
[INFO] [stdout] warning: use of deprecated method `hal::digital::OutputPin::set_high`: Deprecated because the methods cannot return errors. Users should use the traits in digital::v2.
[INFO] [stdout]    --> src/lib.rs:141:25
[INFO] [stdout]     |
[INFO] [stdout] 141 |                 self.cs.set_high();
[INFO] [stdout]     |                         ^^^^^^^^
[INFO] [stdout] 
[INFO] [stdout] 
[INFO] [stdout] warning: use of deprecated method `hal::digital::OutputPin::set_high`: Deprecated because the methods cannot return errors. Users should use the traits in digital::v2.
[INFO] [stdout]    --> src/lib.rs:149:25
[INFO] [stdout]     |
[INFO] [stdout] 149 |                 self.cs.set_high();
[INFO] [stdout]     |                         ^^^^^^^^
[INFO] [stdout] 
[INFO] [stdout] 
[INFO] [stdout] warning: use of deprecated method `hal::digital::OutputPin::set_high`: Deprecated because the methods cannot return errors. Users should use the traits in digital::v2.
[INFO] [stdout]    --> src/lib.rs:154:17
[INFO] [stdout]     |
[INFO] [stdout] 154 |         self.cs.set_high();
[INFO] [stdout]     |                 ^^^^^^^^
[INFO] [stdout] 
[INFO] [stdout] 
[INFO] [stdout] warning: use of deprecated method `hal::digital::OutputPin::set_low`: Deprecated because the methods cannot return errors. Users should use the traits in digital::v2.
[INFO] [stdout]    --> src/lib.rs:169:17
[INFO] [stdout]     |
[INFO] [stdout] 169 |         self.cs.set_low();
[INFO] [stdout]     |                 ^^^^^^^
[INFO] [stdout] 
[INFO] [stdout] 
[INFO] [stdout] warning: use of deprecated method `hal::digital::OutputPin::set_high`: Deprecated because the methods cannot return errors. Users should use the traits in digital::v2.
[INFO] [stdout]    --> src/lib.rs:174:25
[INFO] [stdout]     |
[INFO] [stdout] 174 |                 self.cs.set_high();
[INFO] [stdout]     |                         ^^^^^^^^
[INFO] [stdout] 
[INFO] [stdout] 
[INFO] [stdout] warning: use of deprecated method `hal::digital::OutputPin::set_high`: Deprecated because the methods cannot return errors. Users should use the traits in digital::v2.
[INFO] [stdout]    --> src/lib.rs:182:25
[INFO] [stdout]     |
[INFO] [stdout] 182 |                 self.cs.set_high();
[INFO] [stdout]     |                         ^^^^^^^^
[INFO] [stdout] 
[INFO] [stdout] 
[INFO] [stdout] warning: use of deprecated method `hal::digital::OutputPin::set_high`: Deprecated because the methods cannot return errors. Users should use the traits in digital::v2.
[INFO] [stdout]    --> src/lib.rs:192:29
[INFO] [stdout]     |
[INFO] [stdout] 192 |                     self.cs.set_high();
[INFO] [stdout]     |                             ^^^^^^^^
[INFO] [stdout] 
[INFO] [stdout] 
[INFO] [stdout] warning: use of deprecated method `hal::digital::OutputPin::set_high`: Deprecated because the methods cannot return errors. Users should use the traits in digital::v2.
[INFO] [stdout]    --> src/lib.rs:198:17
[INFO] [stdout]     |
[INFO] [stdout] 198 |         self.cs.set_high();
[INFO] [stdout]     |                 ^^^^^^^^
[INFO] [stdout] 
[INFO] [stdout] 
[INFO] [stdout] warning: use of deprecated method `hal::digital::OutputPin::set_low`: Deprecated because the methods cannot return errors. Users should use the traits in digital::v2.
[INFO] [stdout]    --> src/lib.rs:333:17
[INFO] [stdout]     |
[INFO] [stdout] 333 |         self.cs.set_low();
[INFO] [stdout]     |                 ^^^^^^^
[INFO] [stdout] 
[INFO] [stdout] 
[INFO] [stdout] warning: use of deprecated method `hal::digital::OutputPin::set_high`: Deprecated because the methods cannot return errors. Users should use the traits in digital::v2.
[INFO] [stdout]    --> src/lib.rs:337:17
[INFO] [stdout]     |
[INFO] [stdout] 337 |         self.cs.set_high();
[INFO] [stdout]     |                 ^^^^^^^^
[INFO] [stdout] 
[INFO] [stdout] 
[INFO] [stdout] warning: use of deprecated method `hal::digital::OutputPin::set_low`: Deprecated because the methods cannot return errors. Users should use the traits in digital::v2.
[INFO] [stdout]    --> src/lib.rs:349:17
[INFO] [stdout]     |
[INFO] [stdout] 349 |         self.cs.set_low();
[INFO] [stdout]     |                 ^^^^^^^
[INFO] [stdout] 
[INFO] [stdout] 
[INFO] [stdout] warning: use of deprecated method `hal::digital::OutputPin::set_high`: Deprecated because the methods cannot return errors. Users should use the traits in digital::v2.
[INFO] [stdout]    --> src/lib.rs:353:17
[INFO] [stdout]     |
[INFO] [stdout] 353 |         self.cs.set_high();
[INFO] [stdout]     |                 ^^^^^^^^
[INFO] [stdout] 
[INFO] [stdout] 
[INFO] [stderr]    Compiling rustc_version v0.1.7
[INFO] [stderr]    Compiling nix v0.6.0
[INFO] [stderr]    Compiling rustc_version v0.4.1
[INFO] [stderr]    Compiling cast v0.2.7
[INFO] [stderr]    Compiling spidev v0.3.0
[INFO] [stderr]    Compiling sysfs_gpio v0.5.4
[INFO] [stderr]    Compiling i2cdev v0.4.4
[INFO] [stderr]    Compiling linux-embedded-hal v0.2.2
[INFO] [stderr]    Compiling radio-at86rf212 v0.2.0 (/opt/rustwide/workdir)
[INFO] [stdout] warning: unnecessary parentheses around assigned value
[INFO] [stdout]  --> src/device.rs:9:35
[INFO] [stdout]   |
[INFO] [stdout] 9 | pub const REG_WRITE_FLAG: usize = (0xC0);
[INFO] [stdout]   |                                   ^    ^
[INFO] [stdout]   |
[INFO] [stdout]   = note: `#[warn(unused_parens)]` on by default
[INFO] [stdout] help: remove these parentheses
[INFO] [stdout]   |
[INFO] [stdout] 9 - pub const REG_WRITE_FLAG: usize = (0xC0);
[INFO] [stdout] 9 + pub const REG_WRITE_FLAG: usize = 0xC0;
[INFO] [stdout]   |
[INFO] [stdout] 
[INFO] [stdout] 
[INFO] [stdout] warning: unnecessary parentheses around assigned value
[INFO] [stdout]   --> src/device.rs:10:34
[INFO] [stdout]    |
[INFO] [stdout] 10 | pub const REG_READ_FLAG: usize = (0x80);
[INFO] [stdout]    |                                  ^    ^
[INFO] [stdout]    |
[INFO] [stdout] help: remove these parentheses
[INFO] [stdout]    |
[INFO] [stdout] 10 - pub const REG_READ_FLAG: usize = (0x80);
[INFO] [stdout] 10 + pub const REG_READ_FLAG: usize = 0x80;
[INFO] [stdout]    |
[INFO] [stdout] 
[INFO] [stdout] 
[INFO] [stdout] warning: unnecessary parentheses around assigned value
[INFO] [stdout]   --> src/device.rs:11:37
[INFO] [stdout]    |
[INFO] [stdout] 11 | pub const FRAME_WRITE_FLAG: usize = (0x60);
[INFO] [stdout]    |                                     ^    ^
[INFO] [stdout]    |
[INFO] [stdout] help: remove these parentheses
[INFO] [stdout]    |
[INFO] [stdout] 11 - pub const FRAME_WRITE_FLAG: usize = (0x60);
[INFO] [stdout] 11 + pub const FRAME_WRITE_FLAG: usize = 0x60;
[INFO] [stdout]    |
[INFO] [stdout] 
[INFO] [stdout] 
[INFO] [stdout] warning: unnecessary parentheses around assigned value
[INFO] [stdout]   --> src/device.rs:12:36
[INFO] [stdout]    |
[INFO] [stdout] 12 | pub const FRAME_READ_FLAG: usize = (0x20);
[INFO] [stdout]    |                                    ^    ^
[INFO] [stdout]    |
[INFO] [stdout] help: remove these parentheses
[INFO] [stdout]    |
[INFO] [stdout] 12 - pub const FRAME_READ_FLAG: usize = (0x20);
[INFO] [stdout] 12 + pub const FRAME_READ_FLAG: usize = 0x20;
[INFO] [stdout]    |
[INFO] [stdout] 
[INFO] [stdout] 
[INFO] [stdout] warning: unnecessary parentheses around assigned value
[INFO] [stdout]   --> src/device.rs:13:36
[INFO] [stdout]    |
[INFO] [stdout] 13 | pub const SRAM_WRITE_FLAG: usize = (0x40);
[INFO] [stdout]    |                                    ^    ^
[INFO] [stdout]    |
[INFO] [stdout] help: remove these parentheses
[INFO] [stdout]    |
[INFO] [stdout] 13 - pub const SRAM_WRITE_FLAG: usize = (0x40);
[INFO] [stdout] 13 + pub const SRAM_WRITE_FLAG: usize = 0x40;
[INFO] [stdout]    |
[INFO] [stdout] 
[INFO] [stdout] 
[INFO] [stdout] warning: unnecessary parentheses around assigned value
[INFO] [stdout]   --> src/device.rs:14:35
[INFO] [stdout]    |
[INFO] [stdout] 14 | pub const SRAM_READ_FLAG: usize = (0x00);
[INFO] [stdout]    |                                   ^    ^
[INFO] [stdout]    |
[INFO] [stdout] help: remove these parentheses
[INFO] [stdout]    |
[INFO] [stdout] 14 - pub const SRAM_READ_FLAG: usize = (0x00);
[INFO] [stdout] 14 + pub const SRAM_READ_FLAG: usize = 0x00;
[INFO] [stdout]    |
[INFO] [stdout] 
[INFO] [stdout] 
[INFO] [stdout] warning: unnecessary parentheses around assigned value
[INFO] [stdout]   --> src/device.rs:19:31
[INFO] [stdout]    |
[INFO] [stdout] 19 | pub const MAX_LENGTH: usize = (127);
[INFO] [stdout]    |                               ^   ^
[INFO] [stdout]    |
[INFO] [stdout] help: remove these parentheses
[INFO] [stdout]    |
[INFO] [stdout] 19 - pub const MAX_LENGTH: usize = (127);
[INFO] [stdout] 19 + pub const MAX_LENGTH: usize = 127;
[INFO] [stdout]    |
[INFO] [stdout] 
[INFO] [stdout] 
[INFO] [stdout] warning: unnecessary parentheses around assigned value
[INFO] [stdout]  --> src/regs.rs:9:31
[INFO] [stdout]   |
[INFO] [stdout] 9 | pub const REG_BASE_ADDR: u8 = (0x00);
[INFO] [stdout]   |                               ^    ^
[INFO] [stdout]   |
[INFO] [stdout] help: remove these parentheses
[INFO] [stdout]   |
[INFO] [stdout] 9 - pub const REG_BASE_ADDR: u8 = (0x00);
[INFO] [stdout] 9 + pub const REG_BASE_ADDR: u8 = 0x00;
[INFO] [stdout]   |
[INFO] [stdout] 
[INFO] [stdout] 
[INFO] [stdout] warning: unnecessary parentheses around assigned value
[INFO] [stdout]   --> src/regs.rs:11:31
[INFO] [stdout]    |
[INFO] [stdout] 11 | pub const AES_BASE_ADDR: u8 = (0x80);
[INFO] [stdout]    |                               ^    ^
[INFO] [stdout]    |
[INFO] [stdout] help: remove these parentheses
[INFO] [stdout]    |
[INFO] [stdout] 11 - pub const AES_BASE_ADDR: u8 = (0x80);
[INFO] [stdout] 11 + pub const AES_BASE_ADDR: u8 = 0x80;
[INFO] [stdout]    |
[INFO] [stdout] 
[INFO] [stdout] 
[INFO] [stdout] warning: use of deprecated trait `hal::digital::OutputPin`: Deprecated because the methods cannot return errors. Users should use the traits in digital::v2.
[INFO] [stdout]   --> src/lib.rs:17:20
[INFO] [stdout]    |
[INFO] [stdout] 17 | use hal::digital::{OutputPin};
[INFO] [stdout]    |                    ^^^^^^^^^
[INFO] [stdout]    |
[INFO] [stdout]    = note: `#[warn(deprecated)]` on by default
[INFO] [stdout] 
[INFO] [stdout] 
[INFO] [stdout] warning: use of deprecated trait `hal::digital::OutputPin`: Deprecated because the methods cannot return errors. Users should use the traits in digital::v2.
[INFO] [stdout]   --> src/lib.rs:69:13
[INFO] [stdout]    |
[INFO] [stdout] 69 |     OUTPUT: OutputPin,
[INFO] [stdout]    |             ^^^^^^^^^
[INFO] [stdout] 
[INFO] [stdout] 
[INFO] [stdout] warning: use of deprecated trait `hal::digital::OutputPin`: Deprecated because the methods cannot return errors. Users should use the traits in digital::v2.
[INFO] [stdout]    --> src/lib.rs:323:13
[INFO] [stdout]     |
[INFO] [stdout] 323 |     OUTPUT: OutputPin,
[INFO] [stdout]     |             ^^^^^^^^^
[INFO] [stdout] 
[INFO] [stdout] 
[INFO] [stdout] warning: use of deprecated trait `hal::digital::OutputPin`: Deprecated because the methods cannot return errors. Users should use the traits in digital::v2.
[INFO] [stdout]    --> src/lib.rs:374:13
[INFO] [stdout]     |
[INFO] [stdout] 374 |     OUTPUT: OutputPin,
[INFO] [stdout]     |             ^^^^^^^^^
[INFO] [stdout] 
[INFO] [stdout] 
[INFO] [stdout] warning: use of deprecated trait `hal::digital::OutputPin`: Deprecated because the methods cannot return errors. Users should use the traits in digital::v2.
[INFO] [stdout]    --> src/lib.rs:406:13
[INFO] [stdout]     |
[INFO] [stdout] 406 |     OUTPUT: OutputPin,
[INFO] [stdout]     |             ^^^^^^^^^
[INFO] [stdout] 
[INFO] [stdout] 
[INFO] [stdout] warning: use of deprecated method `hal::digital::OutputPin::set_low`: Deprecated because the methods cannot return errors. Users should use the traits in digital::v2.
[INFO] [stdout]   --> src/lib.rs:76:25
[INFO] [stdout]    |
[INFO] [stdout] 76 |         at86rf212.sleep.set_low();
[INFO] [stdout]    |                         ^^^^^^^
[INFO] [stdout] 
[INFO] [stdout] 
[INFO] [stdout] warning: use of deprecated method `hal::digital::OutputPin::set_low`: Deprecated because the methods cannot return errors. Users should use the traits in digital::v2.
[INFO] [stdout]   --> src/lib.rs:79:25
[INFO] [stdout]    |
[INFO] [stdout] 79 |         at86rf212.reset.set_low();
[INFO] [stdout]    |                         ^^^^^^^
[INFO] [stdout] 
[INFO] [stdout] 
[INFO] [stdout] warning: use of deprecated method `hal::digital::OutputPin::set_high`: Deprecated because the methods cannot return errors. Users should use the traits in digital::v2.
[INFO] [stdout]   --> src/lib.rs:81:25
[INFO] [stdout]    |
[INFO] [stdout] 81 |         at86rf212.reset.set_high();
[INFO] [stdout]    |                         ^^^^^^^^
[INFO] [stdout] 
[INFO] [stdout] 
[INFO] [stdout] warning: use of deprecated method `hal::digital::OutputPin::set_low`: Deprecated because the methods cannot return errors. Users should use the traits in digital::v2.
[INFO] [stdout]    --> src/lib.rs:136:17
[INFO] [stdout]     |
[INFO] [stdout] 136 |         self.cs.set_low();
[INFO] [stdout]     |                 ^^^^^^^
[INFO] [stdout] 
[INFO] [stdout] 
[INFO] [stdout] warning: use of deprecated method `hal::digital::OutputPin::set_high`: Deprecated because the methods cannot return errors. Users should use the traits in digital::v2.
[INFO] [stdout]    --> src/lib.rs:141:25
[INFO] [stdout]     |
[INFO] [stdout] 141 |                 self.cs.set_high();
[INFO] [stdout]     |                         ^^^^^^^^
[INFO] [stdout] 
[INFO] [stdout] 
[INFO] [stdout] warning: use of deprecated method `hal::digital::OutputPin::set_high`: Deprecated because the methods cannot return errors. Users should use the traits in digital::v2.
[INFO] [stdout]    --> src/lib.rs:149:25
[INFO] [stdout]     |
[INFO] [stdout] 149 |                 self.cs.set_high();
[INFO] [stdout]     |                         ^^^^^^^^
[INFO] [stdout] 
[INFO] [stdout] 
[INFO] [stdout] warning: use of deprecated method `hal::digital::OutputPin::set_high`: Deprecated because the methods cannot return errors. Users should use the traits in digital::v2.
[INFO] [stdout]    --> src/lib.rs:154:17
[INFO] [stdout]     |
[INFO] [stdout] 154 |         self.cs.set_high();
[INFO] [stdout]     |                 ^^^^^^^^
[INFO] [stdout] 
[INFO] [stdout] 
[INFO] [stdout] warning: use of deprecated method `hal::digital::OutputPin::set_low`: Deprecated because the methods cannot return errors. Users should use the traits in digital::v2.
[INFO] [stdout]    --> src/lib.rs:169:17
[INFO] [stdout]     |
[INFO] [stdout] 169 |         self.cs.set_low();
[INFO] [stdout]     |                 ^^^^^^^
[INFO] [stdout] 
[INFO] [stdout] 
[INFO] [stdout] warning: use of deprecated method `hal::digital::OutputPin::set_high`: Deprecated because the methods cannot return errors. Users should use the traits in digital::v2.
[INFO] [stdout]    --> src/lib.rs:174:25
[INFO] [stdout]     |
[INFO] [stdout] 174 |                 self.cs.set_high();
[INFO] [stdout]     |                         ^^^^^^^^
[INFO] [stdout] 
[INFO] [stdout] 
[INFO] [stdout] warning: use of deprecated method `hal::digital::OutputPin::set_high`: Deprecated because the methods cannot return errors. Users should use the traits in digital::v2.
[INFO] [stdout]    --> src/lib.rs:182:25
[INFO] [stdout]     |
[INFO] [stdout] 182 |                 self.cs.set_high();
[INFO] [stdout]     |                         ^^^^^^^^
[INFO] [stdout] 
[INFO] [stdout] 
[INFO] [stdout] warning: use of deprecated method `hal::digital::OutputPin::set_high`: Deprecated because the methods cannot return errors. Users should use the traits in digital::v2.
[INFO] [stdout]    --> src/lib.rs:192:29
[INFO] [stdout]     |
[INFO] [stdout] 192 |                     self.cs.set_high();
[INFO] [stdout]     |                             ^^^^^^^^
[INFO] [stdout] 
[INFO] [stdout] 
[INFO] [stdout] warning: use of deprecated method `hal::digital::OutputPin::set_high`: Deprecated because the methods cannot return errors. Users should use the traits in digital::v2.
[INFO] [stdout]    --> src/lib.rs:198:17
[INFO] [stdout]     |
[INFO] [stdout] 198 |         self.cs.set_high();
[INFO] [stdout]     |                 ^^^^^^^^
[INFO] [stdout] 
[INFO] [stdout] 
[INFO] [stdout] warning: use of deprecated method `hal::digital::OutputPin::set_low`: Deprecated because the methods cannot return errors. Users should use the traits in digital::v2.
[INFO] [stdout]    --> src/lib.rs:333:17
[INFO] [stdout]     |
[INFO] [stdout] 333 |         self.cs.set_low();
[INFO] [stdout]     |                 ^^^^^^^
[INFO] [stdout] 
[INFO] [stdout] 
[INFO] [stdout] warning: use of deprecated method `hal::digital::OutputPin::set_high`: Deprecated because the methods cannot return errors. Users should use the traits in digital::v2.
[INFO] [stdout]    --> src/lib.rs:337:17
[INFO] [stdout]     |
[INFO] [stdout] 337 |         self.cs.set_high();
[INFO] [stdout]     |                 ^^^^^^^^
[INFO] [stdout] 
[INFO] [stdout] 
[INFO] [stdout] warning: use of deprecated method `hal::digital::OutputPin::set_low`: Deprecated because the methods cannot return errors. Users should use the traits in digital::v2.
[INFO] [stdout]    --> src/lib.rs:349:17
[INFO] [stdout]     |
[INFO] [stdout] 349 |         self.cs.set_low();
[INFO] [stdout]     |                 ^^^^^^^
[INFO] [stdout] 
[INFO] [stdout] 
[INFO] [stdout] warning: use of deprecated method `hal::digital::OutputPin::set_high`: Deprecated because the methods cannot return errors. Users should use the traits in digital::v2.
[INFO] [stdout]    --> src/lib.rs:353:17
[INFO] [stdout]     |
[INFO] [stdout] 353 |         self.cs.set_high();
[INFO] [stdout]     |                 ^^^^^^^^
[INFO] [stdout] 
[INFO] [stdout] 
[INFO] [stderr]     Finished `test` profile [unoptimized + debuginfo] target(s) in 9.77s
[INFO] [stderr] warning: the following packages contain code that will be rejected by a future version of Rust: bitflags v0.4.0
[INFO] [stderr] note: to see what the problems were, use the option `--future-incompat-report`, or run `cargo report future-incompatibilities --id 1`
[INFO] running `Command { std: "docker" "inspect" "2677d38d75c228bfb3455d84c057136f53e2aa95c8e675bc5b716da61a02e368", kill_on_drop: false }`
[INFO] running `Command { std: "docker" "rm" "-f" "2677d38d75c228bfb3455d84c057136f53e2aa95c8e675bc5b716da61a02e368", kill_on_drop: false }`
[INFO] [stdout] 2677d38d75c228bfb3455d84c057136f53e2aa95c8e675bc5b716da61a02e368
[INFO] running `Command { std: "docker" "create" "-v" "/var/lib/crater-agent-workspace/builds/worker-3-tc2/target:/opt/rustwide/target:rw,Z" "-v" "/var/lib/crater-agent-workspace/builds/worker-3-tc2/source:/opt/rustwide/workdir:ro,Z" "-v" "/var/lib/crater-agent-workspace/cargo-home:/opt/rustwide/cargo-home:ro,Z" "-v" "/var/lib/crater-agent-workspace/rustup-home:/opt/rustwide/rustup-home:ro,Z" "-e" "SOURCE_DIR=/opt/rustwide/workdir" "-e" "CARGO_TARGET_DIR=/opt/rustwide/target" "-e" "CARGO_INCREMENTAL=0" "-e" "RUST_BACKTRACE=full" "-e" "RUSTFLAGS=--cap-lints=forbid -Zrandomize-layout" "-e" "RUSTDOCFLAGS=--cap-lints=forbid" "-e" "CARGO_HOME=/opt/rustwide/cargo-home" "-e" "RUSTUP_HOME=/opt/rustwide/rustup-home" "-w" "/opt/rustwide/workdir" "-m" "1610612736" "--user" "0:0" "--network" "none" "ghcr.io/rust-lang/crates-build-env/linux@sha256:819108c5571ea2e421544af4d832f968d213c87fbe3707a016657f43d2f853bc" "/opt/rustwide/cargo-home/bin/cargo" "+nightly-2025-01-18" "test" "--frozen", kill_on_drop: false }`
[INFO] [stdout] f9adee46ffb10cc96c3330899bb7e5d45cd243fef62898bc750153156c74e80b
[INFO] running `Command { std: "docker" "start" "-a" "f9adee46ffb10cc96c3330899bb7e5d45cd243fef62898bc750153156c74e80b", kill_on_drop: false }`
[INFO] [stderr] warning: no edition set: defaulting to the 2015 edition while the latest is 2024
[INFO] [stderr] warning: unnecessary parentheses around assigned value
[INFO] [stderr]  --> src/device.rs:9:35
[INFO] [stderr]   |
[INFO] [stderr] 9 | pub const REG_WRITE_FLAG: usize = (0xC0);
[INFO] [stderr]   |                                   ^    ^
[INFO] [stderr]   |
[INFO] [stderr]   = note: `#[warn(unused_parens)]` on by default
[INFO] [stderr] help: remove these parentheses
[INFO] [stderr]   |
[INFO] [stderr] 9 - pub const REG_WRITE_FLAG: usize = (0xC0);
[INFO] [stderr] 9 + pub const REG_WRITE_FLAG: usize = 0xC0;
[INFO] [stderr]   |
[INFO] [stderr] 
[INFO] [stderr] warning: unnecessary parentheses around assigned value
[INFO] [stderr]   --> src/device.rs:10:34
[INFO] [stderr]    |
[INFO] [stderr] 10 | pub const REG_READ_FLAG: usize = (0x80);
[INFO] [stderr]    |                                  ^    ^
[INFO] [stderr]    |
[INFO] [stderr] help: remove these parentheses
[INFO] [stderr]    |
[INFO] [stderr] 10 - pub const REG_READ_FLAG: usize = (0x80);
[INFO] [stderr] 10 + pub const REG_READ_FLAG: usize = 0x80;
[INFO] [stderr]    |
[INFO] [stderr] 
[INFO] [stderr] warning: unnecessary parentheses around assigned value
[INFO] [stderr]   --> src/device.rs:11:37
[INFO] [stderr]    |
[INFO] [stderr] 11 | pub const FRAME_WRITE_FLAG: usize = (0x60);
[INFO] [stderr]    |                                     ^    ^
[INFO] [stderr]    |
[INFO] [stderr] help: remove these parentheses
[INFO] [stderr]    |
[INFO] [stderr] 11 - pub const FRAME_WRITE_FLAG: usize = (0x60);
[INFO] [stderr] 11 + pub const FRAME_WRITE_FLAG: usize = 0x60;
[INFO] [stderr]    |
[INFO] [stderr] 
[INFO] [stderr] warning: unnecessary parentheses around assigned value
[INFO] [stderr]   --> src/device.rs:12:36
[INFO] [stderr]    |
[INFO] [stderr] 12 | pub const FRAME_READ_FLAG: usize = (0x20);
[INFO] [stderr]    |                                    ^    ^
[INFO] [stderr]    |
[INFO] [stderr] help: remove these parentheses
[INFO] [stderr]    |
[INFO] [stderr] 12 - pub const FRAME_READ_FLAG: usize = (0x20);
[INFO] [stderr] 12 + pub const FRAME_READ_FLAG: usize = 0x20;
[INFO] [stderr]    |
[INFO] [stderr] 
[INFO] [stderr] warning: unnecessary parentheses around assigned value
[INFO] [stderr]   --> src/device.rs:13:36
[INFO] [stderr]    |
[INFO] [stderr] 13 | pub const SRAM_WRITE_FLAG: usize = (0x40);
[INFO] [stderr]    |                                    ^    ^
[INFO] [stderr]    |
[INFO] [stderr] help: remove these parentheses
[INFO] [stderr]    |
[INFO] [stderr] 13 - pub const SRAM_WRITE_FLAG: usize = (0x40);
[INFO] [stderr] 13 + pub const SRAM_WRITE_FLAG: usize = 0x40;
[INFO] [stderr]    |
[INFO] [stderr] 
[INFO] [stderr] warning: unnecessary parentheses around assigned value
[INFO] [stderr]   --> src/device.rs:14:35
[INFO] [stderr]    |
[INFO] [stderr] 14 | pub const SRAM_READ_FLAG: usize = (0x00);
[INFO] [stderr]    |                                   ^    ^
[INFO] [stderr]    |
[INFO] [stderr] help: remove these parentheses
[INFO] [stderr]    |
[INFO] [stderr] 14 - pub const SRAM_READ_FLAG: usize = (0x00);
[INFO] [stderr] 14 + pub const SRAM_READ_FLAG: usize = 0x00;
[INFO] [stderr]    |
[INFO] [stderr] 
[INFO] [stderr] warning: unnecessary parentheses around assigned value
[INFO] [stderr]   --> src/device.rs:19:31
[INFO] [stderr]    |
[INFO] [stderr] 19 | pub const MAX_LENGTH: usize = (127);
[INFO] [stderr]    |                               ^   ^
[INFO] [stderr]    |
[INFO] [stderr] help: remove these parentheses
[INFO] [stderr]    |
[INFO] [stderr] 19 - pub const MAX_LENGTH: usize = (127);
[INFO] [stderr] 19 + pub const MAX_LENGTH: usize = 127;
[INFO] [stderr]    |
[INFO] [stderr] 
[INFO] [stderr] warning: unnecessary parentheses around assigned value
[INFO] [stderr]  --> src/regs.rs:9:31
[INFO] [stderr]   |
[INFO] [stderr] 9 | pub const REG_BASE_ADDR: u8 = (0x00);
[INFO] [stderr]   |                               ^    ^
[INFO] [stderr]   |
[INFO] [stderr] help: remove these parentheses
[INFO] [stderr]   |
[INFO] [stderr] 9 - pub const REG_BASE_ADDR: u8 = (0x00);
[INFO] [stderr] 9 + pub const REG_BASE_ADDR: u8 = 0x00;
[INFO] [stderr]   |
[INFO] [stderr] 
[INFO] [stderr] warning: unnecessary parentheses around assigned value
[INFO] [stderr]   --> src/regs.rs:11:31
[INFO] [stderr]    |
[INFO] [stderr] 11 | pub const AES_BASE_ADDR: u8 = (0x80);
[INFO] [stderr]    |                               ^    ^
[INFO] [stderr]    |
[INFO] [stderr] help: remove these parentheses
[INFO] [stderr]    |
[INFO] [stderr] 11 - pub const AES_BASE_ADDR: u8 = (0x80);
[INFO] [stderr] 11 + pub const AES_BASE_ADDR: u8 = 0x80;
[INFO] [stderr]    |
[INFO] [stderr] 
[INFO] [stderr] warning: use of deprecated trait `hal::digital::OutputPin`: Deprecated because the methods cannot return errors. Users should use the traits in digital::v2.
[INFO] [stderr]   --> src/lib.rs:17:20
[INFO] [stderr]    |
[INFO] [stderr] 17 | use hal::digital::{OutputPin};
[INFO] [stderr]    |                    ^^^^^^^^^
[INFO] [stderr]    |
[INFO] [stderr]    = note: `#[warn(deprecated)]` on by default
[INFO] [stderr] 
[INFO] [stderr] warning: use of deprecated trait `hal::digital::OutputPin`: Deprecated because the methods cannot return errors. Users should use the traits in digital::v2.
[INFO] [stderr]   --> src/lib.rs:69:13
[INFO] [stderr]    |
[INFO] [stderr] 69 |     OUTPUT: OutputPin,
[INFO] [stderr]    |             ^^^^^^^^^
[INFO] [stderr] 
[INFO] [stderr] warning: use of deprecated trait `hal::digital::OutputPin`: Deprecated because the methods cannot return errors. Users should use the traits in digital::v2.
[INFO] [stderr]    --> src/lib.rs:323:13
[INFO] [stderr]     |
[INFO] [stderr] 323 |     OUTPUT: OutputPin,
[INFO] [stderr]     |             ^^^^^^^^^
[INFO] [stderr] 
[INFO] [stderr] warning: use of deprecated trait `hal::digital::OutputPin`: Deprecated because the methods cannot return errors. Users should use the traits in digital::v2.
[INFO] [stderr]    --> src/lib.rs:374:13
[INFO] [stderr]     |
[INFO] [stderr] 374 |     OUTPUT: OutputPin,
[INFO] [stderr]     |             ^^^^^^^^^
[INFO] [stderr] 
[INFO] [stderr] warning: use of deprecated trait `hal::digital::OutputPin`: Deprecated because the methods cannot return errors. Users should use the traits in digital::v2.
[INFO] [stderr]    --> src/lib.rs:406:13
[INFO] [stderr]     |
[INFO] [stderr] 406 |     OUTPUT: OutputPin,
[INFO] [stderr]     |             ^^^^^^^^^
[INFO] [stderr] 
[INFO] [stderr] warning: use of deprecated method `hal::digital::OutputPin::set_low`: Deprecated because the methods cannot return errors. Users should use the traits in digital::v2.
[INFO] [stderr]   --> src/lib.rs:76:25
[INFO] [stderr]    |
[INFO] [stderr] 76 |         at86rf212.sleep.set_low();
[INFO] [stderr]    |                         ^^^^^^^
[INFO] [stderr] 
[INFO] [stderr] warning: use of deprecated method `hal::digital::OutputPin::set_low`: Deprecated because the methods cannot return errors. Users should use the traits in digital::v2.
[INFO] [stderr]   --> src/lib.rs:79:25
[INFO] [stderr]    |
[INFO] [stderr] 79 |         at86rf212.reset.set_low();
[INFO] [stderr]    |                         ^^^^^^^
[INFO] [stderr] 
[INFO] [stderr] warning: use of deprecated method `hal::digital::OutputPin::set_high`: Deprecated because the methods cannot return errors. Users should use the traits in digital::v2.
[INFO] [stderr]   --> src/lib.rs:81:25
[INFO] [stderr]    |
[INFO] [stderr] 81 |         at86rf212.reset.set_high();
[INFO] [stderr]    |                         ^^^^^^^^
[INFO] [stderr] 
[INFO] [stderr] warning: use of deprecated method `hal::digital::OutputPin::set_low`: Deprecated because the methods cannot return errors. Users should use the traits in digital::v2.
[INFO] [stderr]    --> src/lib.rs:136:17
[INFO] [stderr]     |
[INFO] [stderr] 136 |         self.cs.set_low();
[INFO] [stderr]     |                 ^^^^^^^
[INFO] [stderr] 
[INFO] [stderr] warning: use of deprecated method `hal::digital::OutputPin::set_high`: Deprecated because the methods cannot return errors. Users should use the traits in digital::v2.
[INFO] [stderr]    --> src/lib.rs:141:25
[INFO] [stderr]     |
[INFO] [stderr] 141 |                 self.cs.set_high();
[INFO] [stderr]     |                         ^^^^^^^^
[INFO] [stderr] 
[INFO] [stderr] warning: use of deprecated method `hal::digital::OutputPin::set_high`: Deprecated because the methods cannot return errors. Users should use the traits in digital::v2.
[INFO] [stderr]    --> src/lib.rs:149:25
[INFO] [stderr]     |
[INFO] [stderr] 149 |                 self.cs.set_high();
[INFO] [stderr]     |                         ^^^^^^^^
[INFO] [stderr] 
[INFO] [stderr] warning: use of deprecated method `hal::digital::OutputPin::set_high`: Deprecated because the methods cannot return errors. Users should use the traits in digital::v2.
[INFO] [stderr]    --> src/lib.rs:154:17
[INFO] [stderr]     |
[INFO] [stderr] 154 |         self.cs.set_high();
[INFO] [stderr]     |                 ^^^^^^^^
[INFO] [stderr] 
[INFO] [stderr] warning: use of deprecated method `hal::digital::OutputPin::set_low`: Deprecated because the methods cannot return errors. Users should use the traits in digital::v2.
[INFO] [stderr]    --> src/lib.rs:169:17
[INFO] [stderr]     |
[INFO] [stderr] 169 |         self.cs.set_low();
[INFO] [stderr]     |                 ^^^^^^^
[INFO] [stderr] 
[INFO] [stderr] warning: use of deprecated method `hal::digital::OutputPin::set_high`: Deprecated because the methods cannot return errors. Users should use the traits in digital::v2.
[INFO] [stderr]    --> src/lib.rs:174:25
[INFO] [stderr]     |
[INFO] [stderr] 174 |                 self.cs.set_high();
[INFO] [stderr]     |                         ^^^^^^^^
[INFO] [stderr] 
[INFO] [stderr] warning: use of deprecated method `hal::digital::OutputPin::set_high`: Deprecated because the methods cannot return errors. Users should use the traits in digital::v2.
[INFO] [stderr]    --> src/lib.rs:182:25
[INFO] [stderr]     |
[INFO] [stderr] 182 |                 self.cs.set_high();
[INFO] [stderr]     |                         ^^^^^^^^
[INFO] [stderr] 
[INFO] [stderr] warning: use of deprecated method `hal::digital::OutputPin::set_high`: Deprecated because the methods cannot return errors. Users should use the traits in digital::v2.
[INFO] [stderr]    --> src/lib.rs:192:29
[INFO] [stderr]     |
[INFO] [stderr] 192 |                     self.cs.set_high();
[INFO] [stderr]     |                             ^^^^^^^^
[INFO] [stderr] 
[INFO] [stderr] warning: use of deprecated method `hal::digital::OutputPin::set_high`: Deprecated because the methods cannot return errors. Users should use the traits in digital::v2.
[INFO] [stderr]    --> src/lib.rs:198:17
[INFO] [stderr]     |
[INFO] [stderr] 198 |         self.cs.set_high();
[INFO] [stderr]     |                 ^^^^^^^^
[INFO] [stderr] 
[INFO] [stderr] warning: use of deprecated method `hal::digital::OutputPin::set_low`: Deprecated because the methods cannot return errors. Users should use the traits in digital::v2.
[INFO] [stderr]    --> src/lib.rs:333:17
[INFO] [stderr]     |
[INFO] [stderr] 333 |         self.cs.set_low();
[INFO] [stderr]     |                 ^^^^^^^
[INFO] [stderr] 
[INFO] [stderr] warning: use of deprecated method `hal::digital::OutputPin::set_high`: Deprecated because the methods cannot return errors. Users should use the traits in digital::v2.
[INFO] [stderr]    --> src/lib.rs:337:17
[INFO] [stderr]     |
[INFO] [stderr] 337 |         self.cs.set_high();
[INFO] [stderr]     |                 ^^^^^^^^
[INFO] [stderr] 
[INFO] [stderr] warning: use of deprecated method `hal::digital::OutputPin::set_low`: Deprecated because the methods cannot return errors. Users should use the traits in digital::v2.
[INFO] [stderr]    --> src/lib.rs:349:17
[INFO] [stderr]     |
[INFO] [stderr] 349 |         self.cs.set_low();
[INFO] [stderr]     |                 ^^^^^^^
[INFO] [stderr] 
[INFO] [stderr] warning: use of deprecated method `hal::digital::OutputPin::set_high`: Deprecated because the methods cannot return errors. Users should use the traits in digital::v2.
[INFO] [stderr]    --> src/lib.rs:353:17
[INFO] [stderr]     |
[INFO] [stderr] 353 |         self.cs.set_high();
[INFO] [stderr]     |                 ^^^^^^^^
[INFO] [stderr] 
[INFO] [stderr] warning: `radio-at86rf212` (lib) generated 30 warnings (run `cargo fix --lib -p radio-at86rf212` to apply 9 suggestions)
[INFO] [stderr] warning: `radio-at86rf212` (lib test) generated 30 warnings (30 duplicates)
[INFO] [stderr]     Finished `test` profile [unoptimized + debuginfo] target(s) in 0.06s
[INFO] [stderr] warning: the following packages contain code that will be rejected by a future version of Rust: bitflags v0.4.0
[INFO] [stderr] note: to see what the problems were, use the option `--future-incompat-report`, or run `cargo report future-incompatibilities --id 1`
[INFO] [stderr]      Running unittests src/lib.rs (/opt/rustwide/target/debug/deps/radio_at86rf212-3cdf5fb56315374b)
[INFO] [stdout] 
[INFO] [stdout] running 0 tests
[INFO] [stderr]      Running tests/main.rs (/opt/rustwide/target/debug/deps/main-1bc201a5758c8489)
[INFO] [stdout] 
[INFO] [stdout] test result: ok. 0 passed; 0 failed; 0 ignored; 0 measured; 0 filtered out; finished in 0.00s
[INFO] [stdout] 
[INFO] [stdout] 
[INFO] [stdout] running 1 test
[INFO] [stdout] test test_devices ... FAILED
[INFO] [stdout] 
[INFO] [stdout] failures:
[INFO] [stdout] 
[INFO] [stdout] ---- test_devices stdout ----
[INFO] [stdout] 
[INFO] [stdout] thread 'test_devices' panicked at tests/main.rs:26:10:
[INFO] [stdout] RADIO0_SPI environmental variable undefined: NotPresent
[INFO] [stdout] stack backtrace:
[INFO] [stdout]    0:     0x5edbc432067a - std::backtrace_rs::backtrace::libunwind::trace::hb059275cfc8d6126
[INFO] [stdout]                                at /rustc/6067b36314ab5eb2eb47cecc464545ba58e1ad24/library/std/src/../../backtrace/src/backtrace/libunwind.rs:116:5
[INFO] [stdout]    1:     0x5edbc432067a - std::backtrace_rs::backtrace::trace_unsynchronized::h2da071e4327ce3ee
[INFO] [stdout]                                at /rustc/6067b36314ab5eb2eb47cecc464545ba58e1ad24/library/std/src/../../backtrace/src/backtrace/mod.rs:66:5
[INFO] [stdout]    2:     0x5edbc432067a - std::sys::backtrace::_print_fmt::h842a1474e6f8d23f
[INFO] [stdout]                                at /rustc/6067b36314ab5eb2eb47cecc464545ba58e1ad24/library/std/src/sys/backtrace.rs:66:9
[INFO] [stdout]    3:     0x5edbc432067a - <std::sys::backtrace::BacktraceLock::print::DisplayBacktrace as core::fmt::Display>::fmt::h71a62eb3b9696b12
[INFO] [stdout]                                at /rustc/6067b36314ab5eb2eb47cecc464545ba58e1ad24/library/std/src/sys/backtrace.rs:39:26
[INFO] [stdout]    4:     0x5edbc4347cd3 - core::fmt::rt::Argument::fmt::hdb6b616786b41dc1
[INFO] [stdout]                                at /rustc/6067b36314ab5eb2eb47cecc464545ba58e1ad24/library/core/src/fmt/rt.rs:177:76
[INFO] [stdout]    5:     0x5edbc4347cd3 - core::fmt::write::h2cc1698af7e2d686
[INFO] [stdout]                                at /rustc/6067b36314ab5eb2eb47cecc464545ba58e1ad24/library/core/src/fmt/mod.rs:1440:21
[INFO] [stdout]    6:     0x5edbc431d173 - std::io::Write::write_fmt::hab1b4cd059a79022
[INFO] [stdout]                                at /rustc/6067b36314ab5eb2eb47cecc464545ba58e1ad24/library/std/src/io/mod.rs:1887:15
[INFO] [stdout]    7:     0x5edbc43204c2 - std::sys::backtrace::BacktraceLock::print::h147fe35b4ea13b08
[INFO] [stdout]                                at /rustc/6067b36314ab5eb2eb47cecc464545ba58e1ad24/library/std/src/sys/backtrace.rs:42:9
[INFO] [stdout]    8:     0x5edbc4321a9f - std::panicking::default_hook::{{closure}}::hbd44223dbdc0d208
[INFO] [stdout]                                at /rustc/6067b36314ab5eb2eb47cecc464545ba58e1ad24/library/std/src/panicking.rs:298:22
[INFO] [stdout]    9:     0x5edbc43218b8 - std::panicking::default_hook::h20f81eb0576efcec
[INFO] [stdout]                                at /rustc/6067b36314ab5eb2eb47cecc464545ba58e1ad24/library/std/src/panicking.rs:322:9
[INFO] [stdout]   10:     0x5edbc42e4973 - <alloc::boxed::Box<F,A> as core::ops::function::Fn<Args>>::call::hdb53814c496a4d34
[INFO] [stdout]                                at /rustc/6067b36314ab5eb2eb47cecc464545ba58e1ad24/library/alloc/src/boxed.rs:2027:9
[INFO] [stdout]   11:     0x5edbc42e4973 - test::test_main::{{closure}}::hc0a4963c59427c24
[INFO] [stdout]                                at /rustc/6067b36314ab5eb2eb47cecc464545ba58e1ad24/library/test/src/lib.rs:134:21
[INFO] [stdout]   12:     0x5edbc4322593 - <alloc::boxed::Box<F,A> as core::ops::function::Fn<Args>>::call::h591b2225413a77e9
[INFO] [stdout]                                at /rustc/6067b36314ab5eb2eb47cecc464545ba58e1ad24/library/alloc/src/boxed.rs:2027:9
[INFO] [stdout]   13:     0x5edbc4322593 - std::panicking::rust_panic_with_hook::h625eea43051b2edc
[INFO] [stdout]                                at /rustc/6067b36314ab5eb2eb47cecc464545ba58e1ad24/library/std/src/panicking.rs:839:13
[INFO] [stdout]   14:     0x5edbc432224a - std::panicking::begin_panic_handler::{{closure}}::h4f9159cfbc3f6bd3
[INFO] [stdout]                                at /rustc/6067b36314ab5eb2eb47cecc464545ba58e1ad24/library/std/src/panicking.rs:704:13
[INFO] [stdout]   15:     0x5edbc4320b79 - std::sys::backtrace::__rust_end_short_backtrace::h0390abce48353151
[INFO] [stdout]                                at /rustc/6067b36314ab5eb2eb47cecc464545ba58e1ad24/library/std/src/sys/backtrace.rs:168:18
[INFO] [stdout]   16:     0x5edbc4321edd - rust_begin_unwind
[INFO] [stdout]                                at /rustc/6067b36314ab5eb2eb47cecc464545ba58e1ad24/library/std/src/panicking.rs:695:5
[INFO] [stdout]   17:     0x5edbc43466b0 - core::panicking::panic_fmt::h9e7c637e9e5f29c9
[INFO] [stdout]                                at /rustc/6067b36314ab5eb2eb47cecc464545ba58e1ad24/library/core/src/panicking.rs:75:14
[INFO] [stdout]   18:     0x5edbc4346b26 - core::result::unwrap_failed::h7979f09313fe1849
[INFO] [stdout]                                at /rustc/6067b36314ab5eb2eb47cecc464545ba58e1ad24/library/core/src/result.rs:1704:5
[INFO] [stdout]   19:     0x5edbc42a6ac6 - core::result::Result<T,E>::expect::h2100b423ceb7e5e8
[INFO] [stdout]                                at /rustc/6067b36314ab5eb2eb47cecc464545ba58e1ad24/library/core/src/result.rs:1061:23
[INFO] [stdout]   20:     0x5edbc42a8c47 - main::test_devices::h7bf5b8d682e2b052
[INFO] [stdout]                                at /opt/rustwide/workdir/tests/main.rs:25:21
[INFO] [stdout]   21:     0x5edbc42a8b77 - main::test_devices::{{closure}}::h9e1c0700081ef221
[INFO] [stdout]                                at /opt/rustwide/workdir/tests/main.rs:24:18
[INFO] [stdout]   22:     0x5edbc42a55d6 - core::ops::function::FnOnce::call_once::h9504f9e309dbfdb9
[INFO] [stdout]                                at /rustc/6067b36314ab5eb2eb47cecc464545ba58e1ad24/library/core/src/ops/function.rs:250:5
[INFO] [stdout]   23:     0x5edbc42ea0cb - core::ops::function::FnOnce::call_once::he27718dfdd183f43
[INFO] [stdout]                                at /rustc/6067b36314ab5eb2eb47cecc464545ba58e1ad24/library/core/src/ops/function.rs:250:5
[INFO] [stdout]   24:     0x5edbc42ea0cb - test::__rust_begin_short_backtrace::h4e84902998457a5d
[INFO] [stdout]                                at /rustc/6067b36314ab5eb2eb47cecc464545ba58e1ad24/library/test/src/lib.rs:632:18
[INFO] [stdout]   25:     0x5edbc42e9003 - test::run_test_in_process::{{closure}}::h7176fd18fc1feca0
[INFO] [stdout]                                at /rustc/6067b36314ab5eb2eb47cecc464545ba58e1ad24/library/test/src/lib.rs:655:60
[INFO] [stdout]   26:     0x5edbc42e9003 - <core::panic::unwind_safe::AssertUnwindSafe<F> as core::ops::function::FnOnce<()>>::call_once::hf79cff2a624d8cf7
[INFO] [stdout]                                at /rustc/6067b36314ab5eb2eb47cecc464545ba58e1ad24/library/core/src/panic/unwind_safe.rs:272:9
[INFO] [stdout]   27:     0x5edbc42e9003 - std::panicking::try::do_call::h3da0561d9ab99c25
[INFO] [stdout]                                at /rustc/6067b36314ab5eb2eb47cecc464545ba58e1ad24/library/std/src/panicking.rs:587:40
[INFO] [stdout]   28:     0x5edbc42e9003 - std::panicking::try::h41c9fa508bc61df6
[INFO] [stdout]                                at /rustc/6067b36314ab5eb2eb47cecc464545ba58e1ad24/library/std/src/panicking.rs:550:19
[INFO] [stdout]   29:     0x5edbc42e9003 - std::panic::catch_unwind::h6b3ff07bb5afad93
[INFO] [stdout]                                at /rustc/6067b36314ab5eb2eb47cecc464545ba58e1ad24/library/std/src/panic.rs:358:14
[INFO] [stdout]   30:     0x5edbc42e9003 - test::run_test_in_process::hc7253dd11b39b9f4
[INFO] [stdout]                                at /rustc/6067b36314ab5eb2eb47cecc464545ba58e1ad24/library/test/src/lib.rs:655:27
[INFO] [stdout]   31:     0x5edbc42e9003 - test::run_test::{{closure}}::hfb2007f8649c30bb
[INFO] [stdout]                                at /rustc/6067b36314ab5eb2eb47cecc464545ba58e1ad24/library/test/src/lib.rs:576:43
[INFO] [stdout]   32:     0x5edbc42ac0e5 - test::run_test::{{closure}}::h56a17aa7a282a9f4
[INFO] [stdout]                                at /rustc/6067b36314ab5eb2eb47cecc464545ba58e1ad24/library/test/src/lib.rs:606:41
[INFO] [stdout]   33:     0x5edbc42ac0e5 - std::sys::backtrace::__rust_begin_short_backtrace::hd2d2d2fb8e8c6aac
[INFO] [stdout]                                at /rustc/6067b36314ab5eb2eb47cecc464545ba58e1ad24/library/std/src/sys/backtrace.rs:152:18
[INFO] [stdout]   34:     0x5edbc42af9ca - std::thread::Builder::spawn_unchecked_::{{closure}}::{{closure}}::h4faa3f9db6133423
[INFO] [stdout]                                at /rustc/6067b36314ab5eb2eb47cecc464545ba58e1ad24/library/std/src/thread/mod.rs:559:17
[INFO] [stdout]   35:     0x5edbc42af9ca - <core::panic::unwind_safe::AssertUnwindSafe<F> as core::ops::function::FnOnce<()>>::call_once::hf2e855a36a4ea846
[INFO] [stdout]                                at /rustc/6067b36314ab5eb2eb47cecc464545ba58e1ad24/library/core/src/panic/unwind_safe.rs:272:9
[INFO] [stdout]   36:     0x5edbc42af9ca - std::panicking::try::do_call::h2f73af3616c35465
[INFO] [stdout]                                at /rustc/6067b36314ab5eb2eb47cecc464545ba58e1ad24/library/std/src/panicking.rs:587:40
[INFO] [stdout]   37:     0x5edbc42af9ca - std::panicking::try::hd1660ce9efadef5a
[INFO] [stdout]                                at /rustc/6067b36314ab5eb2eb47cecc464545ba58e1ad24/library/std/src/panicking.rs:550:19
[INFO] [stdout]   38:     0x5edbc42af9ca - std::panic::catch_unwind::h5ee8d7823b8ca744
[INFO] [stdout]                                at /rustc/6067b36314ab5eb2eb47cecc464545ba58e1ad24/library/std/src/panic.rs:358:14
[INFO] [stdout]   39:     0x5edbc42af9ca - std::thread::Builder::spawn_unchecked_::{{closure}}::h53c3a1894dce8407
[INFO] [stdout]                                at /rustc/6067b36314ab5eb2eb47cecc464545ba58e1ad24/library/std/src/thread/mod.rs:557:30
[INFO] [stdout]   40:     0x5edbc42af9ca - core::ops::function::FnOnce::call_once{{vtable.shim}}::h048ce291ad4f62bf
[INFO] [stdout]                                at /rustc/6067b36314ab5eb2eb47cecc464545ba58e1ad24/library/core/src/ops/function.rs:250:5
[INFO] [stdout]   41:     0x5edbc43264db - <alloc::boxed::Box<F,A> as core::ops::function::FnOnce<Args>>::call_once::ha52bedf99a3b4981
[INFO] [stdout]                                at /rustc/6067b36314ab5eb2eb47cecc464545ba58e1ad24/library/alloc/src/boxed.rs:2013:9
[INFO] [stdout]   42:     0x5edbc43264db - <alloc::boxed::Box<F,A> as core::ops::function::FnOnce<Args>>::call_once::h567748934d80ccf8
[INFO] [stdout]                                at /rustc/6067b36314ab5eb2eb47cecc464545ba58e1ad24/library/alloc/src/boxed.rs:2013:9
[INFO] [stdout]   43:     0x5edbc43264db - std::sys::pal::unix::thread::Thread::new::thread_start::h2d970728ae887adc
[INFO] [stdout]                                at /rustc/6067b36314ab5eb2eb47cecc464545ba58e1ad24/library/std/src/sys/pal/unix/thread.rs:106:17
[INFO] [stdout]   44:     0x71b59ca04ac3 - <unknown>
[INFO] [stdout]   45:     0x71b59ca95a04 - clone
[INFO] [stdout]   46:                0x0 - <unknown>
[INFO] [stdout] 
[INFO] [stdout] 
[INFO] [stdout] failures:
[INFO] [stdout]     test_devices
[INFO] [stdout] 
[INFO] [stdout] test result: FAILED. 0 passed; 1 failed; 0 ignored; 0 measured; 0 filtered out; finished in 0.02s
[INFO] [stdout] 
[INFO] [stderr] error: test failed, to rerun pass `--test main`
[INFO] running `Command { std: "docker" "inspect" "f9adee46ffb10cc96c3330899bb7e5d45cd243fef62898bc750153156c74e80b", kill_on_drop: false }`
[INFO] running `Command { std: "docker" "rm" "-f" "f9adee46ffb10cc96c3330899bb7e5d45cd243fef62898bc750153156c74e80b", kill_on_drop: false }`
[INFO] [stdout] f9adee46ffb10cc96c3330899bb7e5d45cd243fef62898bc750153156c74e80b
