[INFO] fetching crate quantleaf-query-sdk 0.0.1-alpha.11...
[INFO] testing quantleaf-query-sdk-0.0.1-alpha.11 against nightly-2025-01-18+rustflags=-Zrandomize-layout for randomize-layout-2
[INFO] extracting crate quantleaf-query-sdk 0.0.1-alpha.11 into /workspace/builds/worker-3-tc2/source
[INFO] validating manifest of crates.io crate quantleaf-query-sdk 0.0.1-alpha.11 on toolchain nightly-2025-01-18
[INFO] running `Command { std: CARGO_HOME="/workspace/cargo-home" RUSTUP_HOME="/workspace/rustup-home" "/workspace/cargo-home/bin/cargo" "+nightly-2025-01-18" "metadata" "--manifest-path" "Cargo.toml" "--no-deps", kill_on_drop: false }`
[INFO] started tweaking crates.io crate quantleaf-query-sdk 0.0.1-alpha.11
[INFO] finished tweaking crates.io crate quantleaf-query-sdk 0.0.1-alpha.11
[INFO] tweaked toml for crates.io crate quantleaf-query-sdk 0.0.1-alpha.11 written to /workspace/builds/worker-3-tc2/source/Cargo.toml
[INFO] running `Command { std: CARGO_HOME="/workspace/cargo-home" RUSTUP_HOME="/workspace/rustup-home" "/workspace/cargo-home/bin/cargo" "+nightly-2025-01-18" "generate-lockfile" "--manifest-path" "Cargo.toml", kill_on_drop: false }`
[INFO] [stderr]     Updating crates.io index
[INFO] [stderr]     Blocking waiting for file lock on package cache
[INFO] [stderr]      Locking 158 packages to latest compatible versions
[INFO] [stderr]       Adding reqwest v0.11.27 (available: v0.12.12)
[INFO] running `Command { std: CARGO_HOME="/workspace/cargo-home" RUSTUP_HOME="/workspace/rustup-home" "/workspace/cargo-home/bin/cargo" "+nightly-2025-01-18" "fetch" "--manifest-path" "Cargo.toml", kill_on_drop: false }`
[INFO] [stderr]     Blocking waiting for file lock on package cache
[INFO] [stderr]     Blocking waiting for file lock on package cache
[INFO] running `Command { std: "docker" "create" "-v" "/var/lib/crater-agent-workspace/builds/worker-3-tc2/target:/opt/rustwide/target:rw,Z" "-v" "/var/lib/crater-agent-workspace/builds/worker-3-tc2/source:/opt/rustwide/workdir:ro,Z" "-v" "/var/lib/crater-agent-workspace/cargo-home:/opt/rustwide/cargo-home:ro,Z" "-v" "/var/lib/crater-agent-workspace/rustup-home:/opt/rustwide/rustup-home:ro,Z" "-e" "SOURCE_DIR=/opt/rustwide/workdir" "-e" "CARGO_TARGET_DIR=/opt/rustwide/target" "-e" "CARGO_HOME=/opt/rustwide/cargo-home" "-e" "RUSTUP_HOME=/opt/rustwide/rustup-home" "-w" "/opt/rustwide/workdir" "-m" "1610612736" "--user" "0:0" "--network" "none" "ghcr.io/rust-lang/crates-build-env/linux@sha256:819108c5571ea2e421544af4d832f968d213c87fbe3707a016657f43d2f853bc" "/opt/rustwide/cargo-home/bin/cargo" "+nightly-2025-01-18" "metadata" "--no-deps" "--format-version=1", kill_on_drop: false }`
[INFO] [stdout] b6b607d81a20033daae1516ebdc15eebd6a991b953712029f32fc683b2e0217e
[INFO] running `Command { std: "docker" "start" "-a" "b6b607d81a20033daae1516ebdc15eebd6a991b953712029f32fc683b2e0217e", kill_on_drop: false }`
[INFO] running `Command { std: "docker" "inspect" "b6b607d81a20033daae1516ebdc15eebd6a991b953712029f32fc683b2e0217e", kill_on_drop: false }`
[INFO] running `Command { std: "docker" "rm" "-f" "b6b607d81a20033daae1516ebdc15eebd6a991b953712029f32fc683b2e0217e", kill_on_drop: false }`
[INFO] [stdout] b6b607d81a20033daae1516ebdc15eebd6a991b953712029f32fc683b2e0217e
[INFO] running `Command { std: "docker" "create" "-v" "/var/lib/crater-agent-workspace/builds/worker-3-tc2/target:/opt/rustwide/target:rw,Z" "-v" "/var/lib/crater-agent-workspace/builds/worker-3-tc2/source:/opt/rustwide/workdir:ro,Z" "-v" "/var/lib/crater-agent-workspace/cargo-home:/opt/rustwide/cargo-home:ro,Z" "-v" "/var/lib/crater-agent-workspace/rustup-home:/opt/rustwide/rustup-home:ro,Z" "-e" "SOURCE_DIR=/opt/rustwide/workdir" "-e" "CARGO_TARGET_DIR=/opt/rustwide/target" "-e" "CARGO_INCREMENTAL=0" "-e" "RUST_BACKTRACE=full" "-e" "RUSTFLAGS=--cap-lints=forbid -Zrandomize-layout" "-e" "RUSTDOCFLAGS=--cap-lints=forbid" "-e" "CARGO_HOME=/opt/rustwide/cargo-home" "-e" "RUSTUP_HOME=/opt/rustwide/rustup-home" "-w" "/opt/rustwide/workdir" "-m" "1610612736" "--user" "0:0" "--network" "none" "ghcr.io/rust-lang/crates-build-env/linux@sha256:819108c5571ea2e421544af4d832f968d213c87fbe3707a016657f43d2f853bc" "/opt/rustwide/cargo-home/bin/cargo" "+nightly-2025-01-18" "build" "--frozen" "--message-format=json", kill_on_drop: false }`
[INFO] [stdout] d17aac34739a8728a87503e84c84ec88075354b68c2acfab5900b637f589d203
[INFO] running `Command { std: "docker" "start" "-a" "d17aac34739a8728a87503e84c84ec88075354b68c2acfab5900b637f589d203", kill_on_drop: false }`
[INFO] [stderr]    Compiling libc v0.2.169
[INFO] [stderr]    Compiling stable_deref_trait v1.2.0
[INFO] [stderr]    Compiling smallvec v1.13.2
[INFO] [stderr]    Compiling shlex v1.3.0
[INFO] [stderr]    Compiling vcpkg v0.2.15
[INFO] [stderr]    Compiling pin-project-lite v0.2.16
[INFO] [stderr]    Compiling pkg-config v0.3.31
[INFO] [stderr]    Compiling bytes v1.9.0
[INFO] [stderr]    Compiling litemap v0.7.4
[INFO] [stderr]    Compiling writeable v0.5.5
[INFO] [stderr]    Compiling itoa v1.0.14
[INFO] [stderr]    Compiling futures-core v0.3.31
[INFO] [stderr]    Compiling icu_locid_transform_data v1.5.0
[INFO] [stderr]    Compiling slab v0.4.9
[INFO] [stderr]    Compiling syn v2.0.96
[INFO] [stderr]    Compiling openssl v0.10.68
[INFO] [stderr]    Compiling foreign-types-shared v0.1.1
[INFO] [stderr]    Compiling icu_properties_data v1.5.0
[INFO] [stderr]    Compiling foreign-types v0.3.2
[INFO] [stderr]    Compiling tracing-core v0.1.33
[INFO] [stderr]    Compiling cc v1.2.10
[INFO] [stderr]    Compiling utf16_iter v1.0.5
[INFO] [stderr]    Compiling icu_normalizer_data v1.5.0
[INFO] [stderr]    Compiling bitflags v2.8.0
[INFO] [stderr]    Compiling futures-task v0.3.31
[INFO] [stderr]    Compiling hashbrown v0.15.2
[INFO] [stderr]    Compiling equivalent v1.0.1
[INFO] [stderr]    Compiling httparse v1.9.5
[INFO] [stderr]    Compiling native-tls v0.2.12
[INFO] [stderr]    Compiling pin-utils v0.1.0
[INFO] [stderr]    Compiling utf8_iter v1.0.4
[INFO] [stderr]    Compiling write16 v1.0.0
[INFO] [stderr]    Compiling futures-sink v0.3.31
[INFO] [stderr]    Compiling futures-util v0.3.31
[INFO] [stderr]    Compiling percent-encoding v2.3.1
[INFO] [stderr]    Compiling http v0.2.12
[INFO] [stderr]    Compiling try-lock v0.2.5
[INFO] [stderr]    Compiling openssl-probe v0.1.5
[INFO] [stderr]    Compiling tracing v0.1.41
[INFO] [stderr]    Compiling want v0.3.1
[INFO] [stderr]    Compiling form_urlencoded v1.2.1
[INFO] [stderr]    Compiling futures-channel v0.3.31
[INFO] [stderr]    Compiling httpdate v1.0.3
[INFO] [stderr]    Compiling ryu v1.0.18
[INFO] [stderr]    Compiling serde_json v1.0.137
[INFO] [stderr]    Compiling tower-service v0.3.3
[INFO] [stderr]    Compiling memchr v2.7.4
[INFO] [stderr]    Compiling indexmap v2.7.1
[INFO] [stderr]    Compiling base64 v0.21.7
[INFO] [stderr]    Compiling encoding_rs v0.8.35
[INFO] [stderr]    Compiling mime v0.3.17
[INFO] [stderr]    Compiling ipnet v2.11.0
[INFO] [stderr]    Compiling sync_wrapper v0.1.2
[INFO] [stderr]    Compiling dotenv v0.15.0
[INFO] [stderr]    Compiling rustls-pemfile v1.0.4
[INFO] [stderr]    Compiling http-body v0.4.6
[INFO] [stderr]    Compiling openssl-sys v0.9.104
[INFO] [stderr]    Compiling parking_lot_core v0.9.10
[INFO] [stderr]    Compiling socket2 v0.5.8
[INFO] [stderr]    Compiling mio v1.0.3
[INFO] [stderr]    Compiling signal-hook-registry v1.4.2
[INFO] [stderr]    Compiling parking_lot v0.12.3
[INFO] [stderr]    Compiling tokio v1.43.0
[INFO] [stderr]    Compiling synstructure v0.13.1
[INFO] [stderr]    Compiling zerofrom-derive v0.1.5
[INFO] [stderr]    Compiling yoke-derive v0.7.5
[INFO] [stderr]    Compiling zerovec-derive v0.10.3
[INFO] [stderr]    Compiling displaydoc v0.2.5
[INFO] [stderr]    Compiling icu_provider_macros v1.5.0
[INFO] [stderr]    Compiling openssl-macros v0.1.1
[INFO] [stderr]    Compiling serde_derive v1.0.217
[INFO] [stderr]    Compiling tokio-util v0.7.13
[INFO] [stderr]    Compiling h2 v0.3.26
[INFO] [stderr]    Compiling zerofrom v0.1.5
[INFO] [stderr]    Compiling yoke v0.7.5
[INFO] [stderr]    Compiling zerovec v0.10.4
[INFO] [stderr]    Compiling tinystr v0.7.6
[INFO] [stderr]    Compiling icu_collections v1.5.0
[INFO] [stderr]    Compiling icu_locid v1.5.0
[INFO] [stderr]    Compiling serde v1.0.217
[INFO] [stderr]    Compiling icu_provider v1.5.0
[INFO] [stderr]    Compiling hyper v0.14.32
[INFO] [stderr]    Compiling tokio-native-tls v0.3.1
[INFO] [stderr]    Compiling icu_locid_transform v1.5.0
[INFO] [stderr]    Compiling icu_properties v1.5.1
[INFO] [stderr]    Compiling icu_normalizer v1.5.0
[INFO] [stderr]    Compiling hyper-tls v0.5.0
[INFO] [stderr]    Compiling serde_urlencoded v0.7.1
[INFO] [stderr]    Compiling idna_adapter v1.2.0
[INFO] [stderr]    Compiling idna v1.0.3
[INFO] [stderr]    Compiling url v2.5.4
[INFO] [stderr]    Compiling reqwest v0.11.27
[INFO] [stderr]    Compiling quantleaf-query-sdk v0.0.1-alpha.11 (/opt/rustwide/workdir)
[INFO] [stderr]     Finished `dev` profile [unoptimized + debuginfo] target(s) in 37.14s
[INFO] running `Command { std: "docker" "inspect" "d17aac34739a8728a87503e84c84ec88075354b68c2acfab5900b637f589d203", kill_on_drop: false }`
[INFO] running `Command { std: "docker" "rm" "-f" "d17aac34739a8728a87503e84c84ec88075354b68c2acfab5900b637f589d203", kill_on_drop: false }`
[INFO] [stdout] d17aac34739a8728a87503e84c84ec88075354b68c2acfab5900b637f589d203
[INFO] running `Command { std: "docker" "create" "-v" "/var/lib/crater-agent-workspace/builds/worker-3-tc2/target:/opt/rustwide/target:rw,Z" "-v" "/var/lib/crater-agent-workspace/builds/worker-3-tc2/source:/opt/rustwide/workdir:ro,Z" "-v" "/var/lib/crater-agent-workspace/cargo-home:/opt/rustwide/cargo-home:ro,Z" "-v" "/var/lib/crater-agent-workspace/rustup-home:/opt/rustwide/rustup-home:ro,Z" "-e" "SOURCE_DIR=/opt/rustwide/workdir" "-e" "CARGO_TARGET_DIR=/opt/rustwide/target" "-e" "CARGO_INCREMENTAL=0" "-e" "RUST_BACKTRACE=full" "-e" "RUSTFLAGS=--cap-lints=forbid -Zrandomize-layout" "-e" "RUSTDOCFLAGS=--cap-lints=forbid" "-e" "CARGO_HOME=/opt/rustwide/cargo-home" "-e" "RUSTUP_HOME=/opt/rustwide/rustup-home" "-w" "/opt/rustwide/workdir" "-m" "1610612736" "--user" "0:0" "--network" "none" "ghcr.io/rust-lang/crates-build-env/linux@sha256:819108c5571ea2e421544af4d832f968d213c87fbe3707a016657f43d2f853bc" "/opt/rustwide/cargo-home/bin/cargo" "+nightly-2025-01-18" "test" "--frozen" "--no-run" "--message-format=json", kill_on_drop: false }`
[INFO] [stdout] 4e4f3209db691bb6e2b14ab44c9b55fcfa23cae9cbd42207d4028754582fb25d
[INFO] running `Command { std: "docker" "start" "-a" "4e4f3209db691bb6e2b14ab44c9b55fcfa23cae9cbd42207d4028754582fb25d", kill_on_drop: false }`
[INFO] [stderr]    Compiling actix-macros v0.2.4
[INFO] [stderr]    Compiling actix-rt v2.10.0
[INFO] [stderr]    Compiling quantleaf-query-sdk v0.0.1-alpha.11 (/opt/rustwide/workdir)
[INFO] [stderr]     Finished `test` profile [unoptimized + debuginfo] target(s) in 5.47s
[INFO] running `Command { std: "docker" "inspect" "4e4f3209db691bb6e2b14ab44c9b55fcfa23cae9cbd42207d4028754582fb25d", kill_on_drop: false }`
[INFO] running `Command { std: "docker" "rm" "-f" "4e4f3209db691bb6e2b14ab44c9b55fcfa23cae9cbd42207d4028754582fb25d", kill_on_drop: false }`
[INFO] [stdout] 4e4f3209db691bb6e2b14ab44c9b55fcfa23cae9cbd42207d4028754582fb25d
[INFO] running `Command { std: "docker" "create" "-v" "/var/lib/crater-agent-workspace/builds/worker-3-tc2/target:/opt/rustwide/target:rw,Z" "-v" "/var/lib/crater-agent-workspace/builds/worker-3-tc2/source:/opt/rustwide/workdir:ro,Z" "-v" "/var/lib/crater-agent-workspace/cargo-home:/opt/rustwide/cargo-home:ro,Z" "-v" "/var/lib/crater-agent-workspace/rustup-home:/opt/rustwide/rustup-home:ro,Z" "-e" "SOURCE_DIR=/opt/rustwide/workdir" "-e" "CARGO_TARGET_DIR=/opt/rustwide/target" "-e" "CARGO_INCREMENTAL=0" "-e" "RUST_BACKTRACE=full" "-e" "RUSTFLAGS=--cap-lints=forbid -Zrandomize-layout" "-e" "RUSTDOCFLAGS=--cap-lints=forbid" "-e" "CARGO_HOME=/opt/rustwide/cargo-home" "-e" "RUSTUP_HOME=/opt/rustwide/rustup-home" "-w" "/opt/rustwide/workdir" "-m" "1610612736" "--user" "0:0" "--network" "none" "ghcr.io/rust-lang/crates-build-env/linux@sha256:819108c5571ea2e421544af4d832f968d213c87fbe3707a016657f43d2f853bc" "/opt/rustwide/cargo-home/bin/cargo" "+nightly-2025-01-18" "test" "--frozen", kill_on_drop: false }`
[INFO] [stdout] 42ab56feee635c5273d8091aab1de37b3ff6d86fc33ac0b8c0ac519dde07c185
[INFO] running `Command { std: "docker" "start" "-a" "42ab56feee635c5273d8091aab1de37b3ff6d86fc33ac0b8c0ac519dde07c185", kill_on_drop: false }`
[INFO] [stderr]     Finished `test` profile [unoptimized + debuginfo] target(s) in 0.45s
[INFO] [stderr]      Running unittests src/lib.rs (/opt/rustwide/target/debug/deps/quantleaf_query_sdk-dbc500c433138840)
[INFO] [stdout] 
[INFO] [stdout] running 2 tests
[INFO] [stdout] test models::query_result::tests::serialization_deserialization ... ok
[INFO] [stdout] test tests::it_can_create_client ... FAILED
[INFO] [stdout] 
[INFO] [stdout] failures:
[INFO] [stdout] 
[INFO] [stdout] ---- tests::it_can_create_client stdout ----
[INFO] [stdout] 
[INFO] [stdout] thread 'tests::it_can_create_client' panicked at src/lib.rs:64:19:
[INFO] [stdout] Failed to load API key
[INFO] [stdout] stack backtrace:
[INFO] [stdout]    0:     0x6181e3e40aca - std::backtrace_rs::backtrace::libunwind::trace::hb059275cfc8d6126
[INFO] [stdout]                                at /rustc/6067b36314ab5eb2eb47cecc464545ba58e1ad24/library/std/src/../../backtrace/src/backtrace/libunwind.rs:116:5
[INFO] [stdout]    1:     0x6181e3e40aca - std::backtrace_rs::backtrace::trace_unsynchronized::h2da071e4327ce3ee
[INFO] [stdout]                                at /rustc/6067b36314ab5eb2eb47cecc464545ba58e1ad24/library/std/src/../../backtrace/src/backtrace/mod.rs:66:5
[INFO] [stdout]    2:     0x6181e3e40aca - std::sys::backtrace::_print_fmt::h842a1474e6f8d23f
[INFO] [stdout]                                at /rustc/6067b36314ab5eb2eb47cecc464545ba58e1ad24/library/std/src/sys/backtrace.rs:66:9
[INFO] [stdout]    3:     0x6181e3e40aca - <std::sys::backtrace::BacktraceLock::print::DisplayBacktrace as core::fmt::Display>::fmt::h71a62eb3b9696b12
[INFO] [stdout]                                at /rustc/6067b36314ab5eb2eb47cecc464545ba58e1ad24/library/std/src/sys/backtrace.rs:39:26
[INFO] [stdout]    4:     0x6181e3e6b8e3 - core::fmt::rt::Argument::fmt::hdb6b616786b41dc1
[INFO] [stdout]                                at /rustc/6067b36314ab5eb2eb47cecc464545ba58e1ad24/library/core/src/fmt/rt.rs:177:76
[INFO] [stdout]    5:     0x6181e3e6b8e3 - core::fmt::write::h2cc1698af7e2d686
[INFO] [stdout]                                at /rustc/6067b36314ab5eb2eb47cecc464545ba58e1ad24/library/core/src/fmt/mod.rs:1440:21
[INFO] [stdout]    6:     0x6181e3e3c9c3 - std::io::Write::write_fmt::hab1b4cd059a79022
[INFO] [stdout]                                at /rustc/6067b36314ab5eb2eb47cecc464545ba58e1ad24/library/std/src/io/mod.rs:1887:15
[INFO] [stdout]    7:     0x6181e3e40912 - std::sys::backtrace::BacktraceLock::print::h147fe35b4ea13b08
[INFO] [stdout]                                at /rustc/6067b36314ab5eb2eb47cecc464545ba58e1ad24/library/std/src/sys/backtrace.rs:42:9
[INFO] [stdout]    8:     0x6181e3e41eef - std::panicking::default_hook::{{closure}}::hbd44223dbdc0d208
[INFO] [stdout]                                at /rustc/6067b36314ab5eb2eb47cecc464545ba58e1ad24/library/std/src/panicking.rs:298:22
[INFO] [stdout]    9:     0x6181e3e41d08 - std::panicking::default_hook::h20f81eb0576efcec
[INFO] [stdout]                                at /rustc/6067b36314ab5eb2eb47cecc464545ba58e1ad24/library/std/src/panicking.rs:322:9
[INFO] [stdout]   10:     0x6181e3e03843 - <alloc::boxed::Box<F,A> as core::ops::function::Fn<Args>>::call::hdb53814c496a4d34
[INFO] [stdout]                                at /rustc/6067b36314ab5eb2eb47cecc464545ba58e1ad24/library/alloc/src/boxed.rs:2027:9
[INFO] [stdout]   11:     0x6181e3e03843 - test::test_main::{{closure}}::hc0a4963c59427c24
[INFO] [stdout]                                at /rustc/6067b36314ab5eb2eb47cecc464545ba58e1ad24/library/test/src/lib.rs:134:21
[INFO] [stdout]   12:     0x6181e3e429e3 - <alloc::boxed::Box<F,A> as core::ops::function::Fn<Args>>::call::h591b2225413a77e9
[INFO] [stdout]                                at /rustc/6067b36314ab5eb2eb47cecc464545ba58e1ad24/library/alloc/src/boxed.rs:2027:9
[INFO] [stdout]   13:     0x6181e3e429e3 - std::panicking::rust_panic_with_hook::h625eea43051b2edc
[INFO] [stdout]                                at /rustc/6067b36314ab5eb2eb47cecc464545ba58e1ad24/library/std/src/panicking.rs:839:13
[INFO] [stdout]   14:     0x6181e3e427ec - std::panicking::begin_panic::{{closure}}::hb6f83f64bbc6469c
[INFO] [stdout]                                at /rustc/6067b36314ab5eb2eb47cecc464545ba58e1ad24/library/std/src/panicking.rs:768:9
[INFO] [stdout]   15:     0x6181e3e40fd9 - std::sys::backtrace::__rust_end_short_backtrace::h892ae3ae8be3daf3
[INFO] [stdout]                                at /rustc/6067b36314ab5eb2eb47cecc464545ba58e1ad24/library/std/src/sys/backtrace.rs:168:18
[INFO] [stdout]   16:     0x6181e3e426f2 - std::panicking::begin_panic::h855074417e0a5787
[INFO] [stdout]                                at /rustc/6067b36314ab5eb2eb47cecc464545ba58e1ad24/library/std/src/panicking.rs:767:5
[INFO] [stdout]   17:     0x6181e39cc462 - quantleaf_query_sdk::get_api_key::h908cc6abad994f2f
[INFO] [stdout]                                at /opt/rustwide/workdir/src/lib.rs:64:19
[INFO] [stdout]   18:     0x6181e39cb3c4 - quantleaf_query_sdk::Client::new::h47fd390409014009
[INFO] [stdout]                                at /opt/rustwide/workdir/src/lib.rs:20:22
[INFO] [stdout]   19:     0x6181e39b7cc2 - quantleaf_query_sdk::tests::it_can_create_client::{{closure}}::h526f00d3212e779e
[INFO] [stdout]                                at /opt/rustwide/workdir/src/lib.rs:83:22
[INFO] [stdout]   20:     0x6181e39bd763 - <tokio::task::local::RunUntil<T> as core::future::future::Future>::poll::{{closure}}::h488fbf504722012b
[INFO] [stdout]                                at /opt/rustwide/cargo-home/registry/src/index.crates.io-1949cf8c6b5b557f/tokio-1.43.0/src/task/local.rs:1041:42
[INFO] [stdout]   21:     0x6181e39bca64 - tokio::task::local::LocalSet::with::{{closure}}::h4b6df8a45f2f1dc5
[INFO] [stdout]                                at /opt/rustwide/cargo-home/registry/src/index.crates.io-1949cf8c6b5b557f/tokio-1.43.0/src/task/local.rs:793:13
[INFO] [stdout]   22:     0x6181e39c5f75 - std::thread::local::LocalKey<T>::try_with::h784fc7505115bb2f
[INFO] [stdout]                                at /rustc/6067b36314ab5eb2eb47cecc464545ba58e1ad24/library/std/src/thread/local.rs:308:12
[INFO] [stdout]   23:     0x6181e39c565a - std::thread::local::LocalKey<T>::with::h5be22e9754a0284d
[INFO] [stdout]                                at /rustc/6067b36314ab5eb2eb47cecc464545ba58e1ad24/library/std/src/thread/local.rs:272:9
[INFO] [stdout]   24:     0x6181e39bc9c6 - tokio::task::local::LocalSet::with::h08d51baac8788024
[INFO] [stdout]                                at /opt/rustwide/cargo-home/registry/src/index.crates.io-1949cf8c6b5b557f/tokio-1.43.0/src/task/local.rs:791:9
[INFO] [stdout]   25:     0x6181e39bd6e5 - <tokio::task::local::RunUntil<T> as core::future::future::Future>::poll::h6ce6bd5ccdc5a9c9
[INFO] [stdout]                                at /opt/rustwide/cargo-home/registry/src/index.crates.io-1949cf8c6b5b557f/tokio-1.43.0/src/task/local.rs:1031:9
[INFO] [stdout]   26:     0x6181e39bcd15 - tokio::task::local::LocalSet::run_until::{{closure}}::h0213f4cd5a027602
[INFO] [stdout]                                at /opt/rustwide/cargo-home/registry/src/index.crates.io-1949cf8c6b5b557f/tokio-1.43.0/src/task/local.rs:689:19
[INFO] [stdout]   27:     0x6181e39ad3dd - <core::pin::Pin<P> as core::future::future::Future>::poll::hc6c4540c8f725148
[INFO] [stdout]                                at /rustc/6067b36314ab5eb2eb47cecc464545ba58e1ad24/library/core/src/future/future.rs:124:9
[INFO] [stdout]   28:     0x6181e39ad39d - <core::pin::Pin<P> as core::future::future::Future>::poll::h98f8d776aee0a078
[INFO] [stdout]                                at /rustc/6067b36314ab5eb2eb47cecc464545ba58e1ad24/library/core/src/future/future.rs:124:9
[INFO] [stdout]   29:     0x6181e39b42df - tokio::runtime::scheduler::current_thread::CoreGuard::block_on::{{closure}}::{{closure}}::{{closure}}::h51bc888aeba7eeba
[INFO] [stdout]                                at /opt/rustwide/cargo-home/registry/src/index.crates.io-1949cf8c6b5b557f/tokio-1.43.0/src/runtime/scheduler/current_thread/mod.rs:729:57
[INFO] [stdout]   30:     0x6181e39b4065 - tokio::runtime::coop::with_budget::h43f9c23667ddf4db
[INFO] [stdout]                                at /opt/rustwide/cargo-home/registry/src/index.crates.io-1949cf8c6b5b557f/tokio-1.43.0/src/runtime/coop.rs:107:5
[INFO] [stdout]   31:     0x6181e39b4065 - tokio::runtime::coop::budget::h771d7ef64a85376e
[INFO] [stdout]                                at /opt/rustwide/cargo-home/registry/src/index.crates.io-1949cf8c6b5b557f/tokio-1.43.0/src/runtime/coop.rs:73:5
[INFO] [stdout]   32:     0x6181e39b4065 - tokio::runtime::scheduler::current_thread::CoreGuard::block_on::{{closure}}::{{closure}}::h158e9d5f012a22ff
[INFO] [stdout]                                at /opt/rustwide/cargo-home/registry/src/index.crates.io-1949cf8c6b5b557f/tokio-1.43.0/src/runtime/scheduler/current_thread/mod.rs:729:25
[INFO] [stdout]   33:     0x6181e39b1eac - tokio::runtime::scheduler::current_thread::Context::enter::h93d8be0fc3f3fb21
[INFO] [stdout]                                at /opt/rustwide/cargo-home/registry/src/index.crates.io-1949cf8c6b5b557f/tokio-1.43.0/src/runtime/scheduler/current_thread/mod.rs:428:19
[INFO] [stdout]   34:     0x6181e39b38eb - tokio::runtime::scheduler::current_thread::CoreGuard::block_on::{{closure}}::hccb457f7e8ef91a5
[INFO] [stdout]                                at /opt/rustwide/cargo-home/registry/src/index.crates.io-1949cf8c6b5b557f/tokio-1.43.0/src/runtime/scheduler/current_thread/mod.rs:728:36
[INFO] [stdout]   35:     0x6181e39b2d44 - tokio::runtime::scheduler::current_thread::CoreGuard::enter::{{closure}}::h10eb2d1866d249f9
[INFO] [stdout]                                at /opt/rustwide/cargo-home/registry/src/index.crates.io-1949cf8c6b5b557f/tokio-1.43.0/src/runtime/scheduler/current_thread/mod.rs:807:68
[INFO] [stdout]   36:     0x6181e39c9c7b - tokio::runtime::context::scoped::Scoped<T>::set::h298cd618dcd84919
[INFO] [stdout]                                at /opt/rustwide/cargo-home/registry/src/index.crates.io-1949cf8c6b5b557f/tokio-1.43.0/src/runtime/context/scoped.rs:40:9
[INFO] [stdout]   37:     0x6181e39c2869 - tokio::runtime::context::set_scheduler::{{closure}}::h930707565a808077
[INFO] [stdout]                                at /opt/rustwide/cargo-home/registry/src/index.crates.io-1949cf8c6b5b557f/tokio-1.43.0/src/runtime/context.rs:180:26
[INFO] [stdout]   38:     0x6181e39c5e42 - std::thread::local::LocalKey<T>::try_with::h6414c8bdaceff98c
[INFO] [stdout]                                at /rustc/6067b36314ab5eb2eb47cecc464545ba58e1ad24/library/std/src/thread/local.rs:308:12
[INFO] [stdout]   39:     0x6181e39c568a - std::thread::local::LocalKey<T>::with::h907839f344b8c88a
[INFO] [stdout]                                at /rustc/6067b36314ab5eb2eb47cecc464545ba58e1ad24/library/std/src/thread/local.rs:272:9
[INFO] [stdout]   40:     0x6181e39c279d - tokio::runtime::context::set_scheduler::h5511267942203de0
[INFO] [stdout]                                at /opt/rustwide/cargo-home/registry/src/index.crates.io-1949cf8c6b5b557f/tokio-1.43.0/src/runtime/context.rs:180:9
[INFO] [stdout]   41:     0x6181e39b26ec - tokio::runtime::scheduler::current_thread::CoreGuard::enter::h1e11a1f5387aeadc
[INFO] [stdout]                                at /opt/rustwide/cargo-home/registry/src/index.crates.io-1949cf8c6b5b557f/tokio-1.43.0/src/runtime/scheduler/current_thread/mod.rs:807:27
[INFO] [stdout]   42:     0x6181e39b2d83 - tokio::runtime::scheduler::current_thread::CoreGuard::block_on::h2c89b1091de0f45f
[INFO] [stdout]                                at /opt/rustwide/cargo-home/registry/src/index.crates.io-1949cf8c6b5b557f/tokio-1.43.0/src/runtime/scheduler/current_thread/mod.rs:716:19
[INFO] [stdout]   43:     0x6181e39b0b94 - tokio::runtime::scheduler::current_thread::CurrentThread::block_on::{{closure}}::h1d5e16236ff53de2
[INFO] [stdout]                                at /opt/rustwide/cargo-home/registry/src/index.crates.io-1949cf8c6b5b557f/tokio-1.43.0/src/runtime/scheduler/current_thread/mod.rs:196:28
[INFO] [stdout]   44:     0x6181e39c9f37 - tokio::runtime::context::runtime::enter_runtime::hddd4fde8f138b9db
[INFO] [stdout]                                at /opt/rustwide/cargo-home/registry/src/index.crates.io-1949cf8c6b5b557f/tokio-1.43.0/src/runtime/context/runtime.rs:65:16
[INFO] [stdout]   45:     0x6181e39b0863 - tokio::runtime::scheduler::current_thread::CurrentThread::block_on::h9aa51d08cae29c7d
[INFO] [stdout]                                at /opt/rustwide/cargo-home/registry/src/index.crates.io-1949cf8c6b5b557f/tokio-1.43.0/src/runtime/scheduler/current_thread/mod.rs:184:9
[INFO] [stdout]   46:     0x6181e39b03ae - tokio::runtime::runtime::Runtime::block_on_inner::h43877146928720ae
[INFO] [stdout]                                at /opt/rustwide/cargo-home/registry/src/index.crates.io-1949cf8c6b5b557f/tokio-1.43.0/src/runtime/runtime.rs:368:47
[INFO] [stdout]   47:     0x6181e39b079e - tokio::runtime::runtime::Runtime::block_on::hd9408ae9e4494780
[INFO] [stdout]                                at /opt/rustwide/cargo-home/registry/src/index.crates.io-1949cf8c6b5b557f/tokio-1.43.0/src/runtime/runtime.rs:340:13
[INFO] [stdout]   48:     0x6181e39bcb03 - tokio::task::local::LocalSet::block_on::h74266c4f3d01582c
[INFO] [stdout]                                at /opt/rustwide/cargo-home/registry/src/index.crates.io-1949cf8c6b5b557f/tokio-1.43.0/src/task/local.rs:646:9
[INFO] [stdout]   49:     0x6181e39ae0aa - actix_rt::runtime::Runtime::block_on::h486fc5740a4b009f
[INFO] [stdout]                                at /opt/rustwide/cargo-home/registry/src/index.crates.io-1949cf8c6b5b557f/actix-rt-2.10.0/src/runtime.rs:138:9
[INFO] [stdout]   50:     0x6181e39b5b7a - actix_rt::system::SystemRunner::block_on::h271cd3a9311aec67
[INFO] [stdout]                                at /opt/rustwide/cargo-home/registry/src/index.crates.io-1949cf8c6b5b557f/actix-rt-2.10.0/src/system.rs:244:9
[INFO] [stdout]   51:     0x6181e39b76c8 - quantleaf_query_sdk::tests::it_can_create_client::h884fdd2922bc4930
[INFO] [stdout]                                at /opt/rustwide/workdir/src/lib.rs:81:5
[INFO] [stdout]   52:     0x6181e39b7677 - quantleaf_query_sdk::tests::it_can_create_client::{{closure}}::hd90b21d995261176
[INFO] [stdout]                                at /opt/rustwide/workdir/src/lib.rs:82:36
[INFO] [stdout]   53:     0x6181e39c6856 - core::ops::function::FnOnce::call_once::h86108102d0e9e0bb
[INFO] [stdout]                                at /rustc/6067b36314ab5eb2eb47cecc464545ba58e1ad24/library/core/src/ops/function.rs:250:5
[INFO] [stdout]   54:     0x6181e3e08f9b - core::ops::function::FnOnce::call_once::he27718dfdd183f43
[INFO] [stdout]                                at /rustc/6067b36314ab5eb2eb47cecc464545ba58e1ad24/library/core/src/ops/function.rs:250:5
[INFO] [stdout]   55:     0x6181e3e08f9b - test::__rust_begin_short_backtrace::h4e84902998457a5d
[INFO] [stdout]                                at /rustc/6067b36314ab5eb2eb47cecc464545ba58e1ad24/library/test/src/lib.rs:632:18
[INFO] [stdout]   56:     0x6181e3e07ed3 - test::run_test_in_process::{{closure}}::h7176fd18fc1feca0
[INFO] [stdout]                                at /rustc/6067b36314ab5eb2eb47cecc464545ba58e1ad24/library/test/src/lib.rs:655:60
[INFO] [stdout]   57:     0x6181e3e07ed3 - <core::panic::unwind_safe::AssertUnwindSafe<F> as core::ops::function::FnOnce<()>>::call_once::hf79cff2a624d8cf7
[INFO] [stdout]                                at /rustc/6067b36314ab5eb2eb47cecc464545ba58e1ad24/library/core/src/panic/unwind_safe.rs:272:9
[INFO] [stdout]   58:     0x6181e3e07ed3 - std::panicking::try::do_call::h3da0561d9ab99c25
[INFO] [stdout]                                at /rustc/6067b36314ab5eb2eb47cecc464545ba58e1ad24/library/std/src/panicking.rs:587:40
[INFO] [stdout]   59:     0x6181e3e07ed3 - std::panicking::try::h41c9fa508bc61df6
[INFO] [stdout]                                at /rustc/6067b36314ab5eb2eb47cecc464545ba58e1ad24/library/std/src/panicking.rs:550:19
[INFO] [stdout]   60:     0x6181e3e07ed3 - std::panic::catch_unwind::h6b3ff07bb5afad93
[INFO] [stdout]                                at /rustc/6067b36314ab5eb2eb47cecc464545ba58e1ad24/library/std/src/panic.rs:358:14
[INFO] [stdout]   61:     0x6181e3e07ed3 - test::run_test_in_process::hc7253dd11b39b9f4
[INFO] [stdout]                                at /rustc/6067b36314ab5eb2eb47cecc464545ba58e1ad24/library/test/src/lib.rs:655:27
[INFO] [stdout]   62:     0x6181e3e07ed3 - test::run_test::{{closure}}::hfb2007f8649c30bb
[INFO] [stdout]                                at /rustc/6067b36314ab5eb2eb47cecc464545ba58e1ad24/library/test/src/lib.rs:576:43
[INFO] [stdout]   63:     0x6181e3dcafb5 - test::run_test::{{closure}}::h56a17aa7a282a9f4
[INFO] [stdout]                                at /rustc/6067b36314ab5eb2eb47cecc464545ba58e1ad24/library/test/src/lib.rs:606:41
[INFO] [stdout]   64:     0x6181e3dcafb5 - std::sys::backtrace::__rust_begin_short_backtrace::hd2d2d2fb8e8c6aac
[INFO] [stdout]                                at /rustc/6067b36314ab5eb2eb47cecc464545ba58e1ad24/library/std/src/sys/backtrace.rs:152:18
[INFO] [stdout]   65:     0x6181e3dce89a - std::thread::Builder::spawn_unchecked_::{{closure}}::{{closure}}::h4faa3f9db6133423
[INFO] [stdout]                                at /rustc/6067b36314ab5eb2eb47cecc464545ba58e1ad24/library/std/src/thread/mod.rs:559:17
[INFO] [stdout]   66:     0x6181e3dce89a - <core::panic::unwind_safe::AssertUnwindSafe<F> as core::ops::function::FnOnce<()>>::call_once::hf2e855a36a4ea846
[INFO] [stdout]                                at /rustc/6067b36314ab5eb2eb47cecc464545ba58e1ad24/library/core/src/panic/unwind_safe.rs:272:9
[INFO] [stdout]   67:     0x6181e3dce89a - std::panicking::try::do_call::h2f73af3616c35465
[INFO] [stdout]                                at /rustc/6067b36314ab5eb2eb47cecc464545ba58e1ad24/library/std/src/panicking.rs:587:40
[INFO] [stdout]   68:     0x6181e3dce89a - std::panicking::try::hd1660ce9efadef5a
[INFO] [stdout]                                at /rustc/6067b36314ab5eb2eb47cecc464545ba58e1ad24/library/std/src/panicking.rs:550:19
[INFO] [stdout]   69:     0x6181e3dce89a - std::panic::catch_unwind::h5ee8d7823b8ca744
[INFO] [stdout]                                at /rustc/6067b36314ab5eb2eb47cecc464545ba58e1ad24/library/std/src/panic.rs:358:14
[INFO] [stdout]   70:     0x6181e3dce89a - std::thread::Builder::spawn_unchecked_::{{closure}}::h53c3a1894dce8407
[INFO] [stdout]                                at /rustc/6067b36314ab5eb2eb47cecc464545ba58e1ad24/library/std/src/thread/mod.rs:557:30
[INFO] [stdout]   71:     0x6181e3dce89a - core::ops::function::FnOnce::call_once{{vtable.shim}}::h048ce291ad4f62bf
[INFO] [stdout]                                at /rustc/6067b36314ab5eb2eb47cecc464545ba58e1ad24/library/core/src/ops/function.rs:250:5
[INFO] [stdout]   72:     0x6181e3e46d5b - <alloc::boxed::Box<F,A> as core::ops::function::FnOnce<Args>>::call_once::ha52bedf99a3b4981
[INFO] [stdout]                                at /rustc/6067b36314ab5eb2eb47cecc464545ba58e1ad24/library/alloc/src/boxed.rs:2013:9
[INFO] [stdout]   73:     0x6181e3e46d5b - <alloc::boxed::Box<F,A> as core::ops::function::FnOnce<Args>>::call_once::h567748934d80ccf8
[INFO] [stdout]                                at /rustc/6067b36314ab5eb2eb47cecc464545ba58e1ad24/library/alloc/src/boxed.rs:2013:9
[INFO] [stdout]   74:     0x6181e3e46d5b - std::sys::pal::unix::thread::Thread::new::thread_start::h2d970728ae887adc
[INFO] [stdout]                                at /rustc/6067b36314ab5eb2eb47cecc464545ba58e1ad24/library/std/src/sys/pal/unix/thread.rs:106:17
[INFO] [stdout]   75:     0x73a8c3c5aac3 - <unknown>
[INFO] [stdout]   76:     0x73a8c3ceba04 - clone
[INFO] [stdout]   77:                0x0 - <unknown>
[INFO] [stdout] 
[INFO] [stdout] 
[INFO] [stdout] failures:
[INFO] [stdout]     tests::it_can_create_client
[INFO] [stdout] 
[INFO] [stdout] test result: FAILED. 1 passed; 1 failed; 0 ignored; 0 measured; 0 filtered out; finished in 0.13s
[INFO] [stdout] 
[INFO] [stderr] error: test failed, to rerun pass `--lib`
[INFO] running `Command { std: "docker" "inspect" "42ab56feee635c5273d8091aab1de37b3ff6d86fc33ac0b8c0ac519dde07c185", kill_on_drop: false }`
[INFO] running `Command { std: "docker" "rm" "-f" "42ab56feee635c5273d8091aab1de37b3ff6d86fc33ac0b8c0ac519dde07c185", kill_on_drop: false }`
[INFO] [stdout] 42ab56feee635c5273d8091aab1de37b3ff6d86fc33ac0b8c0ac519dde07c185
