[INFO] fetching crate quantity 0.10.1...
[INFO] testing quantity-0.10.1 against nightly-2025-01-18+rustflags=-Zrandomize-layout for randomize-layout-2
[INFO] extracting crate quantity 0.10.1 into /workspace/builds/worker-6-tc2/source
[INFO] validating manifest of crates.io crate quantity 0.10.1 on toolchain nightly-2025-01-18
[INFO] running `Command { std: CARGO_HOME="/workspace/cargo-home" RUSTUP_HOME="/workspace/rustup-home" "/workspace/cargo-home/bin/cargo" "+nightly-2025-01-18" "metadata" "--manifest-path" "Cargo.toml" "--no-deps", kill_on_drop: false }`
[INFO] started tweaking crates.io crate quantity 0.10.1
[INFO] finished tweaking crates.io crate quantity 0.10.1
[INFO] tweaked toml for crates.io crate quantity 0.10.1 written to /workspace/builds/worker-6-tc2/source/Cargo.toml
[INFO] running `Command { std: CARGO_HOME="/workspace/cargo-home" RUSTUP_HOME="/workspace/rustup-home" "/workspace/cargo-home/bin/cargo" "+nightly-2025-01-18" "generate-lockfile" "--manifest-path" "Cargo.toml", kill_on_drop: false }`
[INFO] [stderr]     Updating crates.io index
[INFO] [stderr]      Locking 42 packages to latest compatible versions
[INFO] running `Command { std: CARGO_HOME="/workspace/cargo-home" RUSTUP_HOME="/workspace/rustup-home" "/workspace/cargo-home/bin/cargo" "+nightly-2025-01-18" "fetch" "--manifest-path" "Cargo.toml", kill_on_drop: false }`
[INFO] running `Command { std: "docker" "create" "-v" "/var/lib/crater-agent-workspace/builds/worker-6-tc2/target:/opt/rustwide/target:rw,Z" "-v" "/var/lib/crater-agent-workspace/builds/worker-6-tc2/source:/opt/rustwide/workdir:ro,Z" "-v" "/var/lib/crater-agent-workspace/cargo-home:/opt/rustwide/cargo-home:ro,Z" "-v" "/var/lib/crater-agent-workspace/rustup-home:/opt/rustwide/rustup-home:ro,Z" "-e" "SOURCE_DIR=/opt/rustwide/workdir" "-e" "CARGO_TARGET_DIR=/opt/rustwide/target" "-e" "CARGO_HOME=/opt/rustwide/cargo-home" "-e" "RUSTUP_HOME=/opt/rustwide/rustup-home" "-w" "/opt/rustwide/workdir" "-m" "1610612736" "--user" "0:0" "--network" "none" "ghcr.io/rust-lang/crates-build-env/linux@sha256:819108c5571ea2e421544af4d832f968d213c87fbe3707a016657f43d2f853bc" "/opt/rustwide/cargo-home/bin/cargo" "+nightly-2025-01-18" "metadata" "--no-deps" "--format-version=1", kill_on_drop: false }`
[INFO] [stdout] 5ed3b2af40c020d427c7d059d0a2f489584dafd3467f7be58d6da7eb3f96af61
[INFO] running `Command { std: "docker" "start" "-a" "5ed3b2af40c020d427c7d059d0a2f489584dafd3467f7be58d6da7eb3f96af61", kill_on_drop: false }`
[INFO] running `Command { std: "docker" "inspect" "5ed3b2af40c020d427c7d059d0a2f489584dafd3467f7be58d6da7eb3f96af61", kill_on_drop: false }`
[INFO] running `Command { std: "docker" "rm" "-f" "5ed3b2af40c020d427c7d059d0a2f489584dafd3467f7be58d6da7eb3f96af61", kill_on_drop: false }`
[INFO] [stdout] 5ed3b2af40c020d427c7d059d0a2f489584dafd3467f7be58d6da7eb3f96af61
[INFO] running `Command { std: "docker" "create" "-v" "/var/lib/crater-agent-workspace/builds/worker-6-tc2/target:/opt/rustwide/target:rw,Z" "-v" "/var/lib/crater-agent-workspace/builds/worker-6-tc2/source:/opt/rustwide/workdir:ro,Z" "-v" "/var/lib/crater-agent-workspace/cargo-home:/opt/rustwide/cargo-home:ro,Z" "-v" "/var/lib/crater-agent-workspace/rustup-home:/opt/rustwide/rustup-home:ro,Z" "-e" "SOURCE_DIR=/opt/rustwide/workdir" "-e" "CARGO_TARGET_DIR=/opt/rustwide/target" "-e" "CARGO_INCREMENTAL=0" "-e" "RUST_BACKTRACE=full" "-e" "RUSTFLAGS=--cap-lints=forbid -Zrandomize-layout" "-e" "RUSTDOCFLAGS=--cap-lints=forbid" "-e" "CARGO_HOME=/opt/rustwide/cargo-home" "-e" "RUSTUP_HOME=/opt/rustwide/rustup-home" "-w" "/opt/rustwide/workdir" "-m" "1610612736" "--user" "0:0" "--network" "none" "ghcr.io/rust-lang/crates-build-env/linux@sha256:819108c5571ea2e421544af4d832f968d213c87fbe3707a016657f43d2f853bc" "/opt/rustwide/cargo-home/bin/cargo" "+nightly-2025-01-18" "build" "--frozen" "--message-format=json", kill_on_drop: false }`
[INFO] [stdout] 6baa15384d8ad8fa9f0d5c57e4fbbe9b658468fd1457d2b72d991401960f8d13
[INFO] running `Command { std: "docker" "start" "-a" "6baa15384d8ad8fa9f0d5c57e4fbbe9b658468fd1457d2b72d991401960f8d13", kill_on_drop: false }`
[INFO] [stderr]    Compiling typenum v1.17.0
[INFO] [stderr]    Compiling litrs v0.4.1
[INFO] [stderr]    Compiling document-features v0.2.10
[INFO] [stderr]    Compiling quantity v0.10.1 (/opt/rustwide/workdir)
[INFO] [stderr]     Finished `dev` profile [unoptimized + debuginfo] target(s) in 2.34s
[INFO] running `Command { std: "docker" "inspect" "6baa15384d8ad8fa9f0d5c57e4fbbe9b658468fd1457d2b72d991401960f8d13", kill_on_drop: false }`
[INFO] running `Command { std: "docker" "rm" "-f" "6baa15384d8ad8fa9f0d5c57e4fbbe9b658468fd1457d2b72d991401960f8d13", kill_on_drop: false }`
[INFO] [stdout] 6baa15384d8ad8fa9f0d5c57e4fbbe9b658468fd1457d2b72d991401960f8d13
[INFO] running `Command { std: "docker" "create" "-v" "/var/lib/crater-agent-workspace/builds/worker-6-tc2/target:/opt/rustwide/target:rw,Z" "-v" "/var/lib/crater-agent-workspace/builds/worker-6-tc2/source:/opt/rustwide/workdir:ro,Z" "-v" "/var/lib/crater-agent-workspace/cargo-home:/opt/rustwide/cargo-home:ro,Z" "-v" "/var/lib/crater-agent-workspace/rustup-home:/opt/rustwide/rustup-home:ro,Z" "-e" "SOURCE_DIR=/opt/rustwide/workdir" "-e" "CARGO_TARGET_DIR=/opt/rustwide/target" "-e" "CARGO_INCREMENTAL=0" "-e" "RUST_BACKTRACE=full" "-e" "RUSTFLAGS=--cap-lints=forbid -Zrandomize-layout" "-e" "RUSTDOCFLAGS=--cap-lints=forbid" "-e" "CARGO_HOME=/opt/rustwide/cargo-home" "-e" "RUSTUP_HOME=/opt/rustwide/rustup-home" "-w" "/opt/rustwide/workdir" "-m" "1610612736" "--user" "0:0" "--network" "none" "ghcr.io/rust-lang/crates-build-env/linux@sha256:819108c5571ea2e421544af4d832f968d213c87fbe3707a016657f43d2f853bc" "/opt/rustwide/cargo-home/bin/cargo" "+nightly-2025-01-18" "test" "--frozen" "--no-run" "--message-format=json", kill_on_drop: false }`
[INFO] [stdout] 0dc66a19cb01e1ee199f5cf93b3045e9f35a776939136b43d098360d743acf91
[INFO] running `Command { std: "docker" "start" "-a" "0dc66a19cb01e1ee199f5cf93b3045e9f35a776939136b43d098360d743acf91", kill_on_drop: false }`
[INFO] [stderr]    Compiling quantity v0.10.1 (/opt/rustwide/workdir)
[INFO] [stderr]     Finished `test` profile [unoptimized + debuginfo] target(s) in 1.08s
[INFO] running `Command { std: "docker" "inspect" "0dc66a19cb01e1ee199f5cf93b3045e9f35a776939136b43d098360d743acf91", kill_on_drop: false }`
[INFO] running `Command { std: "docker" "rm" "-f" "0dc66a19cb01e1ee199f5cf93b3045e9f35a776939136b43d098360d743acf91", kill_on_drop: false }`
[INFO] [stdout] 0dc66a19cb01e1ee199f5cf93b3045e9f35a776939136b43d098360d743acf91
[INFO] running `Command { std: "docker" "create" "-v" "/var/lib/crater-agent-workspace/builds/worker-6-tc2/target:/opt/rustwide/target:rw,Z" "-v" "/var/lib/crater-agent-workspace/builds/worker-6-tc2/source:/opt/rustwide/workdir:ro,Z" "-v" "/var/lib/crater-agent-workspace/cargo-home:/opt/rustwide/cargo-home:ro,Z" "-v" "/var/lib/crater-agent-workspace/rustup-home:/opt/rustwide/rustup-home:ro,Z" "-e" "SOURCE_DIR=/opt/rustwide/workdir" "-e" "CARGO_TARGET_DIR=/opt/rustwide/target" "-e" "CARGO_INCREMENTAL=0" "-e" "RUST_BACKTRACE=full" "-e" "RUSTFLAGS=--cap-lints=forbid -Zrandomize-layout" "-e" "RUSTDOCFLAGS=--cap-lints=forbid" "-e" "CARGO_HOME=/opt/rustwide/cargo-home" "-e" "RUSTUP_HOME=/opt/rustwide/rustup-home" "-w" "/opt/rustwide/workdir" "-m" "1610612736" "--user" "0:0" "--network" "none" "ghcr.io/rust-lang/crates-build-env/linux@sha256:819108c5571ea2e421544af4d832f968d213c87fbe3707a016657f43d2f853bc" "/opt/rustwide/cargo-home/bin/cargo" "+nightly-2025-01-18" "test" "--frozen", kill_on_drop: false }`
[INFO] [stdout] db11e9fa111220c559c43ce302db6110eda2ca8b7d688477210b336b8400bea6
[INFO] running `Command { std: "docker" "start" "-a" "db11e9fa111220c559c43ce302db6110eda2ca8b7d688477210b336b8400bea6", kill_on_drop: false }`
[INFO] [stderr]     Finished `test` profile [unoptimized + debuginfo] target(s) in 0.04s
[INFO] [stderr]      Running unittests src/lib.rs (/opt/rustwide/target/debug/deps/quantity-b7dcd617b4630329)
[INFO] [stdout] 
[INFO] [stdout] running 3 tests
[INFO] [stdout] test fmt::tests::test_fmt_si ... ok
[INFO] [stdout] test fmt::tests::test_fmt_zero ... ok
[INFO] [stdout] test fmt::tests::test_fmt_exp ... ok
[INFO] [stdout] 
[INFO] [stdout] test result: ok. 3 passed; 0 failed; 0 ignored; 0 measured; 0 filtered out; finished in 0.00s
[INFO] [stdout] 
[INFO] [stderr]    Doc-tests quantity
[INFO] [stdout] 
[INFO] [stdout] running 10 tests
[INFO] [stdout] test src/ops.rs - ops::Quantity<f64,U>::root (line 391) ... FAILED
[INFO] [stdout] test src/ops.rs - ops::Quantity<f64,U>::powi (line 342) ... FAILED
[INFO] [stdout] test src/ops.rs - ops::Quantity<f64,U>::abs (line 408) ... FAILED
[INFO] [stdout] test src/ops.rs - ops::Quantity<f64,U>::min (line 446) ... FAILED
[INFO] [stdout] test src/ops.rs - ops::Quantity<f64,U>::sqrt (line 359) ... FAILED
[INFO] [stdout] test src/ops.rs - ops::Quantity<f64,U>::max (line 460) ... FAILED
[INFO] [stdout] test src/ops.rs - ops::Quantity<f64,U>::cbrt (line 375) ... FAILED
[INFO] [stdout] test src/lib.rs - (line 103) ... ok
[INFO] [stdout] test src/lib.rs - (line 115) ... ok
[INFO] [stdout] test src/lib.rs - (line 92) ... ok
[INFO] [stdout] 
[INFO] [stdout] failures:
[INFO] [stdout] 
[INFO] [stdout] ---- src/ops.rs - ops::Quantity<f64,U>::root (line 391) stdout ----
[INFO] [stdout] error[E0432]: unresolved import `approx`
[INFO] [stdout]  --> src/ops.rs:394:5
[INFO] [stdout]   |
[INFO] [stdout] 6 | use approx::assert_relative_eq;
[INFO] [stdout]   |     ^^^^^^ use of undeclared crate or module `approx`
[INFO] [stdout] 
[INFO] [stdout] error: aborting due to 1 previous error
[INFO] [stdout] 
[INFO] [stdout] For more information about this error, try `rustc --explain E0432`.
[INFO] [stdout] Couldn't compile the test.
[INFO] [stdout] ---- src/ops.rs - ops::Quantity<f64,U>::powi (line 342) stdout ----
[INFO] [stdout] error[E0432]: unresolved import `approx`
[INFO] [stdout]  --> src/ops.rs:345:5
[INFO] [stdout]   |
[INFO] [stdout] 6 | use approx::assert_relative_eq;
[INFO] [stdout]   |     ^^^^^^ use of undeclared crate or module `approx`
[INFO] [stdout] 
[INFO] [stdout] error: aborting due to 1 previous error
[INFO] [stdout] 
[INFO] [stdout] For more information about this error, try `rustc --explain E0432`.
[INFO] [stdout] Couldn't compile the test.
[INFO] [stdout] ---- src/ops.rs - ops::Quantity<f64,U>::abs (line 408) stdout ----
[INFO] [stdout] error[E0432]: unresolved import `approx`
[INFO] [stdout]  --> src/ops.rs:411:5
[INFO] [stdout]   |
[INFO] [stdout] 6 | use approx::assert_relative_eq;
[INFO] [stdout]   |     ^^^^^^ use of undeclared crate or module `approx`
[INFO] [stdout] 
[INFO] [stdout] error: aborting due to 1 previous error
[INFO] [stdout] 
[INFO] [stdout] For more information about this error, try `rustc --explain E0432`.
[INFO] [stdout] Couldn't compile the test.
[INFO] [stdout] ---- src/ops.rs - ops::Quantity<f64,U>::min (line 446) stdout ----
[INFO] [stdout] error[E0432]: unresolved import `approx`
[INFO] [stdout]  --> src/ops.rs:449:5
[INFO] [stdout]   |
[INFO] [stdout] 6 | use approx::assert_relative_eq;
[INFO] [stdout]   |     ^^^^^^ use of undeclared crate or module `approx`
[INFO] [stdout] 
[INFO] [stdout] error: aborting due to 1 previous error
[INFO] [stdout] 
[INFO] [stdout] For more information about this error, try `rustc --explain E0432`.
[INFO] [stdout] Couldn't compile the test.
[INFO] [stdout] ---- src/ops.rs - ops::Quantity<f64,U>::sqrt (line 359) stdout ----
[INFO] [stdout] error[E0432]: unresolved import `approx`
[INFO] [stdout]  --> src/ops.rs:362:5
[INFO] [stdout]   |
[INFO] [stdout] 6 | use approx::assert_relative_eq;
[INFO] [stdout]   |     ^^^^^^ use of undeclared crate or module `approx`
[INFO] [stdout] 
[INFO] [stdout] error: aborting due to 1 previous error
[INFO] [stdout] 
[INFO] [stdout] For more information about this error, try `rustc --explain E0432`.
[INFO] [stdout] Couldn't compile the test.
[INFO] [stdout] ---- src/ops.rs - ops::Quantity<f64,U>::max (line 460) stdout ----
[INFO] [stdout] error[E0432]: unresolved import `approx`
[INFO] [stdout]  --> src/ops.rs:463:5
[INFO] [stdout]   |
[INFO] [stdout] 6 | use approx::assert_relative_eq;
[INFO] [stdout]   |     ^^^^^^ use of undeclared crate or module `approx`
[INFO] [stdout] 
[INFO] [stdout] error: aborting due to 1 previous error
[INFO] [stdout] 
[INFO] [stdout] For more information about this error, try `rustc --explain E0432`.
[INFO] [stdout] Couldn't compile the test.
[INFO] [stdout] ---- src/ops.rs - ops::Quantity<f64,U>::cbrt (line 375) stdout ----
[INFO] [stdout] error[E0432]: unresolved import `approx`
[INFO] [stdout]  --> src/ops.rs:378:5
[INFO] [stdout]   |
[INFO] [stdout] 6 | use approx::assert_relative_eq;
[INFO] [stdout]   |     ^^^^^^ use of undeclared crate or module `approx`
[INFO] [stdout] 
[INFO] [stdout] error: aborting due to 1 previous error
[INFO] [stdout] 
[INFO] [stdout] For more information about this error, try `rustc --explain E0432`.
[INFO] [stdout] Couldn't compile the test.
[INFO] [stdout] 
[INFO] [stdout] failures:
[INFO] [stdout]     src/ops.rs - ops::Quantity<f64,U>::abs (line 408)
[INFO] [stdout]     src/ops.rs - ops::Quantity<f64,U>::cbrt (line 375)
[INFO] [stdout]     src/ops.rs - ops::Quantity<f64,U>::max (line 460)
[INFO] [stdout]     src/ops.rs - ops::Quantity<f64,U>::min (line 446)
[INFO] [stdout]     src/ops.rs - ops::Quantity<f64,U>::powi (line 342)
[INFO] [stdout]     src/ops.rs - ops::Quantity<f64,U>::root (line 391)
[INFO] [stdout]     src/ops.rs - ops::Quantity<f64,U>::sqrt (line 359)
[INFO] [stdout] 
[INFO] [stdout] test result: FAILED. 3 passed; 7 failed; 0 ignored; 0 measured; 0 filtered out; finished in 0.30s
[INFO] [stdout] 
[INFO] [stderr] error: doctest failed, to rerun pass `--doc`
[INFO] running `Command { std: "docker" "inspect" "db11e9fa111220c559c43ce302db6110eda2ca8b7d688477210b336b8400bea6", kill_on_drop: false }`
[INFO] running `Command { std: "docker" "rm" "-f" "db11e9fa111220c559c43ce302db6110eda2ca8b7d688477210b336b8400bea6", kill_on_drop: false }`
[INFO] [stdout] db11e9fa111220c559c43ce302db6110eda2ca8b7d688477210b336b8400bea6
