[INFO] fetching crate quantities 0.13.3...
[INFO] testing quantities-0.13.3 against nightly-2025-01-18 for randomize-layout-2
[INFO] extracting crate quantities 0.13.3 into /workspace/builds/worker-7-tc1/source
[INFO] validating manifest of crates.io crate quantities 0.13.3 on toolchain nightly-2025-01-18
[INFO] running `Command { std: CARGO_HOME="/workspace/cargo-home" RUSTUP_HOME="/workspace/rustup-home" "/workspace/cargo-home/bin/cargo" "+nightly-2025-01-18" "metadata" "--manifest-path" "Cargo.toml" "--no-deps", kill_on_drop: false }`
[INFO] started tweaking crates.io crate quantities 0.13.3
[INFO] finished tweaking crates.io crate quantities 0.13.3
[INFO] tweaked toml for crates.io crate quantities 0.13.3 written to /workspace/builds/worker-7-tc1/source/Cargo.toml
[INFO] running `Command { std: CARGO_HOME="/workspace/cargo-home" RUSTUP_HOME="/workspace/rustup-home" "/workspace/cargo-home/bin/cargo" "+nightly-2025-01-18" "generate-lockfile" "--manifest-path" "Cargo.toml", kill_on_drop: false }`
[INFO] [stderr]     Blocking waiting for file lock on package cache
[INFO] [stderr]     Updating crates.io index
[INFO] [stderr]      Locking 43 packages to latest compatible versions
[INFO] running `Command { std: CARGO_HOME="/workspace/cargo-home" RUSTUP_HOME="/workspace/rustup-home" "/workspace/cargo-home/bin/cargo" "+nightly-2025-01-18" "fetch" "--manifest-path" "Cargo.toml", kill_on_drop: false }`
[INFO] [stderr]  Downloading crates ...
[INFO] [stderr]   Downloaded qty-macros v0.13.1
[INFO] [stderr]   Downloaded target-triple v0.1.3
[INFO] [stderr]   Downloaded trybuild v1.0.102
[INFO] [stderr]   Downloaded fpdec-core v0.8.0
[INFO] [stderr]   Downloaded fpdec-macros v0.8.0
[INFO] [stderr]   Downloaded fpdec v0.11.0
[INFO] running `Command { std: "docker" "create" "-v" "/var/lib/crater-agent-workspace/builds/worker-7-tc1/target:/opt/rustwide/target:rw,Z" "-v" "/var/lib/crater-agent-workspace/builds/worker-7-tc1/source:/opt/rustwide/workdir:ro,Z" "-v" "/var/lib/crater-agent-workspace/cargo-home:/opt/rustwide/cargo-home:ro,Z" "-v" "/var/lib/crater-agent-workspace/rustup-home:/opt/rustwide/rustup-home:ro,Z" "-e" "SOURCE_DIR=/opt/rustwide/workdir" "-e" "CARGO_TARGET_DIR=/opt/rustwide/target" "-e" "CARGO_HOME=/opt/rustwide/cargo-home" "-e" "RUSTUP_HOME=/opt/rustwide/rustup-home" "-w" "/opt/rustwide/workdir" "-m" "1610612736" "--user" "0:0" "--network" "none" "ghcr.io/rust-lang/crates-build-env/linux@sha256:819108c5571ea2e421544af4d832f968d213c87fbe3707a016657f43d2f853bc" "/opt/rustwide/cargo-home/bin/cargo" "+nightly-2025-01-18" "metadata" "--no-deps" "--format-version=1", kill_on_drop: false }`
[INFO] [stdout] ea11d3cefbd8a26dac3a75142ed6354dbb1280eb1c6d02c6fc1d29f58560921a
[INFO] running `Command { std: "docker" "start" "-a" "ea11d3cefbd8a26dac3a75142ed6354dbb1280eb1c6d02c6fc1d29f58560921a", kill_on_drop: false }`
[INFO] running `Command { std: "docker" "inspect" "ea11d3cefbd8a26dac3a75142ed6354dbb1280eb1c6d02c6fc1d29f58560921a", kill_on_drop: false }`
[INFO] running `Command { std: "docker" "rm" "-f" "ea11d3cefbd8a26dac3a75142ed6354dbb1280eb1c6d02c6fc1d29f58560921a", kill_on_drop: false }`
[INFO] [stdout] ea11d3cefbd8a26dac3a75142ed6354dbb1280eb1c6d02c6fc1d29f58560921a
[INFO] running `Command { std: "docker" "create" "-v" "/var/lib/crater-agent-workspace/builds/worker-7-tc1/target:/opt/rustwide/target:rw,Z" "-v" "/var/lib/crater-agent-workspace/builds/worker-7-tc1/source:/opt/rustwide/workdir:ro,Z" "-v" "/var/lib/crater-agent-workspace/cargo-home:/opt/rustwide/cargo-home:ro,Z" "-v" "/var/lib/crater-agent-workspace/rustup-home:/opt/rustwide/rustup-home:ro,Z" "-e" "SOURCE_DIR=/opt/rustwide/workdir" "-e" "CARGO_TARGET_DIR=/opt/rustwide/target" "-e" "CARGO_INCREMENTAL=0" "-e" "RUST_BACKTRACE=full" "-e" "RUSTFLAGS=--cap-lints=forbid" "-e" "RUSTDOCFLAGS=--cap-lints=forbid" "-e" "CARGO_HOME=/opt/rustwide/cargo-home" "-e" "RUSTUP_HOME=/opt/rustwide/rustup-home" "-w" "/opt/rustwide/workdir" "-m" "1610612736" "--user" "0:0" "--network" "none" "ghcr.io/rust-lang/crates-build-env/linux@sha256:819108c5571ea2e421544af4d832f968d213c87fbe3707a016657f43d2f853bc" "/opt/rustwide/cargo-home/bin/cargo" "+nightly-2025-01-18" "build" "--frozen" "--message-format=json", kill_on_drop: false }`
[INFO] [stdout] 13217d4af3c63add937dc5893c367479b503623a5d67a34ff521627abcafd473
[INFO] running `Command { std: "docker" "start" "-a" "13217d4af3c63add937dc5893c367479b503623a5d67a34ff521627abcafd473", kill_on_drop: false }`
[INFO] [stderr]    Compiling version_check v0.9.5
[INFO] [stderr]    Compiling syn v1.0.109
[INFO] [stderr]    Compiling unicode-segmentation v1.12.0
[INFO] [stderr]    Compiling proc-macro-error-attr v1.0.4
[INFO] [stderr]    Compiling proc-macro-error v1.0.4
[INFO] [stderr]    Compiling convert_case v0.6.0
[INFO] [stderr]    Compiling qty-macros v0.13.1
[INFO] [stderr]    Compiling quantities v0.13.3 (/opt/rustwide/workdir)
[INFO] [stderr]     Finished `dev` profile [unoptimized + debuginfo] target(s) in 4.33s
[INFO] running `Command { std: "docker" "inspect" "13217d4af3c63add937dc5893c367479b503623a5d67a34ff521627abcafd473", kill_on_drop: false }`
[INFO] running `Command { std: "docker" "rm" "-f" "13217d4af3c63add937dc5893c367479b503623a5d67a34ff521627abcafd473", kill_on_drop: false }`
[INFO] [stdout] 13217d4af3c63add937dc5893c367479b503623a5d67a34ff521627abcafd473
[INFO] running `Command { std: "docker" "create" "-v" "/var/lib/crater-agent-workspace/builds/worker-7-tc1/target:/opt/rustwide/target:rw,Z" "-v" "/var/lib/crater-agent-workspace/builds/worker-7-tc1/source:/opt/rustwide/workdir:ro,Z" "-v" "/var/lib/crater-agent-workspace/cargo-home:/opt/rustwide/cargo-home:ro,Z" "-v" "/var/lib/crater-agent-workspace/rustup-home:/opt/rustwide/rustup-home:ro,Z" "-e" "SOURCE_DIR=/opt/rustwide/workdir" "-e" "CARGO_TARGET_DIR=/opt/rustwide/target" "-e" "CARGO_INCREMENTAL=0" "-e" "RUST_BACKTRACE=full" "-e" "RUSTFLAGS=--cap-lints=forbid" "-e" "RUSTDOCFLAGS=--cap-lints=forbid" "-e" "CARGO_HOME=/opt/rustwide/cargo-home" "-e" "RUSTUP_HOME=/opt/rustwide/rustup-home" "-w" "/opt/rustwide/workdir" "-m" "1610612736" "--user" "0:0" "--network" "none" "ghcr.io/rust-lang/crates-build-env/linux@sha256:819108c5571ea2e421544af4d832f968d213c87fbe3707a016657f43d2f853bc" "/opt/rustwide/cargo-home/bin/cargo" "+nightly-2025-01-18" "test" "--frozen" "--no-run" "--message-format=json", kill_on_drop: false }`
[INFO] [stdout] e929aae6d1343ed514472e8cbbb8ca17e10556a31096494c0f4507d00d27c80c
[INFO] running `Command { std: "docker" "start" "-a" "e929aae6d1343ed514472e8cbbb8ca17e10556a31096494c0f4507d00d27c80c", kill_on_drop: false }`
[INFO] [stderr]    Compiling equivalent v1.0.1
[INFO] [stderr]    Compiling hashbrown v0.15.2
[INFO] [stderr]    Compiling target-triple v0.1.3
[INFO] [stderr]    Compiling serde v1.0.217
[INFO] [stderr]    Compiling winnow v0.6.24
[INFO] [stderr]    Compiling serde_derive v1.0.217
[INFO] [stderr]    Compiling glob v0.3.2
[INFO] [stderr]    Compiling indexmap v2.7.1
[INFO] [stderr]    Compiling serde_spanned v0.6.8
[INFO] [stderr]    Compiling toml_datetime v0.6.8
[INFO] [stderr]    Compiling serde_json v1.0.137
[INFO] [stderr]    Compiling toml_edit v0.22.22
[INFO] [stderr]    Compiling toml v0.8.19
[INFO] [stderr]    Compiling trybuild v1.0.102
[INFO] [stderr]    Compiling quantities v0.13.3 (/opt/rustwide/workdir)
[INFO] [stderr]     Finished `test` profile [unoptimized + debuginfo] target(s) in 25.56s
[INFO] running `Command { std: "docker" "inspect" "e929aae6d1343ed514472e8cbbb8ca17e10556a31096494c0f4507d00d27c80c", kill_on_drop: false }`
[INFO] running `Command { std: "docker" "rm" "-f" "e929aae6d1343ed514472e8cbbb8ca17e10556a31096494c0f4507d00d27c80c", kill_on_drop: false }`
[INFO] [stdout] e929aae6d1343ed514472e8cbbb8ca17e10556a31096494c0f4507d00d27c80c
[INFO] running `Command { std: "docker" "create" "-v" "/var/lib/crater-agent-workspace/builds/worker-7-tc1/target:/opt/rustwide/target:rw,Z" "-v" "/var/lib/crater-agent-workspace/builds/worker-7-tc1/source:/opt/rustwide/workdir:ro,Z" "-v" "/var/lib/crater-agent-workspace/cargo-home:/opt/rustwide/cargo-home:ro,Z" "-v" "/var/lib/crater-agent-workspace/rustup-home:/opt/rustwide/rustup-home:ro,Z" "-e" "SOURCE_DIR=/opt/rustwide/workdir" "-e" "CARGO_TARGET_DIR=/opt/rustwide/target" "-e" "CARGO_INCREMENTAL=0" "-e" "RUST_BACKTRACE=full" "-e" "RUSTFLAGS=--cap-lints=forbid" "-e" "RUSTDOCFLAGS=--cap-lints=forbid" "-e" "CARGO_HOME=/opt/rustwide/cargo-home" "-e" "RUSTUP_HOME=/opt/rustwide/rustup-home" "-w" "/opt/rustwide/workdir" "-m" "1610612736" "--user" "0:0" "--network" "none" "ghcr.io/rust-lang/crates-build-env/linux@sha256:819108c5571ea2e421544af4d832f968d213c87fbe3707a016657f43d2f853bc" "/opt/rustwide/cargo-home/bin/cargo" "+nightly-2025-01-18" "test" "--frozen", kill_on_drop: false }`
[INFO] [stdout] 3f4d9a711ee32294f60a956d77ec684dabec27a2705084359f885514275a495e
[INFO] running `Command { std: "docker" "start" "-a" "3f4d9a711ee32294f60a956d77ec684dabec27a2705084359f885514275a495e", kill_on_drop: false }`
[INFO] [stderr]     Finished `test` profile [unoptimized + debuginfo] target(s) in 0.11s
[INFO] [stdout] 
[INFO] [stderr]      Running unittests src/lib.rs (/opt/rustwide/target/debug/deps/quantities-284e8c66adc8d5b6)
[INFO] [stdout] running 4 tests
[INFO] [stdout] test si_prefixes::tests::test_from_abbr ... ok
[INFO] [stdout] test si_prefixes::tests::test_iter ... ok
[INFO] [stdout] test si_prefixes::tests::test_from_exp ... ok
[INFO] [stdout] test si_prefixes::tests::test_si_prefix_attrs ... ok
[INFO] [stdout] 
[INFO] [stdout] test result: ok. 4 passed; 0 failed; 0 ignored; 0 measured; 0 filtered out; finished in 0.00s
[INFO] [stdout] 
[INFO] [stderr]      Running tests/macro_tests.rs (/opt/rustwide/target/debug/deps/macro_tests-2284a5faf746d9f7)
[INFO] [stdout] 
[INFO] [stdout] running 2 tests
[INFO] [stdout] test macro_attr_tests::test_macro_attr_quantity ... ok
[INFO] [stderr]    Compiling proc-macro2 v1.0.93
[INFO] [stderr]    Compiling unicode-ident v1.0.14
[INFO] [stderr]    Compiling version_check v0.9.5
[INFO] [stderr]    Compiling syn v1.0.109
[INFO] [stderr]    Compiling unicode-segmentation v1.12.0
[INFO] [stderr]    Compiling serde v1.0.217
[INFO] [stderr]    Compiling serde_json v1.0.137
[INFO] [stderr]     Checking ryu v1.0.18
[INFO] [stderr]     Checking memchr v2.7.4
[INFO] [stderr]     Checking itoa v1.0.14
[INFO] [stderr]    Compiling proc-macro-error-attr v1.0.4
[INFO] [stderr]    Compiling proc-macro-error v1.0.4
[INFO] [stderr]    Compiling convert_case v0.6.0
[INFO] [stderr]    Compiling quote v1.0.38
[INFO] [stderr]    Compiling syn v2.0.96
[INFO] [stderr]    Compiling qty-macros v0.13.1
[INFO] [stderr]     Checking quantities v0.13.3 (/opt/rustwide/workdir)
[INFO] [stderr]     Checking quantities-tests v0.0.0 (/opt/rustwide/target/tests/trybuild/quantities)
[INFO] [stderr]     Finished `dev` profile [unoptimized + debuginfo] target(s) in 18.57s
[INFO] [stderr] 
[INFO] [stderr] 
[INFO] [stderr] test tests/ui/derived_lhs_no_ref_unit.rs ... mismatch
[INFO] [stderr] 
[INFO] [stderr] EXPECTED:
[INFO] [stderr] ┈┈┈┈┈┈┈┈┈┈┈┈┈┈┈┈┈┈┈┈┈┈┈┈┈┈┈┈┈┈┈┈┈┈┈┈┈┈┈┈┈┈┈┈┈┈┈┈┈┈┈┈┈┈┈┈┈┈┈┈
[INFO] [stderr] error[E0277]: the trait bound `Foo: quantities::HasRefUnit` is not satisfied
[INFO] [stderr]   --> tests/ui/derived_lhs_no_ref_unit.rs:21:1
[INFO] [stderr]    |
[INFO] [stderr] 21 | #[quantity(Foo * Bar)]
[INFO] [stderr]    | ^^^^^^^^^^^^^^^^^^^^^^ the trait `quantities::HasRefUnit` is not implemented for `Foo`
[INFO] [stderr]    |
[INFO] [stderr]    = help: the following other types implement trait `quantities::HasRefUnit`:
[INFO] [stderr]              Acceleration
[INFO] [stderr]              Area
[INFO] [stderr]              Bar
[INFO] [stderr]              Baz
[INFO] [stderr]              DataThroughput
[INFO] [stderr]              DataVolume
[INFO] [stderr]              Energy
[INFO] [stderr]              Force
[INFO] [stderr]            and $N others
[INFO] [stderr]    = help: see issue #48214
[INFO] [stderr]    = note: this error originates in the attribute macro `quantity` (in Nightly builds, run with -Z macro-backtrace for more info)
[INFO] [stderr] 
[INFO] [stderr] error[E0277]: the trait bound `FooUnit: quantities::LinearScaledUnit` is not satisfied
[INFO] [stderr]   --> tests/ui/derived_lhs_no_ref_unit.rs:21:1
[INFO] [stderr]    |
[INFO] [stderr] 21 | #[quantity(Foo * Bar)]
[INFO] [stderr]    | ^^^^^^^^^^^^^^^^^^^^^^ the trait `quantities::LinearScaledUnit` is not implemented for `FooUnit`
[INFO] [stderr]    |
[INFO] [stderr]    = help: the following other types implement trait `quantities::LinearScaledUnit`:
[INFO] [stderr]              AccelerationUnit
[INFO] [stderr]              AreaUnit
[INFO] [stderr]              BarUnit
[INFO] [stderr]              BazUnit
[INFO] [stderr]              DataThroughputUnit
[INFO] [stderr]              DataVolumeUnit
[INFO] [stderr]              DurationUnit
[INFO] [stderr]              EnergyUnit
[INFO] [stderr]            and $N others
[INFO] [stderr] note: required by a bound in `quantities::HasRefUnit`
[INFO] [stderr]   --> src/lib.rs
[INFO] [stderr]    |
[INFO] [stderr]    | pub trait HasRefUnit: Quantity + Add<Self> + Sub<Self> + Div<Self>
[INFO] [stderr]    |           ---------- required by a bound in this trait
[INFO] [stderr]    | where
[INFO] [stderr]    |     <Self as Quantity>::UnitType: LinearScaledUnit,
[INFO] [stderr]    |                                   ^^^^^^^^^^^^^^^^ required by this bound in `HasRefUnit`
[INFO] [stderr]    = note: this error originates in the attribute macro `quantity` (in Nightly builds, run with -Z macro-backtrace for more info)
[INFO] [stderr] 
[INFO] [stderr] error[E0277]: cannot multiply `Foo` by `Bar`
[INFO] [stderr]   --> tests/ui/derived_lhs_no_ref_unit.rs:21:1
[INFO] [stderr]    |
[INFO] [stderr] 21 | #[quantity(Foo * Bar)]
[INFO] [stderr]    | ^^^^^^^^^^^^^^^^^^^^^^ no implementation for `Foo * Bar`
[INFO] [stderr]    |
[INFO] [stderr]    = help: the trait `quantities::HasRefUnit` is not implemented for `Foo`, which is required by `Foo: std::ops::Mul<Bar>`
[INFO] [stderr] note: required for `Foo` to implement `std::ops::Mul<Bar>`
[INFO] [stderr]   --> tests/ui/derived_lhs_no_ref_unit.rs:21:1
[INFO] [stderr]    |
[INFO] [stderr] 21 | #[quantity(Foo * Bar)]
[INFO] [stderr]    | ^^^^^^^^^^^^^^^^^^^^^^
[INFO] [stderr]    = help: see issue #48214
[INFO] [stderr]    = note: this error originates in the attribute macro `quantity` (in Nightly builds, run with -Z macro-backtrace for more info)
[INFO] [stderr] 
[INFO] [stderr] error[E0277]: the trait bound `Foo: quantities::HasRefUnit` is not satisfied
[INFO] [stderr]   --> tests/ui/derived_lhs_no_ref_unit.rs:21:1
[INFO] [stderr]    |
[INFO] [stderr] 21 | #[quantity(Foo * Bar)]
[INFO] [stderr]    | ^^^^^^^^^^^^^^^^^^^^^^ the trait `quantities::HasRefUnit` is not implemented for `Foo`, which is required by `Bar: std::ops::Mul<Foo>`
[INFO] [stderr]    |
[INFO] [stderr]    = help: the following other types implement trait `quantities::HasRefUnit`:
[INFO] [stderr]              Acceleration
[INFO] [stderr]              Area
[INFO] [stderr]              Bar
[INFO] [stderr]              Baz
[INFO] [stderr]              DataThroughput
[INFO] [stderr]              DataVolume
[INFO] [stderr]              Energy
[INFO] [stderr]              Force
[INFO] [stderr]            and $N others
[INFO] [stderr] note: required for `Bar` to implement `std::ops::Mul<Foo>`
[INFO] [stderr]   --> tests/ui/derived_lhs_no_ref_unit.rs:21:1
[INFO] [stderr]    |
[INFO] [stderr] 21 | #[quantity(Foo * Bar)]
[INFO] [stderr]    | ^^^^^^^^^^^^^^^^^^^^^^
[INFO] [stderr]    = help: see issue #48214
[INFO] [stderr]    = note: this error originates in the attribute macro `quantity` (in Nightly builds, run with -Z macro-backtrace for more info)
[INFO] [stderr] 
[INFO] [stderr] error[E0277]: the trait bound `Foo: quantities::HasRefUnit` is not satisfied
[INFO] [stderr]   --> tests/ui/derived_lhs_no_ref_unit.rs:21:1
[INFO] [stderr]    |
[INFO] [stderr] 21 | #[quantity(Foo * Bar)]
[INFO] [stderr]    | ^^^^^^^^^^^^^^^^^^^^^^ the trait `quantities::HasRefUnit` is not implemented for `Foo`, which is required by `Baz: std::ops::Div<Foo>`
[INFO] [stderr]    |
[INFO] [stderr]    = help: the following other types implement trait `quantities::HasRefUnit`:
[INFO] [stderr]              Acceleration
[INFO] [stderr]              Area
[INFO] [stderr]              Bar
[INFO] [stderr]              Baz
[INFO] [stderr]              DataThroughput
[INFO] [stderr]              DataVolume
[INFO] [stderr]              Energy
[INFO] [stderr]              Force
[INFO] [stderr]            and $N others
[INFO] [stderr] note: required for `Baz` to implement `std::ops::Div<Foo>`
[INFO] [stderr]   --> tests/ui/derived_lhs_no_ref_unit.rs:21:1
[INFO] [stderr]    |
[INFO] [stderr] 21 | #[quantity(Foo * Bar)]
[INFO] [stderr]    | ^^^^^^^^^^^^^^^^^^^^^^ unsatisfied trait bound introduced here
[INFO] [stderr] ...
[INFO] [stderr] 24 | struct Baz {}
[INFO] [stderr]    |        ^^^
[INFO] [stderr]    = help: see issue #48214
[INFO] [stderr]    = note: this error originates in the attribute macro `quantity` (in Nightly builds, run with -Z macro-backtrace for more info)
[INFO] [stderr] 
[INFO] [stderr] error[E0599]: no method named `scale` found for enum `FooUnit` in the current scope
[INFO] [stderr]   --> tests/ui/derived_lhs_no_ref_unit.rs:21:1
[INFO] [stderr]    |
[INFO] [stderr] 12 | #[quantity]
[INFO] [stderr]    | ----------- method `scale` not found for this enum
[INFO] [stderr] ...
[INFO] [stderr] 21 | #[quantity(Foo * Bar)]
[INFO] [stderr]    | ^^^^^^^^^^^^^^^^^^^^^^ method not found in `FooUnit`
[INFO] [stderr]    |
[INFO] [stderr]    = help: items from traits can only be used if the trait is implemented and in scope
[INFO] [stderr]    = note: the following trait defines an item `scale`, perhaps you need to implement it:
[INFO] [stderr]            candidate #1: `quantities::LinearScaledUnit`
[INFO] [stderr]    = note: this error originates in the attribute macro `quantity` (in Nightly builds, run with -Z macro-backtrace for more info)
[INFO] [stderr] 
[INFO] [stderr] error[E0599]: no function or associated item named `unit_from_scale` found for struct `Foo` in the current scope
[INFO] [stderr]   --> tests/ui/derived_lhs_no_ref_unit.rs:21:1
[INFO] [stderr]    |
[INFO] [stderr] 12 | #[quantity]
[INFO] [stderr]    | ----------- function or associated item `unit_from_scale` not found for this struct
[INFO] [stderr] ...
[INFO] [stderr] 21 | #[quantity(Foo * Bar)]
[INFO] [stderr]    | ^^^^^^^^^^^^^^^^^^^^^^ function or associated item not found in `Foo`
[INFO] [stderr]    |
[INFO] [stderr]    = help: items from traits can only be used if the trait is implemented and in scope
[INFO] [stderr]    = note: the following trait defines an item `unit_from_scale`, perhaps you need to implement it:
[INFO] [stderr]            candidate #1: `quantities::HasRefUnit`
[INFO] [stderr]    = note: this error originates in the attribute macro `quantity` (in Nightly builds, run with -Z macro-backtrace for more info)
[INFO] [stderr] help: there is an associated function `unit_from_symbol` with a similar name
[INFO] [stderr]    |
[INFO] [stderr] 21 | unit_from_symbol
[INFO] [stderr]    |
[INFO] [stderr] 
[INFO] [stderr] error[E0277]: the trait bound `FooUnit: quantities::LinearScaledUnit` is not satisfied
[INFO] [stderr]   --> tests/ui/derived_lhs_no_ref_unit.rs:21:1
[INFO] [stderr]    |
[INFO] [stderr] 21 | #[quantity(Foo * Bar)]
[INFO] [stderr]    | ^^^^^^^^^^^^^^^^^^^^^^ the trait `quantities::LinearScaledUnit` is not implemented for `FooUnit`
[INFO] [stderr]    |
[INFO] [stderr]    = help: the following other types implement trait `quantities::LinearScaledUnit`:
[INFO] [stderr]              AccelerationUnit
[INFO] [stderr]              AreaUnit
[INFO] [stderr]              BarUnit
[INFO] [stderr]              BazUnit
[INFO] [stderr]              DataThroughputUnit
[INFO] [stderr]              DataVolumeUnit
[INFO] [stderr]              DurationUnit
[INFO] [stderr]              EnergyUnit
[INFO] [stderr]            and $N others
[INFO] [stderr] note: required by a bound in `_fit`
[INFO] [stderr]   --> src/lib.rs
[INFO] [stderr]    |
[INFO] [stderr]    |     <Self as Quantity>::UnitType: LinearScaledUnit,
[INFO] [stderr]    |                                   ^^^^^^^^^^^^^^^^ required by this bound in `HasRefUnit::_fit`
[INFO] [stderr] ...
[INFO] [stderr]    |     fn _fit(amount: AmountT) -> Self {
[INFO] [stderr]    |        ---- required by a bound in this associated function
[INFO] [stderr]    = note: this error originates in the attribute macro `quantity` (in Nightly builds, run with -Z macro-backtrace for more info)
[INFO] [stderr] 
[INFO] [stderr] error[E0277]: the trait bound `Foo: quantities::HasRefUnit` is not satisfied
[INFO] [stderr]   --> tests/ui/derived_lhs_no_ref_unit.rs:21:1
[INFO] [stderr]    |
[INFO] [stderr] 21 | #[quantity(Foo * Bar)]
[INFO] [stderr]    | ^^^^^^^^^^^^^^^^^^^^^^ the trait `quantities::HasRefUnit` is not implemented for `Foo`
[INFO] [stderr]    |
[INFO] [stderr]    = help: the following other types implement trait `quantities::HasRefUnit`:
[INFO] [stderr]              Acceleration
[INFO] [stderr]              Area
[INFO] [stderr]              Bar
[INFO] [stderr]              Baz
[INFO] [stderr]              DataThroughput
[INFO] [stderr]              DataVolume
[INFO] [stderr]              Energy
[INFO] [stderr]              Force
[INFO] [stderr]            and $N others
[INFO] [stderr]    = note: this error originates in the attribute macro `quantity` (in Nightly builds, run with -Z macro-backtrace for more info)
[INFO] [stderr] ┈┈┈┈┈┈┈┈┈┈┈┈┈┈┈┈┈┈┈┈┈┈┈┈┈┈┈┈┈┈┈┈┈┈┈┈┈┈┈┈┈┈┈┈┈┈┈┈┈┈┈┈┈┈┈┈┈┈┈┈
[INFO] [stderr] 
[INFO] [stderr] ACTUAL OUTPUT:
[INFO] [stderr] ┈┈┈┈┈┈┈┈┈┈┈┈┈┈┈┈┈┈┈┈┈┈┈┈┈┈┈┈┈┈┈┈┈┈┈┈┈┈┈┈┈┈┈┈┈┈┈┈┈┈┈┈┈┈┈┈┈┈┈┈
[INFO] [stderr] error[E0277]: the trait bound `Foo: quantities::HasRefUnit` is not satisfied
[INFO] [stderr]   --> tests/ui/derived_lhs_no_ref_unit.rs:21:1
[INFO] [stderr]    |
[INFO] [stderr] 21 | #[quantity(Foo * Bar)]
[INFO] [stderr]    | ^^^^^^^^^^^^^^^^^^^^^^ the trait `quantities::HasRefUnit` is not implemented for `Foo`
[INFO] [stderr]    |
[INFO] [stderr]    = help: the following other types implement trait `quantities::HasRefUnit`:
[INFO] [stderr]              Bar
[INFO] [stderr]              Baz
[INFO] [stderr]              f64
[INFO] [stderr]    = help: see issue #48214
[INFO] [stderr]    = note: this error originates in the attribute macro `quantity` (in Nightly builds, run with -Z macro-backtrace for more info)
[INFO] [stderr] help: add `#![feature(trivial_bounds)]` to the crate attributes to enable
[INFO] [stderr]    |
[INFO] [stderr] 10 + #![feature(trivial_bounds)]
[INFO] [stderr]    |
[INFO] [stderr] 
[INFO] [stderr] error[E0277]: the trait bound `FooUnit: quantities::LinearScaledUnit` is not satisfied
[INFO] [stderr]   --> tests/ui/derived_lhs_no_ref_unit.rs:21:1
[INFO] [stderr]    |
[INFO] [stderr] 21 | #[quantity(Foo * Bar)]
[INFO] [stderr]    | ^^^^^^^^^^^^^^^^^^^^^^ the trait `quantities::LinearScaledUnit` is not implemented for `FooUnit`
[INFO] [stderr]    |
[INFO] [stderr]    = help: the following other types implement trait `quantities::LinearScaledUnit`:
[INFO] [stderr]              BarUnit
[INFO] [stderr]              BazUnit
[INFO] [stderr]              quantities::One
[INFO] [stderr] note: required by a bound in `quantities::HasRefUnit`
[INFO] [stderr]   --> src/lib.rs
[INFO] [stderr]    |
[INFO] [stderr]    | pub trait HasRefUnit: Quantity + Add<Self> + Sub<Self> + Div<Self>
[INFO] [stderr]    |           ---------- required by a bound in this trait
[INFO] [stderr]    | where
[INFO] [stderr]    |     <Self as Quantity>::UnitType: LinearScaledUnit,
[INFO] [stderr]    |                                   ^^^^^^^^^^^^^^^^ required by this bound in `HasRefUnit`
[INFO] [stderr]    = note: this error originates in the attribute macro `quantity` (in Nightly builds, run with -Z macro-backtrace for more info)
[INFO] [stderr] 
[INFO] [stderr] error[E0277]: cannot multiply `Foo` by `Bar`
[INFO] [stderr]   --> tests/ui/derived_lhs_no_ref_unit.rs:21:1
[INFO] [stderr]    |
[INFO] [stderr] 21 | #[quantity(Foo * Bar)]
[INFO] [stderr]    | ^^^^^^^^^^^^^^^^^^^^^^ no implementation for `Foo * Bar`
[INFO] [stderr]    |
[INFO] [stderr]    = help: the trait `quantities::HasRefUnit` is not implemented for `Foo`
[INFO] [stderr]    = help: the following other types implement trait `quantities::HasRefUnit`:
[INFO] [stderr]              Bar
[INFO] [stderr]              Baz
[INFO] [stderr]              f64
[INFO] [stderr] note: required for `Foo` to implement `std::ops::Mul<Bar>`
[INFO] [stderr]   --> tests/ui/derived_lhs_no_ref_unit.rs:21:1
[INFO] [stderr]    |
[INFO] [stderr] 21 | #[quantity(Foo * Bar)]
[INFO] [stderr]    | ^^^^^^^^^^^^^^^^^^^^^^
[INFO] [stderr]    = help: see issue #48214
[INFO] [stderr]    = note: this error originates in the attribute macro `quantity` (in Nightly builds, run with -Z macro-backtrace for more info)
[INFO] [stderr] help: add `#![feature(trivial_bounds)]` to the crate attributes to enable
[INFO] [stderr]    |
[INFO] [stderr] 10 + #![feature(trivial_bounds)]
[INFO] [stderr]    |
[INFO] [stderr] 
[INFO] [stderr] error[E0277]: the trait bound `Foo: quantities::HasRefUnit` is not satisfied
[INFO] [stderr]   --> tests/ui/derived_lhs_no_ref_unit.rs:21:1
[INFO] [stderr]    |
[INFO] [stderr] 21 | #[quantity(Foo * Bar)]
[INFO] [stderr]    | ^^^^^^^^^^^^^^^^^^^^^^ the trait `quantities::HasRefUnit` is not implemented for `Foo`
[INFO] [stderr]    |
[INFO] [stderr]    = help: the following other types implement trait `quantities::HasRefUnit`:
[INFO] [stderr]              Bar
[INFO] [stderr]              Baz
[INFO] [stderr]              f64
[INFO] [stderr] note: required for `Bar` to implement `std::ops::Mul<Foo>`
[INFO] [stderr]   --> tests/ui/derived_lhs_no_ref_unit.rs:21:1
[INFO] [stderr]    |
[INFO] [stderr] 21 | #[quantity(Foo * Bar)]
[INFO] [stderr]    | ^^^^^^^^^^^^^^^^^^^^^^
[INFO] [stderr]    = help: see issue #48214
[INFO] [stderr]    = note: this error originates in the attribute macro `quantity` (in Nightly builds, run with -Z macro-backtrace for more info)
[INFO] [stderr] help: add `#![feature(trivial_bounds)]` to the crate attributes to enable
[INFO] [stderr]    |
[INFO] [stderr] 10 + #![feature(trivial_bounds)]
[INFO] [stderr]    |
[INFO] [stderr] 
[INFO] [stderr] error[E0277]: the trait bound `Foo: quantities::HasRefUnit` is not satisfied
[INFO] [stderr]   --> tests/ui/derived_lhs_no_ref_unit.rs:21:1
[INFO] [stderr]    |
[INFO] [stderr] 21 | #[quantity(Foo * Bar)]
[INFO] [stderr]    | ^^^^^^^^^^^^^^^^^^^^^^ the trait `quantities::HasRefUnit` is not implemented for `Foo`
[INFO] [stderr]    |
[INFO] [stderr]    = help: the following other types implement trait `quantities::HasRefUnit`:
[INFO] [stderr]              Bar
[INFO] [stderr]              Baz
[INFO] [stderr]              f64
[INFO] [stderr] note: required for `Baz` to implement `std::ops::Div<Foo>`
[INFO] [stderr]   --> tests/ui/derived_lhs_no_ref_unit.rs:21:1
[INFO] [stderr]    |
[INFO] [stderr] 21 | #[quantity(Foo * Bar)]
[INFO] [stderr]    | ^^^^^^^^^^^^^^^^^^^^^^ unsatisfied trait bound introduced here
[INFO] [stderr] ...
[INFO] [stderr] 24 | struct Baz {}
[INFO] [stderr]    |        ^^^
[INFO] [stderr]    = help: see issue #48214
[INFO] [stderr]    = note: this error originates in the attribute macro `quantity` (in Nightly builds, run with -Z macro-backtrace for more info)
[INFO] [stderr] help: add `#![feature(trivial_bounds)]` to the crate attributes to enable
[INFO] [stderr]    |
[INFO] [stderr] 10 + #![feature(trivial_bounds)]
[INFO] [stderr]    |
[INFO] [stderr] 
[INFO] [stderr] error[E0599]: no method named `scale` found for enum `FooUnit` in the current scope
[INFO] [stderr]   --> tests/ui/derived_lhs_no_ref_unit.rs:21:1
[INFO] [stderr]    |
[INFO] [stderr] 12 | #[quantity]
[INFO] [stderr]    | ----------- method `scale` not found for this enum
[INFO] [stderr] ...
[INFO] [stderr] 21 | #[quantity(Foo * Bar)]
[INFO] [stderr]    | ^^^^^^^^^^^^^^^^^^^^^^ method not found in `FooUnit`
[INFO] [stderr]    |
[INFO] [stderr]    = help: items from traits can only be used if the trait is implemented and in scope
[INFO] [stderr]    = note: the following trait defines an item `scale`, perhaps you need to implement it:
[INFO] [stderr]            candidate #1: `quantities::LinearScaledUnit`
[INFO] [stderr]    = note: this error originates in the attribute macro `quantity` (in Nightly builds, run with -Z macro-backtrace for more info)
[INFO] [stderr] 
[INFO] [stderr] error[E0599]: no function or associated item named `unit_from_scale` found for struct `Foo` in the current scope
[INFO] [stderr]   --> tests/ui/derived_lhs_no_ref_unit.rs:21:1
[INFO] [stderr]    |
[INFO] [stderr] 12 | #[quantity]
[INFO] [stderr]    | ----------- function or associated item `unit_from_scale` not found for this struct
[INFO] [stderr] ...
[INFO] [stderr] 21 | #[quantity(Foo * Bar)]
[INFO] [stderr]    | ^^^^^^^^^^^^^^^^^^^^^^ function or associated item not found in `Foo`
[INFO] [stderr]    |
[INFO] [stderr]    = help: items from traits can only be used if the trait is implemented and in scope
[INFO] [stderr]    = note: the following trait defines an item `unit_from_scale`, perhaps you need to implement it:
[INFO] [stderr]            candidate #1: `quantities::HasRefUnit`
[INFO] [stderr]    = note: this error originates in the attribute macro `quantity` (in Nightly builds, run with -Z macro-backtrace for more info)
[INFO] [stderr] help: there is an associated function `unit_from_symbol` with a similar name
[INFO] [stderr]    |
[INFO] [stderr] 21 | unit_from_symbol
[INFO] [stderr]    |
[INFO] [stderr] 
[INFO] [stderr] error[E0277]: the trait bound `FooUnit: quantities::LinearScaledUnit` is not satisfied
[INFO] [stderr]   --> tests/ui/derived_lhs_no_ref_unit.rs:21:1
[INFO] [stderr]    |
[INFO] [stderr] 21 | #[quantity(Foo * Bar)]
[INFO] [stderr]    | ^^^^^^^^^^^^^^^^^^^^^^ the trait `quantities::LinearScaledUnit` is not implemented for `FooUnit`
[INFO] [stderr]    |
[INFO] [stderr]    = help: the following other types implement trait `quantities::LinearScaledUnit`:
[INFO] [stderr]              BarUnit
[INFO] [stderr]              BazUnit
[INFO] [stderr]              quantities::One
[INFO] [stderr] note: required by a bound in `_fit`
[INFO] [stderr]   --> src/lib.rs
[INFO] [stderr]    |
[INFO] [stderr]    |     <Self as Quantity>::UnitType: LinearScaledUnit,
[INFO] [stderr]    |                                   ^^^^^^^^^^^^^^^^ required by this bound in `HasRefUnit::_fit`
[INFO] [stderr] ...
[INFO] [stderr]    |     fn _fit(amount: AmountT) -> Self {
[INFO] [stderr]    |        ---- required by a bound in this associated function
[INFO] [stderr]    = note: this error originates in the attribute macro `quantity` (in Nightly builds, run with -Z macro-backtrace for more info)
[INFO] [stderr] 
[INFO] [stderr] error[E0277]: the trait bound `Foo: quantities::HasRefUnit` is not satisfied
[INFO] [stderr]   --> tests/ui/derived_lhs_no_ref_unit.rs:21:1
[INFO] [stderr]    |
[INFO] [stderr] 21 | #[quantity(Foo * Bar)]
[INFO] [stderr]    | ^^^^^^^^^^^^^^^^^^^^^^ the trait `quantities::HasRefUnit` is not implemented for `Foo`
[INFO] [stderr]    |
[INFO] [stderr]    = help: the following other types implement trait `quantities::HasRefUnit`:
[INFO] [stderr]              Bar
[INFO] [stderr]              Baz
[INFO] [stderr]              f64
[INFO] [stderr]    = note: this error originates in the attribute macro `quantity` (in Nightly builds, run with -Z macro-backtrace for more info)
[INFO] [stderr] ┈┈┈┈┈┈┈┈┈┈┈┈┈┈┈┈┈┈┈┈┈┈┈┈┈┈┈┈┈┈┈┈┈┈┈┈┈┈┈┈┈┈┈┈┈┈┈┈┈┈┈┈┈┈┈┈┈┈┈┈
[INFO] [stderr] note: If the actual output is the correct output you can bless it by rerunning
[INFO] [stderr]       your test with the environment variable TRYBUILD=overwrite
[INFO] [stderr] 
[INFO] [stderr] test tests/ui/derived_res_no_ref_unit.rs ... mismatch
[INFO] [stderr] 
[INFO] [stderr] EXPECTED:
[INFO] [stderr] ┈┈┈┈┈┈┈┈┈┈┈┈┈┈┈┈┈┈┈┈┈┈┈┈┈┈┈┈┈┈┈┈┈┈┈┈┈┈┈┈┈┈┈┈┈┈┈┈┈┈┈┈┈┈┈┈┈┈┈┈
[INFO] [stderr] error[E0277]: the trait bound `Baz: quantities::HasRefUnit` is not satisfied
[INFO] [stderr]   --> tests/ui/derived_res_no_ref_unit.rs:22:1
[INFO] [stderr]    |
[INFO] [stderr] 22 | #[quantity(Foo * Bar)]
[INFO] [stderr]    | ^^^^^^^^^^^^^^^^^^^^^^ the trait `quantities::HasRefUnit` is not implemented for `Baz`
[INFO] [stderr]    |
[INFO] [stderr]    = help: the following other types implement trait `quantities::HasRefUnit`:
[INFO] [stderr]              Acceleration
[INFO] [stderr]              Area
[INFO] [stderr]              Bar
[INFO] [stderr]              DataThroughput
[INFO] [stderr]              DataVolume
[INFO] [stderr]              Energy
[INFO] [stderr]              Foo
[INFO] [stderr]              Force
[INFO] [stderr]            and $N others
[INFO] [stderr]    = help: see issue #48214
[INFO] [stderr]    = note: this error originates in the attribute macro `quantity` (in Nightly builds, run with -Z macro-backtrace for more info)
[INFO] [stderr] 
[INFO] [stderr] error[E0277]: the trait bound `BazUnit: quantities::LinearScaledUnit` is not satisfied
[INFO] [stderr]   --> tests/ui/derived_res_no_ref_unit.rs:22:1
[INFO] [stderr]    |
[INFO] [stderr] 22 | #[quantity(Foo * Bar)]
[INFO] [stderr]    | ^^^^^^^^^^^^^^^^^^^^^^ the trait `quantities::LinearScaledUnit` is not implemented for `BazUnit`
[INFO] [stderr]    |
[INFO] [stderr]    = help: the following other types implement trait `quantities::LinearScaledUnit`:
[INFO] [stderr]              AccelerationUnit
[INFO] [stderr]              AreaUnit
[INFO] [stderr]              BarUnit
[INFO] [stderr]              DataThroughputUnit
[INFO] [stderr]              DataVolumeUnit
[INFO] [stderr]              DurationUnit
[INFO] [stderr]              EnergyUnit
[INFO] [stderr]              FooUnit
[INFO] [stderr]            and $N others
[INFO] [stderr] note: required by a bound in `quantities::HasRefUnit`
[INFO] [stderr]   --> src/lib.rs
[INFO] [stderr]    |
[INFO] [stderr]    | pub trait HasRefUnit: Quantity + Add<Self> + Sub<Self> + Div<Self>
[INFO] [stderr]    |           ---------- required by a bound in this trait
[INFO] [stderr]    | where
[INFO] [stderr]    |     <Self as Quantity>::UnitType: LinearScaledUnit,
[INFO] [stderr]    |                                   ^^^^^^^^^^^^^^^^ required by this bound in `HasRefUnit`
[INFO] [stderr]    = note: this error originates in the attribute macro `quantity` (in Nightly builds, run with -Z macro-backtrace for more info)
[INFO] [stderr] 
[INFO] [stderr] error[E0277]: cannot divide `Baz` by `Bar`
[INFO] [stderr]   --> tests/ui/derived_res_no_ref_unit.rs:22:1
[INFO] [stderr]    |
[INFO] [stderr] 22 | #[quantity(Foo * Bar)]
[INFO] [stderr]    | ^^^^^^^^^^^^^^^^^^^^^^ no implementation for `Baz / Bar`
[INFO] [stderr]    |
[INFO] [stderr]    = help: the trait `quantities::HasRefUnit` is not implemented for `Baz`, which is required by `Baz: std::ops::Div<Bar>`
[INFO] [stderr] note: required for `Baz` to implement `std::ops::Div<Bar>`
[INFO] [stderr]   --> tests/ui/derived_res_no_ref_unit.rs:22:1
[INFO] [stderr]    |
[INFO] [stderr] 22 | #[quantity(Foo * Bar)]
[INFO] [stderr]    | ^^^^^^^^^^^^^^^^^^^^^^ unsatisfied trait bound introduced here
[INFO] [stderr] 23 | #[unit(Bazoo, "b", "1·f·e")]
[INFO] [stderr] 24 | struct Baz {}
[INFO] [stderr]    |        ^^^
[INFO] [stderr]    = help: see issue #48214
[INFO] [stderr]    = note: this error originates in the attribute macro `quantity` (in Nightly builds, run with -Z macro-backtrace for more info)
[INFO] [stderr] 
[INFO] [stderr] error[E0277]: cannot divide `Baz` by `Foo`
[INFO] [stderr]   --> tests/ui/derived_res_no_ref_unit.rs:22:1
[INFO] [stderr]    |
[INFO] [stderr] 22 | #[quantity(Foo * Bar)]
[INFO] [stderr]    | ^^^^^^^^^^^^^^^^^^^^^^ no implementation for `Baz / Foo`
[INFO] [stderr]    |
[INFO] [stderr]    = help: the trait `quantities::HasRefUnit` is not implemented for `Baz`, which is required by `Baz: std::ops::Div<Foo>`
[INFO] [stderr] note: required for `Baz` to implement `std::ops::Div<Foo>`
[INFO] [stderr]   --> tests/ui/derived_res_no_ref_unit.rs:22:1
[INFO] [stderr]    |
[INFO] [stderr] 22 | #[quantity(Foo * Bar)]
[INFO] [stderr]    | ^^^^^^^^^^^^^^^^^^^^^^ unsatisfied trait bound introduced here
[INFO] [stderr] 23 | #[unit(Bazoo, "b", "1·f·e")]
[INFO] [stderr] 24 | struct Baz {}
[INFO] [stderr]    |        ^^^
[INFO] [stderr]    = help: see issue #48214
[INFO] [stderr]    = note: this error originates in the attribute macro `quantity` (in Nightly builds, run with -Z macro-backtrace for more info)
[INFO] [stderr] 
[INFO] [stderr] error[E0599]: no function or associated item named `unit_from_scale` found for struct `Baz` in the current scope
[INFO] [stderr]   --> tests/ui/derived_res_no_ref_unit.rs:22:1
[INFO] [stderr]    |
[INFO] [stderr] 22 | #[quantity(Foo * Bar)]
[INFO] [stderr]    | ^^^^^^^^^^^^^^^^^^^^^^
[INFO] [stderr]    | |
[INFO] [stderr]    | function or associated item not found in `Baz`
[INFO] [stderr]    | function or associated item `unit_from_scale` not found for this struct
[INFO] [stderr]    |
[INFO] [stderr]    = help: items from traits can only be used if the trait is implemented and in scope
[INFO] [stderr]    = note: the following trait defines an item `unit_from_scale`, perhaps you need to implement it:
[INFO] [stderr]            candidate #1: `quantities::HasRefUnit`
[INFO] [stderr]    = note: this error originates in the attribute macro `quantity` (in Nightly builds, run with -Z macro-backtrace for more info)
[INFO] [stderr] help: there is an associated function `unit_from_symbol` with a similar name
[INFO] [stderr]    |
[INFO] [stderr] 22 | unit_from_symbol
[INFO] [stderr]    |
[INFO] [stderr] 
[INFO] [stderr] error[E0277]: the trait bound `BazUnit: quantities::LinearScaledUnit` is not satisfied
[INFO] [stderr]   --> tests/ui/derived_res_no_ref_unit.rs:22:1
[INFO] [stderr]    |
[INFO] [stderr] 22 | #[quantity(Foo * Bar)]
[INFO] [stderr]    | ^^^^^^^^^^^^^^^^^^^^^^ the trait `quantities::LinearScaledUnit` is not implemented for `BazUnit`
[INFO] [stderr]    |
[INFO] [stderr]    = help: the following other types implement trait `quantities::LinearScaledUnit`:
[INFO] [stderr]              AccelerationUnit
[INFO] [stderr]              AreaUnit
[INFO] [stderr]              BarUnit
[INFO] [stderr]              DataThroughputUnit
[INFO] [stderr]              DataVolumeUnit
[INFO] [stderr]              DurationUnit
[INFO] [stderr]              EnergyUnit
[INFO] [stderr]              FooUnit
[INFO] [stderr]            and $N others
[INFO] [stderr] note: required by a bound in `_fit`
[INFO] [stderr]   --> src/lib.rs
[INFO] [stderr]    |
[INFO] [stderr]    |     <Self as Quantity>::UnitType: LinearScaledUnit,
[INFO] [stderr]    |                                   ^^^^^^^^^^^^^^^^ required by this bound in `HasRefUnit::_fit`
[INFO] [stderr] ...
[INFO] [stderr]    |     fn _fit(amount: AmountT) -> Self {
[INFO] [stderr]    |        ---- required by a bound in this associated function
[INFO] [stderr]    = note: this error originates in the attribute macro `quantity` (in Nightly builds, run with -Z macro-backtrace for more info)
[INFO] [stderr] 
[INFO] [stderr] error[E0277]: the trait bound `Baz: quantities::HasRefUnit` is not satisfied
[INFO] [stderr]   --> tests/ui/derived_res_no_ref_unit.rs:22:1
[INFO] [stderr]    |
[INFO] [stderr] 22 | #[quantity(Foo * Bar)]
[INFO] [stderr]    | ^^^^^^^^^^^^^^^^^^^^^^ the trait `quantities::HasRefUnit` is not implemented for `Baz`
[INFO] [stderr]    |
[INFO] [stderr]    = help: the following other types implement trait `quantities::HasRefUnit`:
[INFO] [stderr]              Acceleration
[INFO] [stderr]              Area
[INFO] [stderr]              Bar
[INFO] [stderr]              DataThroughput
[INFO] [stderr]              DataVolume
[INFO] [stderr]              Energy
[INFO] [stderr]              Foo
[INFO] [stderr]              Force
[INFO] [stderr]            and $N others
[INFO] [stderr]    = note: this error originates in the attribute macro `quantity` (in Nightly builds, run with -Z macro-backtrace for more info)
[INFO] [stderr] 
[INFO] [stderr] error[E0599]: no method named `scale` found for enum `BazUnit` in the current scope
[INFO] [stderr]   --> tests/ui/derived_res_no_ref_unit.rs:22:1
[INFO] [stderr]    |
[INFO] [stderr] 22 | #[quantity(Foo * Bar)]
[INFO] [stderr]    | ^^^^^^^^^^^^^^^^^^^^^^
[INFO] [stderr]    | |
[INFO] [stderr]    | method not found in `BazUnit`
[INFO] [stderr]    | method `scale` not found for this enum
[INFO] [stderr]    |
[INFO] [stderr]    = help: items from traits can only be used if the trait is implemented and in scope
[INFO] [stderr]    = note: the following trait defines an item `scale`, perhaps you need to implement it:
[INFO] [stderr]            candidate #1: `quantities::LinearScaledUnit`
[INFO] [stderr]    = note: this error originates in the attribute macro `quantity` (in Nightly builds, run with -Z macro-backtrace for more info)
[INFO] [stderr] ┈┈┈┈┈┈┈┈┈┈┈┈┈┈┈┈┈┈┈┈┈┈┈┈┈┈┈┈┈┈┈┈┈┈┈┈┈┈┈┈┈┈┈┈┈┈┈┈┈┈┈┈┈┈┈┈┈┈┈┈
[INFO] [stderr] 
[INFO] [stderr] ACTUAL OUTPUT:
[INFO] [stderr] ┈┈┈┈┈┈┈┈┈┈┈┈┈┈┈┈┈┈┈┈┈┈┈┈┈┈┈┈┈┈┈┈┈┈┈┈┈┈┈┈┈┈┈┈┈┈┈┈┈┈┈┈┈┈┈┈┈┈┈┈
[INFO] [stderr] error[E0277]: the trait bound `Baz: quantities::HasRefUnit` is not satisfied
[INFO] [stderr]   --> tests/ui/derived_res_no_ref_unit.rs:22:1
[INFO] [stderr]    |
[INFO] [stderr] 22 | #[quantity(Foo * Bar)]
[INFO] [stderr]    | ^^^^^^^^^^^^^^^^^^^^^^ the trait `quantities::HasRefUnit` is not implemented for `Baz`
[INFO] [stderr]    |
[INFO] [stderr]    = help: the following other types implement trait `quantities::HasRefUnit`:
[INFO] [stderr]              Bar
[INFO] [stderr]              Foo
[INFO] [stderr]              f64
[INFO] [stderr]    = help: see issue #48214
[INFO] [stderr]    = note: this error originates in the attribute macro `quantity` (in Nightly builds, run with -Z macro-backtrace for more info)
[INFO] [stderr] help: add `#![feature(trivial_bounds)]` to the crate attributes to enable
[INFO] [stderr]    |
[INFO] [stderr] 10 + #![feature(trivial_bounds)]
[INFO] [stderr]    |
[INFO] [stderr] 
[INFO] [stderr] error[E0277]: the trait bound `BazUnit: quantities::LinearScaledUnit` is not satisfied
[INFO] [stderr]   --> tests/ui/derived_res_no_ref_unit.rs:22:1
[INFO] [stderr]    |
[INFO] [stderr] 22 | #[quantity(Foo * Bar)]
[INFO] [stderr]    | ^^^^^^^^^^^^^^^^^^^^^^ the trait `quantities::LinearScaledUnit` is not implemented for `BazUnit`
[INFO] [stderr]    |
[INFO] [stderr]    = help: the following other types implement trait `quantities::LinearScaledUnit`:
[INFO] [stderr]              BarUnit
[INFO] [stderr]              FooUnit
[INFO] [stderr]              quantities::One
[INFO] [stderr] note: required by a bound in `quantities::HasRefUnit`
[INFO] [stderr]   --> src/lib.rs
[INFO] [stderr]    |
[INFO] [stderr]    | pub trait HasRefUnit: Quantity + Add<Self> + Sub<Self> + Div<Self>
[INFO] [stderr]    |           ---------- required by a bound in this trait
[INFO] [stderr]    | where
[INFO] [stderr]    |     <Self as Quantity>::UnitType: LinearScaledUnit,
[INFO] [stderr]    |                                   ^^^^^^^^^^^^^^^^ required by this bound in `HasRefUnit`
[INFO] [stderr]    = note: this error originates in the attribute macro `quantity` (in Nightly builds, run with -Z macro-backtrace for more info)
[INFO] [stderr] 
[INFO] [stderr] error[E0277]: cannot divide `Baz` by `Bar`
[INFO] [stderr]   --> tests/ui/derived_res_no_ref_unit.rs:22:1
[INFO] [stderr]    |
[INFO] [stderr] 22 | #[quantity(Foo * Bar)]
[INFO] [stderr]    | ^^^^^^^^^^^^^^^^^^^^^^ no implementation for `Baz / Bar`
[INFO] [stderr]    |
[INFO] [stderr]    = help: the trait `quantities::HasRefUnit` is not implemented for `Baz`
[INFO] [stderr]    = help: the following other types implement trait `quantities::HasRefUnit`:
[INFO] [stderr]              Bar
[INFO] [stderr]              Foo
[INFO] [stderr]              f64
[INFO] [stderr] note: required for `Baz` to implement `std::ops::Div<Bar>`
[INFO] [stderr]   --> tests/ui/derived_res_no_ref_unit.rs:22:1
[INFO] [stderr]    |
[INFO] [stderr] 22 | #[quantity(Foo * Bar)]
[INFO] [stderr]    | ^^^^^^^^^^^^^^^^^^^^^^ unsatisfied trait bound introduced here
[INFO] [stderr] 23 | #[unit(Bazoo, "b", "1·f·e")]
[INFO] [stderr] 24 | struct Baz {}
[INFO] [stderr]    |        ^^^
[INFO] [stderr]    = help: see issue #48214
[INFO] [stderr]    = note: this error originates in the attribute macro `quantity` (in Nightly builds, run with -Z macro-backtrace for more info)
[INFO] [stderr] help: add `#![feature(trivial_bounds)]` to the crate attributes to enable
[INFO] [stderr]    |
[INFO] [stderr] 10 + #![feature(trivial_bounds)]
[INFO] [stderr]    |
[INFO] [stderr] 
[INFO] [stderr] error[E0277]: cannot divide `Baz` by `Foo`
[INFO] [stderr]   --> tests/ui/derived_res_no_ref_unit.rs:22:1
[INFO] [stderr]    |
[INFO] [stderr] 22 | #[quantity(Foo * Bar)]
[INFO] [stderr]    | ^^^^^^^^^^^^^^^^^^^^^^ no implementation for `Baz / Foo`
[INFO] [stderr]    |
[INFO] [stderr]    = help: the trait `quantities::HasRefUnit` is not implemented for `Baz`
[INFO] [stderr]    = help: the following other types implement trait `quantities::HasRefUnit`:
[INFO] [stderr]              Bar
[INFO] [stderr]              Foo
[INFO] [stderr]              f64
[INFO] [stderr] note: required for `Baz` to implement `std::ops::Div<Foo>`
[INFO] [stderr]   --> tests/ui/derived_res_no_ref_unit.rs:22:1
[INFO] [stderr]    |
[INFO] [stderr] 22 | #[quantity(Foo * Bar)]
[INFO] [stderr]    | ^^^^^^^^^^^^^^^^^^^^^^ unsatisfied trait bound introduced here
[INFO] [stderr] 23 | #[unit(Bazoo, "b", "1·f·e")]
[INFO] [stderr] 24 | struct Baz {}
[INFO] [stderr]    |        ^^^
[INFO] [stderr]    = help: see issue #48214
[INFO] [stderr]    = note: this error originates in the attribute macro `quantity` (in Nightly builds, run with -Z macro-backtrace for more info)
[INFO] [stderr] help: add `#![feature(trivial_bounds)]` to the crate attributes to enable
[INFO] [stderr]    |
[INFO] [stderr] 10 + #![feature(trivial_bounds)]
[INFO] [stderr]    |
[INFO] [stderr] 
[INFO] [stderr] error[E0599]: no function or associated item named `unit_from_scale` found for struct `Baz` in the current scope
[INFO] [stderr]   --> tests/ui/derived_res_no_ref_unit.rs:22:1
[INFO] [stderr]    |
[INFO] [stderr] 22 | #[quantity(Foo * Bar)]
[INFO] [stderr]    | ^^^^^^^^^^^^^^^^^^^^^^
[INFO] [stderr]    | |
[INFO] [stderr]    | function or associated item not found in `Baz`
[INFO] [stderr]    | function or associated item `unit_from_scale` not found for this struct
[INFO] [stderr]    |
[INFO] [stderr]    = help: items from traits can only be used if the trait is implemented and in scope
[INFO] [stderr]    = note: the following trait defines an item `unit_from_scale`, perhaps you need to implement it:
[INFO] [stderr]            candidate #1: `quantities::HasRefUnit`
[INFO] [stderr]    = note: this error originates in the attribute macro `quantity` (in Nightly builds, run with -Z macro-backtrace for more info)
[INFO] [stderr] help: there is an associated function `unit_from_symbol` with a similar name
[INFO] [stderr]    |
[INFO] [stderr] 22 | unit_from_symbol
[INFO] [stderr]    |
[INFO] [stderr] 
[INFO] [stderr] error[E0277]: the trait bound `BazUnit: quantities::LinearScaledUnit` is not satisfied
[INFO] [stderr]   --> tests/ui/derived_res_no_ref_unit.rs:22:1
[INFO] [stderr]    |
[INFO] [stderr] 22 | #[quantity(Foo * Bar)]
[INFO] [stderr]    | ^^^^^^^^^^^^^^^^^^^^^^ the trait `quantities::LinearScaledUnit` is not implemented for `BazUnit`
[INFO] [stderr]    |
[INFO] [stderr]    = help: the following other types implement trait `quantities::LinearScaledUnit`:
[INFO] [stderr]              BarUnit
[INFO] [stderr]              FooUnit
[INFO] [stderr]              quantities::One
[INFO] [stderr] note: required by a bound in `_fit`
[INFO] [stderr]   --> src/lib.rs
[INFO] [stderr]    |
[INFO] [stderr]    |     <Self as Quantity>::UnitType: LinearScaledUnit,
[INFO] [stderr]    |                                   ^^^^^^^^^^^^^^^^ required by this bound in `HasRefUnit::_fit`
[INFO] [stderr] ...
[INFO] [stderr]    |     fn _fit(amount: AmountT) -> Self {
[INFO] [stderr]    |        ---- required by a bound in this associated function
[INFO] [stderr]    = note: this error originates in the attribute macro `quantity` (in Nightly builds, run with -Z macro-backtrace for more info)
[INFO] [stderr] 
[INFO] [stderr] error[E0277]: the trait bound `Baz: quantities::HasRefUnit` is not satisfied
[INFO] [stderr]   --> tests/ui/derived_res_no_ref_unit.rs:22:1
[INFO] [stderr]    |
[INFO] [stderr] 22 | #[quantity(Foo * Bar)]
[INFO] [stderr]    | ^^^^^^^^^^^^^^^^^^^^^^ the trait `quantities::HasRefUnit` is not implemented for `Baz`
[INFO] [stderr]    |
[INFO] [stderr]    = help: the following other types implement trait `quantities::HasRefUnit`:
[INFO] [stderr]              Bar
[INFO] [stderr]              Foo
[INFO] [stderr]              f64
[INFO] [stderr]    = note: this error originates in the attribute macro `quantity` (in Nightly builds, run with -Z macro-backtrace for more info)
[INFO] [stderr] 
[INFO] [stderr] error[E0599]: no method named `scale` found for enum `BazUnit` in the current scope
[INFO] [stderr]   --> tests/ui/derived_res_no_ref_unit.rs:22:1
[INFO] [stderr]    |
[INFO] [stderr] 22 | #[quantity(Foo * Bar)]
[INFO] [stderr]    | ^^^^^^^^^^^^^^^^^^^^^^
[INFO] [stderr]    | |
[INFO] [stderr]    | method not found in `BazUnit`
[INFO] [stderr]    | method `scale` not found for this enum
[INFO] [stderr]    |
[INFO] [stderr]    = help: items from traits can only be used if the trait is implemented and in scope
[INFO] [stderr]    = note: the following trait defines an item `scale`, perhaps you need to implement it:
[INFO] [stderr]            candidate #1: `quantities::LinearScaledUnit`
[INFO] [stderr]    = note: this error originates in the attribute macro `quantity` (in Nightly builds, run with -Z macro-backtrace for more info)
[INFO] [stderr] ┈┈┈┈┈┈┈┈┈┈┈┈┈┈┈┈┈┈┈┈┈┈┈┈┈┈┈┈┈┈┈┈┈┈┈┈┈┈┈┈┈┈┈┈┈┈┈┈┈┈┈┈┈┈┈┈┈┈┈┈
[INFO] [stderr] note: If the actual output is the correct output you can bless it by rerunning
[INFO] [stderr]       your test with the environment variable TRYBUILD=overwrite
[INFO] [stderr] 
[INFO] [stderr] test tests/ui/derived_rhs_no_ref_unit.rs ... mismatch
[INFO] [stderr] 
[INFO] [stderr] EXPECTED:
[INFO] [stderr] ┈┈┈┈┈┈┈┈┈┈┈┈┈┈┈┈┈┈┈┈┈┈┈┈┈┈┈┈┈┈┈┈┈┈┈┈┈┈┈┈┈┈┈┈┈┈┈┈┈┈┈┈┈┈┈┈┈┈┈┈
[INFO] [stderr] error[E0277]: the trait bound `Bar: quantities::HasRefUnit` is not satisfied
[INFO] [stderr]   --> tests/ui/derived_rhs_no_ref_unit.rs:21:1
[INFO] [stderr]    |
[INFO] [stderr] 21 | #[quantity(Foo * Bar)]
[INFO] [stderr]    | ^^^^^^^^^^^^^^^^^^^^^^ the trait `quantities::HasRefUnit` is not implemented for `Bar`
[INFO] [stderr]    |
[INFO] [stderr]    = help: the following other types implement trait `quantities::HasRefUnit`:
[INFO] [stderr]              Acceleration
[INFO] [stderr]              Area
[INFO] [stderr]              Baz
[INFO] [stderr]              DataThroughput
[INFO] [stderr]              DataVolume
[INFO] [stderr]              Energy
[INFO] [stderr]              Foo
[INFO] [stderr]              Force
[INFO] [stderr]            and $N others
[INFO] [stderr]    = help: see issue #48214
[INFO] [stderr]    = note: this error originates in the attribute macro `quantity` (in Nightly builds, run with -Z macro-backtrace for more info)
[INFO] [stderr] 
[INFO] [stderr] error[E0277]: the trait bound `BarUnit: quantities::LinearScaledUnit` is not satisfied
[INFO] [stderr]   --> tests/ui/derived_rhs_no_ref_unit.rs:21:1
[INFO] [stderr]    |
[INFO] [stderr] 21 | #[quantity(Foo * Bar)]
[INFO] [stderr]    | ^^^^^^^^^^^^^^^^^^^^^^ the trait `quantities::LinearScaledUnit` is not implemented for `BarUnit`
[INFO] [stderr]    |
[INFO] [stderr]    = help: the following other types implement trait `quantities::LinearScaledUnit`:
[INFO] [stderr]              AccelerationUnit
[INFO] [stderr]              AreaUnit
[INFO] [stderr]              BazUnit
[INFO] [stderr]              DataThroughputUnit
[INFO] [stderr]              DataVolumeUnit
[INFO] [stderr]              DurationUnit
[INFO] [stderr]              EnergyUnit
[INFO] [stderr]              FooUnit
[INFO] [stderr]            and $N others
[INFO] [stderr] note: required by a bound in `quantities::HasRefUnit`
[INFO] [stderr]   --> src/lib.rs
[INFO] [stderr]    |
[INFO] [stderr]    | pub trait HasRefUnit: Quantity + Add<Self> + Sub<Self> + Div<Self>
[INFO] [stderr]    |           ---------- required by a bound in this trait
[INFO] [stderr]    | where
[INFO] [stderr]    |     <Self as Quantity>::UnitType: LinearScaledUnit,
[INFO] [stderr]    |                                   ^^^^^^^^^^^^^^^^ required by this bound in `HasRefUnit`
[INFO] [stderr]    = note: this error originates in the attribute macro `quantity` (in Nightly builds, run with -Z macro-backtrace for more info)
[INFO] [stderr] 
[INFO] [stderr] error[E0277]: the trait bound `Bar: quantities::HasRefUnit` is not satisfied
[INFO] [stderr]   --> tests/ui/derived_rhs_no_ref_unit.rs:21:1
[INFO] [stderr]    |
[INFO] [stderr] 21 | #[quantity(Foo * Bar)]
[INFO] [stderr]    | ^^^^^^^^^^^^^^^^^^^^^^ the trait `quantities::HasRefUnit` is not implemented for `Bar`, which is required by `Foo: std::ops::Mul<Bar>`
[INFO] [stderr]    |
[INFO] [stderr]    = help: the following other types implement trait `quantities::HasRefUnit`:
[INFO] [stderr]              Acceleration
[INFO] [stderr]              Area
[INFO] [stderr]              Baz
[INFO] [stderr]              DataThroughput
[INFO] [stderr]              DataVolume
[INFO] [stderr]              Energy
[INFO] [stderr]              Foo
[INFO] [stderr]              Force
[INFO] [stderr]            and $N others
[INFO] [stderr] note: required for `Foo` to implement `std::ops::Mul<Bar>`
[INFO] [stderr]   --> tests/ui/derived_rhs_no_ref_unit.rs:21:1
[INFO] [stderr]    |
[INFO] [stderr] 21 | #[quantity(Foo * Bar)]
[INFO] [stderr]    | ^^^^^^^^^^^^^^^^^^^^^^
[INFO] [stderr]    = help: see issue #48214
[INFO] [stderr]    = note: this error originates in the attribute macro `quantity` (in Nightly builds, run with -Z macro-backtrace for more info)
[INFO] [stderr] 
[INFO] [stderr] error[E0277]: cannot multiply `Bar` by `Foo`
[INFO] [stderr]   --> tests/ui/derived_rhs_no_ref_unit.rs:21:1
[INFO] [stderr]    |
[INFO] [stderr] 21 | #[quantity(Foo * Bar)]
[INFO] [stderr]    | ^^^^^^^^^^^^^^^^^^^^^^ no implementation for `Bar * Foo`
[INFO] [stderr]    |
[INFO] [stderr]    = help: the trait `quantities::HasRefUnit` is not implemented for `Bar`, which is required by `Bar: std::ops::Mul<Foo>`
[INFO] [stderr] note: required for `Bar` to implement `std::ops::Mul<Foo>`
[INFO] [stderr]   --> tests/ui/derived_rhs_no_ref_unit.rs:21:1
[INFO] [stderr]    |
[INFO] [stderr] 21 | #[quantity(Foo * Bar)]
[INFO] [stderr]    | ^^^^^^^^^^^^^^^^^^^^^^
[INFO] [stderr]    = help: see issue #48214
[INFO] [stderr]    = note: this error originates in the attribute macro `quantity` (in Nightly builds, run with -Z macro-backtrace for more info)
[INFO] [stderr] 
[INFO] [stderr] error[E0277]: the trait bound `Bar: quantities::HasRefUnit` is not satisfied
[INFO] [stderr]   --> tests/ui/derived_rhs_no_ref_unit.rs:21:1
[INFO] [stderr]    |
[INFO] [stderr] 21 | #[quantity(Foo * Bar)]
[INFO] [stderr]    | ^^^^^^^^^^^^^^^^^^^^^^ the trait `quantities::HasRefUnit` is not implemented for `Bar`, which is required by `Baz: std::ops::Div<Bar>`
[INFO] [stderr]    |
[INFO] [stderr]    = help: the following other types implement trait `quantities::HasRefUnit`:
[INFO] [stderr]              Acceleration
[INFO] [stderr]              Area
[INFO] [stderr]              Baz
[INFO] [stderr]              DataThroughput
[INFO] [stderr]              DataVolume
[INFO] [stderr]              Energy
[INFO] [stderr]              Foo
[INFO] [stderr]              Force
[INFO] [stderr]            and $N others
[INFO] [stderr] note: required for `Baz` to implement `std::ops::Div<Bar>`
[INFO] [stderr]   --> tests/ui/derived_rhs_no_ref_unit.rs:21:1
[INFO] [stderr]    |
[INFO] [stderr] 21 | #[quantity(Foo * Bar)]
[INFO] [stderr]    | ^^^^^^^^^^^^^^^^^^^^^^ unsatisfied trait bound introduced here
[INFO] [stderr] ...
[INFO] [stderr] 24 | struct Baz {}
[INFO] [stderr]    |        ^^^
[INFO] [stderr]    = help: see issue #48214
[INFO] [stderr]    = note: this error originates in the attribute macro `quantity` (in Nightly builds, run with -Z macro-backtrace for more info)
[INFO] [stderr] 
[INFO] [stderr] error[E0599]: no method named `scale` found for enum `BarUnit` in the current scope
[INFO] [stderr]   --> tests/ui/derived_rhs_no_ref_unit.rs:21:1
[INFO] [stderr]    |
[INFO] [stderr] 17 | #[quantity]
[INFO] [stderr]    | ----------- method `scale` not found for this enum
[INFO] [stderr] ...
[INFO] [stderr] 21 | #[quantity(Foo * Bar)]
[INFO] [stderr]    | ^^^^^^^^^^^^^^^^^^^^^^ method not found in `BarUnit`
[INFO] [stderr]    |
[INFO] [stderr]    = help: items from traits can only be used if the trait is implemented and in scope
[INFO] [stderr]    = note: the following trait defines an item `scale`, perhaps you need to implement it:
[INFO] [stderr]            candidate #1: `quantities::LinearScaledUnit`
[INFO] [stderr]    = note: this error originates in the attribute macro `quantity` (in Nightly builds, run with -Z macro-backtrace for more info)
[INFO] [stderr] 
[INFO] [stderr] error[E0599]: no function or associated item named `unit_from_scale` found for struct `Bar` in the current scope
[INFO] [stderr]   --> tests/ui/derived_rhs_no_ref_unit.rs:21:1
[INFO] [stderr]    |
[INFO] [stderr] 17 | #[quantity]
[INFO] [stderr]    | ----------- function or associated item `unit_from_scale` not found for this struct
[INFO] [stderr] ...
[INFO] [stderr] 21 | #[quantity(Foo * Bar)]
[INFO] [stderr]    | ^^^^^^^^^^^^^^^^^^^^^^ function or associated item not found in `Bar`
[INFO] [stderr]    |
[INFO] [stderr]    = help: items from traits can only be used if the trait is implemented and in scope
[INFO] [stderr]    = note: the following trait defines an item `unit_from_scale`, perhaps you need to implement it:
[INFO] [stderr]            candidate #1: `quantities::HasRefUnit`
[INFO] [stderr]    = note: this error originates in the attribute macro `quantity` (in Nightly builds, run with -Z macro-backtrace for more info)
[INFO] [stderr] help: there is an associated function `unit_from_symbol` with a similar name
[INFO] [stderr]    |
[INFO] [stderr] 21 | unit_from_symbol
[INFO] [stderr]    |
[INFO] [stderr] 
[INFO] [stderr] error[E0277]: the trait bound `BarUnit: quantities::LinearScaledUnit` is not satisfied
[INFO] [stderr]   --> tests/ui/derived_rhs_no_ref_unit.rs:21:1
[INFO] [stderr]    |
[INFO] [stderr] 21 | #[quantity(Foo * Bar)]
[INFO] [stderr]    | ^^^^^^^^^^^^^^^^^^^^^^ the trait `quantities::LinearScaledUnit` is not implemented for `BarUnit`
[INFO] [stderr]    |
[INFO] [stderr]    = help: the following other types implement trait `quantities::LinearScaledUnit`:
[INFO] [stderr]              AccelerationUnit
[INFO] [stderr]              AreaUnit
[INFO] [stderr]              BazUnit
[INFO] [stderr]              DataThroughputUnit
[INFO] [stderr]              DataVolumeUnit
[INFO] [stderr]              DurationUnit
[INFO] [stderr]              EnergyUnit
[INFO] [stderr]              FooUnit
[INFO] [stderr]            and $N others
[INFO] [stderr] note: required by a bound in `_fit`
[INFO] [stderr]   --> src/lib.rs
[INFO] [stderr]    |
[INFO] [stderr]    |     <Self as Quantity>::UnitType: LinearScaledUnit,
[INFO] [stderr]    |                                   ^^^^^^^^^^^^^^^^ required by this bound in `HasRefUnit::_fit`
[INFO] [stderr] ...
[INFO] [stderr]    |     fn _fit(amount: AmountT) -> Self {
[INFO] [stderr]    |        ---- required by a bound in this associated function
[INFO] [stderr]    = note: this error originates in the attribute macro `quantity` (in Nightly builds, run with -Z macro-backtrace for more info)
[INFO] [stderr] 
[INFO] [stderr] error[E0277]: the trait bound `Bar: quantities::HasRefUnit` is not satisfied
[INFO] [stderr]   --> tests/ui/derived_rhs_no_ref_unit.rs:21:1
[INFO] [stderr]    |
[INFO] [stderr] 21 | #[quantity(Foo * Bar)]
[INFO] [stderr]    | ^^^^^^^^^^^^^^^^^^^^^^ the trait `quantities::HasRefUnit` is not implemented for `Bar`
[INFO] [stderr]    |
[INFO] [stderr]    = help: the following other types implement trait `quantities::HasRefUnit`:
[INFO] [stderr]              Acceleration
[INFO] [stderr]              Area
[INFO] [stderr]              Baz
[INFO] [stderr]              DataThroughput
[INFO] [stderr]              DataVolume
[INFO] [stderr]              Energy
[INFO] [stderr]              Foo
[INFO] [stderr]              Force
[INFO] [stderr]            and $N others
[INFO] [stderr]    = note: this error originates in the attribute macro `quantity` (in Nightly builds, run with -Z macro-backtrace for more info)
[INFO] [stderr] ┈┈┈┈┈┈┈┈┈┈┈┈┈┈┈┈┈┈┈┈┈┈┈┈┈┈┈┈┈┈┈┈┈┈┈┈┈┈┈┈┈┈┈┈┈┈┈┈┈┈┈┈┈┈┈┈┈┈┈┈
[INFO] [stderr] 
[INFO] [stderr] ACTUAL OUTPUT:
[INFO] [stderr] ┈┈┈┈┈┈┈┈┈┈┈┈┈┈┈┈┈┈┈┈┈┈┈┈┈┈┈┈┈┈┈┈┈┈┈┈┈┈┈┈┈┈┈┈┈┈┈┈┈┈┈┈┈┈┈┈┈┈┈┈
[INFO] [stderr] error[E0277]: the trait bound `Bar: quantities::HasRefUnit` is not satisfied
[INFO] [stderr]   --> tests/ui/derived_rhs_no_ref_unit.rs:21:1
[INFO] [stderr]    |
[INFO] [stderr] 21 | #[quantity(Foo * Bar)]
[INFO] [stderr]    | ^^^^^^^^^^^^^^^^^^^^^^ the trait `quantities::HasRefUnit` is not implemented for `Bar`
[INFO] [stderr]    |
[INFO] [stderr]    = help: the following other types implement trait `quantities::HasRefUnit`:
[INFO] [stderr]              Baz
[INFO] [stderr]              Foo
[INFO] [stderr]              f64
[INFO] [stderr]    = help: see issue #48214
[INFO] [stderr]    = note: this error originates in the attribute macro `quantity` (in Nightly builds, run with -Z macro-backtrace for more info)
[INFO] [stderr] help: add `#![feature(trivial_bounds)]` to the crate attributes to enable
[INFO] [stderr]    |
[INFO] [stderr] 10 + #![feature(trivial_bounds)]
[INFO] [stderr]    |
[INFO] [stderr] 
[INFO] [stderr] error[E0277]: the trait bound `BarUnit: quantities::LinearScaledUnit` is not satisfied
[INFO] [stderr]   --> tests/ui/derived_rhs_no_ref_unit.rs:21:1
[INFO] [stderr]    |
[INFO] [stderr] 21 | #[quantity(Foo * Bar)]
[INFO] [stderr]    | ^^^^^^^^^^^^^^^^^^^^^^ the trait `quantities::LinearScaledUnit` is not implemented for `BarUnit`
[INFO] [stderr]    |
[INFO] [stderr]    = help: the following other types implement trait `quantities::LinearScaledUnit`:
[INFO] [stderr]              BazUnit
[INFO] [stderr]              FooUnit
[INFO] [stderr]              quantities::One
[INFO] [stderr] note: required by a bound in `quantities::HasRefUnit`
[INFO] [stderr]   --> src/lib.rs
[INFO] [stderr]    |
[INFO] [stderr]    | pub trait HasRefUnit: Quantity + Add<Self> + Sub<Self> + Div<Self>
[INFO] [stderr]    |           ---------- required by a bound in this trait
[INFO] [stderr]    | where
[INFO] [stderr]    |     <Self as Quantity>::UnitType: LinearScaledUnit,
[INFO] [stderr]    |                                   ^^^^^^^^^^^^^^^^ required by this bound in `HasRefUnit`
[INFO] [stderr]    = note: this error originates in the attribute macro `quantity` (in Nightly builds, run with -Z macro-backtrace for more info)
[INFO] [stderr] 
[INFO] [stderr] error[E0277]: the trait bound `Bar: quantities::HasRefUnit` is not satisfied
[INFO] [stderr]   --> tests/ui/derived_rhs_no_ref_unit.rs:21:1
[INFO] [stderr]    |
[INFO] [stderr] 21 | #[quantity(Foo * Bar)]
[INFO] [stderr]    | ^^^^^^^^^^^^^^^^^^^^^^ the trait `quantities::HasRefUnit` is not implemented for `Bar`
[INFO] [stderr]    |
[INFO] [stderr]    = help: the following other types implement trait `quantities::HasRefUnit`:
[INFO] [stderr]              Baz
[INFO] [stderr]              Foo
[INFO] [stderr]              f64
[INFO] [stderr] note: required for `Foo` to implement `std::ops::Mul<Bar>`
[INFO] [stderr]   --> tests/ui/derived_rhs_no_ref_unit.rs:21:1
[INFO] [stderr]    |
[INFO] [stderr] 21 | #[quantity(Foo * Bar)]
[INFO] [stderr]    | ^^^^^^^^^^^^^^^^^^^^^^
[INFO] [stderr]    = help: see issue #48214
[INFO] [stderr]    = note: this error originates in the attribute macro `quantity` (in Nightly builds, run with -Z macro-backtrace for more info)
[INFO] [stderr] help: add `#![feature(trivial_bounds)]` to the crate attributes to enable
[INFO] [stderr]    |
[INFO] [stderr] 10 + #![feature(trivial_bounds)]
[INFO] [stderr]    |
[INFO] [stderr] 
[INFO] [stderr] error[E0277]: cannot multiply `Bar` by `Foo`
[INFO] [stderr]   --> tests/ui/derived_rhs_no_ref_unit.rs:21:1
[INFO] [stderr]    |
[INFO] [stderr] 21 | #[quantity(Foo * Bar)]
[INFO] [stderr]    | ^^^^^^^^^^^^^^^^^^^^^^ no implementation for `Bar * Foo`
[INFO] [stderr]    |
[INFO] [stderr]    = help: the trait `quantities::HasRefUnit` is not implemented for `Bar`
[INFO] [stderr]    = help: the following other types implement trait `quantities::HasRefUnit`:
[INFO] [stderr]              Baz
[INFO] [stderr]              Foo
[INFO] [stderr]              f64
[INFO] [stderr] note: required for `Bar` to implement `std::ops::Mul<Foo>`
[INFO] [stderr]   --> tests/ui/derived_rhs_no_ref_unit.rs:21:1
[INFO] [stderr]    |
[INFO] [stderr] 21 | #[quantity(Foo * Bar)]
[INFO] [stderr]    | ^^^^^^^^^^^^^^^^^^^^^^
[INFO] [stderr]    = help: see issue #48214
[INFO] [stderr]    = note: this error originates in the attribute macro `quantity` (in Nightly builds, run with -Z macro-backtrace for more info)
[INFO] [stderr] help: add `#![feature(trivial_bounds)]` to the crate attributes to enable
[INFO] [stderr]    |
[INFO] [stderr] 10 + #![feature(trivial_bounds)]
[INFO] [stderr]    |
[INFO] [stderr] 
[INFO] [stderr] error[E0277]: the trait bound `Bar: quantities::HasRefUnit` is not satisfied
[INFO] [stderr]   --> tests/ui/derived_rhs_no_ref_unit.rs:21:1
[INFO] [stderr]    |
[INFO] [stderr] 21 | #[quantity(Foo * Bar)]
[INFO] [stderr]    | ^^^^^^^^^^^^^^^^^^^^^^ the trait `quantities::HasRefUnit` is not implemented for `Bar`
[INFO] [stderr]    |
[INFO] [stderr]    = help: the following other types implement trait `quantities::HasRefUnit`:
[INFO] [stderr]              Baz
[INFO] [stderr]              Foo
[INFO] [stderr]              f64
[INFO] [stderr] note: required for `Baz` to implement `std::ops::Div<Bar>`
[INFO] [stderr]   --> tests/ui/derived_rhs_no_ref_unit.rs:21:1
[INFO] [stderr]    |
[INFO] [stderr] 21 | #[quantity(Foo * Bar)]
[INFO] [stderr]    | ^^^^^^^^^^^^^^^^^^^^^^ unsatisfied trait bound introduced here
[INFO] [stderr] ...
[INFO] [stderr] 24 | struct Baz {}
[INFO] [stderr]    |        ^^^
[INFO] [stderr]    = help: see issue #48214
[INFO] [stderr]    = note: this error originates in the attribute macro `quantity` (in Nightly builds, run with -Z macro-backtrace for more info)
[INFO] [stderr] help: add `#![feature(trivial_bounds)]` to the crate attributes to enable
[INFO] [stderr]    |
[INFO] [stderr] 10 + #![feature(trivial_bounds)]
[INFO] [stderr]    |
[INFO] [stderr] 
[INFO] [stderr] error[E0599]: no method named `scale` found for enum `BarUnit` in the current scope
[INFO] [stderr]   --> tests/ui/derived_rhs_no_ref_unit.rs:21:1
[INFO] [stderr]    |
[INFO] [stderr] 17 | #[quantity]
[INFO] [stderr]    | ----------- method `scale` not found for this enum
[INFO] [stderr] ...
[INFO] [stderr] 21 | #[quantity(Foo * Bar)]
[INFO] [stderr]    | ^^^^^^^^^^^^^^^^^^^^^^ method not found in `BarUnit`
[INFO] [stderr]    |
[INFO] [stderr]    = help: items from traits can only be used if the trait is implemented and in scope
[INFO] [stderr]    = note: the following trait defines an item `scale`, perhaps you need to implement it:
[INFO] [stderr]            candidate #1: `quantities::LinearScaledUnit`
[INFO] [stderr]    = note: this error originates in the attribute macro `quantity` (in Nightly builds, run with -Z macro-backtrace for more info)
[INFO] [stderr] 
[INFO] [stderr] error[E0599]: no function or associated item named `unit_from_scale` found for struct `Bar` in the current scope
[INFO] [stderr]   --> tests/ui/derived_rhs_no_ref_unit.rs:21:1
[INFO] [stderr]    |
[INFO] [stderr] 17 | #[quantity]
[INFO] [stderr]    | ----------- function or associated item `unit_from_scale` not found for this struct
[INFO] [stderr] ...
[INFO] [stderr] 21 | #[quantity(Foo * Bar)]
[INFO] [stderr]    | ^^^^^^^^^^^^^^^^^^^^^^ function or associated item not found in `Bar`
[INFO] [stderr]    |
[INFO] [stderr]    = help: items from traits can only be used if the trait is implemented and in scope
[INFO] [stderr]    = note: the following trait defines an item `unit_from_scale`, perhaps you need to implement it:
[INFO] [stderr]            candidate #1: `quantities::HasRefUnit`
[INFO] [stderr]    = note: this error originates in the attribute macro `quantity` (in Nightly builds, run with -Z macro-backtrace for more info)
[INFO] [stderr] help: there is an associated function `unit_from_symbol` with a similar name
[INFO] [stderr]    |
[INFO] [stderr] 21 | unit_from_symbol
[INFO] [stderr]    |
[INFO] [stderr] 
[INFO] [stderr] error[E0277]: the trait bound `BarUnit: quantities::LinearScaledUnit` is not satisfied
[INFO] [stderr]   --> tests/ui/derived_rhs_no_ref_unit.rs:21:1
[INFO] [stderr]    |
[INFO] [stderr] 21 | #[quantity(Foo * Bar)]
[INFO] [stderr]    | ^^^^^^^^^^^^^^^^^^^^^^ the trait `quantities::LinearScaledUnit` is not implemented for `BarUnit`
[INFO] [stderr]    |
[INFO] [stderr]    = help: the following other types implement trait `quantities::LinearScaledUnit`:
[INFO] [stderr]              BazUnit
[INFO] [stderr]              FooUnit
[INFO] [stderr]              quantities::One
[INFO] [stderr] note: required by a bound in `_fit`
[INFO] [stderr]   --> src/lib.rs
[INFO] [stderr]    |
[INFO] [stderr]    |     <Self as Quantity>::UnitType: LinearScaledUnit,
[INFO] [stderr]    |                                   ^^^^^^^^^^^^^^^^ required by this bound in `HasRefUnit::_fit`
[INFO] [stderr] ...
[INFO] [stderr]    |     fn _fit(amount: AmountT) -> Self {
[INFO] [stderr]    |        ---- required by a bound in this associated function
[INFO] [stderr]    = note: this error originates in the attribute macro `quantity` (in Nightly builds, run with -Z macro-backtrace for more info)
[INFO] [stderr] 
[INFO] [stderr] error[E0277]: the trait bound `Bar: quantities::HasRefUnit` is not satisfied
[INFO] [stderr]   --> tests/ui/derived_rhs_no_ref_unit.rs:21:1
[INFO] [stderr]    |
[INFO] [stderr] 21 | #[quantity(Foo * Bar)]
[INFO] [stderr]    | ^^^^^^^^^^^^^^^^^^^^^^ the trait `quantities::HasRefUnit` is not implemented for `Bar`
[INFO] [stderr]    |
[INFO] [stderr]    = help: the following other types implement trait `quantities::HasRefUnit`:
[INFO] [stderr]              Baz
[INFO] [stderr]              Foo
[INFO] [stderr]              f64
[INFO] [stderr]    = note: this error originates in the attribute macro `quantity` (in Nightly builds, run with -Z macro-backtrace for more info)
[INFO] [stderr] ┈┈┈┈┈┈┈┈┈┈┈┈┈┈┈┈┈┈┈┈┈┈┈┈┈┈┈┈┈┈┈┈┈┈┈┈┈┈┈┈┈┈┈┈┈┈┈┈┈┈┈┈┈┈┈┈┈┈┈┈
[INFO] [stderr] note: If the actual output is the correct output you can bless it by rerunning
[INFO] [stderr]       your test with the environment variable TRYBUILD=overwrite
[INFO] [stderr] 
[INFO] [stderr] test tests/ui/invalid_args.rs ... mismatch
[INFO] [stderr] 
[INFO] [stderr] EXPECTED:
[INFO] [stderr] ┈┈┈┈┈┈┈┈┈┈┈┈┈┈┈┈┈┈┈┈┈┈┈┈┈┈┈┈┈┈┈┈┈┈┈┈┈┈┈┈┈┈┈┈┈┈┈┈┈┈┈┈┈┈┈┈┈┈┈┈
[INFO] [stderr] error: Unknown argument(s) given to attribute `quantity`.
[INFO] [stderr] 
[INFO] [stderr]          = help: Use `#[quantity]`
[INFO] [stderr]        or  `#[quantity(<lhs_ident> * <rhs_ident>]`
[INFO] [stderr]        or  `#[quantity(<lhs_ident> / <rhs_ident>]`.
[INFO] [stderr] 
[INFO] [stderr]   --> tests/ui/invalid_args.rs:13:1
[INFO] [stderr]    |
[INFO] [stderr] 13 | #[quantity(fn baz)]
[INFO] [stderr]    | ^^^^^^^^^^^^^^^^^^^
[INFO] [stderr]    |
[INFO] [stderr]    = note: this error originates in the attribute macro `quantity` (in Nightly builds, run with -Z macro-backtrace for more info)
[INFO] [stderr] ┈┈┈┈┈┈┈┈┈┈┈┈┈┈┈┈┈┈┈┈┈┈┈┈┈┈┈┈┈┈┈┈┈┈┈┈┈┈┈┈┈┈┈┈┈┈┈┈┈┈┈┈┈┈┈┈┈┈┈┈
[INFO] [stderr] 
[INFO] [stderr] ACTUAL OUTPUT:
[INFO] [stderr] ┈┈┈┈┈┈┈┈┈┈┈┈┈┈┈┈┈┈┈┈┈┈┈┈┈┈┈┈┈┈┈┈┈┈┈┈┈┈┈┈┈┈┈┈┈┈┈┈┈┈┈┈┈┈┈┈┈┈┈┈
[INFO] [stderr] error: Unknown argument(s) given to attribute `quantity`.
[INFO] [stderr]   --> tests/ui/invalid_args.rs:13:1
[INFO] [stderr]    |
[INFO] [stderr] 13 | #[quantity(fn baz)]
[INFO] [stderr]    | ^^^^^^^^^^^^^^^^^^^
[INFO] [stderr]    |
[INFO] [stderr]    = help: Use `#[quantity]`
[INFO] [stderr]            or  `#[quantity(<lhs_ident> * <rhs_ident>]`
[INFO] [stderr]            or  `#[quantity(<lhs_ident> / <rhs_ident>]`.
[INFO] [stderr]    = note: this error originates in the attribute macro `quantity` (in Nightly builds, run with -Z macro-backtrace for more info)
[INFO] [stderr] ┈┈┈┈┈┈┈┈┈┈┈┈┈┈┈┈┈┈┈┈┈┈┈┈┈┈┈┈┈┈┈┈┈┈┈┈┈┈┈┈┈┈┈┈┈┈┈┈┈┈┈┈┈┈┈┈┈┈┈┈
[INFO] [stderr] note: If the actual output is the correct output you can bless it by rerunning
[INFO] [stderr]       your test with the environment variable TRYBUILD=overwrite
[INFO] [stderr] 
[INFO] [stderr] test tests/ui/item_not_struct.rs ... mismatch
[INFO] [stderr] 
[INFO] [stderr] EXPECTED:
[INFO] [stderr] ┈┈┈┈┈┈┈┈┈┈┈┈┈┈┈┈┈┈┈┈┈┈┈┈┈┈┈┈┈┈┈┈┈┈┈┈┈┈┈┈┈┈┈┈┈┈┈┈┈┈┈┈┈┈┈┈┈┈┈┈
[INFO] [stderr] error: expected `struct`
[INFO] [stderr] 
[INFO] [stderr]          = help: Use `#[quantity]
[INFO] [stderr]        ...
[INFO] [stderr]        struct <ident> {}`.
[INFO] [stderr] 
[INFO] [stderr]   --> tests/ui/item_not_struct.rs:12:1
[INFO] [stderr]    |
[INFO] [stderr] 12 | / /// Foo, a completely useless quantity
[INFO] [stderr] 13 | | #[quantity]
[INFO] [stderr] 14 | | #[ref_unit(A, "a", MEGA)]
[INFO] [stderr] 15 | | #[unit(B, "b", 0.4)]
[INFO] [stderr] ...  |
[INFO] [stderr] 18 | |     baz,
[INFO] [stderr] 19 | | }
[INFO] [stderr]    | |_^
[INFO] [stderr] ┈┈┈┈┈┈┈┈┈┈┈┈┈┈┈┈┈┈┈┈┈┈┈┈┈┈┈┈┈┈┈┈┈┈┈┈┈┈┈┈┈┈┈┈┈┈┈┈┈┈┈┈┈┈┈┈┈┈┈┈
[INFO] [stderr] 
[INFO] [stderr] ACTUAL OUTPUT:
[INFO] [stderr] ┈┈┈┈┈┈┈┈┈┈┈┈┈┈┈┈┈┈┈┈┈┈┈┈┈┈┈┈┈┈┈┈┈┈┈┈┈┈┈┈┈┈┈┈┈┈┈┈┈┈┈┈┈┈┈┈┈┈┈┈
[INFO] [stderr] error: expected `struct`
[INFO] [stderr]   --> tests/ui/item_not_struct.rs:12:1
[INFO] [stderr]    |
[INFO] [stderr] 12 | / /// Foo, a completely useless quantity
[INFO] [stderr] 13 | | #[quantity]
[INFO] [stderr] 14 | | #[ref_unit(A, "a", MEGA)]
[INFO] [stderr] 15 | | #[unit(B, "b", 0.4)]
[INFO] [stderr] ...  |
[INFO] [stderr] 18 | |     baz,
[INFO] [stderr] 19 | | }
[INFO] [stderr]    | |_^
[INFO] [stderr]    |
[INFO] [stderr]    = help: Use `#[quantity]
[INFO] [stderr]            ...
[INFO] [stderr]            struct <ident> {}`.
[INFO] [stderr] ┈┈┈┈┈┈┈┈┈┈┈┈┈┈┈┈┈┈┈┈┈┈┈┈┈┈┈┈┈┈┈┈┈┈┈┈┈┈┈┈┈┈┈┈┈┈┈┈┈┈┈┈┈┈┈┈┈┈┈┈
[INFO] [stderr] note: If the actual output is the correct output you can bless it by rerunning
[INFO] [stderr]       your test with the environment variable TRYBUILD=overwrite
[INFO] [stderr] 
[INFO] [stderr] test tests/ui/missing_scale.rs ... mismatch
[INFO] [stderr] 
[INFO] [stderr] EXPECTED:
[INFO] [stderr] ┈┈┈┈┈┈┈┈┈┈┈┈┈┈┈┈┈┈┈┈┈┈┈┈┈┈┈┈┈┈┈┈┈┈┈┈┈┈┈┈┈┈┈┈┈┈┈┈┈┈┈┈┈┈┈┈┈┈┈┈
[INFO] [stderr] error: <scale> arg expected.
[INFO] [stderr] 
[INFO] [stderr]          = help: Use `#[unit(<ident>, "<symbol>", <si_prefix>, <scale>, "<doc>")]`
[INFO] [stderr]                 or  `#[unit(<ident>, "<symbol>", <si_prefix>, <scale>)]`
[INFO] [stderr]        or  `#[unit(<ident>, "<symbol>", <scale>, "<doc>")]`
[INFO] [stderr]        or  `#[unit(<ident>, "<symbol>", <scale>)]`.
[INFO] [stderr] 
[INFO] [stderr]   --> tests/ui/missing_scale.rs:16:1
[INFO] [stderr]    |
[INFO] [stderr] 16 | #[unit(C, "c")]
[INFO] [stderr]    | ^^^^^^^^^^^^^^^
[INFO] [stderr] ┈┈┈┈┈┈┈┈┈┈┈┈┈┈┈┈┈┈┈┈┈┈┈┈┈┈┈┈┈┈┈┈┈┈┈┈┈┈┈┈┈┈┈┈┈┈┈┈┈┈┈┈┈┈┈┈┈┈┈┈
[INFO] [stderr] 
[INFO] [stderr] ACTUAL OUTPUT:
[INFO] [stderr] ┈┈┈┈┈┈┈┈┈┈┈┈┈┈┈┈┈┈┈┈┈┈┈┈┈┈┈┈┈┈┈┈┈┈┈┈┈┈┈┈┈┈┈┈┈┈┈┈┈┈┈┈┈┈┈┈┈┈┈┈
[INFO] [stderr] error: <scale> arg expected.
[INFO] [stderr]   --> tests/ui/missing_scale.rs:16:1
[INFO] [stderr]    |
[INFO] [stderr] 16 | #[unit(C, "c")]
[INFO] [stderr]    | ^^^^^^^^^^^^^^^
[INFO] [stderr]    |
[INFO] [stderr]    = help: Use `#[unit(<ident>, "<symbol>", <si_prefix>, <scale>, "<doc>")]`
[INFO] [stderr]                     or  `#[unit(<ident>, "<symbol>", <si_prefix>, <scale>)]`
[INFO] [stderr]            or  `#[unit(<ident>, "<symbol>", <scale>, "<doc>")]`
[INFO] [stderr]            or  `#[unit(<ident>, "<symbol>", <scale>)]`.
[INFO] [stderr] ┈┈┈┈┈┈┈┈┈┈┈┈┈┈┈┈┈┈┈┈┈┈┈┈┈┈┈┈┈┈┈┈┈┈┈┈┈┈┈┈┈┈┈┈┈┈┈┈┈┈┈┈┈┈┈┈┈┈┈┈
[INFO] [stderr] note: If the actual output is the correct output you can bless it by rerunning
[INFO] [stderr]       your test with the environment variable TRYBUILD=overwrite
[INFO] [stderr] 
[INFO] [stderr] test tests/ui/more_than_one_ref_unit.rs ... ok
[INFO] [stderr] test tests/ui/no_unit.rs ... mismatch
[INFO] [stderr] 
[INFO] [stderr] EXPECTED:
[INFO] [stderr] ┈┈┈┈┈┈┈┈┈┈┈┈┈┈┈┈┈┈┈┈┈┈┈┈┈┈┈┈┈┈┈┈┈┈┈┈┈┈┈┈┈┈┈┈┈┈┈┈┈┈┈┈┈┈┈┈┈┈┈┈
[INFO] [stderr] error: At least one unit description must be given via attribute `unit`.
[INFO] [stderr] 
[INFO] [stderr]          = help: Use `#[unit(<ident>, "<symbol>", <si_prefix>, <scale>, "<doc>")]`
[INFO] [stderr]        or  `#[unit(<ident>, "<symbol>", <si_prefix>, <scale>)]`
[INFO] [stderr]        or  `#[unit(<ident>, "<symbol>", <scale>, "<doc>")]`
[INFO] [stderr]        or  `#[unit(<ident>, "<symbol>", <scale>)]`
[INFO] [stderr]        or  `#[unit(<ident>, "<symbol>", "<doc>")]`
[INFO] [stderr]        or  `#[unit(<ident>, "<symbol>")]`.
[INFO] [stderr] 
[INFO] [stderr]   --> tests/ui/no_unit.rs:13:1
[INFO] [stderr]    |
[INFO] [stderr] 13 | #[quantity]
[INFO] [stderr]    | ^^^^^^^^^^^
[INFO] [stderr]    |
[INFO] [stderr]    = note: this error originates in the attribute macro `quantity` (in Nightly builds, run with -Z macro-backtrace for more info)
[INFO] [stderr] ┈┈┈┈┈┈┈┈┈┈┈┈┈┈┈┈┈┈┈┈┈┈┈┈┈┈┈┈┈┈┈┈┈┈┈┈┈┈┈┈┈┈┈┈┈┈┈┈┈┈┈┈┈┈┈┈┈┈┈┈
[INFO] [stderr] 
[INFO] [stderr] ACTUAL OUTPUT:
[INFO] [stderr] ┈┈┈┈┈┈┈┈┈┈┈┈┈┈┈┈┈┈┈┈┈┈┈┈┈┈┈┈┈┈┈┈┈┈┈┈┈┈┈┈┈┈┈┈┈┈┈┈┈┈┈┈┈┈┈┈┈┈┈┈
[INFO] [stderr] error: At least one unit description must be given via attribute `unit`.
[INFO] [stderr]   --> tests/ui/no_unit.rs:13:1
[INFO] [stderr]    |
[INFO] [stderr] 13 | #[quantity]
[INFO] [stderr]    | ^^^^^^^^^^^
[INFO] [stderr]    |
[INFO] [stderr]    = help: Use `#[unit(<ident>, "<symbol>", <si_prefix>, <scale>, "<doc>")]`
[INFO] [stderr]            or  `#[unit(<ident>, "<symbol>", <si_prefix>, <scale>)]`
[INFO] [stderr]            or  `#[unit(<ident>, "<symbol>", <scale>, "<doc>")]`
[INFO] [stderr]            or  `#[unit(<ident>, "<symbol>", <scale>)]`
[INFO] [stderr]            or  `#[unit(<ident>, "<symbol>", "<doc>")]`
[INFO] [stderr]            or  `#[unit(<ident>, "<symbol>")]`.
[INFO] [stderr]    = note: this error originates in the attribute macro `quantity` (in Nightly builds, run with -Z macro-backtrace for more info)
[INFO] [stderr] ┈┈┈┈┈┈┈┈┈┈┈┈┈┈┈┈┈┈┈┈┈┈┈┈┈┈┈┈┈┈┈┈┈┈┈┈┈┈┈┈┈┈┈┈┈┈┈┈┈┈┈┈┈┈┈┈┈┈┈┈
[INFO] [stderr] note: If the actual output is the correct output you can bless it by rerunning
[INFO] [stderr]       your test with the environment variable TRYBUILD=overwrite
[INFO] [stderr] 
[INFO] [stderr] test tests/ui/struct_with_fields.rs ... mismatch
[INFO] [stderr] 
[INFO] [stderr] EXPECTED:
[INFO] [stderr] ┈┈┈┈┈┈┈┈┈┈┈┈┈┈┈┈┈┈┈┈┈┈┈┈┈┈┈┈┈┈┈┈┈┈┈┈┈┈┈┈┈┈┈┈┈┈┈┈┈┈┈┈┈┈┈┈┈┈┈┈
[INFO] [stderr] error: Given struct must not have fields.
[INFO] [stderr] 
[INFO] [stderr]          = help: Use `struct Foo {};`
[INFO] [stderr] 
[INFO] [stderr]   --> tests/ui/struct_with_fields.rs:17:12
[INFO] [stderr]    |
[INFO] [stderr] 17 |   struct Foo {
[INFO] [stderr]    |  ____________^
[INFO] [stderr] 18 | |     baz: i32,
[INFO] [stderr] 19 | | }
[INFO] [stderr]    | |_^
[INFO] [stderr] ┈┈┈┈┈┈┈┈┈┈┈┈┈┈┈┈┈┈┈┈┈┈┈┈┈┈┈┈┈┈┈┈┈┈┈┈┈┈┈┈┈┈┈┈┈┈┈┈┈┈┈┈┈┈┈┈┈┈┈┈
[INFO] [stderr] 
[INFO] [stderr] ACTUAL OUTPUT:
[INFO] [stderr] ┈┈┈┈┈┈┈┈┈┈┈┈┈┈┈┈┈┈┈┈┈┈┈┈┈┈┈┈┈┈┈┈┈┈┈┈┈┈┈┈┈┈┈┈┈┈┈┈┈┈┈┈┈┈┈┈┈┈┈┈
[INFO] [stderr] error: Given struct must not have fields.
[INFO] [stderr]   --> tests/ui/struct_with_fields.rs:17:12
[INFO] [stderr]    |
[INFO] [stderr] 17 |   struct Foo {
[INFO] [stderr]    |  ____________^
[INFO] [stderr] 18 | |     baz: i32,
[INFO] [stderr] 19 | | }
[INFO] [stderr]    | |_^
[INFO] [stderr]    |
[INFO] [stderr]    = help: Use `struct Foo {};`
[INFO] [stderr] ┈┈┈┈┈┈┈┈┈┈┈┈┈┈┈┈┈┈┈┈┈┈┈┈┈┈┈┈┈┈┈┈┈┈┈┈┈┈┈┈┈┈┈┈┈┈┈┈┈┈┈┈┈┈┈┈┈┈┈┈
[INFO] [stderr] note: If the actual output is the correct output you can bless it by rerunning
[INFO] [stderr]       your test with the environment variable TRYBUILD=overwrite
[INFO] [stderr] 
[INFO] [stderr] test tests/ui/struct_with_generic_params.rs ... mismatch
[INFO] [stderr] 
[INFO] [stderr] EXPECTED:
[INFO] [stderr] ┈┈┈┈┈┈┈┈┈┈┈┈┈┈┈┈┈┈┈┈┈┈┈┈┈┈┈┈┈┈┈┈┈┈┈┈┈┈┈┈┈┈┈┈┈┈┈┈┈┈┈┈┈┈┈┈┈┈┈┈
[INFO] [stderr] error: Given struct must not have generic parameters.
[INFO] [stderr] 
[INFO] [stderr]          = help: Use `struct Foo {};`
[INFO] [stderr] 
[INFO] [stderr]   --> tests/ui/struct_with_generic_params.rs:17:11
[INFO] [stderr]    |
[INFO] [stderr] 17 | struct Foo<T> {}
[INFO] [stderr]    |           ^^^
[INFO] [stderr] ┈┈┈┈┈┈┈┈┈┈┈┈┈┈┈┈┈┈┈┈┈┈┈┈┈┈┈┈┈┈┈┈┈┈┈┈┈┈┈┈┈┈┈┈┈┈┈┈┈┈┈┈┈┈┈┈┈┈┈┈
[INFO] [stderr] 
[INFO] [stderr] ACTUAL OUTPUT:
[INFO] [stderr] ┈┈┈┈┈┈┈┈┈┈┈┈┈┈┈┈┈┈┈┈┈┈┈┈┈┈┈┈┈┈┈┈┈┈┈┈┈┈┈┈┈┈┈┈┈┈┈┈┈┈┈┈┈┈┈┈┈┈┈┈
[INFO] [stderr] error: Given struct must not have generic parameters.
[INFO] [stderr]   --> tests/ui/struct_with_generic_params.rs:17:11
[INFO] [stderr]    |
[INFO] [stderr] 17 | struct Foo<T> {}
[INFO] [stderr]    |           ^^^
[INFO] [stderr]    |
[INFO] [stderr]    = help: Use `struct Foo {};`
[INFO] [stderr] ┈┈┈┈┈┈┈┈┈┈┈┈┈┈┈┈┈┈┈┈┈┈┈┈┈┈┈┈┈┈┈┈┈┈┈┈┈┈┈┈┈┈┈┈┈┈┈┈┈┈┈┈┈┈┈┈┈┈┈┈
[INFO] [stderr] note: If the actual output is the correct output you can bless it by rerunning
[INFO] [stderr]       your test with the environment variable TRYBUILD=overwrite
[INFO] [stderr] 
[INFO] [stderr] test tests/ui/wrong_number_of_args_ref_unit.rs ... mismatch
[INFO] [stderr] 
[INFO] [stderr] EXPECTED:
[INFO] [stderr] ┈┈┈┈┈┈┈┈┈┈┈┈┈┈┈┈┈┈┈┈┈┈┈┈┈┈┈┈┈┈┈┈┈┈┈┈┈┈┈┈┈┈┈┈┈┈┈┈┈┈┈┈┈┈┈┈┈┈┈┈
[INFO] [stderr] error: No scale expected for ref_unit.
[INFO] [stderr] 
[INFO] [stderr]          = help: Use `#[ref_unit(<ident>, "<symbol>", <si_prefix>, "<doc>")]`
[INFO] [stderr]        or  `#[ref_unit(<ident>, "<symbol>", <si_prefix>)]`
[INFO] [stderr]        or  `#[ref_unit(<ident>, "<symbol>", "<doc>")]`
[INFO] [stderr]        or  `#[ref_unit(<ident>, "<symbol>")]`.
[INFO] [stderr] 
[INFO] [stderr]   --> tests/ui/wrong_number_of_args_ref_unit.rs:14:1
[INFO] [stderr]    |
[INFO] [stderr] 14 | #[ref_unit(A, "a", MEGA, 1.0)]
[INFO] [stderr]    | ^^^^^^^^^^^^^^^^^^^^^^^^^^^^^^
[INFO] [stderr] ┈┈┈┈┈┈┈┈┈┈┈┈┈┈┈┈┈┈┈┈┈┈┈┈┈┈┈┈┈┈┈┈┈┈┈┈┈┈┈┈┈┈┈┈┈┈┈┈┈┈┈┈┈┈┈┈┈┈┈┈
[INFO] [stderr] 
[INFO] [stderr] ACTUAL OUTPUT:
[INFO] [stderr] ┈┈┈┈┈┈┈┈┈┈┈┈┈┈┈┈┈┈┈┈┈┈┈┈┈┈┈┈┈┈┈┈┈┈┈┈┈┈┈┈┈┈┈┈┈┈┈┈┈┈┈┈┈┈┈┈┈┈┈┈
[INFO] [stderr] error: No scale expected for ref_unit.
[INFO] [stderr]   --> tests/ui/wrong_number_of_args_ref_unit.rs:14:1
[INFO] [stderr]    |
[INFO] [stderr] 14 | #[ref_unit(A, "a", MEGA, 1.0)]
[INFO] [stderr]    | ^^^^^^^^^^^^^^^^^^^^^^^^^^^^^^
[INFO] [stderr]    |
[INFO] [stderr]    = help: Use `#[ref_unit(<ident>, "<symbol>", <si_prefix>, "<doc>")]`
[INFO] [stderr]            or  `#[ref_unit(<ident>, "<symbol>", <si_prefix>)]`
[INFO] [stderr]            or  `#[ref_unit(<ident>, "<symbol>", "<doc>")]`
[INFO] [stderr]            or  `#[ref_unit(<ident>, "<symbol>")]`.
[INFO] [stderr] ┈┈┈┈┈┈┈┈┈┈┈┈┈┈┈┈┈┈┈┈┈┈┈┈┈┈┈┈┈┈┈┈┈┈┈┈┈┈┈┈┈┈┈┈┈┈┈┈┈┈┈┈┈┈┈┈┈┈┈┈
[INFO] [stderr] note: If the actual output is the correct output you can bless it by rerunning
[INFO] [stderr]       your test with the environment variable TRYBUILD=overwrite
[INFO] [stderr] 
[INFO] [stderr] test tests/ui/wrong_number_of_args_unit.rs ... mismatch
[INFO] [stderr] 
[INFO] [stderr] EXPECTED:
[INFO] [stderr] ┈┈┈┈┈┈┈┈┈┈┈┈┈┈┈┈┈┈┈┈┈┈┈┈┈┈┈┈┈┈┈┈┈┈┈┈┈┈┈┈┈┈┈┈┈┈┈┈┈┈┈┈┈┈┈┈┈┈┈┈
[INFO] [stderr] error: 3, 4 or 5 comma-separated args expected.
[INFO] [stderr] 
[INFO] [stderr]          = help: Use `#[unit(<ident>, "<symbol>", <si_prefix>, <scale>, "<doc>")]`
[INFO] [stderr]                 or  `#[unit(<ident>, "<symbol>", <si_prefix>, <scale>)]`
[INFO] [stderr]        or  `#[unit(<ident>, "<symbol>", <scale>, "<doc>")]`
[INFO] [stderr]        or  `#[unit(<ident>, "<symbol>", <scale>)]`.
[INFO] [stderr] 
[INFO] [stderr]   --> tests/ui/wrong_number_of_args_unit.rs:15:1
[INFO] [stderr]    |
[INFO] [stderr] 15 | #[unit(B, "b", 0.4, NONE, "bla")]
[INFO] [stderr]    | ^^^^^^^^^^^^^^^^^^^^^^^^^^^^^^^^^
[INFO] [stderr] ┈┈┈┈┈┈┈┈┈┈┈┈┈┈┈┈┈┈┈┈┈┈┈┈┈┈┈┈┈┈┈┈┈┈┈┈┈┈┈┈┈┈┈┈┈┈┈┈┈┈┈┈┈┈┈┈┈┈┈┈
[INFO] [stderr] 
[INFO] [stderr] ACTUAL OUTPUT:
[INFO] [stderr] ┈┈┈┈┈┈┈┈┈┈┈┈┈┈┈┈┈┈┈┈┈┈┈┈┈┈┈┈┈┈┈┈┈┈┈┈┈┈┈┈┈┈┈┈┈┈┈┈┈┈┈┈┈┈┈┈┈┈┈┈
[INFO] [stderr] error: 3, 4 or 5 comma-separated args expected.
[INFO] [stderr]   --> tests/ui/wrong_number_of_args_unit.rs:15:1
[INFO] [stderr]    |
[INFO] [stderr] 15 | #[unit(B, "b", 0.4, NONE, "bla")]
[INFO] [stderr]    | ^^^^^^^^^^^^^^^^^^^^^^^^^^^^^^^^^
[INFO] [stderr]    |
[INFO] [stderr]    = help: Use `#[unit(<ident>, "<symbol>", <si_prefix>, <scale>, "<doc>")]`
[INFO] [stderr]                     or  `#[unit(<ident>, "<symbol>", <si_prefix>, <scale>)]`
[INFO] [stderr]            or  `#[unit(<ident>, "<symbol>", <scale>, "<doc>")]`
[INFO] [stderr]            or  `#[unit(<ident>, "<symbol>", <scale>)]`.
[INFO] [stderr] ┈┈┈┈┈┈┈┈┈┈┈┈┈┈┈┈┈┈┈┈┈┈┈┈┈┈┈┈┈┈┈┈┈┈┈┈┈┈┈┈┈┈┈┈┈┈┈┈┈┈┈┈┈┈┈┈┈┈┈┈
[INFO] [stderr] note: If the actual output is the correct output you can bless it by rerunning
[INFO] [stderr]       your test with the environment variable TRYBUILD=overwrite
[INFO] [stderr] 
[INFO] [stderr] test tests/ui/wrong_type_of_arg_ref_unit.rs ... mismatch
[INFO] [stderr] 
[INFO] [stderr] EXPECTED:
[INFO] [stderr] ┈┈┈┈┈┈┈┈┈┈┈┈┈┈┈┈┈┈┈┈┈┈┈┈┈┈┈┈┈┈┈┈┈┈┈┈┈┈┈┈┈┈┈┈┈┈┈┈┈┈┈┈┈┈┈┈┈┈┈┈
[INFO] [stderr] error: No scale expected for ref_unit.
[INFO] [stderr] 
[INFO] [stderr]          = help: Use `#[ref_unit(<ident>, "<symbol>", <si_prefix>, "<doc>")]`
[INFO] [stderr]        or  `#[ref_unit(<ident>, "<symbol>", <si_prefix>)]`
[INFO] [stderr]        or  `#[ref_unit(<ident>, "<symbol>", "<doc>")]`
[INFO] [stderr]        or  `#[ref_unit(<ident>, "<symbol>")]`.
[INFO] [stderr] 
[INFO] [stderr]   --> tests/ui/wrong_type_of_arg_ref_unit.rs:14:1
[INFO] [stderr]    |
[INFO] [stderr] 14 | #[ref_unit(A, "a", 1.0)]
[INFO] [stderr]    | ^^^^^^^^^^^^^^^^^^^^^^^^
[INFO] [stderr] ┈┈┈┈┈┈┈┈┈┈┈┈┈┈┈┈┈┈┈┈┈┈┈┈┈┈┈┈┈┈┈┈┈┈┈┈┈┈┈┈┈┈┈┈┈┈┈┈┈┈┈┈┈┈┈┈┈┈┈┈
[INFO] [stderr] 
[INFO] [stderr] ACTUAL OUTPUT:
[INFO] [stderr] ┈┈┈┈┈┈┈┈┈┈┈┈┈┈┈┈┈┈┈┈┈┈┈┈┈┈┈┈┈┈┈┈┈┈┈┈┈┈┈┈┈┈┈┈┈┈┈┈┈┈┈┈┈┈┈┈┈┈┈┈
[INFO] [stderr] error: No scale expected for ref_unit.
[INFO] [stderr]   --> tests/ui/wrong_type_of_arg_ref_unit.rs:14:1
[INFO] [stderr]    |
[INFO] [stderr] 14 | #[ref_unit(A, "a", 1.0)]
[INFO] [stderr]    | ^^^^^^^^^^^^^^^^^^^^^^^^
[INFO] [stderr]    |
[INFO] [stderr]    = help: Use `#[ref_unit(<ident>, "<symbol>", <si_prefix>, "<doc>")]`
[INFO] [stderr]            or  `#[ref_unit(<ident>, "<symbol>", <si_prefix>)]`
[INFO] [stderr]            or  `#[ref_unit(<ident>, "<symbol>", "<doc>")]`
[INFO] [stderr]            or  `#[ref_unit(<ident>, "<symbol>")]`.
[INFO] [stderr] ┈┈┈┈┈┈┈┈┈┈┈┈┈┈┈┈┈┈┈┈┈┈┈┈┈┈┈┈┈┈┈┈┈┈┈┈┈┈┈┈┈┈┈┈┈┈┈┈┈┈┈┈┈┈┈┈┈┈┈┈
[INFO] [stderr] note: If the actual output is the correct output you can bless it by rerunning
[INFO] [stderr]       your test with the environment variable TRYBUILD=overwrite
[INFO] [stderr] 
[INFO] [stderr] 
[INFO] [stderr] 
[INFO] [stdout] test macro_attr_tests::ui ... FAILED
[INFO] [stdout] 
[INFO] [stdout] failures:
[INFO] [stdout] 
[INFO] [stdout] ---- macro_attr_tests::ui stdout ----
[INFO] [stdout] 
[INFO] [stdout] thread 'macro_attr_tests::ui' panicked at /opt/rustwide/cargo-home/registry/src/index.crates.io-1949cf8c6b5b557f/trybuild-1.0.102/src/run.rs:102:13:
[INFO] [stdout] 12 of 13 tests failed
[INFO] [stdout] stack backtrace:
[INFO] [stdout]    0:     0x568fb9fbc8ea - std::backtrace_rs::backtrace::libunwind::trace::hb059275cfc8d6126
[INFO] [stdout]                                at /rustc/6067b36314ab5eb2eb47cecc464545ba58e1ad24/library/std/src/../../backtrace/src/backtrace/libunwind.rs:116:5
[INFO] [stdout]    1:     0x568fb9fbc8ea - std::backtrace_rs::backtrace::trace_unsynchronized::h2da071e4327ce3ee
[INFO] [stdout]                                at /rustc/6067b36314ab5eb2eb47cecc464545ba58e1ad24/library/std/src/../../backtrace/src/backtrace/mod.rs:66:5
[INFO] [stdout]    2:     0x568fb9fbc8ea - std::sys::backtrace::_print_fmt::h842a1474e6f8d23f
[INFO] [stdout]                                at /rustc/6067b36314ab5eb2eb47cecc464545ba58e1ad24/library/std/src/sys/backtrace.rs:66:9
[INFO] [stdout]    3:     0x568fb9fbc8ea - <std::sys::backtrace::BacktraceLock::print::DisplayBacktrace as core::fmt::Display>::fmt::h71a62eb3b9696b12
[INFO] [stdout]                                at /rustc/6067b36314ab5eb2eb47cecc464545ba58e1ad24/library/std/src/sys/backtrace.rs:39:26
[INFO] [stdout]    4:     0x568fb9fe8413 - core::fmt::rt::Argument::fmt::hdb6b616786b41dc1
[INFO] [stdout]                                at /rustc/6067b36314ab5eb2eb47cecc464545ba58e1ad24/library/core/src/fmt/rt.rs:177:76
[INFO] [stdout]    5:     0x568fb9fe8413 - core::fmt::write::h2cc1698af7e2d686
[INFO] [stdout]                                at /rustc/6067b36314ab5eb2eb47cecc464545ba58e1ad24/library/core/src/fmt/mod.rs:1440:21
[INFO] [stdout]    6:     0x568fb9fb8813 - std::io::Write::write_fmt::hab1b4cd059a79022
[INFO] [stdout]                                at /rustc/6067b36314ab5eb2eb47cecc464545ba58e1ad24/library/std/src/io/mod.rs:1887:15
[INFO] [stdout]    7:     0x568fb9fbc732 - std::sys::backtrace::BacktraceLock::print::h147fe35b4ea13b08
[INFO] [stdout]                                at /rustc/6067b36314ab5eb2eb47cecc464545ba58e1ad24/library/std/src/sys/backtrace.rs:42:9
[INFO] [stdout]    8:     0x568fb9fbe30f - std::panicking::default_hook::{{closure}}::hbd44223dbdc0d208
[INFO] [stdout]                                at /rustc/6067b36314ab5eb2eb47cecc464545ba58e1ad24/library/std/src/panicking.rs:298:22
[INFO] [stdout]    9:     0x568fb9fbe128 - std::panicking::default_hook::h20f81eb0576efcec
[INFO] [stdout]                                at /rustc/6067b36314ab5eb2eb47cecc464545ba58e1ad24/library/std/src/panicking.rs:322:9
[INFO] [stdout]   10:     0x568fb9f83cd3 - <alloc::boxed::Box<F,A> as core::ops::function::Fn<Args>>::call::hdb53814c496a4d34
[INFO] [stdout]                                at /rustc/6067b36314ab5eb2eb47cecc464545ba58e1ad24/library/alloc/src/boxed.rs:2027:9
[INFO] [stdout]   11:     0x568fb9f83cd3 - test::test_main::{{closure}}::hc0a4963c59427c24
[INFO] [stdout]                                at /rustc/6067b36314ab5eb2eb47cecc464545ba58e1ad24/library/test/src/lib.rs:134:21
[INFO] [stdout]   12:     0x568fb9fbee03 - <alloc::boxed::Box<F,A> as core::ops::function::Fn<Args>>::call::h591b2225413a77e9
[INFO] [stdout]                                at /rustc/6067b36314ab5eb2eb47cecc464545ba58e1ad24/library/alloc/src/boxed.rs:2027:9
[INFO] [stdout]   13:     0x568fb9fbee03 - std::panicking::rust_panic_with_hook::h625eea43051b2edc
[INFO] [stdout]                                at /rustc/6067b36314ab5eb2eb47cecc464545ba58e1ad24/library/std/src/panicking.rs:839:13
[INFO] [stdout]   14:     0x568fb9fbeaba - std::panicking::begin_panic_handler::{{closure}}::h4f9159cfbc3f6bd3
[INFO] [stdout]                                at /rustc/6067b36314ab5eb2eb47cecc464545ba58e1ad24/library/std/src/panicking.rs:704:13
[INFO] [stdout]   15:     0x568fb9fbcde9 - std::sys::backtrace::__rust_end_short_backtrace::h0390abce48353151
[INFO] [stdout]                                at /rustc/6067b36314ab5eb2eb47cecc464545ba58e1ad24/library/std/src/sys/backtrace.rs:168:18
[INFO] [stdout]   16:     0x568fb9fbe74d - rust_begin_unwind
[INFO] [stdout]                                at /rustc/6067b36314ab5eb2eb47cecc464545ba58e1ad24/library/std/src/panicking.rs:695:5
[INFO] [stdout]   17:     0x568fb9fe6730 - core::panicking::panic_fmt::h9e7c637e9e5f29c9
[INFO] [stdout]                                at /rustc/6067b36314ab5eb2eb47cecc464545ba58e1ad24/library/core/src/panicking.rs:75:14
[INFO] [stdout]   18:     0x568fb9d95b84 - trybuild::run::<impl trybuild::Runner>::run::h3b2fd152a71af4ae
[INFO] [stdout]                                at /opt/rustwide/cargo-home/registry/src/index.crates.io-1949cf8c6b5b557f/trybuild-1.0.102/src/run.rs:102:13
[INFO] [stdout]   19:     0x568fb9d9b348 - <trybuild::TestCases as core::ops::drop::Drop>::drop::h10e50575a00dd651
[INFO] [stdout]                                at /opt/rustwide/cargo-home/registry/src/index.crates.io-1949cf8c6b5b557f/trybuild-1.0.102/src/lib.rs:340:13
[INFO] [stdout]   20:     0x568fb9c9a397 - core::ptr::drop_in_place<trybuild::TestCases>::hdab73c5dab33ccb3
[INFO] [stdout]                                at /rustc/6067b36314ab5eb2eb47cecc464545ba58e1ad24/library/core/src/ptr/mod.rs:523:1
[INFO] [stdout]   21:     0x568fb9c9aae3 - macro_tests::macro_attr_tests::ui::hdd2a83ae70ecf655
[INFO] [stdout]                                at /opt/rustwide/workdir/tests/macro_tests.rs:31:5
[INFO] [stdout]   22:     0x568fb9c9aa77 - macro_tests::macro_attr_tests::ui::{{closure}}::h91b07c13464c9010
[INFO] [stdout]                                at /opt/rustwide/workdir/tests/macro_tests.rs:28:12
[INFO] [stdout]   23:     0x568fb9c9a336 - core::ops::function::FnOnce::call_once::h8b9c9aa169492531
[INFO] [stdout]                                at /rustc/6067b36314ab5eb2eb47cecc464545ba58e1ad24/library/core/src/ops/function.rs:250:5
[INFO] [stdout]   24:     0x568fb9f8942b - core::ops::function::FnOnce::call_once::he27718dfdd183f43
[INFO] [stdout]                                at /rustc/6067b36314ab5eb2eb47cecc464545ba58e1ad24/library/core/src/ops/function.rs:250:5
[INFO] [stdout]   25:     0x568fb9f8942b - test::__rust_begin_short_backtrace::h4e84902998457a5d
[INFO] [stdout]                                at /rustc/6067b36314ab5eb2eb47cecc464545ba58e1ad24/library/test/src/lib.rs:632:18
[INFO] [stdout]   26:     0x568fb9f88363 - test::run_test_in_process::{{closure}}::h7176fd18fc1feca0
[INFO] [stdout]                                at /rustc/6067b36314ab5eb2eb47cecc464545ba58e1ad24/library/test/src/lib.rs:655:60
[INFO] [stdout]   27:     0x568fb9f88363 - <core::panic::unwind_safe::AssertUnwindSafe<F> as core::ops::function::FnOnce<()>>::call_once::hf79cff2a624d8cf7
[INFO] [stdout]                                at /rustc/6067b36314ab5eb2eb47cecc464545ba58e1ad24/library/core/src/panic/unwind_safe.rs:272:9
[INFO] [stdout]   28:     0x568fb9f88363 - std::panicking::try::do_call::h3da0561d9ab99c25
[INFO] [stdout]                                at /rustc/6067b36314ab5eb2eb47cecc464545ba58e1ad24/library/std/src/panicking.rs:587:40
[INFO] [stdout]   29:     0x568fb9f88363 - std::panicking::try::h41c9fa508bc61df6
[INFO] [stdout]                                at /rustc/6067b36314ab5eb2eb47cecc464545ba58e1ad24/library/std/src/panicking.rs:550:19
[INFO] [stdout]   30:     0x568fb9f88363 - std::panic::catch_unwind::h6b3ff07bb5afad93
[INFO] [stdout]                                at /rustc/6067b36314ab5eb2eb47cecc464545ba58e1ad24/library/std/src/panic.rs:358:14
[INFO] [stdout]   31:     0x568fb9f88363 - test::run_test_in_process::hc7253dd11b39b9f4
[INFO] [stdout]                                at /rustc/6067b36314ab5eb2eb47cecc464545ba58e1ad24/library/test/src/lib.rs:655:27
[INFO] [stdout]   32:     0x568fb9f88363 - test::run_test::{{closure}}::hfb2007f8649c30bb
[INFO] [stdout]                                at /rustc/6067b36314ab5eb2eb47cecc464545ba58e1ad24/library/test/src/lib.rs:576:43
[INFO] [stdout]   33:     0x568fb9f4b445 - test::run_test::{{closure}}::h56a17aa7a282a9f4
[INFO] [stdout]                                at /rustc/6067b36314ab5eb2eb47cecc464545ba58e1ad24/library/test/src/lib.rs:606:41
[INFO] [stdout]   34:     0x568fb9f4b445 - std::sys::backtrace::__rust_begin_short_backtrace::hd2d2d2fb8e8c6aac
[INFO] [stdout]                                at /rustc/6067b36314ab5eb2eb47cecc464545ba58e1ad24/library/std/src/sys/backtrace.rs:152:18
[INFO] [stdout]   35:     0x568fb9f4ed2a - std::thread::Builder::spawn_unchecked_::{{closure}}::{{closure}}::h4faa3f9db6133423
[INFO] [stdout]                                at /rustc/6067b36314ab5eb2eb47cecc464545ba58e1ad24/library/std/src/thread/mod.rs:559:17
[INFO] [stdout]   36:     0x568fb9f4ed2a - <core::panic::unwind_safe::AssertUnwindSafe<F> as core::ops::function::FnOnce<()>>::call_once::hf2e855a36a4ea846
[INFO] [stdout]                                at /rustc/6067b36314ab5eb2eb47cecc464545ba58e1ad24/library/core/src/panic/unwind_safe.rs:272:9
[INFO] [stdout]   37:     0x568fb9f4ed2a - std::panicking::try::do_call::h2f73af3616c35465
[INFO] [stdout]                                at /rustc/6067b36314ab5eb2eb47cecc464545ba58e1ad24/library/std/src/panicking.rs:587:40
[INFO] [stdout]   38:     0x568fb9f4ed2a - std::panicking::try::hd1660ce9efadef5a
[INFO] [stdout]                                at /rustc/6067b36314ab5eb2eb47cecc464545ba58e1ad24/library/std/src/panicking.rs:550:19
[INFO] [stdout]   39:     0x568fb9f4ed2a - std::panic::catch_unwind::h5ee8d7823b8ca744
[INFO] [stdout]                                at /rustc/6067b36314ab5eb2eb47cecc464545ba58e1ad24/library/std/src/panic.rs:358:14
[INFO] [stdout]   40:     0x568fb9f4ed2a - std::thread::Builder::spawn_unchecked_::{{closure}}::h53c3a1894dce8407
[INFO] [stdout]                                at /rustc/6067b36314ab5eb2eb47cecc464545ba58e1ad24/library/std/src/thread/mod.rs:557:30
[INFO] [stdout]   41:     0x568fb9f4ed2a - core::ops::function::FnOnce::call_once{{vtable.shim}}::h048ce291ad4f62bf
[INFO] [stdout]                                at /rustc/6067b36314ab5eb2eb47cecc464545ba58e1ad24/library/core/src/ops/function.rs:250:5
[INFO] [stdout]   42:     0x568fb9fc430b - <alloc::boxed::Box<F,A> as core::ops::function::FnOnce<Args>>::call_once::ha52bedf99a3b4981
[INFO] [stdout]                                at /rustc/6067b36314ab5eb2eb47cecc464545ba58e1ad24/library/alloc/src/boxed.rs:2013:9
[INFO] [stdout]   43:     0x568fb9fc430b - <alloc::boxed::Box<F,A> as core::ops::function::FnOnce<Args>>::call_once::h567748934d80ccf8
[INFO] [stdout]                                at /rustc/6067b36314ab5eb2eb47cecc464545ba58e1ad24/library/alloc/src/boxed.rs:2013:9
[INFO] [stdout]   44:     0x568fb9fc430b - std::sys::pal::unix::thread::Thread::new::thread_start::h2d970728ae887adc
[INFO] [stdout]                                at /rustc/6067b36314ab5eb2eb47cecc464545ba58e1ad24/library/std/src/sys/pal/unix/thread.rs:106:17
[INFO] [stdout]   45:     0x77cee139fac3 - <unknown>
[INFO] [stdout]   46:     0x77cee1430a04 - clone
[INFO] [stdout]   47:                0x0 - <unknown>
[INFO] [stdout] 
[INFO] [stdout] 
[INFO] [stdout] failures:
[INFO] [stdout]     macro_attr_tests::ui
[INFO] [stdout] 
[INFO] [stdout] test result: FAILED. 1 passed; 1 failed; 0 ignored; 0 measured; 0 filtered out; finished in 19.79s
[INFO] [stdout] 
[INFO] [stderr] error: test failed, to rerun pass `--test macro_tests`
[INFO] running `Command { std: "docker" "inspect" "3f4d9a711ee32294f60a956d77ec684dabec27a2705084359f885514275a495e", kill_on_drop: false }`
[INFO] running `Command { std: "docker" "rm" "-f" "3f4d9a711ee32294f60a956d77ec684dabec27a2705084359f885514275a495e", kill_on_drop: false }`
[INFO] [stdout] 3f4d9a711ee32294f60a956d77ec684dabec27a2705084359f885514275a495e
