[INFO] fetching crate quack-protobuf 0.3.20241114...
[INFO] testing quack-protobuf-0.3.20241114 against nightly-2025-01-18+rustflags=-Zrandomize-layout for randomize-layout-2
[INFO] extracting crate quack-protobuf 0.3.20241114 into /workspace/builds/worker-5-tc2/source
[INFO] validating manifest of crates.io crate quack-protobuf 0.3.20241114 on toolchain nightly-2025-01-18
[INFO] running `Command { std: CARGO_HOME="/workspace/cargo-home" RUSTUP_HOME="/workspace/rustup-home" "/workspace/cargo-home/bin/cargo" "+nightly-2025-01-18" "metadata" "--manifest-path" "Cargo.toml" "--no-deps", kill_on_drop: false }`
[INFO] started tweaking crates.io crate quack-protobuf 0.3.20241114
[INFO] finished tweaking crates.io crate quack-protobuf 0.3.20241114
[INFO] tweaked toml for crates.io crate quack-protobuf 0.3.20241114 written to /workspace/builds/worker-5-tc2/source/Cargo.toml
[INFO] running `Command { std: CARGO_HOME="/workspace/cargo-home" RUSTUP_HOME="/workspace/rustup-home" "/workspace/cargo-home/bin/cargo" "+nightly-2025-01-18" "generate-lockfile" "--manifest-path" "Cargo.toml", kill_on_drop: false }`
[INFO] [stderr]     Updating crates.io index
[INFO] [stderr]      Locking 1 package to latest compatible version
[INFO] running `Command { std: CARGO_HOME="/workspace/cargo-home" RUSTUP_HOME="/workspace/rustup-home" "/workspace/cargo-home/bin/cargo" "+nightly-2025-01-18" "fetch" "--manifest-path" "Cargo.toml", kill_on_drop: false }`
[INFO] running `Command { std: "docker" "create" "-v" "/var/lib/crater-agent-workspace/builds/worker-5-tc2/target:/opt/rustwide/target:rw,Z" "-v" "/var/lib/crater-agent-workspace/builds/worker-5-tc2/source:/opt/rustwide/workdir:ro,Z" "-v" "/var/lib/crater-agent-workspace/cargo-home:/opt/rustwide/cargo-home:ro,Z" "-v" "/var/lib/crater-agent-workspace/rustup-home:/opt/rustwide/rustup-home:ro,Z" "-e" "SOURCE_DIR=/opt/rustwide/workdir" "-e" "CARGO_TARGET_DIR=/opt/rustwide/target" "-e" "CARGO_HOME=/opt/rustwide/cargo-home" "-e" "RUSTUP_HOME=/opt/rustwide/rustup-home" "-w" "/opt/rustwide/workdir" "-m" "1610612736" "--user" "0:0" "--network" "none" "ghcr.io/rust-lang/crates-build-env/linux@sha256:819108c5571ea2e421544af4d832f968d213c87fbe3707a016657f43d2f853bc" "/opt/rustwide/cargo-home/bin/cargo" "+nightly-2025-01-18" "metadata" "--no-deps" "--format-version=1", kill_on_drop: false }`
[INFO] [stdout] 829fb966c0a400b0f4a7283716d57443587b1b05d6705470393287e42c7b74e5
[INFO] running `Command { std: "docker" "start" "-a" "829fb966c0a400b0f4a7283716d57443587b1b05d6705470393287e42c7b74e5", kill_on_drop: false }`
[INFO] running `Command { std: "docker" "inspect" "829fb966c0a400b0f4a7283716d57443587b1b05d6705470393287e42c7b74e5", kill_on_drop: false }`
[INFO] running `Command { std: "docker" "rm" "-f" "829fb966c0a400b0f4a7283716d57443587b1b05d6705470393287e42c7b74e5", kill_on_drop: false }`
[INFO] [stdout] 829fb966c0a400b0f4a7283716d57443587b1b05d6705470393287e42c7b74e5
[INFO] running `Command { std: "docker" "create" "-v" "/var/lib/crater-agent-workspace/builds/worker-5-tc2/target:/opt/rustwide/target:rw,Z" "-v" "/var/lib/crater-agent-workspace/builds/worker-5-tc2/source:/opt/rustwide/workdir:ro,Z" "-v" "/var/lib/crater-agent-workspace/cargo-home:/opt/rustwide/cargo-home:ro,Z" "-v" "/var/lib/crater-agent-workspace/rustup-home:/opt/rustwide/rustup-home:ro,Z" "-e" "SOURCE_DIR=/opt/rustwide/workdir" "-e" "CARGO_TARGET_DIR=/opt/rustwide/target" "-e" "CARGO_INCREMENTAL=0" "-e" "RUST_BACKTRACE=full" "-e" "RUSTFLAGS=--cap-lints=forbid -Zrandomize-layout" "-e" "RUSTDOCFLAGS=--cap-lints=forbid" "-e" "CARGO_HOME=/opt/rustwide/cargo-home" "-e" "RUSTUP_HOME=/opt/rustwide/rustup-home" "-w" "/opt/rustwide/workdir" "-m" "1610612736" "--user" "0:0" "--network" "none" "ghcr.io/rust-lang/crates-build-env/linux@sha256:819108c5571ea2e421544af4d832f968d213c87fbe3707a016657f43d2f853bc" "/opt/rustwide/cargo-home/bin/cargo" "+nightly-2025-01-18" "build" "--frozen" "--message-format=json", kill_on_drop: false }`
[INFO] [stdout] 6a4e016e30cde86f2fe96dd6903a49b52018e1c892cfe83bfd64d97be467ca6f
[INFO] running `Command { std: "docker" "start" "-a" "6a4e016e30cde86f2fe96dd6903a49b52018e1c892cfe83bfd64d97be467ca6f", kill_on_drop: false }`
[INFO] [stderr]    Compiling byteorder-lite v0.1.0
[INFO] [stderr]    Compiling quack-protobuf v0.3.20241114 (/opt/rustwide/workdir)
[INFO] [stderr]     Finished `dev` profile [unoptimized + debuginfo] target(s) in 0.72s
[INFO] running `Command { std: "docker" "inspect" "6a4e016e30cde86f2fe96dd6903a49b52018e1c892cfe83bfd64d97be467ca6f", kill_on_drop: false }`
[INFO] running `Command { std: "docker" "rm" "-f" "6a4e016e30cde86f2fe96dd6903a49b52018e1c892cfe83bfd64d97be467ca6f", kill_on_drop: false }`
[INFO] [stdout] 6a4e016e30cde86f2fe96dd6903a49b52018e1c892cfe83bfd64d97be467ca6f
[INFO] running `Command { std: "docker" "create" "-v" "/var/lib/crater-agent-workspace/builds/worker-5-tc2/target:/opt/rustwide/target:rw,Z" "-v" "/var/lib/crater-agent-workspace/builds/worker-5-tc2/source:/opt/rustwide/workdir:ro,Z" "-v" "/var/lib/crater-agent-workspace/cargo-home:/opt/rustwide/cargo-home:ro,Z" "-v" "/var/lib/crater-agent-workspace/rustup-home:/opt/rustwide/rustup-home:ro,Z" "-e" "SOURCE_DIR=/opt/rustwide/workdir" "-e" "CARGO_TARGET_DIR=/opt/rustwide/target" "-e" "CARGO_INCREMENTAL=0" "-e" "RUST_BACKTRACE=full" "-e" "RUSTFLAGS=--cap-lints=forbid -Zrandomize-layout" "-e" "RUSTDOCFLAGS=--cap-lints=forbid" "-e" "CARGO_HOME=/opt/rustwide/cargo-home" "-e" "RUSTUP_HOME=/opt/rustwide/rustup-home" "-w" "/opt/rustwide/workdir" "-m" "1610612736" "--user" "0:0" "--network" "none" "ghcr.io/rust-lang/crates-build-env/linux@sha256:819108c5571ea2e421544af4d832f968d213c87fbe3707a016657f43d2f853bc" "/opt/rustwide/cargo-home/bin/cargo" "+nightly-2025-01-18" "test" "--frozen" "--no-run" "--message-format=json", kill_on_drop: false }`
[INFO] [stdout] 63803251e12988acbe2c644bc5996669409aba66ca49dde317e0cba2716bb189
[INFO] running `Command { std: "docker" "start" "-a" "63803251e12988acbe2c644bc5996669409aba66ca49dde317e0cba2716bb189", kill_on_drop: false }`
[INFO] [stderr]    Compiling quack-protobuf v0.3.20241114 (/opt/rustwide/workdir)
[INFO] [stderr]     Finished `test` profile [unoptimized + debuginfo] target(s) in 0.52s
[INFO] running `Command { std: "docker" "inspect" "63803251e12988acbe2c644bc5996669409aba66ca49dde317e0cba2716bb189", kill_on_drop: false }`
[INFO] running `Command { std: "docker" "rm" "-f" "63803251e12988acbe2c644bc5996669409aba66ca49dde317e0cba2716bb189", kill_on_drop: false }`
[INFO] [stdout] 63803251e12988acbe2c644bc5996669409aba66ca49dde317e0cba2716bb189
[INFO] running `Command { std: "docker" "create" "-v" "/var/lib/crater-agent-workspace/builds/worker-5-tc2/target:/opt/rustwide/target:rw,Z" "-v" "/var/lib/crater-agent-workspace/builds/worker-5-tc2/source:/opt/rustwide/workdir:ro,Z" "-v" "/var/lib/crater-agent-workspace/cargo-home:/opt/rustwide/cargo-home:ro,Z" "-v" "/var/lib/crater-agent-workspace/rustup-home:/opt/rustwide/rustup-home:ro,Z" "-e" "SOURCE_DIR=/opt/rustwide/workdir" "-e" "CARGO_TARGET_DIR=/opt/rustwide/target" "-e" "CARGO_INCREMENTAL=0" "-e" "RUST_BACKTRACE=full" "-e" "RUSTFLAGS=--cap-lints=forbid -Zrandomize-layout" "-e" "RUSTDOCFLAGS=--cap-lints=forbid" "-e" "CARGO_HOME=/opt/rustwide/cargo-home" "-e" "RUSTUP_HOME=/opt/rustwide/rustup-home" "-w" "/opt/rustwide/workdir" "-m" "1610612736" "--user" "0:0" "--network" "none" "ghcr.io/rust-lang/crates-build-env/linux@sha256:819108c5571ea2e421544af4d832f968d213c87fbe3707a016657f43d2f853bc" "/opt/rustwide/cargo-home/bin/cargo" "+nightly-2025-01-18" "test" "--frozen", kill_on_drop: false }`
[INFO] [stdout] af9bfb2f6b982462c21eb061f21cddd086af6488d8c7379db3e00222cd521667
[INFO] running `Command { std: "docker" "start" "-a" "af9bfb2f6b982462c21eb061f21cddd086af6488d8c7379db3e00222cd521667", kill_on_drop: false }`
[INFO] [stderr]     Finished `test` profile [unoptimized + debuginfo] target(s) in 0.01s
[INFO] [stderr]      Running unittests src/lib.rs (/opt/rustwide/target/debug/deps/quack_protobuf-e00c31d60664ecf2)
[INFO] [stderr]    Doc-tests quack_protobuf
[INFO] [stdout] 
[INFO] [stdout] running 0 tests
[INFO] [stdout] 
[INFO] [stdout] test result: ok. 0 passed; 0 failed; 0 ignored; 0 measured; 0 filtered out; finished in 0.00s
[INFO] [stdout] 
[INFO] [stdout] 
[INFO] [stdout] running 3 tests
[INFO] [stdout] test src/reader.rs - reader::BytesReader (line 48) ... FAILED
[INFO] [stdout] test src/writer.rs - writer::Writer (line 15) ... FAILED
[INFO] [stdout] test src/reader.rs - reader::Reader (line 701) ... FAILED
[INFO] [stdout] 
[INFO] [stdout] failures:
[INFO] [stdout] 
[INFO] [stdout] ---- src/reader.rs - reader::BytesReader (line 48) stdout ----
[INFO] [stdout] error[E0432]: unresolved import `quick_protobuf`
[INFO] [stdout]  --> src/reader.rs:50:9
[INFO] [stdout]   |
[INFO] [stdout] 3 |     use quick_protobuf::{MessageRead, BytesReader, Result};
[INFO] [stdout]   |         ^^^^^^^^^^^^^^ use of undeclared crate or module `quick_protobuf`
[INFO] [stdout]   |
[INFO] [stdout] help: there is a crate or module with a similar name
[INFO] [stdout]   |
[INFO] [stdout] 3 |     use quack_protobuf::{MessageRead, BytesReader, Result};
[INFO] [stdout]   |         ~~~~~~~~~~~~~~
[INFO] [stdout] 
[INFO] [stdout] error[E0432]: unresolved import `quick_protobuf`
[INFO] [stdout]   --> src/reader.rs:64:5
[INFO] [stdout]    |
[INFO] [stdout] 17 | use quick_protobuf::{BytesReader, MessageRead};
[INFO] [stdout]    |     ^^^^^^^^^^^^^^ use of undeclared crate or module `quick_protobuf`
[INFO] [stdout]    |
[INFO] [stdout] help: there is a crate or module with a similar name
[INFO] [stdout]    |
[INFO] [stdout] 17 | use quack_protobuf::{BytesReader, MessageRead};
[INFO] [stdout]    |     ~~~~~~~~~~~~~~
[INFO] [stdout] 
[INFO] [stdout] error: aborting due to 2 previous errors
[INFO] [stdout] 
[INFO] [stdout] For more information about this error, try `rustc --explain E0432`.
[INFO] [stdout] Couldn't compile the test.
[INFO] [stdout] ---- src/writer.rs - writer::Writer (line 15) stdout ----
[INFO] [stdout] error[E0432]: unresolved import `quick_protobuf`
[INFO] [stdout]  --> src/writer.rs:18:5
[INFO] [stdout]   |
[INFO] [stdout] 4 | use quick_protobuf::{MessageWrite, Writer, WriterBackend, Result};
[INFO] [stdout]   |     ^^^^^^^^^^^^^^ use of undeclared crate or module `quick_protobuf`
[INFO] [stdout]   |
[INFO] [stdout] help: there is a crate or module with a similar name
[INFO] [stdout]   |
[INFO] [stdout] 4 | use quack_protobuf::{MessageWrite, Writer, WriterBackend, Result};
[INFO] [stdout]   |     ~~~~~~~~~~~~~~
[INFO] [stdout] 
[INFO] [stdout] error[E0432]: unresolved import `quick_protobuf`
[INFO] [stdout]   --> src/writer.rs:36:5
[INFO] [stdout]    |
[INFO] [stdout] 22 | use quick_protobuf::Writer;
[INFO] [stdout]    |     ^^^^^^^^^^^^^^ use of undeclared crate or module `quick_protobuf`
[INFO] [stdout]    |
[INFO] [stdout] help: there is a crate or module with a similar name
[INFO] [stdout]    |
[INFO] [stdout] 22 | use quack_protobuf::Writer;
[INFO] [stdout]    |     ~~~~~~~~~~~~~~
[INFO] [stdout] 
[INFO] [stdout] error: aborting due to 2 previous errors
[INFO] [stdout] 
[INFO] [stdout] For more information about this error, try `rustc --explain E0432`.
[INFO] [stdout] Couldn't compile the test.
[INFO] [stdout] ---- src/reader.rs - reader::Reader (line 701) stdout ----
[INFO] [stdout] error[E0432]: unresolved import `quick_protobuf`
[INFO] [stdout]  --> src/reader.rs:703:9
[INFO] [stdout]   |
[INFO] [stdout] 3 |     use quick_protobuf::{MessageRead, BytesReader, Result};
[INFO] [stdout]   |         ^^^^^^^^^^^^^^ use of undeclared crate or module `quick_protobuf`
[INFO] [stdout]   |
[INFO] [stdout] help: there is a crate or module with a similar name
[INFO] [stdout]   |
[INFO] [stdout] 3 |     use quack_protobuf::{MessageRead, BytesReader, Result};
[INFO] [stdout]   |         ~~~~~~~~~~~~~~
[INFO] [stdout] 
[INFO] [stdout] error[E0432]: unresolved import `quick_protobuf`
[INFO] [stdout]   --> src/reader.rs:717:5
[INFO] [stdout]    |
[INFO] [stdout] 17 | use quick_protobuf::Reader;
[INFO] [stdout]    |     ^^^^^^^^^^^^^^ use of undeclared crate or module `quick_protobuf`
[INFO] [stdout]    |
[INFO] [stdout] help: there is a crate or module with a similar name
[INFO] [stdout]    |
[INFO] [stdout] 17 | use quack_protobuf::Reader;
[INFO] [stdout]    |     ~~~~~~~~~~~~~~
[INFO] [stdout] 
[INFO] [stdout] error: aborting due to 2 previous errors
[INFO] [stdout] 
[INFO] [stdout] For more information about this error, try `rustc --explain E0432`.
[INFO] [stdout] Couldn't compile the test.
[INFO] [stdout] 
[INFO] [stdout] failures:
[INFO] [stdout]     src/reader.rs - reader::BytesReader (line 48)
[INFO] [stdout]     src/reader.rs - reader::Reader (line 701)
[INFO] [stdout]     src/writer.rs - writer::Writer (line 15)
[INFO] [stdout] 
[INFO] [stdout] test result: FAILED. 0 passed; 3 failed; 0 ignored; 0 measured; 0 filtered out; finished in 0.09s
[INFO] [stdout] 
[INFO] [stderr] error: doctest failed, to rerun pass `--doc`
[INFO] running `Command { std: "docker" "inspect" "af9bfb2f6b982462c21eb061f21cddd086af6488d8c7379db3e00222cd521667", kill_on_drop: false }`
[INFO] running `Command { std: "docker" "rm" "-f" "af9bfb2f6b982462c21eb061f21cddd086af6488d8c7379db3e00222cd521667", kill_on_drop: false }`
[INFO] [stdout] af9bfb2f6b982462c21eb061f21cddd086af6488d8c7379db3e00222cd521667
