[INFO] fetching crate qrqrpar 0.1.6...
[INFO] testing qrqrpar-0.1.6 against nightly-2025-01-18 for randomize-layout-2
[INFO] extracting crate qrqrpar 0.1.6 into /workspace/builds/worker-7-tc1/source
[INFO] validating manifest of crates.io crate qrqrpar 0.1.6 on toolchain nightly-2025-01-18
[INFO] running `Command { std: CARGO_HOME="/workspace/cargo-home" RUSTUP_HOME="/workspace/rustup-home" "/workspace/cargo-home/bin/cargo" "+nightly-2025-01-18" "metadata" "--manifest-path" "Cargo.toml" "--no-deps", kill_on_drop: false }`
[INFO] started tweaking crates.io crate qrqrpar 0.1.6
[INFO] finished tweaking crates.io crate qrqrpar 0.1.6
[INFO] tweaked toml for crates.io crate qrqrpar 0.1.6 written to /workspace/builds/worker-7-tc1/source/Cargo.toml
[INFO] running `Command { std: CARGO_HOME="/workspace/cargo-home" RUSTUP_HOME="/workspace/rustup-home" "/workspace/cargo-home/bin/cargo" "+nightly-2025-01-18" "generate-lockfile" "--manifest-path" "Cargo.toml", kill_on_drop: false }`
[INFO] [stderr]     Updating crates.io index
[INFO] [stderr]      Locking 77 packages to latest compatible versions
[INFO] [stderr]       Adding hashbrown v0.14.5 (available: v0.15.2)
[INFO] [stderr]       Adding resvg v0.36.0 (available: v0.44.0)
[INFO] running `Command { std: CARGO_HOME="/workspace/cargo-home" RUSTUP_HOME="/workspace/rustup-home" "/workspace/cargo-home/bin/cargo" "+nightly-2025-01-18" "fetch" "--manifest-path" "Cargo.toml", kill_on_drop: false }`
[INFO] running `Command { std: "docker" "create" "-v" "/var/lib/crater-agent-workspace/builds/worker-7-tc1/target:/opt/rustwide/target:rw,Z" "-v" "/var/lib/crater-agent-workspace/builds/worker-7-tc1/source:/opt/rustwide/workdir:ro,Z" "-v" "/var/lib/crater-agent-workspace/cargo-home:/opt/rustwide/cargo-home:ro,Z" "-v" "/var/lib/crater-agent-workspace/rustup-home:/opt/rustwide/rustup-home:ro,Z" "-e" "SOURCE_DIR=/opt/rustwide/workdir" "-e" "CARGO_TARGET_DIR=/opt/rustwide/target" "-e" "CARGO_HOME=/opt/rustwide/cargo-home" "-e" "RUSTUP_HOME=/opt/rustwide/rustup-home" "-w" "/opt/rustwide/workdir" "-m" "1610612736" "--user" "0:0" "--network" "none" "ghcr.io/rust-lang/crates-build-env/linux@sha256:819108c5571ea2e421544af4d832f968d213c87fbe3707a016657f43d2f853bc" "/opt/rustwide/cargo-home/bin/cargo" "+nightly-2025-01-18" "metadata" "--no-deps" "--format-version=1", kill_on_drop: false }`
[INFO] [stdout] 91ffbcb9d9f40e95d42179411058795a7c9b40348fc86005f055f74fe5a622fb
[INFO] running `Command { std: "docker" "start" "-a" "91ffbcb9d9f40e95d42179411058795a7c9b40348fc86005f055f74fe5a622fb", kill_on_drop: false }`
[INFO] running `Command { std: "docker" "inspect" "91ffbcb9d9f40e95d42179411058795a7c9b40348fc86005f055f74fe5a622fb", kill_on_drop: false }`
[INFO] running `Command { std: "docker" "rm" "-f" "91ffbcb9d9f40e95d42179411058795a7c9b40348fc86005f055f74fe5a622fb", kill_on_drop: false }`
[INFO] [stdout] 91ffbcb9d9f40e95d42179411058795a7c9b40348fc86005f055f74fe5a622fb
[INFO] running `Command { std: "docker" "create" "-v" "/var/lib/crater-agent-workspace/builds/worker-7-tc1/target:/opt/rustwide/target:rw,Z" "-v" "/var/lib/crater-agent-workspace/builds/worker-7-tc1/source:/opt/rustwide/workdir:ro,Z" "-v" "/var/lib/crater-agent-workspace/cargo-home:/opt/rustwide/cargo-home:ro,Z" "-v" "/var/lib/crater-agent-workspace/rustup-home:/opt/rustwide/rustup-home:ro,Z" "-e" "SOURCE_DIR=/opt/rustwide/workdir" "-e" "CARGO_TARGET_DIR=/opt/rustwide/target" "-e" "CARGO_INCREMENTAL=0" "-e" "RUST_BACKTRACE=full" "-e" "RUSTFLAGS=--cap-lints=forbid" "-e" "RUSTDOCFLAGS=--cap-lints=forbid" "-e" "CARGO_HOME=/opt/rustwide/cargo-home" "-e" "RUSTUP_HOME=/opt/rustwide/rustup-home" "-w" "/opt/rustwide/workdir" "-m" "1610612736" "--user" "0:0" "--network" "none" "ghcr.io/rust-lang/crates-build-env/linux@sha256:819108c5571ea2e421544af4d832f968d213c87fbe3707a016657f43d2f853bc" "/opt/rustwide/cargo-home/bin/cargo" "+nightly-2025-01-18" "build" "--frozen" "--message-format=json", kill_on_drop: false }`
[INFO] [stdout] 59b5a0b8ab70109dbe1928edd8e9c50be84c349de7a320fb603d87ff8e553498
[INFO] running `Command { std: "docker" "start" "-a" "59b5a0b8ab70109dbe1928edd8e9c50be84c349de7a320fb603d87ff8e553498", kill_on_drop: false }`
[INFO] [stderr]    Compiling version_check v0.9.5
[INFO] [stderr]    Compiling bytemuck v1.21.0
[INFO] [stderr]    Compiling cfg-if v1.0.0
[INFO] [stderr]    Compiling simd-adler32 v0.3.7
[INFO] [stderr]    Compiling arrayvec v0.7.6
[INFO] [stderr]    Compiling float-cmp v0.9.0
[INFO] [stderr]    Compiling arrayref v0.3.9
[INFO] [stderr]    Compiling adler2 v2.0.0
[INFO] [stderr]    Compiling libc v0.2.169
[INFO] [stderr]    Compiling log v0.4.25
[INFO] [stderr]    Compiling siphasher v0.3.11
[INFO] [stderr]    Compiling bitflags v1.3.2
[INFO] [stderr]    Compiling ttf-parser v0.19.2
[INFO] [stderr]    Compiling tinyvec_macros v0.1.1
[INFO] [stderr]    Compiling roxmltree v0.20.0
[INFO] [stderr]    Compiling rctree v0.5.0
[INFO] [stderr]    Compiling xmlparser v0.13.6
[INFO] [stderr]    Compiling crc32fast v1.4.2
[INFO] [stderr]    Compiling tinyvec v1.8.1
[INFO] [stderr]    Compiling smallvec v1.13.2
[INFO] [stderr]    Compiling strict-num v0.1.1
[INFO] [stderr]    Compiling miniz_oxide v0.8.3
[INFO] [stderr]    Compiling unicode-script v0.5.7
[INFO] [stderr]    Compiling fontconfig-parser v0.5.7
[INFO] [stderr]    Compiling kurbo v0.9.5
[INFO] [stderr]    Compiling unicode-ccc v0.1.2
[INFO] [stderr]    Compiling unicode-bidi-mirroring v0.1.0
[INFO] [stderr]    Compiling tiny-skia-path v0.11.4
[INFO] [stderr]    Compiling unicode-properties v0.1.3
[INFO] [stderr]    Compiling simplecss v0.2.2
[INFO] [stderr]    Compiling fdeflate v0.3.7
[INFO] [stderr]    Compiling data-url v0.3.1
[INFO] [stderr]    Compiling imagesize v0.12.0
[INFO] [stderr]    Compiling slotmap v1.0.7
[INFO] [stderr]    Compiling ahash v0.8.11
[INFO] [stderr]    Compiling roxmltree v0.18.1
[INFO] [stderr]    Compiling unicode-bidi v0.3.18
[INFO] [stderr]    Compiling unicode-vo v0.1.0
[INFO] [stderr]    Compiling weezl v0.1.8
[INFO] [stderr]    Compiling color_quant v1.1.0
[INFO] [stderr]    Compiling xmlwriter v0.1.0
[INFO] [stderr]    Compiling svgtypes v0.12.0
[INFO] [stderr]    Compiling flate2 v1.0.35
[INFO] [stderr]    Compiling memmap2 v0.8.0
[INFO] [stderr]    Compiling once_cell v1.20.2
[INFO] [stderr]    Compiling zerocopy v0.7.35
[INFO] [stderr]    Compiling pico-args v0.5.0
[INFO] [stderr]    Compiling base64 v0.21.7
[INFO] [stderr]    Compiling gif v0.12.0
[INFO] [stderr]    Compiling rgb v0.8.50
[INFO] [stderr]    Compiling allocator-api2 v0.2.21
[INFO] [stderr]    Compiling jpeg-decoder v0.3.1
[INFO] [stderr]    Compiling png v0.17.16
[INFO] [stderr]    Compiling usvg-tree v0.36.0
[INFO] [stderr]    Compiling hashbrown v0.14.5
[INFO] [stderr]    Compiling fontdb v0.15.0
[INFO] [stderr]    Compiling rustybuzz v0.10.0
[INFO] [stderr]    Compiling usvg-parser v0.36.0
[INFO] [stderr]    Compiling tiny-skia v0.11.4
[INFO] [stderr]    Compiling usvg-text-layout v0.36.0
[INFO] [stderr]    Compiling usvg v0.36.0
[INFO] [stderr]    Compiling resvg v0.36.0
[INFO] [stderr]    Compiling qrqrpar v0.1.6 (/opt/rustwide/workdir)
[INFO] [stdout] warning: unexpected `cfg` condition value: `bench`
[INFO] [stdout]    --> src/coding.rs:741:7
[INFO] [stdout]     |
[INFO] [stdout] 741 | #[cfg(feature = "bench")]
[INFO] [stdout]     |       ^^^^^^^^^^^^^^^^^ help: remove the condition
[INFO] [stdout]     |
[INFO] [stdout]     = note: no expected values for `feature`
[INFO] [stdout]     = help: consider adding `bench` as a feature in `Cargo.toml`
[INFO] [stdout]     = note: see <https://doc.rust-lang.org/nightly/rustc/check-cfg/cargo-specifics.html> for more information about checking conditional configuration
[INFO] [stdout]     = note: `#[warn(unexpected_cfgs)]` on by default
[INFO] [stdout] 
[INFO] [stdout] 
[INFO] [stderr]     Finished `dev` profile [unoptimized + debuginfo] target(s) in 15.86s
[INFO] running `Command { std: "docker" "inspect" "59b5a0b8ab70109dbe1928edd8e9c50be84c349de7a320fb603d87ff8e553498", kill_on_drop: false }`
[INFO] running `Command { std: "docker" "rm" "-f" "59b5a0b8ab70109dbe1928edd8e9c50be84c349de7a320fb603d87ff8e553498", kill_on_drop: false }`
[INFO] [stdout] 59b5a0b8ab70109dbe1928edd8e9c50be84c349de7a320fb603d87ff8e553498
[INFO] running `Command { std: "docker" "create" "-v" "/var/lib/crater-agent-workspace/builds/worker-7-tc1/target:/opt/rustwide/target:rw,Z" "-v" "/var/lib/crater-agent-workspace/builds/worker-7-tc1/source:/opt/rustwide/workdir:ro,Z" "-v" "/var/lib/crater-agent-workspace/cargo-home:/opt/rustwide/cargo-home:ro,Z" "-v" "/var/lib/crater-agent-workspace/rustup-home:/opt/rustwide/rustup-home:ro,Z" "-e" "SOURCE_DIR=/opt/rustwide/workdir" "-e" "CARGO_TARGET_DIR=/opt/rustwide/target" "-e" "CARGO_INCREMENTAL=0" "-e" "RUST_BACKTRACE=full" "-e" "RUSTFLAGS=--cap-lints=forbid" "-e" "RUSTDOCFLAGS=--cap-lints=forbid" "-e" "CARGO_HOME=/opt/rustwide/cargo-home" "-e" "RUSTUP_HOME=/opt/rustwide/rustup-home" "-w" "/opt/rustwide/workdir" "-m" "1610612736" "--user" "0:0" "--network" "none" "ghcr.io/rust-lang/crates-build-env/linux@sha256:819108c5571ea2e421544af4d832f968d213c87fbe3707a016657f43d2f853bc" "/opt/rustwide/cargo-home/bin/cargo" "+nightly-2025-01-18" "test" "--frozen" "--no-run" "--message-format=json", kill_on_drop: false }`
[INFO] [stdout] 81f10c00dbbfa311e36cd8f22f670820937cffdc4cfdaf312fd7b9a041a04882
[INFO] running `Command { std: "docker" "start" "-a" "81f10c00dbbfa311e36cd8f22f670820937cffdc4cfdaf312fd7b9a041a04882", kill_on_drop: false }`
[INFO] [stderr]    Compiling rand v0.4.6
[INFO] [stderr]    Compiling remove_dir_all v0.5.3
[INFO] [stdout] warning: unexpected `cfg` condition value: `bench`
[INFO] [stdout]    --> src/coding.rs:741:7
[INFO] [stdout]     |
[INFO] [stdout] 741 | #[cfg(feature = "bench")]
[INFO] [stdout]     |       ^^^^^^^^^^^^^^^^^ help: remove the condition
[INFO] [stdout]     |
[INFO] [stdout]     = note: no expected values for `feature`
[INFO] [stdout]     = help: consider adding `bench` as a feature in `Cargo.toml`
[INFO] [stdout]     = note: see <https://doc.rust-lang.org/nightly/rustc/check-cfg/cargo-specifics.html> for more information about checking conditional configuration
[INFO] [stdout]     = note: `#[warn(unexpected_cfgs)]` on by default
[INFO] [stdout] 
[INFO] [stdout] 
[INFO] [stderr]    Compiling tempdir v0.3.7
[INFO] [stderr]    Compiling qrqrpar v0.1.6 (/opt/rustwide/workdir)
[INFO] [stdout] warning: unexpected `cfg` condition value: `bench`
[INFO] [stdout]    --> src/coding.rs:741:7
[INFO] [stdout]     |
[INFO] [stdout] 741 | #[cfg(feature = "bench")]
[INFO] [stdout]     |       ^^^^^^^^^^^^^^^^^ help: remove the condition
[INFO] [stdout]     |
[INFO] [stdout]     = note: no expected values for `feature`
[INFO] [stdout]     = help: consider adding `bench` as a feature in `Cargo.toml`
[INFO] [stdout]     = note: see <https://doc.rust-lang.org/nightly/rustc/check-cfg/cargo-specifics.html> for more information about checking conditional configuration
[INFO] [stdout]     = note: `#[warn(unexpected_cfgs)]` on by default
[INFO] [stdout] 
[INFO] [stdout] 
[INFO] [stderr]     Finished `test` profile [unoptimized + debuginfo] target(s) in 1.66s
[INFO] running `Command { std: "docker" "inspect" "81f10c00dbbfa311e36cd8f22f670820937cffdc4cfdaf312fd7b9a041a04882", kill_on_drop: false }`
[INFO] running `Command { std: "docker" "rm" "-f" "81f10c00dbbfa311e36cd8f22f670820937cffdc4cfdaf312fd7b9a041a04882", kill_on_drop: false }`
[INFO] [stdout] 81f10c00dbbfa311e36cd8f22f670820937cffdc4cfdaf312fd7b9a041a04882
[INFO] running `Command { std: "docker" "create" "-v" "/var/lib/crater-agent-workspace/builds/worker-7-tc1/target:/opt/rustwide/target:rw,Z" "-v" "/var/lib/crater-agent-workspace/builds/worker-7-tc1/source:/opt/rustwide/workdir:ro,Z" "-v" "/var/lib/crater-agent-workspace/cargo-home:/opt/rustwide/cargo-home:ro,Z" "-v" "/var/lib/crater-agent-workspace/rustup-home:/opt/rustwide/rustup-home:ro,Z" "-e" "SOURCE_DIR=/opt/rustwide/workdir" "-e" "CARGO_TARGET_DIR=/opt/rustwide/target" "-e" "CARGO_INCREMENTAL=0" "-e" "RUST_BACKTRACE=full" "-e" "RUSTFLAGS=--cap-lints=forbid" "-e" "RUSTDOCFLAGS=--cap-lints=forbid" "-e" "CARGO_HOME=/opt/rustwide/cargo-home" "-e" "RUSTUP_HOME=/opt/rustwide/rustup-home" "-w" "/opt/rustwide/workdir" "-m" "1610612736" "--user" "0:0" "--network" "none" "ghcr.io/rust-lang/crates-build-env/linux@sha256:819108c5571ea2e421544af4d832f968d213c87fbe3707a016657f43d2f853bc" "/opt/rustwide/cargo-home/bin/cargo" "+nightly-2025-01-18" "test" "--frozen", kill_on_drop: false }`
[INFO] [stdout] 6be7b6b9fb2c5ad9312f64c9f7c8ba46459ccd5f9303f47956b03eb534e9a540
[INFO] running `Command { std: "docker" "start" "-a" "6be7b6b9fb2c5ad9312f64c9f7c8ba46459ccd5f9303f47956b03eb534e9a540", kill_on_drop: false }`
[INFO] [stderr] warning: unexpected `cfg` condition value: `bench`
[INFO] [stderr]    --> src/coding.rs:741:7
[INFO] [stderr]     |
[INFO] [stderr] 741 | #[cfg(feature = "bench")]
[INFO] [stderr]     |       ^^^^^^^^^^^^^^^^^ help: remove the condition
[INFO] [stderr]     |
[INFO] [stderr]     = note: no expected values for `feature`
[INFO] [stderr]     = help: consider adding `bench` as a feature in `Cargo.toml`
[INFO] [stderr]     = note: see <https://doc.rust-lang.org/nightly/rustc/check-cfg/cargo-specifics.html> for more information about checking conditional configuration
[INFO] [stderr]     = note: `#[warn(unexpected_cfgs)]` on by default
[INFO] [stderr] 
[INFO] [stderr] warning: `qrqrpar` (lib) generated 1 warning
[INFO] [stderr] warning: `qrqrpar` (lib test) generated 1 warning (1 duplicate)
[INFO] [stderr]     Finished `test` profile [unoptimized + debuginfo] target(s) in 0.06s
[INFO] [stderr]      Running unittests src/lib.rs (/opt/rustwide/target/debug/deps/qrqrpar-2c6fbe084c8543e2)
[INFO] [stdout] 
[INFO] [stdout] running 64 tests
[INFO] [stdout] test bits::alphanumeric_tests::test_data_too_long ... ok
[INFO] [stdout] test bits::alphanumeric_tests::test_iso_18004_2006_example ... ok
[INFO] [stdout] test bits::alphanumeric_tests::test_micro_qr_unsupported ... ok
[INFO] [stdout] test bits::byte_tests::test ... ok
[INFO] [stdout] test bits::byte_tests::test_data_too_long ... ok
[INFO] [stdout] test bits::byte_tests::test_micro_qr_unsupported ... ok
[INFO] [stdout] test bits::kanji_tests::test_data_too_long ... ok
[INFO] [stdout] test bits::kanji_tests::test_iso_18004_example ... ok
[INFO] [stdout] test bits::kanji_tests::test_micro_qr_unsupported ... ok
[INFO] [stdout] test bits::numeric_tests::test_data_too_long_error ... ok
[INFO] [stdout] test bits::numeric_tests::test_iso_18004_2000_example_2 ... ok
[INFO] [stdout] test bits::numeric_tests::test_iso_18004_2006_example_1 ... ok
[INFO] [stdout] test bits::numeric_tests::test_iso_18004_2006_example_2 ... ok
[INFO] [stdout] test bits::test_push_number ... ok
[INFO] [stdout] test canvas::alignment_pattern_tests::test_draw_alignment_patterns_1 ... ok
[INFO] [stdout] test canvas::alignment_pattern_tests::test_draw_alignment_patterns_3 ... ok
[INFO] [stdout] test canvas::alignment_pattern_tests::test_draw_alignment_patterns_rmqr7x77 ... ok
[INFO] [stdout] test canvas::alignment_pattern_tests::test_draw_alignment_patterns_7 ... ok
[INFO] [stdout] test canvas::draw_codewords_test::test_micro_qr_1 ... ok
[INFO] [stdout] test canvas::draw_version_info_tests::test_draw_version_info_7 ... ok
[INFO] [stdout] test canvas::draw_codewords_test::test_qr_2 ... ok
[INFO] [stdout] test canvas::penalty_tests::check_penalty_canvas ... ok
[INFO] [stdout] test canvas::draw_version_info_tests::test_draw_reserved_format_info_patterns_micro_qr ... ok
[INFO] [stdout] test canvas::penalty_tests::test_penalty_score_balance ... ok
[INFO] [stdout] test canvas::penalty_tests::test_penalty_score_adjacent ... ok
[INFO] [stdout] test canvas::mask_tests::test_apply_mask_qr ... ok
[INFO] [stdout] test canvas::draw_version_info_tests::test_draw_reserved_format_info_patterns_qr ... ok
[INFO] [stdout] test canvas::timing_pattern_tests::test_draw_timing_patterns_micro_qr ... ok
[INFO] [stdout] test canvas::penalty_tests::test_penalty_score_finder ... ok
[INFO] [stdout] test canvas::timing_pattern_tests::test_draw_timing_patterns_qr ... ok
[INFO] [stdout] test canvas::timing_pattern_tests::test_draw_timing_patterns_rmqr7x77 ... ok
[INFO] [stdout] test coding::optimize_tests::test_annex_j_guideline_1a ... ok
[INFO] [stdout] test canvas::timing_pattern_tests::test_draw_timing_patterns_rmqr11x77 ... ok
[INFO] [stdout] test canvas::mask_tests::test_draw_format_info_patterns_qr ... ok
[INFO] [stdout] test canvas::draw_version_info_tests::test_draw_number ... ok
[INFO] [stdout] test canvas::draw_version_info_tests::test_draw_version_info_1 ... ok
[INFO] [stdout] test canvas::timing_pattern_tests::test_draw_timing_patterns_rmqr9x77 ... ok
[INFO] [stdout] test canvas::penalty_tests::test_penalty_score_light_sides ... ok
[INFO] [stdout] test canvas::penalty_tests::test_penalty_score_block ... ok
[INFO] [stdout] test coding::optimize_tests::test_annex_j_guideline_1b ... ok
[INFO] [stdout] test canvas::mask_tests::test_draw_format_info_patterns_micro_qr ... ok
[INFO] [stdout] test canvas::draw_codewords_test::test_rmqr ... ok
[INFO] [stdout] test coding::optimize_tests::test_example_2 ... ok
[INFO] [stdout] test coding::optimize_tests::test_example_1 ... ok
[INFO] [stdout] test coding::optimize_tests::test_example_5 ... ok
[INFO] [stdout] test coding::parse_tests::test_not_kanji_1 ... ok
[INFO] [stdout] test coding::optimize_tests::test_example_3 ... ok
[INFO] [stdout] test coding::parse_tests::test_not_kanji_2 ... ok
[INFO] [stdout] test coding::parse_tests::test_not_kanji_3 ... ok
[INFO] [stdout] test coding::parse_tests::test_not_kanji_4 ... ok
[INFO] [stdout] test coding::optimize_tests::test_annex_j_guideline_1c ... ok
[INFO] [stdout] test coding::parse_tests::test_parse_1 ... ok
[INFO] [stdout] test coding::optimize_tests::test_example_4 ... ok
[INFO] [stdout] test ec::ec_tests::test_poly_mod_2 ... ok
[INFO] [stdout] test coding::parse_tests::test_parse_shift_jis_example_1 ... ok
[INFO] [stdout] test ec::ec_tests::test_poly_mod_3 ... ok
[INFO] [stdout] test ec::construct_codewords_test::test_add_ec_complex ... ok
[INFO] [stdout] test ec::ec_tests::test_poly_mod_1 ... ok
[INFO] [stdout] test ec::test_interleave ... ok
[INFO] [stdout] test ec::construct_codewords_test::test_add_ec_simple ... ok
[INFO] [stdout] test coding::parse_tests::test_parse_utf_8 ... ok
[INFO] [stdout] test image_test::test_save_svg2 ... ok
[INFO] [stdout] test image_test::test_save_svg ... ok
[INFO] [stdout] test image_test::test_save_png ... ok
[INFO] [stdout] 
[INFO] [stdout] test result: ok. 64 passed; 0 failed; 0 ignored; 0 measured; 0 filtered out; finished in 0.13s
[INFO] [stdout] 
[INFO] [stderr]    Doc-tests qrqrpar
[INFO] [stdout] 
[INFO] [stdout] running 14 tests
[INFO] [stdout] test src/coding.rs - coding::EcsIter (line 46) ... ignored
[INFO] [stdout] test src/types.rs - types::Color::select (line 58) ... ok
[INFO] [stdout] test src/lib.rs - QrCode::with_version (line 125) ... ok
[INFO] [stdout] test src/lib.rs - QrCode::new (line 90) ... ok
[INFO] [stdout] test src/types.rs - types::Mode::max (line 366) ... ok
[INFO] [stdout] test src/lib.rs - QrCode::rmqr (line 232) ... ok
[INFO] [stdout] test src/lib.rs - QrCode::with_error_correction_level (line 107) ... ok
[INFO] [stdout] test src/types.rs - types::Mode::data_bits_count (line 349) ... ok
[INFO] [stdout] test src/lib.rs - QrCode::with_version (line 131) ... ok
[INFO] [stdout] test src/types.rs - types::Mode::length_bits_count (line 301) ... ok
[INFO] [stdout] test src/canvas.rs - canvas::Module::mask (line 31) ... ok
[INFO] [stdout] test src/lib.rs - QrCode::rmqr_with_options (line 247) ... ok
[INFO] [stdout] test src/lib.rs - (line 5) ... FAILED
[INFO] [stdout] test src/coding.rs - coding::Parser<'a>::new (line 94) ... ok
[INFO] [stdout] 
[INFO] [stdout] failures:
[INFO] [stdout] 
[INFO] [stdout] ---- src/lib.rs - (line 5) stdout ----
[INFO] [stdout] Test executable failed (exit status: 101).
[INFO] [stdout] 
[INFO] [stdout] stderr:
[INFO] [stdout] 
[INFO] [stdout] thread 'main' panicked at src/lib.rs:14:35:
[INFO] [stdout] called `Result::unwrap()` on an `Err` value: IoError(Os { code: 30, kind: ReadOnlyFilesystem, message: "Read-only file system" })
[INFO] [stdout] stack backtrace:
[INFO] [stdout]    0:     0x5a4d18a02b8a - std::backtrace_rs::backtrace::libunwind::trace::hb059275cfc8d6126
[INFO] [stdout]                                at /rustc/6067b36314ab5eb2eb47cecc464545ba58e1ad24/library/std/src/../../backtrace/src/backtrace/libunwind.rs:116:5
[INFO] [stdout]    1:     0x5a4d18a02b8a - std::backtrace_rs::backtrace::trace_unsynchronized::h2da071e4327ce3ee
[INFO] [stdout]                                at /rustc/6067b36314ab5eb2eb47cecc464545ba58e1ad24/library/std/src/../../backtrace/src/backtrace/mod.rs:66:5
[INFO] [stdout]    2:     0x5a4d18a02b8a - std::sys::backtrace::_print_fmt::h842a1474e6f8d23f
[INFO] [stdout]                                at /rustc/6067b36314ab5eb2eb47cecc464545ba58e1ad24/library/std/src/sys/backtrace.rs:66:9
[INFO] [stdout]    3:     0x5a4d18a02b8a - <std::sys::backtrace::BacktraceLock::print::DisplayBacktrace as core::fmt::Display>::fmt::h71a62eb3b9696b12
[INFO] [stdout]                                at /rustc/6067b36314ab5eb2eb47cecc464545ba58e1ad24/library/std/src/sys/backtrace.rs:39:26
[INFO] [stdout]    4:     0x5a4d18a27da3 - core::fmt::rt::Argument::fmt::hdb6b616786b41dc1
[INFO] [stdout]                                at /rustc/6067b36314ab5eb2eb47cecc464545ba58e1ad24/library/core/src/fmt/rt.rs:177:76
[INFO] [stdout]    5:     0x5a4d18a27da3 - core::fmt::write::h2cc1698af7e2d686
[INFO] [stdout]                                at /rustc/6067b36314ab5eb2eb47cecc464545ba58e1ad24/library/core/src/fmt/mod.rs:1440:21
[INFO] [stdout]    6:     0x5a4d189ffc73 - std::io::Write::write_fmt::h00c8700df393f328
[INFO] [stdout]                                at /rustc/6067b36314ab5eb2eb47cecc464545ba58e1ad24/library/std/src/io/mod.rs:1887:15
[INFO] [stdout]    7:     0x5a4d18a029d2 - std::sys::backtrace::BacktraceLock::print::h147fe35b4ea13b08
[INFO] [stdout]                                at /rustc/6067b36314ab5eb2eb47cecc464545ba58e1ad24/library/std/src/sys/backtrace.rs:42:9
[INFO] [stdout]    8:     0x5a4d18a0392f - std::panicking::default_hook::{{closure}}::hbd44223dbdc0d208
[INFO] [stdout]                                at /rustc/6067b36314ab5eb2eb47cecc464545ba58e1ad24/library/std/src/panicking.rs:298:22
[INFO] [stdout]    9:     0x5a4d18a0379a - std::panicking::default_hook::h20f81eb0576efcec
[INFO] [stdout]                                at /rustc/6067b36314ab5eb2eb47cecc464545ba58e1ad24/library/std/src/panicking.rs:325:9
[INFO] [stdout]   10:     0x5a4d18a04352 - std::panicking::rust_panic_with_hook::h625eea43051b2edc
[INFO] [stdout]                                at /rustc/6067b36314ab5eb2eb47cecc464545ba58e1ad24/library/std/src/panicking.rs:831:13
[INFO] [stdout]   11:     0x5a4d18a040da - std::panicking::begin_panic_handler::{{closure}}::h4f9159cfbc3f6bd3
[INFO] [stdout]                                at /rustc/6067b36314ab5eb2eb47cecc464545ba58e1ad24/library/std/src/panicking.rs:704:13
[INFO] [stdout]   12:     0x5a4d18a03089 - std::sys::backtrace::__rust_end_short_backtrace::h0390abce48353151
[INFO] [stdout]                                at /rustc/6067b36314ab5eb2eb47cecc464545ba58e1ad24/library/std/src/sys/backtrace.rs:168:18
[INFO] [stdout]   13:     0x5a4d18a03d6d - rust_begin_unwind
[INFO] [stdout]                                at /rustc/6067b36314ab5eb2eb47cecc464545ba58e1ad24/library/std/src/panicking.rs:695:5
[INFO] [stdout]   14:     0x5a4d18a25cc0 - core::panicking::panic_fmt::h9e7c637e9e5f29c9
[INFO] [stdout]                                at /rustc/6067b36314ab5eb2eb47cecc464545ba58e1ad24/library/core/src/panicking.rs:75:14
[INFO] [stdout]   15:     0x5a4d18a26196 - core::result::unwrap_failed::h7979f09313fe1849
[INFO] [stdout]                                at /rustc/6067b36314ab5eb2eb47cecc464545ba58e1ad24/library/core/src/result.rs:1704:5
[INFO] [stdout]   16:     0x5a4d18681349 - rust_out::main::_doctest_main_src_lib_rs_5_0::he66f8f90e1f7584a
[INFO] [stdout]   17:     0x5a4d18681166 - rust_out::main::he88f0b9b281d54e0
[INFO] [stdout]   18:     0x5a4d18680643 - core::ops::function::FnOnce::call_once::hcf3829d8b58d0254
[INFO] [stdout]   19:     0x5a4d18680626 - std::sys::backtrace::__rust_begin_short_backtrace::h5e1527399e8d5bd4
[INFO] [stdout]   20:     0x5a4d18680609 - std::rt::lang_start::{{closure}}::h2c234101ed7b1b74
[INFO] [stdout]   21:     0x5a4d189fc120 - core::ops::function::impls::<impl core::ops::function::FnOnce<A> for &F>::call_once::h1b085b6c1d2518b2
[INFO] [stdout]                                at /rustc/6067b36314ab5eb2eb47cecc464545ba58e1ad24/library/core/src/ops/function.rs:284:13
[INFO] [stdout]   22:     0x5a4d189fc120 - std::panicking::try::do_call::h382f964a5a23b565
[INFO] [stdout]                                at /rustc/6067b36314ab5eb2eb47cecc464545ba58e1ad24/library/std/src/panicking.rs:587:40
[INFO] [stdout]   23:     0x5a4d189fc120 - std::panicking::try::h57f991055eb622f9
[INFO] [stdout]                                at /rustc/6067b36314ab5eb2eb47cecc464545ba58e1ad24/library/std/src/panicking.rs:550:19
[INFO] [stdout]   24:     0x5a4d189fc120 - std::panic::catch_unwind::h4d9a74ef04456343
[INFO] [stdout]                                at /rustc/6067b36314ab5eb2eb47cecc464545ba58e1ad24/library/std/src/panic.rs:358:14
[INFO] [stdout]   25:     0x5a4d189fc120 - std::rt::lang_start_internal::{{closure}}::h2faa8ae84a93f314
[INFO] [stdout]                                at /rustc/6067b36314ab5eb2eb47cecc464545ba58e1ad24/library/std/src/rt.rs:163:24
[INFO] [stdout]   26:     0x5a4d189fc120 - std::panicking::try::do_call::h0f8932bf638a9bf5
[INFO] [stdout]                                at /rustc/6067b36314ab5eb2eb47cecc464545ba58e1ad24/library/std/src/panicking.rs:587:40
[INFO] [stdout]   27:     0x5a4d189fc120 - std::panicking::try::h683416ea756b175d
[INFO] [stdout]                                at /rustc/6067b36314ab5eb2eb47cecc464545ba58e1ad24/library/std/src/panicking.rs:550:19
[INFO] [stdout]   28:     0x5a4d189fc120 - std::panic::catch_unwind::h56189fac8994979f
[INFO] [stdout]                                at /rustc/6067b36314ab5eb2eb47cecc464545ba58e1ad24/library/std/src/panic.rs:358:14
[INFO] [stdout]   29:     0x5a4d189fc120 - std::rt::lang_start_internal::h8bbc1061691274fe
[INFO] [stdout]                                at /rustc/6067b36314ab5eb2eb47cecc464545ba58e1ad24/library/std/src/rt.rs:159:5
[INFO] [stdout]   30:     0x5a4d186805f1 - std::rt::lang_start::h601b10a269c70ef7
[INFO] [stdout]   31:     0x5a4d186813f5 - main
[INFO] [stdout]   32:     0x70996cba1d90 - <unknown>
[INFO] [stdout]   33:     0x70996cba1e40 - __libc_start_main
[INFO] [stdout]   34:     0x5a4d186803b5 - _start
[INFO] [stdout]   35:                0x0 - <unknown>
[INFO] [stdout] 
[INFO] [stdout] 
[INFO] [stdout] 
[INFO] [stdout] failures:
[INFO] [stdout]     src/lib.rs - (line 5)
[INFO] [stdout] 
[INFO] [stdout] test result: FAILED. 12 passed; 1 failed; 1 ignored; 0 measured; 0 filtered out; finished in 1.55s
[INFO] [stdout] 
[INFO] [stderr] error: doctest failed, to rerun pass `--doc`
[INFO] running `Command { std: "docker" "inspect" "6be7b6b9fb2c5ad9312f64c9f7c8ba46459ccd5f9303f47956b03eb534e9a540", kill_on_drop: false }`
[INFO] running `Command { std: "docker" "rm" "-f" "6be7b6b9fb2c5ad9312f64c9f7c8ba46459ccd5f9303f47956b03eb534e9a540", kill_on_drop: false }`
[INFO] [stdout] 6be7b6b9fb2c5ad9312f64c9f7c8ba46459ccd5f9303f47956b03eb534e9a540
